{"id":258,"date":"2022-07-04T08:29:06","date_gmt":"2022-07-04T08:29:06","guid":{"rendered":"https:\/\/sites.uef.fi\/logoverkosto\/?page_id=258"},"modified":"2026-04-17T09:18:01","modified_gmt":"2026-04-17T09:18:01","slug":"uutiskirjeet","status":"publish","type":"page","link":"https:\/\/sites.uef.fi\/logoverkosto\/uutisia\/uutiskirjeet\/","title":{"rendered":"Uutiskirjeet"},"content":{"rendered":"\n<p>Logoverkoston uutiskirje ilmestyy noin kahden kuukauden v\u00e4lein. Uutiskirjeess\u00e4 kerrotaan It\u00e4-Suomen yliopiston logopediakoulutuksen, logopedian yhteisty\u00f6verkoston sek\u00e4 hankkeiden ajankohtaisista asioista. <\/p>\n\n\n\n<p>Voit tilata uutiskirjeen l\u00e4hett\u00e4m\u00e4ll\u00e4 s\u00e4hk\u00f6postia osoitteeseen logoverkosto@uef.fi. &nbsp;<\/p>\n\n\n\n<p>Jos olet tilannut uutiskirjeen, mutta et ole sit\u00e4 saanut, tarkistathan ensin roskapostisi. Ongelmatilanteissa ota yhteytt\u00e4 logoverkosto@uef.fi. <\/p>\n\n\n\n<h2 class=\"wp-block-heading\">Uutiskirjearkisto<\/h2>\n\n\n\n<h3 class=\"wp-block-heading\">2026<\/h3>\n\n\n\n<p><a href=\"https:\/\/sites.uef.fi\/logoverkosto\/wp-content\/uploads\/sites\/374\/2026\/04\/Uutiskirje_3_2026_Logoverkosto.pdf\" id=\"5143\">Uutiskirje 3\/2026<\/a><\/p>\n\n\n\n<p><a href=\"https:\/\/sites.uef.fi\/logoverkosto\/wp-content\/uploads\/sites\/374\/2026\/02\/Uutiskirje_2_2026_Logoverkosto.pdf\">Uutiskirje 2\/2026<\/a><\/p>\n\n\n\n<p><a href=\"https:\/\/sites.uef.fi\/logoverkosto\/wp-content\/uploads\/sites\/374\/2026\/01\/Uutiskirje_1_2026_Logoverkosto.pdf\">Uutiskirje 1\/2026<\/a><\/p>\n\n\n\n<p><\/p>\n\n\n\t<div id=\"accordion-block_60ef1f06aaebf90d81c5b661f22927e2\" class=\"accordions\">\n\t\t\t\t\t<div class=\"accordion accordion-js\">\n\t\t\t\t<button class=\"accordion__button\" aria-controls=\"content-1255\" aria-expanded=\"false\" id=\"accordion-control-1255\">\n\t\t\t\t\t<h3 class=\"accordion__heading\" >\n\t\t\t\t\t\t2025\t\t\t\t\t<\/h3>\n\t\t\t\t<\/button>\n\t\t\t\t<div class=\"accordion__content\" role=\"region\" aria-labelledby=\"accordion-control-1255\" aria-hidden=\"true\" id=\"content-1255\">\n\t\t\t\t\t<p><a href=\"https:\/\/sites.uef.fi\/logoverkosto\/wp-content\/uploads\/sites\/374\/2025\/12\/Uutiskirje_8_2025_Logoverkosto.pdf\">Uutiskirje 8\/2025<\/a><\/p>\n<p><a href=\"https:\/\/sites.uef.fi\/logoverkosto\/wp-content\/uploads\/sites\/374\/2025\/11\/Uutiskirje_7_2025_Logoverkosto.pdf\">Uutiskirje 7\/2025<\/a><\/p>\n<p><a href=\"https:\/\/sites.uef.fi\/logoverkosto\/wp-content\/uploads\/sites\/374\/2025\/09\/Uutiskirje_6_2025_Logoverkosto.pdf\">Uutiskirje 6\/2025<\/a><\/p>\n<p><a href=\"https:\/\/sites.uef.fi\/logoverkosto\/wp-content\/uploads\/sites\/374\/2025\/08\/Uutiskirje_5_2025_Logoverkosto.pdf\">Uutiskirje 5\/2025<\/a><\/p>\n<p><a href=\"https:\/\/sites.uef.fi\/logoverkosto\/wp-content\/uploads\/sites\/374\/2025\/06\/Uutiskirje_4_2025_Logoverkosto-1.pdf\">Uutiskirje 4\/2025<\/a><\/p>\n<p><a href=\"https:\/\/sites.uef.fi\/logoverkosto\/wp-content\/uploads\/sites\/374\/2025\/05\/Uutiskirje_3_2025_Logoverkosto.pdf\">Uutiskirje 3\/2025<\/a><\/p>\n<p><a href=\"https:\/\/sites.uef.fi\/logoverkosto\/wp-content\/uploads\/sites\/374\/2025\/03\/Uutiskirje_2_2025_Logoverkosto.pdf\">Uutiskirje 2\/2025<\/a><\/p>\n<p><a href=\"https:\/\/sites.uef.fi\/logoverkosto\/wp-content\/uploads\/sites\/374\/2025\/02\/Uutiskirje_1_2025_Logoverkosto.pdf\">Uutiskirje 1\/2025<\/a><\/p>\n\t\t\t\t<\/div>\n\t\t\t<\/div>\n\t\t\t\t\t<div class=\"accordion accordion-js\">\n\t\t\t\t<button class=\"accordion__button\" aria-controls=\"content-3452\" aria-expanded=\"false\" id=\"accordion-control-3452\">\n\t\t\t\t\t<h3 class=\"accordion__heading\" >\n\t\t\t\t\t\t2024\t\t\t\t\t<\/h3>\n\t\t\t\t<\/button>\n\t\t\t\t<div class=\"accordion__content\" role=\"region\" aria-labelledby=\"accordion-control-3452\" aria-hidden=\"true\" id=\"content-3452\">\n\t\t\t\t\t<p><a href=\"https:\/\/sites.uef.fi\/logoverkosto\/wp-content\/uploads\/sites\/374\/2024\/12\/Uutiskirje_9_2024_Logoverkosto.pdf\">Uutiskirje 9\/2024<\/a><\/p>\n<p><!-- \/wp:paragraph --> <!-- wp:paragraph --><\/p>\n<p><a href=\"https:\/\/sites.uef.fi\/logoverkosto\/wp-content\/uploads\/sites\/374\/2024\/10\/Uutiskirje_8_2024_Logoverkosto.pdf\">Uutiskirje 8\/2024<\/a><\/p>\n<p><!-- \/wp:paragraph --> <!-- wp:paragraph --><\/p>\n<p><a href=\"https:\/\/sites.uef.fi\/logoverkosto\/wp-content\/uploads\/sites\/374\/2024\/09\/Uutiskirje_7_2024_Logoverkosto.pdf\">Uutiskirje 7\/2024<\/a><\/p>\n<p><!-- \/wp:paragraph --> <!-- wp:paragraph --><\/p>\n<p><a href=\"https:\/\/sites.uef.fi\/logoverkosto\/wp-content\/uploads\/sites\/374\/2024\/08\/Uutiskirje_6_2024_Logoverkosto.pdf\">Uutiskirje 6\/2024<\/a><\/p>\n<p><!-- \/wp:paragraph --> <!-- wp:paragraph --><\/p>\n<p><a href=\"https:\/\/sites.uef.fi\/logoverkosto\/wp-content\/uploads\/sites\/374\/2024\/06\/Uutiskirje_5_2024_Logoverkosto.pdf\">Uutiskirje 5\/2024<\/a><\/p>\n<p><!-- \/wp:paragraph --> <!-- wp:paragraph --><\/p>\n<p><a href=\"https:\/\/sites.uef.fi\/logoverkosto\/wp-content\/uploads\/sites\/374\/2024\/05\/Uutiskirje_4_2024_Logoverkosto.pdf\">Uutiskirje 4\/2024<\/a><\/p>\n<p><!-- \/wp:paragraph --> <!-- wp:paragraph --><\/p>\n<p><a href=\"https:\/\/sites.uef.fi\/logoverkosto\/wp-content\/uploads\/sites\/374\/2024\/03\/Uutiskirje_3_2024_Logoverkosto.pdf\">Uutiskirje 3\/2024<\/a><\/p>\n<p><!-- \/wp:paragraph --> <!-- wp:paragraph --><\/p>\n<p><a href=\"https:\/\/sites.uef.fi\/logoverkosto\/wp-content\/uploads\/sites\/374\/2024\/02\/Uutiskirje_2_2024_Logoverkosto.pdf\">Uutiskirje 2\/2024<\/a><\/p>\n<p><!-- \/wp:paragraph --> <!-- wp:paragraph --><\/p>\n<p><a href=\"https:\/\/sites.uef.fi\/logoverkosto\/wp-content\/uploads\/sites\/374\/2024\/01\/Uutiskirje_1_2024_Logoverkosto.pdf\">Uutiskirje 1\/2024<\/a><\/p>\n\t\t\t\t<\/div>\n\t\t\t<\/div>\n\t\t\t\t\t<div class=\"accordion accordion-js\">\n\t\t\t\t<button class=\"accordion__button\" aria-controls=\"content-1101\" aria-expanded=\"false\" id=\"accordion-control-1101\">\n\t\t\t\t\t<h3 class=\"accordion__heading\" >\n\t\t\t\t\t\t2023\t\t\t\t\t<\/h3>\n\t\t\t\t<\/button>\n\t\t\t\t<div class=\"accordion__content\" role=\"region\" aria-labelledby=\"accordion-control-1101\" aria-hidden=\"true\" id=\"content-1101\">\n\t\t\t\t\t<p><a href=\"https:\/\/sites.uef.fi\/logoverkosto\/wp-content\/uploads\/sites\/374\/2023\/12\/Uutiskirje_6_2023_Logoverkosto.pdf\">Uutiskirje 6\/2023<\/a><\/p>\n<p><a href=\"https:\/\/sites.uef.fi\/logoverkosto\/wp-content\/uploads\/sites\/374\/2023\/10\/Uutiskirje_5_2023_Logoverkosto.pdf\">Uutiskirje 5\/2023<\/a><\/p>\n<p><a href=\"https:\/\/sites.uef.fi\/logoverkosto\/wp-content\/uploads\/sites\/374\/2023\/09\/Uutiskirje_4_2023-Logoverkosto.pdf\">Uutiskirje 4\/2023<\/a><\/p>\n<p><a href=\"https:\/\/sites.uef.fi\/logoverkosto\/wp-content\/uploads\/sites\/374\/2023\/06\/Uutiskirje_3_2023-Logoverkosto-arkisto.pdf\">Uutiskirje 3\/2023<\/a><\/p>\n<p><a href=\"https:\/\/sites.uef.fi\/logoverkosto\/wp-content\/uploads\/sites\/374\/2023\/06\/Uutiskirje_2_2023-Logoverkosto-arkisto.pdf\">Uutiskirje 2\/2023<\/a><\/p>\n<p><a href=\"https:\/\/sites.uef.fi\/logoverkosto\/wp-content\/uploads\/sites\/374\/2023\/03\/Uutiskirje-1_2023-Logoverkosto-arkisto.pdf\">Uutiskirje 1\/2023<\/a><\/p>\n\t\t\t\t<\/div>\n\t\t\t<\/div>\n\t\t\t\t\t<div class=\"accordion accordion-js\">\n\t\t\t\t<button class=\"accordion__button\" aria-controls=\"content-5244\" aria-expanded=\"false\" id=\"accordion-control-5244\">\n\t\t\t\t\t<h3 class=\"accordion__heading\" >\n\t\t\t\t\t\t2022\t\t\t\t\t<\/h3>\n\t\t\t\t<\/button>\n\t\t\t\t<div class=\"accordion__content\" role=\"region\" aria-labelledby=\"accordion-control-5244\" aria-hidden=\"true\" id=\"content-5244\">\n\t\t\t\t\t<p><a href=\"https:\/\/sites.uef.fi\/logoverkosto\/wp-content\/uploads\/sites\/374\/2023\/01\/Uutiskirje-12-Logoverkosto-arkisto.pdf\" data-type=\"attachment\" data-id=\"2307\">Uutiskirje 6\/2022<\/a><\/p>\n<p><!-- \/wp:paragraph --> <!-- wp:paragraph --><\/p>\n<p><a href=\"https:\/\/sites.uef.fi\/logoverkosto\/wp-content\/uploads\/sites\/374\/2022\/12\/Uutiskirje-11-Logoverkosto-arkisto.pdf\" data-type=\"attachment\" data-id=\"2282\">Uutiskirje 5\/2022<\/a><\/p>\n<p><!-- \/wp:paragraph --> <!-- wp:paragraph --><\/p>\n<p><a href=\"https:\/\/sites.uef.fi\/logoverkosto\/wp-content\/uploads\/sites\/374\/2022\/09\/Uutiskirje-10-Logoverkosto-arkisto.pdf\" data-type=\"attachment\" data-id=\"1029\">Uutiskirje 4\/2022<\/a><\/p>\n<p><!-- \/wp:paragraph --> <!-- wp:paragraph --><\/p>\n<p><a href=\"https:\/\/sites.uef.fi\/logoverkosto\/wp-content\/uploads\/sites\/374\/2022\/09\/Uutiskirje-9-Logotyo-arkisto.pdf\" data-type=\"attachment\" data-id=\"1023\">Uutiskirje 3\/2022<\/a><\/p>\n<p><!-- \/wp:paragraph --> <!-- wp:paragraph --><\/p>\n<p><a href=\"https:\/\/sites.uef.fi\/logoverkosto\/wp-content\/uploads\/sites\/374\/2022\/09\/Uutiskirje-8-Logotyo-arkisto.pdf\" data-type=\"attachment\" data-id=\"1017\">Uutiskirje 2\/2022<\/a><\/p>\n<p><!-- \/wp:paragraph --> <!-- wp:paragraph --><\/p>\n<p><a href=\"https:\/\/sites.uef.fi\/logoverkosto\/wp-content\/uploads\/sites\/374\/2022\/07\/Uutiskirje-7-Logotyo-arkisto.pdf\" data-type=\"attachment\" data-id=\"249\">Uutiskirje 1\/2022<\/a><\/p>\n\t\t\t\t<\/div>\n\t\t\t<\/div>\n\t\t\t\t\t<div class=\"accordion accordion-js\">\n\t\t\t\t<button class=\"accordion__button\" aria-controls=\"content-8770\" aria-expanded=\"false\" id=\"accordion-control-8770\">\n\t\t\t\t\t<h3 class=\"accordion__heading\" >\n\t\t\t\t\t\t2021\t\t\t\t\t<\/h3>\n\t\t\t\t<\/button>\n\t\t\t\t<div class=\"accordion__content\" role=\"region\" aria-labelledby=\"accordion-control-8770\" aria-hidden=\"true\" id=\"content-8770\">\n\t\t\t\t\t<p><a href=\"https:\/\/sites.uef.fi\/logoverkosto\/wp-content\/uploads\/sites\/374\/2022\/07\/Uutiskirje-6-Logotyo-arkisto.pdf\" data-type=\"attachment\" data-id=\"246\">Uutiskirje 6\/2021<\/a><\/p>\n<p><!-- \/wp:paragraph --> <!-- wp:paragraph --><\/p>\n<p><a href=\"https:\/\/sites.uef.fi\/logoverkosto\/wp-content\/uploads\/sites\/374\/2022\/07\/Uutiskirje-5-Logotyo-arkisto.pdf\" data-type=\"attachment\" data-id=\"243\">Uutiskirje 5\/2021<\/a><\/p>\n<p><!-- \/wp:paragraph --> <!-- wp:paragraph --><\/p>\n<p><a href=\"https:\/\/sites.uef.fi\/logoverkosto\/wp-content\/uploads\/sites\/374\/2022\/07\/Uutiskirje-4-Logotyo-arkisto.pdf\" data-type=\"attachment\" data-id=\"240\">Uutiskirje 4\/2021<\/a><\/p>\n<p><!-- \/wp:paragraph --> <!-- wp:paragraph --><\/p>\n<p><a href=\"https:\/\/sites.uef.fi\/logoverkosto\/wp-content\/uploads\/sites\/374\/2022\/08\/Uutiskirje-3-Logotyo-arkisto.pdf\" data-type=\"attachment\" data-id=\"611\">Uutiskirje 3\/2021<\/a><\/p>\n<p><!-- \/wp:paragraph --> <!-- wp:paragraph --><\/p>\n<p><a href=\"https:\/\/sites.uef.fi\/logoverkosto\/wp-content\/uploads\/sites\/374\/2022\/07\/Uutiskirje-2-Logotyo-arkisto.pdf\" data-type=\"attachment\" data-id=\"237\">Uutiskirje 2\/2021<\/a><\/p>\n<p><!-- \/wp:paragraph --> <!-- wp:paragraph --><\/p>\n<p><a href=\"https:\/\/sites.uef.fi\/logoverkosto\/wp-content\/uploads\/sites\/374\/2022\/07\/Uutiskirje-1-Logotyo-arkisto.pdf\" data-type=\"attachment\" data-id=\"234\">Uutiskirje 1\/2021<\/a><\/p>\n\t\t\t\t<\/div>\n\t\t\t<\/div>\n\t\t\t<\/div>\n\t\n\n\n<figure class=\"wp-block-image size-large\"><img loading=\"lazy\" decoding=\"async\" width=\"1024\" height=\"614\" src=\"https:\/\/sites.uef.fi\/logoverkosto\/wp-content\/uploads\/sites\/374\/2022\/10\/16180776-four-friends-relaxing-on-couch-2000x1200px-1024x614.jpg\" alt=\"Nelj\u00e4 hymyilev\u00e4\u00e4 nuorta aikuista katsoo tietokoneen ruutua sohvan ymp\u00e4rill\u00e4. \" class=\"wp-image-1424\" srcset=\"https:\/\/sites.uef.fi\/logoverkosto\/wp-content\/uploads\/sites\/374\/2022\/10\/16180776-four-friends-relaxing-on-couch-2000x1200px-1024x614.jpg 1024w, https:\/\/sites.uef.fi\/logoverkosto\/wp-content\/uploads\/sites\/374\/2022\/10\/16180776-four-friends-relaxing-on-couch-2000x1200px-300x180.jpg 300w, https:\/\/sites.uef.fi\/logoverkosto\/wp-content\/uploads\/sites\/374\/2022\/10\/16180776-four-friends-relaxing-on-couch-2000x1200px-768x461.jpg 768w, https:\/\/sites.uef.fi\/logoverkosto\/wp-content\/uploads\/sites\/374\/2022\/10\/16180776-four-friends-relaxing-on-couch-2000x1200px-1536x922.jpg 1536w, https:\/\/sites.uef.fi\/logoverkosto\/wp-content\/uploads\/sites\/374\/2022\/10\/16180776-four-friends-relaxing-on-couch-2000x1200px.jpg 2000w\" sizes=\"auto, (max-width: 1024px) 100vw, 1024px\" \/><\/figure>\n","protected":false},"excerpt":{"rendered":"<p>Logoverkoston uutiskirje ilmestyy noin kahden kuukauden v\u00e4lein. Uutiskirjeess\u00e4 kerrotaan It\u00e4-Suomen yliopiston logopediakoulutuksen, logopedian yhteisty\u00f6verkoston sek\u00e4 hankkeiden ajankohtaisista asioista. Voit tilata uutiskirjeen l\u00e4hett\u00e4m\u00e4ll\u00e4 s\u00e4hk\u00f6postia osoitteeseen logoverkosto@uef.fi. &nbsp; Jos olet tilannut uutiskirjeen, mutta et ole sit\u00e4 saanut, tarkistathan ensin roskapostisi. Ongelmatilanteissa ota yhteytt\u00e4 logoverkosto@uef.fi. Uutiskirjearkisto 2026 Uutiskirje 3\/2026 Uutiskirje 2\/2026 Uutiskirje 1\/2026<\/p>\n","protected":false},"author":817,"featured_media":0,"parent":1209,"menu_order":0,"comment_status":"closed","ping_status":"closed","template":"","meta":{"_acf_changed":false,"footnotes":""},"class_list":["post-258","page","type-page","status-publish","hentry"],"acf":[],"yoast_head":"<!-- This site is optimized with the Yoast SEO plugin v27.3 - https:\/\/yoast.com\/product\/yoast-seo-wordpress\/ -->\n<title>Uutiskirjeet - Logoverkosto<\/title>\n<meta name=\"robots\" content=\"index, follow, max-snippet:-1, max-image-preview:large, max-video-preview:-1\" \/>\n<link rel=\"canonical\" href=\"https:\/\/sites.uef.fi\/logoverkosto\/uutisia\/uutiskirjeet\/\" \/>\n<meta property=\"og:locale\" content=\"fi_FI\" \/>\n<meta property=\"og:type\" content=\"article\" \/>\n<meta property=\"og:title\" content=\"Uutiskirjeet - Logoverkosto\" \/>\n<meta property=\"og:description\" content=\"Logoverkoston uutiskirje ilmestyy noin kahden kuukauden v\u00e4lein. Uutiskirjeess\u00e4 kerrotaan It\u00e4-Suomen yliopiston logopediakoulutuksen, logopedian yhteisty\u00f6verkoston sek\u00e4 hankkeiden ajankohtaisista asioista. Voit tilata uutiskirjeen l\u00e4hett\u00e4m\u00e4ll\u00e4 s\u00e4hk\u00f6postia osoitteeseen logoverkosto@uef.fi. &nbsp; Jos olet tilannut uutiskirjeen, mutta et ole sit\u00e4 saanut, tarkistathan ensin roskapostisi. Ongelmatilanteissa ota yhteytt\u00e4 logoverkosto@uef.fi. Uutiskirjearkisto 2026 Uutiskirje 3\/2026 Uutiskirje 2\/2026 Uutiskirje 1\/2026\" \/>\n<meta property=\"og:url\" content=\"https:\/\/sites.uef.fi\/logoverkosto\/uutisia\/uutiskirjeet\/\" \/>\n<meta property=\"og:site_name\" content=\"Logoverkosto\" \/>\n<meta property=\"article:modified_time\" content=\"2026-04-17T09:18:01+00:00\" \/>\n<meta property=\"og:image\" content=\"https:\/\/sites.uef.fi\/logoverkosto\/wp-content\/uploads\/sites\/374\/2022\/10\/16180776-four-friends-relaxing-on-couch-2000x1200px.jpg\" \/>\n\t<meta property=\"og:image:width\" content=\"2000\" \/>\n\t<meta property=\"og:image:height\" content=\"1200\" \/>\n\t<meta property=\"og:image:type\" content=\"image\/jpeg\" \/>\n<meta name=\"twitter:card\" content=\"summary_large_image\" \/>\n<meta name=\"twitter:label1\" content=\"Arvioitu lukuaika\" \/>\n\t<meta name=\"twitter:data1\" content=\"1 minuutti\" \/>\n<script type=\"application\/ld+json\" class=\"yoast-schema-graph\">{\"@context\":\"https:\\\/\\\/schema.org\",\"@graph\":[{\"@type\":\"WebPage\",\"@id\":\"https:\\\/\\\/sites.uef.fi\\\/logoverkosto\\\/uutisia\\\/uutiskirjeet\\\/\",\"url\":\"https:\\\/\\\/sites.uef.fi\\\/logoverkosto\\\/uutisia\\\/uutiskirjeet\\\/\",\"name\":\"Uutiskirjeet - Logoverkosto\",\"isPartOf\":{\"@id\":\"https:\\\/\\\/sites.uef.fi\\\/logoverkosto\\\/#website\"},\"primaryImageOfPage\":{\"@id\":\"https:\\\/\\\/sites.uef.fi\\\/logoverkosto\\\/uutisia\\\/uutiskirjeet\\\/#primaryimage\"},\"image\":{\"@id\":\"https:\\\/\\\/sites.uef.fi\\\/logoverkosto\\\/uutisia\\\/uutiskirjeet\\\/#primaryimage\"},\"thumbnailUrl\":\"https:\\\/\\\/sites.uef.fi\\\/logoverkosto\\\/wp-content\\\/uploads\\\/sites\\\/374\\\/2022\\\/10\\\/16180776-four-friends-relaxing-on-couch-2000x1200px-1024x614.jpg\",\"datePublished\":\"2022-07-04T08:29:06+00:00\",\"dateModified\":\"2026-04-17T09:18:01+00:00\",\"breadcrumb\":{\"@id\":\"https:\\\/\\\/sites.uef.fi\\\/logoverkosto\\\/uutisia\\\/uutiskirjeet\\\/#breadcrumb\"},\"inLanguage\":\"fi\",\"potentialAction\":[{\"@type\":\"ReadAction\",\"target\":[\"https:\\\/\\\/sites.uef.fi\\\/logoverkosto\\\/uutisia\\\/uutiskirjeet\\\/\"]}]},{\"@type\":\"ImageObject\",\"inLanguage\":\"fi\",\"@id\":\"https:\\\/\\\/sites.uef.fi\\\/logoverkosto\\\/uutisia\\\/uutiskirjeet\\\/#primaryimage\",\"url\":\"https:\\\/\\\/sites.uef.fi\\\/logoverkosto\\\/wp-content\\\/uploads\\\/sites\\\/374\\\/2022\\\/10\\\/16180776-four-friends-relaxing-on-couch-2000x1200px.jpg\",\"contentUrl\":\"https:\\\/\\\/sites.uef.fi\\\/logoverkosto\\\/wp-content\\\/uploads\\\/sites\\\/374\\\/2022\\\/10\\\/16180776-four-friends-relaxing-on-couch-2000x1200px.jpg\",\"width\":2000,\"height\":1200,\"caption\":\"Ihmisi\u00e4, sohva, tietokone, hymy.\"},{\"@type\":\"BreadcrumbList\",\"@id\":\"https:\\\/\\\/sites.uef.fi\\\/logoverkosto\\\/uutisia\\\/uutiskirjeet\\\/#breadcrumb\",\"itemListElement\":[{\"@type\":\"ListItem\",\"position\":1,\"name\":\"Home\",\"item\":\"https:\\\/\\\/sites.uef.fi\\\/logoverkosto\\\/\"},{\"@type\":\"ListItem\",\"position\":2,\"name\":\"Uutisia\",\"item\":\"https:\\\/\\\/sites.uef.fi\\\/logoverkosto\\\/uutisia\\\/\"},{\"@type\":\"ListItem\",\"position\":3,\"name\":\"Uutiskirjeet\"}]},{\"@type\":\"WebSite\",\"@id\":\"https:\\\/\\\/sites.uef.fi\\\/logoverkosto\\\/#website\",\"url\":\"https:\\\/\\\/sites.uef.fi\\\/logoverkosto\\\/\",\"name\":\"Logoverkosto\",\"description\":\"\",\"publisher\":{\"@id\":\"https:\\\/\\\/sites.uef.fi\\\/logoverkosto\\\/#organization\"},\"potentialAction\":[{\"@type\":\"SearchAction\",\"target\":{\"@type\":\"EntryPoint\",\"urlTemplate\":\"https:\\\/\\\/sites.uef.fi\\\/logoverkosto\\\/?s={search_term_string}\"},\"query-input\":{\"@type\":\"PropertyValueSpecification\",\"valueRequired\":true,\"valueName\":\"search_term_string\"}}],\"inLanguage\":\"fi\"},{\"@type\":\"Organization\",\"@id\":\"https:\\\/\\\/sites.uef.fi\\\/logoverkosto\\\/#organization\",\"name\":\"Logoverkosto\",\"url\":\"https:\\\/\\\/sites.uef.fi\\\/logoverkosto\\\/\",\"logo\":{\"@type\":\"ImageObject\",\"inLanguage\":\"fi\",\"@id\":\"https:\\\/\\\/sites.uef.fi\\\/logoverkosto\\\/#\\\/schema\\\/logo\\\/image\\\/\",\"url\":\"https:\\\/\\\/sites.uef.fi\\\/logoverkosto\\\/wp-content\\\/uploads\\\/sites\\\/374\\\/2022\\\/08\\\/cropped-UEF_wordpress_white.png\",\"contentUrl\":\"https:\\\/\\\/sites.uef.fi\\\/logoverkosto\\\/wp-content\\\/uploads\\\/sites\\\/374\\\/2022\\\/08\\\/cropped-UEF_wordpress_white.png\",\"width\":250,\"height\":250,\"caption\":\"Logoverkosto\"},\"image\":{\"@id\":\"https:\\\/\\\/sites.uef.fi\\\/logoverkosto\\\/#\\\/schema\\\/logo\\\/image\\\/\"}}]}<\/script>\n<!-- \/ Yoast SEO plugin. -->","yoast_head_json":{"title":"Uutiskirjeet - Logoverkosto","robots":{"index":"index","follow":"follow","max-snippet":"max-snippet:-1","max-image-preview":"max-image-preview:large","max-video-preview":"max-video-preview:-1"},"canonical":"https:\/\/sites.uef.fi\/logoverkosto\/uutisia\/uutiskirjeet\/","og_locale":"fi_FI","og_type":"article","og_title":"Uutiskirjeet - Logoverkosto","og_description":"Logoverkoston uutiskirje ilmestyy noin kahden kuukauden v\u00e4lein. Uutiskirjeess\u00e4 kerrotaan It\u00e4-Suomen yliopiston logopediakoulutuksen, logopedian yhteisty\u00f6verkoston sek\u00e4 hankkeiden ajankohtaisista asioista. Voit tilata uutiskirjeen l\u00e4hett\u00e4m\u00e4ll\u00e4 s\u00e4hk\u00f6postia osoitteeseen logoverkosto@uef.fi. &nbsp; Jos olet tilannut uutiskirjeen, mutta et ole sit\u00e4 saanut, tarkistathan ensin roskapostisi. Ongelmatilanteissa ota yhteytt\u00e4 logoverkosto@uef.fi. Uutiskirjearkisto 2026 Uutiskirje 3\/2026 Uutiskirje 2\/2026 Uutiskirje 1\/2026","og_url":"https:\/\/sites.uef.fi\/logoverkosto\/uutisia\/uutiskirjeet\/","og_site_name":"Logoverkosto","article_modified_time":"2026-04-17T09:18:01+00:00","og_image":[{"width":2000,"height":1200,"url":"https:\/\/sites.uef.fi\/logoverkosto\/wp-content\/uploads\/sites\/374\/2022\/10\/16180776-four-friends-relaxing-on-couch-2000x1200px.jpg","type":"image\/jpeg"}],"twitter_card":"summary_large_image","twitter_misc":{"Arvioitu lukuaika":"1 minuutti"},"schema":{"@context":"https:\/\/schema.org","@graph":[{"@type":"WebPage","@id":"https:\/\/sites.uef.fi\/logoverkosto\/uutisia\/uutiskirjeet\/","url":"https:\/\/sites.uef.fi\/logoverkosto\/uutisia\/uutiskirjeet\/","name":"Uutiskirjeet - Logoverkosto","isPartOf":{"@id":"https:\/\/sites.uef.fi\/logoverkosto\/#website"},"primaryImageOfPage":{"@id":"https:\/\/sites.uef.fi\/logoverkosto\/uutisia\/uutiskirjeet\/#primaryimage"},"image":{"@id":"https:\/\/sites.uef.fi\/logoverkosto\/uutisia\/uutiskirjeet\/#primaryimage"},"thumbnailUrl":"https:\/\/sites.uef.fi\/logoverkosto\/wp-content\/uploads\/sites\/374\/2022\/10\/16180776-four-friends-relaxing-on-couch-2000x1200px-1024x614.jpg","datePublished":"2022-07-04T08:29:06+00:00","dateModified":"2026-04-17T09:18:01+00:00","breadcrumb":{"@id":"https:\/\/sites.uef.fi\/logoverkosto\/uutisia\/uutiskirjeet\/#breadcrumb"},"inLanguage":"fi","potentialAction":[{"@type":"ReadAction","target":["https:\/\/sites.uef.fi\/logoverkosto\/uutisia\/uutiskirjeet\/"]}]},{"@type":"ImageObject","inLanguage":"fi","@id":"https:\/\/sites.uef.fi\/logoverkosto\/uutisia\/uutiskirjeet\/#primaryimage","url":"https:\/\/sites.uef.fi\/logoverkosto\/wp-content\/uploads\/sites\/374\/2022\/10\/16180776-four-friends-relaxing-on-couch-2000x1200px.jpg","contentUrl":"https:\/\/sites.uef.fi\/logoverkosto\/wp-content\/uploads\/sites\/374\/2022\/10\/16180776-four-friends-relaxing-on-couch-2000x1200px.jpg","width":2000,"height":1200,"caption":"Ihmisi\u00e4, sohva, tietokone, hymy."},{"@type":"BreadcrumbList","@id":"https:\/\/sites.uef.fi\/logoverkosto\/uutisia\/uutiskirjeet\/#breadcrumb","itemListElement":[{"@type":"ListItem","position":1,"name":"Home","item":"https:\/\/sites.uef.fi\/logoverkosto\/"},{"@type":"ListItem","position":2,"name":"Uutisia","item":"https:\/\/sites.uef.fi\/logoverkosto\/uutisia\/"},{"@type":"ListItem","position":3,"name":"Uutiskirjeet"}]},{"@type":"WebSite","@id":"https:\/\/sites.uef.fi\/logoverkosto\/#website","url":"https:\/\/sites.uef.fi\/logoverkosto\/","name":"Logoverkosto","description":"","publisher":{"@id":"https:\/\/sites.uef.fi\/logoverkosto\/#organization"},"potentialAction":[{"@type":"SearchAction","target":{"@type":"EntryPoint","urlTemplate":"https:\/\/sites.uef.fi\/logoverkosto\/?s={search_term_string}"},"query-input":{"@type":"PropertyValueSpecification","valueRequired":true,"valueName":"search_term_string"}}],"inLanguage":"fi"},{"@type":"Organization","@id":"https:\/\/sites.uef.fi\/logoverkosto\/#organization","name":"Logoverkosto","url":"https:\/\/sites.uef.fi\/logoverkosto\/","logo":{"@type":"ImageObject","inLanguage":"fi","@id":"https:\/\/sites.uef.fi\/logoverkosto\/#\/schema\/logo\/image\/","url":"https:\/\/sites.uef.fi\/logoverkosto\/wp-content\/uploads\/sites\/374\/2022\/08\/cropped-UEF_wordpress_white.png","contentUrl":"https:\/\/sites.uef.fi\/logoverkosto\/wp-content\/uploads\/sites\/374\/2022\/08\/cropped-UEF_wordpress_white.png","width":250,"height":250,"caption":"Logoverkosto"},"image":{"@id":"https:\/\/sites.uef.fi\/logoverkosto\/#\/schema\/logo\/image\/"}}]}},"_links":{"self":[{"href":"https:\/\/sites.uef.fi\/logoverkosto\/wp-json\/wp\/v2\/pages\/258","targetHints":{"allow":["GET"]}}],"collection":[{"href":"https:\/\/sites.uef.fi\/logoverkosto\/wp-json\/wp\/v2\/pages"}],"about":[{"href":"https:\/\/sites.uef.fi\/logoverkosto\/wp-json\/wp\/v2\/types\/page"}],"author":[{"embeddable":true,"href":"https:\/\/sites.uef.fi\/logoverkosto\/wp-json\/wp\/v2\/users\/817"}],"replies":[{"embeddable":true,"href":"https:\/\/sites.uef.fi\/logoverkosto\/wp-json\/wp\/v2\/comments?post=258"}],"version-history":[{"count":2,"href":"https:\/\/sites.uef.fi\/logoverkosto\/wp-json\/wp\/v2\/pages\/258\/revisions"}],"predecessor-version":[{"id":5145,"href":"https:\/\/sites.uef.fi\/logoverkosto\/wp-json\/wp\/v2\/pages\/258\/revisions\/5145"}],"up":[{"embeddable":true,"href":"https:\/\/sites.uef.fi\/logoverkosto\/wp-json\/wp\/v2\/pages\/1209"}],"wp:attachment":[{"href":"https:\/\/sites.uef.fi\/logoverkosto\/wp-json\/wp\/v2\/media?parent=258"}],"curies":[{"name":"wp","href":"https:\/\/api.w.org\/{rel}","templated":true}]}}