{"id":285,"date":"2022-07-04T08:51:25","date_gmt":"2022-07-04T08:51:25","guid":{"rendered":"https:\/\/sites.uef.fi\/logoverkosto\/?page_id=285"},"modified":"2026-01-26T08:59:18","modified_gmt":"2026-01-26T08:59:18","slug":"logolab","status":"publish","type":"page","link":"https:\/\/sites.uef.fi\/logoverkosto\/logolab\/","title":{"rendered":"LogoLab"},"content":{"rendered":"\n<p>Joensuun kampuksen Agora-rakennuksessa sijaitseva monitieteinen LogoLab-tutkimusymp\u00e4rist\u00f6 koostuu puheen tutkimuksen laboratoriosta ja simulaatio-opetustiloista.  Laboratorion keskipisteen\u00e4 toimivan n. 7m<sup>2<\/sup> hiljaisen tilan mittauslaitteet mahdollistavat mm. aivos\u00e4hk\u00f6k\u00e4yr\u00e4mittaukset (EEG), kasvojen ja suun alueen kolmiulotteiset liikemittaukset (EMA), seulontatason kuulontutkimuksen, \u00e4\u00e4nihuulten v\u00e4lisen kontaktin mittauksen (EGG), sek\u00e4 \u00e4\u00e4nentasomittaukset. \u00c4\u00e4nityskalusto mahdollistaa laadukkaan ja tarkan \u00e4\u00e4nen tallennuksen. Laitekantaa kehitet\u00e4\u00e4n edelleen mm. l\u00e4hi-infrapuna spektroskopialla (fNIRS) ja silm\u00e4nliikemittauksella, jotka toimivat yhdess\u00e4 EEG:n kanssa monipuolistaen tutkimusasetelmia.<\/p>\n\n\n\n<p>Tavoitteena on, ett\u00e4 laboratoriosta muodostuu aktiivisesti toimiva monitieteinen tutkimus- ja innovaatiokeskus, joka vaikuttaa niin It\u00e4-Suomessa kuin valtakunnallisesti. Verkostoyhteisty\u00f6t\u00e4 tehd\u00e4\u00e4n yliopiston ulkopuolisten toimijoiden kanssa esimerkiksi kuntoutussovellusten kehitt\u00e4miseksi, tutkimuksessa ja laitevuokrauspalveluina.<\/p>\n\n\n\n<p>LogoLab-tutkimusymp\u00e4rist\u00f6n rakentaminen on mahdollistunut LogoLab I- ja LogoLab II -hankkeiden kautta. Hankkeita rahoittavat Euroopan aluekehitysrahasto (EAKR) ja Pohjois-Karjalan maakuntaliitto. Lis\u00e4tietoa l\u00f6yd\u00e4t sivuilta <a href=\"https:\/\/uefconnect.uef.fi\/tutkimusryhma\/logolab-ii-hanke-eakr\/\">https:\/\/uefconnect.uef.fi\/tutkimusryhma\/logolab-ii-hanke-eakr\/<\/a> . <\/p>\n\n\n\n<p>Jos sinulla on kysytt\u00e4v\u00e4\u00e4 laitteista tai niiden k\u00e4ytt\u00f6mahdollisuuksista, tai olet kiinnostunut yhteisty\u00f6st\u00e4, ota yhteytt\u00e4: erikoislaboratorioteknikko Petri Pulli (<a href=\"mailto:petri.pulli@uef.fi\">petri.pulli@uef.fi<\/a>).<\/p>\n\n\n\n<div class=\"links-block\">\n\n            <h3>Tutustu tarkemmin LogoLabin k\u00e4ytt\u00f6mahdollisuuksiin<\/h3>\n    \n    <ul class=\"link-list\">\n        \n            \n            <li class=\"link-list-item\">\n                <a href=\"https:\/\/sites.uef.fi\/logoverkosto\/laitteisto\/\" class=\"link-reset link hover-scale-down\">\n                    <svg\n        width=\"43\" height=\"25\"\n        viewBox=\"0 0 43 25\"\n        xmlns=\"http:\/\/www.w3.org\/2000\/svg\">\n    <path\n        d=\"M30.027 0 43 12.5 30.027 25 27 22.083 34.351 15H0v-5h34.351L27 2.917z\"\n        fill=\"currentColor\"\n        fill-rule=\"evenodd\"\/>\n<\/svg>                    <div>Laitteisto<\/div>\n                <\/a>\n                <div class=\"link-info\">\n                                    <\/div>\n            <\/li>\n\n        \n            <li class=\"link-list-item\">\n                <a href=\"https:\/\/my.matterport.com\/show\/?m=jRUCZHuHs39\" class=\"link-reset link hover-scale-down\">\n                    <svg\n        width=\"43\" height=\"25\"\n        viewBox=\"0 0 43 25\"\n        xmlns=\"http:\/\/www.w3.org\/2000\/svg\">\n    <path\n        d=\"M30.027 0 43 12.5 30.027 25 27 22.083 34.351 15H0v-5h34.351L27 2.917z\"\n        fill=\"currentColor\"\n        fill-rule=\"evenodd\"\/>\n<\/svg>                    <div>3D-virtuaaliesittely<\/div>\n                <\/a>\n                <div class=\"link-info\">\n                                    <\/div>\n            <\/li>\n\n                <\/ul>\n<\/div>\n\n\n<div style=\"height:20px\" aria-hidden=\"true\" class=\"wp-block-spacer\"><\/div>\n\n\n\n<figure class=\"wp-block-image size-full\"><img loading=\"lazy\" decoding=\"async\" width=\"1800\" height=\"1200\" src=\"https:\/\/sites.uef.fi\/logoverkosto\/wp-content\/uploads\/sites\/374\/2022\/10\/Koppi_2.jpg\" alt=\"\u00c4\u00e4nieristetty puheentutkimuksen laboratorio.\" class=\"wp-image-1784\" srcset=\"https:\/\/sites.uef.fi\/logoverkosto\/wp-content\/uploads\/sites\/374\/2022\/10\/Koppi_2.jpg 1800w, https:\/\/sites.uef.fi\/logoverkosto\/wp-content\/uploads\/sites\/374\/2022\/10\/Koppi_2-300x200.jpg 300w, https:\/\/sites.uef.fi\/logoverkosto\/wp-content\/uploads\/sites\/374\/2022\/10\/Koppi_2-768x512.jpg 768w, https:\/\/sites.uef.fi\/logoverkosto\/wp-content\/uploads\/sites\/374\/2022\/10\/Koppi_2-1536x1024.jpg 1536w\" sizes=\"auto, (max-width: 1800px) 100vw, 1800px\" \/><\/figure>\n","protected":false},"excerpt":{"rendered":"<p>Joensuun kampuksen Agora-rakennuksessa sijaitseva monitieteinen LogoLab-tutkimusymp\u00e4rist\u00f6 koostuu puheen tutkimuksen laboratoriosta ja simulaatio-opetustiloista. Laboratorion keskipisteen\u00e4 toimivan n. 7m2 hiljaisen tilan mittauslaitteet mahdollistavat mm. aivos\u00e4hk\u00f6k\u00e4yr\u00e4mittaukset (EEG), kasvojen ja suun alueen kolmiulotteiset liikemittaukset (EMA), seulontatason kuulontutkimuksen, \u00e4\u00e4nihuulten v\u00e4lisen kontaktin mittauksen (EGG), sek\u00e4 \u00e4\u00e4nentasomittaukset. \u00c4\u00e4nityskalusto mahdollistaa laadukkaan ja tarkan \u00e4\u00e4nen tallennuksen. Laitekantaa kehitet\u00e4\u00e4n edelleen mm. l\u00e4hi-infrapuna spektroskopialla (fNIRS) ja [&hellip;]<\/p>\n","protected":false},"author":817,"featured_media":0,"parent":0,"menu_order":0,"comment_status":"closed","ping_status":"closed","template":"","meta":{"_acf_changed":false,"footnotes":""},"class_list":["post-285","page","type-page","status-publish","hentry"],"acf":[],"yoast_head":"<!-- This site is optimized with the Yoast SEO plugin v27.3 - https:\/\/yoast.com\/product\/yoast-seo-wordpress\/ -->\n<title>LogoLab - Logoverkosto<\/title>\n<meta name=\"robots\" content=\"index, follow, max-snippet:-1, max-image-preview:large, max-video-preview:-1\" \/>\n<link rel=\"canonical\" href=\"https:\/\/sites.uef.fi\/logoverkosto\/logolab\/\" \/>\n<meta property=\"og:locale\" content=\"fi_FI\" \/>\n<meta property=\"og:type\" content=\"article\" \/>\n<meta property=\"og:title\" content=\"LogoLab - Logoverkosto\" \/>\n<meta property=\"og:description\" content=\"Joensuun kampuksen Agora-rakennuksessa sijaitseva monitieteinen LogoLab-tutkimusymp\u00e4rist\u00f6 koostuu puheen tutkimuksen laboratoriosta ja simulaatio-opetustiloista. Laboratorion keskipisteen\u00e4 toimivan n. 7m2 hiljaisen tilan mittauslaitteet mahdollistavat mm. aivos\u00e4hk\u00f6k\u00e4yr\u00e4mittaukset (EEG), kasvojen ja suun alueen kolmiulotteiset liikemittaukset (EMA), seulontatason kuulontutkimuksen, \u00e4\u00e4nihuulten v\u00e4lisen kontaktin mittauksen (EGG), sek\u00e4 \u00e4\u00e4nentasomittaukset. \u00c4\u00e4nityskalusto mahdollistaa laadukkaan ja tarkan \u00e4\u00e4nen tallennuksen. Laitekantaa kehitet\u00e4\u00e4n edelleen mm. l\u00e4hi-infrapuna spektroskopialla (fNIRS) ja [&hellip;]\" \/>\n<meta property=\"og:url\" content=\"https:\/\/sites.uef.fi\/logoverkosto\/logolab\/\" \/>\n<meta property=\"og:site_name\" content=\"Logoverkosto\" \/>\n<meta property=\"article:modified_time\" content=\"2026-01-26T08:59:18+00:00\" \/>\n<meta property=\"og:image\" content=\"https:\/\/sites.uef.fi\/logoverkosto\/wp-content\/uploads\/sites\/374\/2022\/10\/Koppi_2.jpg\" \/>\n<meta name=\"twitter:card\" content=\"summary_large_image\" \/>\n<meta name=\"twitter:label1\" content=\"Arvioitu lukuaika\" \/>\n\t<meta name=\"twitter:data1\" content=\"2 minuuttia\" \/>\n<script type=\"application\/ld+json\" class=\"yoast-schema-graph\">{\"@context\":\"https:\\\/\\\/schema.org\",\"@graph\":[{\"@type\":\"WebPage\",\"@id\":\"https:\\\/\\\/sites.uef.fi\\\/logoverkosto\\\/logolab\\\/\",\"url\":\"https:\\\/\\\/sites.uef.fi\\\/logoverkosto\\\/logolab\\\/\",\"name\":\"LogoLab - Logoverkosto\",\"isPartOf\":{\"@id\":\"https:\\\/\\\/sites.uef.fi\\\/logoverkosto\\\/#website\"},\"primaryImageOfPage\":{\"@id\":\"https:\\\/\\\/sites.uef.fi\\\/logoverkosto\\\/logolab\\\/#primaryimage\"},\"image\":{\"@id\":\"https:\\\/\\\/sites.uef.fi\\\/logoverkosto\\\/logolab\\\/#primaryimage\"},\"thumbnailUrl\":\"https:\\\/\\\/sites.uef.fi\\\/logoverkosto\\\/wp-content\\\/uploads\\\/sites\\\/374\\\/2022\\\/10\\\/Koppi_2.jpg\",\"datePublished\":\"2022-07-04T08:51:25+00:00\",\"dateModified\":\"2026-01-26T08:59:18+00:00\",\"breadcrumb\":{\"@id\":\"https:\\\/\\\/sites.uef.fi\\\/logoverkosto\\\/logolab\\\/#breadcrumb\"},\"inLanguage\":\"fi\",\"potentialAction\":[{\"@type\":\"ReadAction\",\"target\":[\"https:\\\/\\\/sites.uef.fi\\\/logoverkosto\\\/logolab\\\/\"]}]},{\"@type\":\"ImageObject\",\"inLanguage\":\"fi\",\"@id\":\"https:\\\/\\\/sites.uef.fi\\\/logoverkosto\\\/logolab\\\/#primaryimage\",\"url\":\"https:\\\/\\\/sites.uef.fi\\\/logoverkosto\\\/wp-content\\\/uploads\\\/sites\\\/374\\\/2022\\\/10\\\/Koppi_2.jpg\",\"contentUrl\":\"https:\\\/\\\/sites.uef.fi\\\/logoverkosto\\\/wp-content\\\/uploads\\\/sites\\\/374\\\/2022\\\/10\\\/Koppi_2.jpg\",\"width\":1800,\"height\":1200,\"caption\":\"\u00c4\u00e4nieristetty puheentutkimuksen laboratorio.\"},{\"@type\":\"BreadcrumbList\",\"@id\":\"https:\\\/\\\/sites.uef.fi\\\/logoverkosto\\\/logolab\\\/#breadcrumb\",\"itemListElement\":[{\"@type\":\"ListItem\",\"position\":1,\"name\":\"Home\",\"item\":\"https:\\\/\\\/sites.uef.fi\\\/logoverkosto\\\/\"},{\"@type\":\"ListItem\",\"position\":2,\"name\":\"LogoLab\"}]},{\"@type\":\"WebSite\",\"@id\":\"https:\\\/\\\/sites.uef.fi\\\/logoverkosto\\\/#website\",\"url\":\"https:\\\/\\\/sites.uef.fi\\\/logoverkosto\\\/\",\"name\":\"Logoverkosto\",\"description\":\"\",\"publisher\":{\"@id\":\"https:\\\/\\\/sites.uef.fi\\\/logoverkosto\\\/#organization\"},\"potentialAction\":[{\"@type\":\"SearchAction\",\"target\":{\"@type\":\"EntryPoint\",\"urlTemplate\":\"https:\\\/\\\/sites.uef.fi\\\/logoverkosto\\\/?s={search_term_string}\"},\"query-input\":{\"@type\":\"PropertyValueSpecification\",\"valueRequired\":true,\"valueName\":\"search_term_string\"}}],\"inLanguage\":\"fi\"},{\"@type\":\"Organization\",\"@id\":\"https:\\\/\\\/sites.uef.fi\\\/logoverkosto\\\/#organization\",\"name\":\"Logoverkosto\",\"url\":\"https:\\\/\\\/sites.uef.fi\\\/logoverkosto\\\/\",\"logo\":{\"@type\":\"ImageObject\",\"inLanguage\":\"fi\",\"@id\":\"https:\\\/\\\/sites.uef.fi\\\/logoverkosto\\\/#\\\/schema\\\/logo\\\/image\\\/\",\"url\":\"https:\\\/\\\/sites.uef.fi\\\/logoverkosto\\\/wp-content\\\/uploads\\\/sites\\\/374\\\/2022\\\/08\\\/cropped-UEF_wordpress_white.png\",\"contentUrl\":\"https:\\\/\\\/sites.uef.fi\\\/logoverkosto\\\/wp-content\\\/uploads\\\/sites\\\/374\\\/2022\\\/08\\\/cropped-UEF_wordpress_white.png\",\"width\":250,\"height\":250,\"caption\":\"Logoverkosto\"},\"image\":{\"@id\":\"https:\\\/\\\/sites.uef.fi\\\/logoverkosto\\\/#\\\/schema\\\/logo\\\/image\\\/\"}}]}<\/script>\n<!-- \/ Yoast SEO plugin. -->","yoast_head_json":{"title":"LogoLab - Logoverkosto","robots":{"index":"index","follow":"follow","max-snippet":"max-snippet:-1","max-image-preview":"max-image-preview:large","max-video-preview":"max-video-preview:-1"},"canonical":"https:\/\/sites.uef.fi\/logoverkosto\/logolab\/","og_locale":"fi_FI","og_type":"article","og_title":"LogoLab - Logoverkosto","og_description":"Joensuun kampuksen Agora-rakennuksessa sijaitseva monitieteinen LogoLab-tutkimusymp\u00e4rist\u00f6 koostuu puheen tutkimuksen laboratoriosta ja simulaatio-opetustiloista. Laboratorion keskipisteen\u00e4 toimivan n. 7m2 hiljaisen tilan mittauslaitteet mahdollistavat mm. aivos\u00e4hk\u00f6k\u00e4yr\u00e4mittaukset (EEG), kasvojen ja suun alueen kolmiulotteiset liikemittaukset (EMA), seulontatason kuulontutkimuksen, \u00e4\u00e4nihuulten v\u00e4lisen kontaktin mittauksen (EGG), sek\u00e4 \u00e4\u00e4nentasomittaukset. \u00c4\u00e4nityskalusto mahdollistaa laadukkaan ja tarkan \u00e4\u00e4nen tallennuksen. Laitekantaa kehitet\u00e4\u00e4n edelleen mm. l\u00e4hi-infrapuna spektroskopialla (fNIRS) ja [&hellip;]","og_url":"https:\/\/sites.uef.fi\/logoverkosto\/logolab\/","og_site_name":"Logoverkosto","article_modified_time":"2026-01-26T08:59:18+00:00","og_image":[{"url":"https:\/\/sites.uef.fi\/logoverkosto\/wp-content\/uploads\/sites\/374\/2022\/10\/Koppi_2.jpg","type":"","width":"","height":""}],"twitter_card":"summary_large_image","twitter_misc":{"Arvioitu lukuaika":"2 minuuttia"},"schema":{"@context":"https:\/\/schema.org","@graph":[{"@type":"WebPage","@id":"https:\/\/sites.uef.fi\/logoverkosto\/logolab\/","url":"https:\/\/sites.uef.fi\/logoverkosto\/logolab\/","name":"LogoLab - Logoverkosto","isPartOf":{"@id":"https:\/\/sites.uef.fi\/logoverkosto\/#website"},"primaryImageOfPage":{"@id":"https:\/\/sites.uef.fi\/logoverkosto\/logolab\/#primaryimage"},"image":{"@id":"https:\/\/sites.uef.fi\/logoverkosto\/logolab\/#primaryimage"},"thumbnailUrl":"https:\/\/sites.uef.fi\/logoverkosto\/wp-content\/uploads\/sites\/374\/2022\/10\/Koppi_2.jpg","datePublished":"2022-07-04T08:51:25+00:00","dateModified":"2026-01-26T08:59:18+00:00","breadcrumb":{"@id":"https:\/\/sites.uef.fi\/logoverkosto\/logolab\/#breadcrumb"},"inLanguage":"fi","potentialAction":[{"@type":"ReadAction","target":["https:\/\/sites.uef.fi\/logoverkosto\/logolab\/"]}]},{"@type":"ImageObject","inLanguage":"fi","@id":"https:\/\/sites.uef.fi\/logoverkosto\/logolab\/#primaryimage","url":"https:\/\/sites.uef.fi\/logoverkosto\/wp-content\/uploads\/sites\/374\/2022\/10\/Koppi_2.jpg","contentUrl":"https:\/\/sites.uef.fi\/logoverkosto\/wp-content\/uploads\/sites\/374\/2022\/10\/Koppi_2.jpg","width":1800,"height":1200,"caption":"\u00c4\u00e4nieristetty puheentutkimuksen laboratorio."},{"@type":"BreadcrumbList","@id":"https:\/\/sites.uef.fi\/logoverkosto\/logolab\/#breadcrumb","itemListElement":[{"@type":"ListItem","position":1,"name":"Home","item":"https:\/\/sites.uef.fi\/logoverkosto\/"},{"@type":"ListItem","position":2,"name":"LogoLab"}]},{"@type":"WebSite","@id":"https:\/\/sites.uef.fi\/logoverkosto\/#website","url":"https:\/\/sites.uef.fi\/logoverkosto\/","name":"Logoverkosto","description":"","publisher":{"@id":"https:\/\/sites.uef.fi\/logoverkosto\/#organization"},"potentialAction":[{"@type":"SearchAction","target":{"@type":"EntryPoint","urlTemplate":"https:\/\/sites.uef.fi\/logoverkosto\/?s={search_term_string}"},"query-input":{"@type":"PropertyValueSpecification","valueRequired":true,"valueName":"search_term_string"}}],"inLanguage":"fi"},{"@type":"Organization","@id":"https:\/\/sites.uef.fi\/logoverkosto\/#organization","name":"Logoverkosto","url":"https:\/\/sites.uef.fi\/logoverkosto\/","logo":{"@type":"ImageObject","inLanguage":"fi","@id":"https:\/\/sites.uef.fi\/logoverkosto\/#\/schema\/logo\/image\/","url":"https:\/\/sites.uef.fi\/logoverkosto\/wp-content\/uploads\/sites\/374\/2022\/08\/cropped-UEF_wordpress_white.png","contentUrl":"https:\/\/sites.uef.fi\/logoverkosto\/wp-content\/uploads\/sites\/374\/2022\/08\/cropped-UEF_wordpress_white.png","width":250,"height":250,"caption":"Logoverkosto"},"image":{"@id":"https:\/\/sites.uef.fi\/logoverkosto\/#\/schema\/logo\/image\/"}}]}},"_links":{"self":[{"href":"https:\/\/sites.uef.fi\/logoverkosto\/wp-json\/wp\/v2\/pages\/285","targetHints":{"allow":["GET"]}}],"collection":[{"href":"https:\/\/sites.uef.fi\/logoverkosto\/wp-json\/wp\/v2\/pages"}],"about":[{"href":"https:\/\/sites.uef.fi\/logoverkosto\/wp-json\/wp\/v2\/types\/page"}],"author":[{"embeddable":true,"href":"https:\/\/sites.uef.fi\/logoverkosto\/wp-json\/wp\/v2\/users\/817"}],"replies":[{"embeddable":true,"href":"https:\/\/sites.uef.fi\/logoverkosto\/wp-json\/wp\/v2\/comments?post=285"}],"version-history":[{"count":1,"href":"https:\/\/sites.uef.fi\/logoverkosto\/wp-json\/wp\/v2\/pages\/285\/revisions"}],"predecessor-version":[{"id":4981,"href":"https:\/\/sites.uef.fi\/logoverkosto\/wp-json\/wp\/v2\/pages\/285\/revisions\/4981"}],"wp:attachment":[{"href":"https:\/\/sites.uef.fi\/logoverkosto\/wp-json\/wp\/v2\/media?parent=285"}],"curies":[{"name":"wp","href":"https:\/\/api.w.org\/{rel}","templated":true}]}}