{"id":14,"date":"2023-02-13T11:26:30","date_gmt":"2023-02-13T09:26:30","guid":{"rendered":"https:\/\/sites.uef.fi\/maantieteenpaivat2023\/?page_id=14"},"modified":"2023-10-18T18:10:01","modified_gmt":"2023-10-18T16:10:01","slug":"etusivu","status":"publish","type":"page","link":"https:\/\/sites.uef.fi\/maantieteenpaivat2023\/","title":{"rendered":"Maantieteen P\u00e4iv\u00e4t 2023"},"content":{"rendered":"\n<p><\/p>\n\n\n\n<h1 class=\"wp-block-heading has-text-align-center\"><strong>Finnish Geography Days 8th &#8211; 10th of November 2023 in Joensuu<\/strong><\/h1>\n\n\n\n<p class=\"has-text-align-center\" style=\"font-size:15px\">The Department of Geographical and Historical Studies jointly with the Karelian Institute at the University of Eastern Finland warmly welcomes you to the Finnish Geography Days 2023 in Joensuu. <\/p>\n\n\n\n<p class=\"has-text-align-center\" style=\"font-size:15px\">This years Geography Days  are organized under the title:<\/p>\n\n\n\n<h1 class=\"wp-block-heading has-text-align-center\" style=\"font-style:normal;font-weight:800\">&#8221;Geographies in times of crises&#8221;<\/h1>\n\n\n\n<p class=\"has-text-align-center\">Climate extremes and their often-devastating impacts all over the world; the last Finnish parliamentary election results; a multitude of growing geopolitical tensions and armed conflicts including wars in Europe and Africa; the contested Finnish health and social services reform, the rapid degradation of global biodiversity, Sanna Marin\u2019s dancing moves, the COVID-19 pandemic or last winter\u2019s electricity bills and ChatGPT in higher education&#8230; This eclectic list of \u2018crises\u2019 highlights some starting points to embark on the theme \u201c<em>geographies in times of crises<\/em>\u201d for the Finnish Geography Days 2023 in Joensuu. It raises not only the multiplicity of crises currently materialising or perceived as such, but hints at their delineation, scope and effect, reaching from the everyday to planetary realms, including biophysical and social components, individual and communal identities, as well as scalar and temporal shifts. The emergence of crises themselves, livelihoods in times of crises or processes to prevent\/halt\/normalise crises are an interrelation of complex socio-spatial processes and henceforth at the core of geographical analysis.<\/p>\n\n\n\n<p class=\"has-text-align-center\">We therefore would like to invite you to the Finnish Geography Days 2023 under the theme <em>\u201cGeographies in times of crises\u201d<\/em> to discuss naturally the big questions that highlight the implications of planetary crises, such as climate, biodiversity, urbanism or geopolitics, but also that engage with the varying small crises (or related problematisations) arising in every field of societal conduct, as well as on the geographical methods and approaches to assess the socio-spatial processes at play.<\/p>\n\n\n\n<p><\/p>\n\n\n\n<div style=\"height:100px\" aria-hidden=\"true\" class=\"wp-block-spacer\"><\/div>\n\n\n\n<figure class=\"wp-block-image size-large\"><img loading=\"lazy\" decoding=\"async\" width=\"1024\" height=\"371\" src=\"https:\/\/sites.uef.fi\/maantieteenpaivat2023\/wp-content\/uploads\/sites\/407\/2023\/04\/Logo3-1024x371.png\" alt=\"\" class=\"wp-image-544\" srcset=\"https:\/\/sites.uef.fi\/maantieteenpaivat2023\/wp-content\/uploads\/sites\/407\/2023\/04\/Logo3-1024x371.png 1024w, https:\/\/sites.uef.fi\/maantieteenpaivat2023\/wp-content\/uploads\/sites\/407\/2023\/04\/Logo3-300x109.png 300w, https:\/\/sites.uef.fi\/maantieteenpaivat2023\/wp-content\/uploads\/sites\/407\/2023\/04\/Logo3-768x279.png 768w, https:\/\/sites.uef.fi\/maantieteenpaivat2023\/wp-content\/uploads\/sites\/407\/2023\/04\/Logo3-1536x557.png 1536w, https:\/\/sites.uef.fi\/maantieteenpaivat2023\/wp-content\/uploads\/sites\/407\/2023\/04\/Logo3-2048x743.png 2048w\" sizes=\"auto, (max-width: 1024px) 100vw, 1024px\" \/><\/figure>\n","protected":false},"excerpt":{"rendered":"<p>Finnish Geography Days 8th &#8211; 10th of November 2023 in Joensuu The Department of Geographical and Historical Studies jointly with the Karelian Institute at the University of Eastern Finland warmly welcomes you to the Finnish Geography Days 2023 in Joensuu. This years Geography Days are organized under the title: &#8221;Geographies in times of crises&#8221; Climate [&hellip;]<\/p>\n","protected":false},"author":2,"featured_media":0,"parent":0,"menu_order":0,"comment_status":"closed","ping_status":"closed","template":"","meta":{"_acf_changed":false,"footnotes":""},"class_list":["post-14","page","type-page","status-publish","hentry"],"acf":[],"yoast_head":"<!-- This site is optimized with the Yoast SEO plugin v27.1.1 - https:\/\/yoast.com\/product\/yoast-seo-wordpress\/ -->\n<title>Maantieteen P\u00e4iv\u00e4t 2023 - Maantieteen P\u00e4iv\u00e4t 2023<\/title>\n<meta name=\"robots\" content=\"index, follow, max-snippet:-1, max-image-preview:large, max-video-preview:-1\" \/>\n<link rel=\"canonical\" href=\"https:\/\/sites.uef.fi\/maantieteenpaivat2023\/\" \/>\n<meta property=\"og:locale\" content=\"fi_FI\" \/>\n<meta property=\"og:type\" content=\"article\" \/>\n<meta property=\"og:title\" content=\"Maantieteen P\u00e4iv\u00e4t 2023 - Maantieteen P\u00e4iv\u00e4t 2023\" \/>\n<meta property=\"og:description\" content=\"Finnish Geography Days 8th &#8211; 10th of November 2023 in Joensuu The Department of Geographical and Historical Studies jointly with the Karelian Institute at the University of Eastern Finland warmly welcomes you to the Finnish Geography Days 2023 in Joensuu. This years Geography Days are organized under the title: &#8221;Geographies in times of crises&#8221; Climate [&hellip;]\" \/>\n<meta property=\"og:url\" content=\"https:\/\/sites.uef.fi\/maantieteenpaivat2023\/\" \/>\n<meta property=\"og:site_name\" content=\"Maantieteen P\u00e4iv\u00e4t 2023\" \/>\n<meta property=\"article:modified_time\" content=\"2023-10-18T16:10:01+00:00\" \/>\n<meta property=\"og:image\" content=\"https:\/\/sites.uef.fi\/maantieteenpaivat2023\/wp-content\/uploads\/sites\/407\/2023\/04\/Logo3-1024x371.png\" \/>\n<meta name=\"twitter:card\" content=\"summary_large_image\" \/>\n<meta name=\"twitter:label1\" content=\"Arvioitu lukuaika\" \/>\n\t<meta name=\"twitter:data1\" content=\"1 minuutti\" \/>\n<script type=\"application\/ld+json\" class=\"yoast-schema-graph\">{\"@context\":\"https:\/\/schema.org\",\"@graph\":[{\"@type\":\"WebPage\",\"@id\":\"https:\/\/sites.uef.fi\/maantieteenpaivat2023\/\",\"url\":\"https:\/\/sites.uef.fi\/maantieteenpaivat2023\/\",\"name\":\"Maantieteen P\u00e4iv\u00e4t 2023 - Maantieteen P\u00e4iv\u00e4t 2023\",\"isPartOf\":{\"@id\":\"https:\/\/sites.uef.fi\/maantieteenpaivat2023\/#website\"},\"primaryImageOfPage\":{\"@id\":\"https:\/\/sites.uef.fi\/maantieteenpaivat2023\/#primaryimage\"},\"image\":{\"@id\":\"https:\/\/sites.uef.fi\/maantieteenpaivat2023\/#primaryimage\"},\"thumbnailUrl\":\"https:\/\/sites.uef.fi\/maantieteenpaivat2023\/wp-content\/uploads\/sites\/407\/2023\/04\/Logo3-1024x371.png\",\"datePublished\":\"2023-02-13T09:26:30+00:00\",\"dateModified\":\"2023-10-18T16:10:01+00:00\",\"breadcrumb\":{\"@id\":\"https:\/\/sites.uef.fi\/maantieteenpaivat2023\/#breadcrumb\"},\"inLanguage\":\"fi\",\"potentialAction\":[{\"@type\":\"ReadAction\",\"target\":[\"https:\/\/sites.uef.fi\/maantieteenpaivat2023\/\"]}]},{\"@type\":\"ImageObject\",\"inLanguage\":\"fi\",\"@id\":\"https:\/\/sites.uef.fi\/maantieteenpaivat2023\/#primaryimage\",\"url\":\"https:\/\/sites.uef.fi\/maantieteenpaivat2023\/wp-content\/uploads\/sites\/407\/2023\/04\/Logo3.png\",\"contentUrl\":\"https:\/\/sites.uef.fi\/maantieteenpaivat2023\/wp-content\/uploads\/sites\/407\/2023\/04\/Logo3.png\",\"width\":3386,\"height\":1228},{\"@type\":\"BreadcrumbList\",\"@id\":\"https:\/\/sites.uef.fi\/maantieteenpaivat2023\/#breadcrumb\",\"itemListElement\":[{\"@type\":\"ListItem\",\"position\":1,\"name\":\"Home\",\"item\":\"https:\/\/sites.uef.fi\/maantieteenpaivat2023\/\"},{\"@type\":\"ListItem\",\"position\":2,\"name\":\"Maantieteen P\u00e4iv\u00e4t 2023\"}]},{\"@type\":\"WebSite\",\"@id\":\"https:\/\/sites.uef.fi\/maantieteenpaivat2023\/#website\",\"url\":\"https:\/\/sites.uef.fi\/maantieteenpaivat2023\/\",\"name\":\"Maantieteen P\u00e4iv\u00e4t 2023\",\"description\":\"\",\"publisher\":{\"@id\":\"https:\/\/sites.uef.fi\/maantieteenpaivat2023\/#organization\"},\"potentialAction\":[{\"@type\":\"SearchAction\",\"target\":{\"@type\":\"EntryPoint\",\"urlTemplate\":\"https:\/\/sites.uef.fi\/maantieteenpaivat2023\/?s={search_term_string}\"},\"query-input\":{\"@type\":\"PropertyValueSpecification\",\"valueRequired\":true,\"valueName\":\"search_term_string\"}}],\"inLanguage\":\"fi\"},{\"@type\":\"Organization\",\"@id\":\"https:\/\/sites.uef.fi\/maantieteenpaivat2023\/#organization\",\"name\":\"Maantieteen P\u00e4iv\u00e4t 2023\",\"url\":\"https:\/\/sites.uef.fi\/maantieteenpaivat2023\/\",\"logo\":{\"@type\":\"ImageObject\",\"inLanguage\":\"fi\",\"@id\":\"https:\/\/sites.uef.fi\/maantieteenpaivat2023\/#\/schema\/logo\/image\/\",\"url\":\"https:\/\/sites.uef.fi\/maantieteenpaivat2023\/wp-content\/uploads\/sites\/407\/2023\/02\/cropped-UEF_wordpress_white.png\",\"contentUrl\":\"https:\/\/sites.uef.fi\/maantieteenpaivat2023\/wp-content\/uploads\/sites\/407\/2023\/02\/cropped-UEF_wordpress_white.png\",\"width\":250,\"height\":250,\"caption\":\"Maantieteen P\u00e4iv\u00e4t 2023\"},\"image\":{\"@id\":\"https:\/\/sites.uef.fi\/maantieteenpaivat2023\/#\/schema\/logo\/image\/\"}}]}<\/script>\n<!-- \/ Yoast SEO plugin. -->","yoast_head_json":{"title":"Maantieteen P\u00e4iv\u00e4t 2023 - Maantieteen P\u00e4iv\u00e4t 2023","robots":{"index":"index","follow":"follow","max-snippet":"max-snippet:-1","max-image-preview":"max-image-preview:large","max-video-preview":"max-video-preview:-1"},"canonical":"https:\/\/sites.uef.fi\/maantieteenpaivat2023\/","og_locale":"fi_FI","og_type":"article","og_title":"Maantieteen P\u00e4iv\u00e4t 2023 - Maantieteen P\u00e4iv\u00e4t 2023","og_description":"Finnish Geography Days 8th &#8211; 10th of November 2023 in Joensuu The Department of Geographical and Historical Studies jointly with the Karelian Institute at the University of Eastern Finland warmly welcomes you to the Finnish Geography Days 2023 in Joensuu. This years Geography Days are organized under the title: &#8221;Geographies in times of crises&#8221; Climate [&hellip;]","og_url":"https:\/\/sites.uef.fi\/maantieteenpaivat2023\/","og_site_name":"Maantieteen P\u00e4iv\u00e4t 2023","article_modified_time":"2023-10-18T16:10:01+00:00","og_image":[{"url":"https:\/\/sites.uef.fi\/maantieteenpaivat2023\/wp-content\/uploads\/sites\/407\/2023\/04\/Logo3-1024x371.png","type":"","width":"","height":""}],"twitter_card":"summary_large_image","twitter_misc":{"Arvioitu lukuaika":"1 minuutti"},"schema":{"@context":"https:\/\/schema.org","@graph":[{"@type":"WebPage","@id":"https:\/\/sites.uef.fi\/maantieteenpaivat2023\/","url":"https:\/\/sites.uef.fi\/maantieteenpaivat2023\/","name":"Maantieteen P\u00e4iv\u00e4t 2023 - Maantieteen P\u00e4iv\u00e4t 2023","isPartOf":{"@id":"https:\/\/sites.uef.fi\/maantieteenpaivat2023\/#website"},"primaryImageOfPage":{"@id":"https:\/\/sites.uef.fi\/maantieteenpaivat2023\/#primaryimage"},"image":{"@id":"https:\/\/sites.uef.fi\/maantieteenpaivat2023\/#primaryimage"},"thumbnailUrl":"https:\/\/sites.uef.fi\/maantieteenpaivat2023\/wp-content\/uploads\/sites\/407\/2023\/04\/Logo3-1024x371.png","datePublished":"2023-02-13T09:26:30+00:00","dateModified":"2023-10-18T16:10:01+00:00","breadcrumb":{"@id":"https:\/\/sites.uef.fi\/maantieteenpaivat2023\/#breadcrumb"},"inLanguage":"fi","potentialAction":[{"@type":"ReadAction","target":["https:\/\/sites.uef.fi\/maantieteenpaivat2023\/"]}]},{"@type":"ImageObject","inLanguage":"fi","@id":"https:\/\/sites.uef.fi\/maantieteenpaivat2023\/#primaryimage","url":"https:\/\/sites.uef.fi\/maantieteenpaivat2023\/wp-content\/uploads\/sites\/407\/2023\/04\/Logo3.png","contentUrl":"https:\/\/sites.uef.fi\/maantieteenpaivat2023\/wp-content\/uploads\/sites\/407\/2023\/04\/Logo3.png","width":3386,"height":1228},{"@type":"BreadcrumbList","@id":"https:\/\/sites.uef.fi\/maantieteenpaivat2023\/#breadcrumb","itemListElement":[{"@type":"ListItem","position":1,"name":"Home","item":"https:\/\/sites.uef.fi\/maantieteenpaivat2023\/"},{"@type":"ListItem","position":2,"name":"Maantieteen P\u00e4iv\u00e4t 2023"}]},{"@type":"WebSite","@id":"https:\/\/sites.uef.fi\/maantieteenpaivat2023\/#website","url":"https:\/\/sites.uef.fi\/maantieteenpaivat2023\/","name":"Maantieteen P\u00e4iv\u00e4t 2023","description":"","publisher":{"@id":"https:\/\/sites.uef.fi\/maantieteenpaivat2023\/#organization"},"potentialAction":[{"@type":"SearchAction","target":{"@type":"EntryPoint","urlTemplate":"https:\/\/sites.uef.fi\/maantieteenpaivat2023\/?s={search_term_string}"},"query-input":{"@type":"PropertyValueSpecification","valueRequired":true,"valueName":"search_term_string"}}],"inLanguage":"fi"},{"@type":"Organization","@id":"https:\/\/sites.uef.fi\/maantieteenpaivat2023\/#organization","name":"Maantieteen P\u00e4iv\u00e4t 2023","url":"https:\/\/sites.uef.fi\/maantieteenpaivat2023\/","logo":{"@type":"ImageObject","inLanguage":"fi","@id":"https:\/\/sites.uef.fi\/maantieteenpaivat2023\/#\/schema\/logo\/image\/","url":"https:\/\/sites.uef.fi\/maantieteenpaivat2023\/wp-content\/uploads\/sites\/407\/2023\/02\/cropped-UEF_wordpress_white.png","contentUrl":"https:\/\/sites.uef.fi\/maantieteenpaivat2023\/wp-content\/uploads\/sites\/407\/2023\/02\/cropped-UEF_wordpress_white.png","width":250,"height":250,"caption":"Maantieteen P\u00e4iv\u00e4t 2023"},"image":{"@id":"https:\/\/sites.uef.fi\/maantieteenpaivat2023\/#\/schema\/logo\/image\/"}}]}},"_links":{"self":[{"href":"https:\/\/sites.uef.fi\/maantieteenpaivat2023\/wp-json\/wp\/v2\/pages\/14","targetHints":{"allow":["GET"]}}],"collection":[{"href":"https:\/\/sites.uef.fi\/maantieteenpaivat2023\/wp-json\/wp\/v2\/pages"}],"about":[{"href":"https:\/\/sites.uef.fi\/maantieteenpaivat2023\/wp-json\/wp\/v2\/types\/page"}],"author":[{"embeddable":true,"href":"https:\/\/sites.uef.fi\/maantieteenpaivat2023\/wp-json\/wp\/v2\/users\/2"}],"replies":[{"embeddable":true,"href":"https:\/\/sites.uef.fi\/maantieteenpaivat2023\/wp-json\/wp\/v2\/comments?post=14"}],"version-history":[{"count":2,"href":"https:\/\/sites.uef.fi\/maantieteenpaivat2023\/wp-json\/wp\/v2\/pages\/14\/revisions"}],"predecessor-version":[{"id":1945,"href":"https:\/\/sites.uef.fi\/maantieteenpaivat2023\/wp-json\/wp\/v2\/pages\/14\/revisions\/1945"}],"wp:attachment":[{"href":"https:\/\/sites.uef.fi\/maantieteenpaivat2023\/wp-json\/wp\/v2\/media?parent=14"}],"curies":[{"name":"wp","href":"https:\/\/api.w.org\/{rel}","templated":true}]}}