{"id":221,"date":"2023-10-04T09:03:26","date_gmt":"2023-10-04T09:03:26","guid":{"rendered":"https:\/\/sites.uef.fi\/map-hanke\/?page_id=221"},"modified":"2023-11-06T10:46:21","modified_gmt":"2023-11-06T07:46:21","slug":"etusivu","status":"publish","type":"page","link":"https:\/\/sites.uef.fi\/map-hanke\/","title":{"rendered":"Mikromuovien analytiikkaa ja poistomenetelmi\u00e4"},"content":{"rendered":"\n<figure class=\"wp-block-image size-full is-resized\"><img loading=\"lazy\" decoding=\"async\" width=\"846\" height=\"223\" src=\"https:\/\/sites.uef.fi\/map-hanke\/wp-content\/uploads\/sites\/437\/2023\/10\/rahoittajat.jpg\" alt=\"\" class=\"wp-image-387\" style=\"aspect-ratio:3.7937219730941703;width:809px;height:auto\" srcset=\"https:\/\/sites.uef.fi\/map-hanke\/wp-content\/uploads\/sites\/437\/2023\/10\/rahoittajat.jpg 846w, https:\/\/sites.uef.fi\/map-hanke\/wp-content\/uploads\/sites\/437\/2023\/10\/rahoittajat-300x79.jpg 300w, https:\/\/sites.uef.fi\/map-hanke\/wp-content\/uploads\/sites\/437\/2023\/10\/rahoittajat-768x202.jpg 768w\" sizes=\"auto, (max-width: 846px) 100vw, 846px\" \/><\/figure>\n\n\n\n<p class=\"has-text-align-center\"><strong>Mikromuovien analyysi- ja poistomenetelmien kehitt\u00e4minen -hankkeessa (<a href=\"https:\/\/uefconnect.uef.fi\/tutkimusryhma\/mikromuovien-analyysin-ja-poistomenetelmien-kehittaminen-teollisuuden-laadunvalvontaan-map-hanke\/\">MAP, 2022-2023<\/a>)  kehitettiin mikromuovianalytiikkaa erityisesti teollisuuden n\u00e4k\u00f6kulmasta. Hankkeen p\u00e4\u00e4rahoituksen my\u00f6nsi Pohjois-Savon liitto Euroopan aluekehitysrahastosta. <\/strong><\/p>\n\n\n\n<p><\/p>\n\n\n\n<figure class=\"wp-block-image size-large\"><img loading=\"lazy\" decoding=\"async\" width=\"1024\" height=\"341\" src=\"https:\/\/sites.uef.fi\/map-hanke\/wp-content\/uploads\/sites\/437\/2023\/10\/SIBLabs_mikromuovi-2-1500x500-1-1024x341.jpg\" alt=\"\" class=\"wp-image-265\" srcset=\"https:\/\/sites.uef.fi\/map-hanke\/wp-content\/uploads\/sites\/437\/2023\/10\/SIBLabs_mikromuovi-2-1500x500-1-1024x341.jpg 1024w, https:\/\/sites.uef.fi\/map-hanke\/wp-content\/uploads\/sites\/437\/2023\/10\/SIBLabs_mikromuovi-2-1500x500-1-300x100.jpg 300w, https:\/\/sites.uef.fi\/map-hanke\/wp-content\/uploads\/sites\/437\/2023\/10\/SIBLabs_mikromuovi-2-1500x500-1-768x256.jpg 768w, https:\/\/sites.uef.fi\/map-hanke\/wp-content\/uploads\/sites\/437\/2023\/10\/SIBLabs_mikromuovi-2-1500x500-1.jpg 1500w\" sizes=\"auto, (max-width: 1024px) 100vw, 1024px\" \/><\/figure>\n\n\n\n<p><\/p>\n\n\n\n<p>Kasasimme hankkeessa opituista asioista ja kehitetyist\u00e4 menetelmist\u00e4 t\u00e4m\u00e4n videoseminaarin, sek\u00e4 julkaisun <a href=\"http:\/\/urn.fi\/URN:ISBN:978-952-61-4999-8\">Mikromuovien analytiikan ja poistomenetelmien kehitt\u00e4minen<\/a>. N\u00e4iden tarkoituksena on antaa ajantasaista tietoa mikromuoveista, niiden analytiikasta, tutkimuksesta ja poistomenetelmist\u00e4. <\/p>\n\n\n\n<div class=\"person-card\">\n    \n                    <a href=\"https:\/\/uef.cloud.panopto.eu\/Panopto\/Pages\/Viewer.aspx?id=4f391b23-637e-4abd-aaa7-b0810069671b&amp;start=0\" class=\"person-card-link hover-scale-down\">\n                            <div class=\"person-card-item\">\n                    <div class=\"person-card-column-left\">\n                                                    <img decoding=\"async\" class=\"person-card-image\" src=\"https:\/\/sites.uef.fi\/map-hanke\/wp-content\/uploads\/sites\/437\/2023\/10\/Laura-Tomppo.jpg\" alt=\"\" \/>\n                                            <\/div>\n\n                    <div class=\"person-card-column-right\">\n                                                <p class=\"person-card-name\">Tervetuloa MAP-hankkeen videowebinaariin!<\/p>\n                        \n                                                <p class=\"person-card-position\">Laura Tomppo<\/p>\n                        \n                                                <p class=\"person-card-organisation\">Staff Scientist, It\u00e4-Suomen yliopisto<\/p>\n                        \n                        \n                                                    <div>\n\t\t\t\t\t\t\t<svg xmlns=\"http:\/\/www.w3.org\/2000\/svg\" height=\"25px\" viewBox=\"0 -960 960 960\" width=\"24px\" ><path fill=\"currentColor\" d=\"M200-120q-33 0-56.5-23.5T120-200v-560q0-33 23.5-56.5T200-840h280v80H200v560h560v-280h80v280q0 33-23.5 56.5T760-120H200Zm188-212-56-56 372-372H560v-80h280v280h-80v-144L388-332Z\"\/><\/svg>\t\t\t\t\t\t\t<\/div>\n                                            <\/div>\n                <\/div>\n                            <\/a>\n                                        <a href=\"https:\/\/uef.cloud.panopto.eu\/Panopto\/Pages\/Viewer.aspx?id=a6f1ab81-8b7f-44db-b68f-b088009fcf3d&amp;start=0\" class=\"person-card-link hover-scale-down\">\n                            <div class=\"person-card-item\">\n                    <div class=\"person-card-column-left\">\n                                                    <img decoding=\"async\" class=\"person-card-image\" src=\"https:\/\/sites.uef.fi\/map-hanke\/wp-content\/uploads\/sites\/437\/2023\/10\/Jouko-Vepsalainen.png\" alt=\"\" \/>\n                                            <\/div>\n\n                    <div class=\"person-card-column-right\">\n                                                <p class=\"person-card-name\">Mikromuovien kemiaa: mikromuovien sis\u00e4lt\u00e4mien yhdisteiden tutkiminen\t<\/p>\n                        \n                                                <p class=\"person-card-position\">Jouko Veps\u00e4l\u00e4inen<\/p>\n                        \n                                                <p class=\"person-card-organisation\">Professori,  It\u00e4-Suomen yliopisto<\/p>\n                        \n                        \n                                                    <div>\n\t\t\t\t\t\t\t<svg xmlns=\"http:\/\/www.w3.org\/2000\/svg\" height=\"25px\" viewBox=\"0 -960 960 960\" width=\"24px\" ><path fill=\"currentColor\" d=\"M200-120q-33 0-56.5-23.5T120-200v-560q0-33 23.5-56.5T200-840h280v80H200v560h560v-280h80v280q0 33-23.5 56.5T760-120H200Zm188-212-56-56 372-372H560v-80h280v280h-80v-144L388-332Z\"\/><\/svg>\t\t\t\t\t\t\t<\/div>\n                                            <\/div>\n                <\/div>\n                            <\/a>\n                                        <a href=\"https:\/\/uef.cloud.panopto.eu\/Panopto\/Pages\/Viewer.aspx?id=7e493b82-c3ee-4c94-b4e5-b07d0097fd49&amp;start=0\" class=\"person-card-link hover-scale-down\">\n                            <div class=\"person-card-item\">\n                    <div class=\"person-card-column-left\">\n                                                    <img decoding=\"async\" class=\"person-card-image\" src=\"https:\/\/sites.uef.fi\/map-hanke\/wp-content\/uploads\/sites\/437\/2023\/10\/Uurasjarvi_Emilia-scaled.jpg\" alt=\"\" \/>\n                                            <\/div>\n\n                    <div class=\"person-card-column-right\">\n                                                <p class=\"person-card-name\">Mikromuovien mittaaminen FTIR- ja Raman-mikrospektroskopialla<\/p>\n                        \n                                                <p class=\"person-card-position\">Emilia Uurasj\u00e4rvi<\/p>\n                        \n                                                <p class=\"person-card-organisation\">Tutkijatohtori, It\u00e4-Suomen yliopisto<\/p>\n                        \n                        \n                                                    <div>\n\t\t\t\t\t\t\t<svg xmlns=\"http:\/\/www.w3.org\/2000\/svg\" height=\"25px\" viewBox=\"0 -960 960 960\" width=\"24px\" ><path fill=\"currentColor\" d=\"M200-120q-33 0-56.5-23.5T120-200v-560q0-33 23.5-56.5T200-840h280v80H200v560h560v-280h80v280q0 33-23.5 56.5T760-120H200Zm188-212-56-56 372-372H560v-80h280v280h-80v-144L388-332Z\"\/><\/svg>\t\t\t\t\t\t\t<\/div>\n                                            <\/div>\n                <\/div>\n                            <\/a>\n                                        <a href=\"https:\/\/uef.cloud.panopto.eu\/Panopto\/Pages\/Viewer.aspx?id=5e206a8f-709b-49fb-9950-b085008e04d2&amp;start=0\" class=\"person-card-link hover-scale-down\">\n                            <div class=\"person-card-item\">\n                    <div class=\"person-card-column-left\">\n                                                    <img decoding=\"async\" class=\"person-card-image\" src=\"https:\/\/sites.uef.fi\/map-hanke\/wp-content\/uploads\/sites\/437\/2023\/10\/Tuomo-Soininen.jpg\" alt=\"\" \/>\n                                            <\/div>\n\n                    <div class=\"person-card-column-right\">\n                                                <p class=\"person-card-name\">Mikromuovien analysointi pullotetuista vesist\u00e4 ja hanavedest\u00e4<\/p>\n                        \n                                                <p class=\"person-card-position\">Tuomo Soininen<\/p>\n                        \n                                                <p class=\"person-card-organisation\">V\u00e4it\u00f6skirjatutkija, It\u00e4-Suomen yliopisto<\/p>\n                        \n                        \n                                                    <div>\n\t\t\t\t\t\t\t<svg xmlns=\"http:\/\/www.w3.org\/2000\/svg\" height=\"25px\" viewBox=\"0 -960 960 960\" width=\"24px\" ><path fill=\"currentColor\" d=\"M200-120q-33 0-56.5-23.5T120-200v-560q0-33 23.5-56.5T200-840h280v80H200v560h560v-280h80v280q0 33-23.5 56.5T760-120H200Zm188-212-56-56 372-372H560v-80h280v280h-80v-144L388-332Z\"\/><\/svg>\t\t\t\t\t\t\t<\/div>\n                                            <\/div>\n                <\/div>\n                            <\/a>\n                                        <a href=\"https:\/\/uef.cloud.panopto.eu\/Panopto\/Pages\/Viewer.aspx?id=436ded27-e244-42ac-ba67-b082009f2053&amp;start=0\" class=\"person-card-link hover-scale-down\">\n                            <div class=\"person-card-item\">\n                    <div class=\"person-card-column-left\">\n                                                    <img decoding=\"async\" class=\"person-card-image\" src=\"https:\/\/sites.uef.fi\/map-hanke\/wp-content\/uploads\/sites\/437\/2023\/10\/Essi-Jarvela.jpg\" alt=\"\" \/>\n                                            <\/div>\n\n                    <div class=\"person-card-column-right\">\n                                                <p class=\"person-card-name\">Mikromuovien haitallisuuden tutkiminen solutoksisuuskokein\u00a0\u00a0<\/p>\n                        \n                                                <p class=\"person-card-position\">Essi J\u00e4rvel\u00e4<\/p>\n                        \n                                                <p class=\"person-card-organisation\">V\u00e4it\u00f6skirjatutkija, It\u00e4-Suomen yliopisto<\/p>\n                        \n                        \n                                                    <div>\n\t\t\t\t\t\t\t<svg xmlns=\"http:\/\/www.w3.org\/2000\/svg\" height=\"25px\" viewBox=\"0 -960 960 960\" width=\"24px\" ><path fill=\"currentColor\" d=\"M200-120q-33 0-56.5-23.5T120-200v-560q0-33 23.5-56.5T200-840h280v80H200v560h560v-280h80v280q0 33-23.5 56.5T760-120H200Zm188-212-56-56 372-372H560v-80h280v280h-80v-144L388-332Z\"\/><\/svg>\t\t\t\t\t\t\t<\/div>\n                                            <\/div>\n                <\/div>\n                            <\/a>\n                                        <a href=\"https:\/\/uef.cloud.panopto.eu\/Panopto\/Pages\/Viewer.aspx?id=7a79cc40-277b-41ea-ac0f-b081006116dd&amp;start=0\" class=\"person-card-link hover-scale-down\">\n                            <div class=\"person-card-item\">\n                    <div class=\"person-card-column-left\">\n                                                    <img decoding=\"async\" class=\"person-card-image\" src=\"https:\/\/sites.uef.fi\/map-hanke\/wp-content\/uploads\/sites\/437\/2023\/10\/Sirpa-Peraniemi.jpg\" alt=\"\" \/>\n                                            <\/div>\n\n                    <div class=\"person-card-column-right\">\n                                                <p class=\"person-card-name\">Mikromuovien poistomenetelmi\u00e4\u00a0<\/p>\n                        \n                                                <p class=\"person-card-position\">Sirpa Per\u00e4niemi<\/p>\n                        \n                                                <p class=\"person-card-organisation\">Yliopistotutkija, It\u00e4-Suomen yliopisto<\/p>\n                        \n                        \n                                                    <div>\n\t\t\t\t\t\t\t<svg xmlns=\"http:\/\/www.w3.org\/2000\/svg\" height=\"25px\" viewBox=\"0 -960 960 960\" width=\"24px\" ><path fill=\"currentColor\" d=\"M200-120q-33 0-56.5-23.5T120-200v-560q0-33 23.5-56.5T200-840h280v80H200v560h560v-280h80v280q0 33-23.5 56.5T760-120H200Zm188-212-56-56 372-372H560v-80h280v280h-80v-144L388-332Z\"\/><\/svg>\t\t\t\t\t\t\t<\/div>\n                                            <\/div>\n                <\/div>\n                            <\/a>\n                                        <a href=\"https:\/\/uef.cloud.panopto.eu\/Panopto\/Pages\/Viewer.aspx?id=734fb694-9643-4d8b-965f-b08a00c1fe02&amp;start=0\" class=\"person-card-link hover-scale-down\">\n                            <div class=\"person-card-item\">\n                    <div class=\"person-card-column-left\">\n                                                    <img decoding=\"async\" class=\"person-card-image\" src=\"https:\/\/sites.uef.fi\/map-hanke\/wp-content\/uploads\/sites\/437\/2023\/10\/Koistinen_Arto_hero_8858-2.jpg\" alt=\"\" \/>\n                                            <\/div>\n\n                    <div class=\"person-card-column-right\">\n                                                <p class=\"person-card-name\">MAP-hanke: Opit ja niiden soveltaminen\u00a0<\/p>\n                        \n                                                <p class=\"person-card-position\">Arto Koistinen<\/p>\n                        \n                                                <p class=\"person-card-organisation\">Tutkimusinfrastruktuurijohtaja, It\u00e4-Suomen yliopisto<\/p>\n                        \n                        \n                                                    <div>\n\t\t\t\t\t\t\t<svg xmlns=\"http:\/\/www.w3.org\/2000\/svg\" height=\"25px\" viewBox=\"0 -960 960 960\" width=\"24px\" ><path fill=\"currentColor\" d=\"M200-120q-33 0-56.5-23.5T120-200v-560q0-33 23.5-56.5T200-840h280v80H200v560h560v-280h80v280q0 33-23.5 56.5T760-120H200Zm188-212-56-56 372-372H560v-80h280v280h-80v-144L388-332Z\"\/><\/svg>\t\t\t\t\t\t\t<\/div>\n                                            <\/div>\n                <\/div>\n                            <\/a>\n                            <\/div>\n\n\n\n<p>Esitykset avautuvat sinisist\u00e4 nuolista. Videoihin saa suomenkielisen tekstityksen painamalla videon alareunasta CC-painiketta.<\/p>\n\n\n\n<p><\/p>\n\n\n\n<p>____________________________________________________________________________________________________<\/p>\n\n\n\n<p><strong>MAP-hankkeen loppujulkaisu: <\/strong><\/p>\n\n\n\n<p>Raninen Kaisa, Uurasj\u00e4rvi Emilia, Per\u00e4niemi Sirpa, Soininen Tuomo, Veps\u00e4l\u00e4inen Jouko, J\u00e4rvel\u00e4 Essi, Riekkinen Kati, Karim Shahina, Selenius Mikko, Savolainen Ritva, Visuri Roosa, Koistinen Arto, Tomppo Laura. <strong>Mikromuovien analytiikan ja poistomenetelmien kehitt\u00e4minen teollisuuden laadunvalvontaan<\/strong>. Publications of the University of Eastern Finland. Reports and Studies in Science, Forestry and Technology, 4. 2023.  Saatavilla: <a href=\"http:\/\/urn.fi\/URN:ISBN:978-952-61-4999-8\">http:\/\/urn.fi\/URN:ISBN:978-952-61-4999-8<\/a><\/p>\n\n\n\n<p><\/p>\n\n\n\n<p><\/p>\n\n\n\n<p><sub>Sivusto: <a href=\"https:\/\/uefconnect.uef.fi\/henkilo\/kaisa.raninen\/\">Kaisa Raninen<\/a>, kaisa.raninen@uef.fi, p\u00e4ivitetty 6.11.2023.<\/sub><\/p>\n","protected":false},"excerpt":{"rendered":"<p>Mikromuovien analyysi- ja poistomenetelmien kehitt\u00e4minen -hankkeessa (MAP, 2022-2023) kehitettiin mikromuovianalytiikkaa erityisesti teollisuuden n\u00e4k\u00f6kulmasta. Hankkeen p\u00e4\u00e4rahoituksen my\u00f6nsi Pohjois-Savon liitto Euroopan aluekehitysrahastosta. Kasasimme hankkeessa opituista asioista ja kehitetyist\u00e4 menetelmist\u00e4 t\u00e4m\u00e4n videoseminaarin, sek\u00e4 julkaisun Mikromuovien analytiikan ja poistomenetelmien kehitt\u00e4minen. N\u00e4iden tarkoituksena on antaa ajantasaista tietoa mikromuoveista, niiden analytiikasta, tutkimuksesta ja poistomenetelmist\u00e4. Esitykset avautuvat sinisist\u00e4 nuolista. Videoihin saa suomenkielisen [&hellip;]<\/p>\n","protected":false},"author":2,"featured_media":0,"parent":0,"menu_order":0,"comment_status":"closed","ping_status":"closed","template":"","meta":{"_acf_changed":false,"footnotes":""},"class_list":["post-221","page","type-page","status-publish","hentry"],"acf":[],"yoast_head":"<!-- This site is optimized with the Yoast SEO plugin v27.3 - https:\/\/yoast.com\/product\/yoast-seo-wordpress\/ -->\n<title>Mikromuovien analytiikkaa ja poistomenetelmi\u00e4 - MAP-hankkeen videowebinaari<\/title>\n<meta name=\"description\" content=\"It\u00e4-Suomen yliopistossa kehitet\u00e4\u00e4n mikromuovianalytiikkaa, tutkitaan ymp\u00e4rist\u00f6n ja elintarvikkeiden mikromuoveja, ja tutkitaan mikromuovien terveysvaikutuksia. Kokosimme videoille ajantasaista tietoa mikromuoveista, niiden analytiikasta, tutkimuksesta ja poistomenetelmist\u00e4.\" \/>\n<meta name=\"robots\" content=\"index, follow, max-snippet:-1, max-image-preview:large, max-video-preview:-1\" \/>\n<link rel=\"canonical\" href=\"https:\/\/sites.uef.fi\/map-hanke\/\" \/>\n<meta property=\"og:locale\" content=\"fi_FI\" \/>\n<meta property=\"og:type\" content=\"article\" \/>\n<meta property=\"og:title\" content=\"Mikromuovien analytiikkaa ja poistomenetelmi\u00e4 - MAP-hankkeen videowebinaari\" \/>\n<meta property=\"og:description\" content=\"It\u00e4-Suomen yliopistossa kehitet\u00e4\u00e4n mikromuovianalytiikkaa, tutkitaan ymp\u00e4rist\u00f6n ja elintarvikkeiden mikromuoveja, ja tutkitaan mikromuovien terveysvaikutuksia. Kokosimme videoille ajantasaista tietoa mikromuoveista, niiden analytiikasta, tutkimuksesta ja poistomenetelmist\u00e4.\" \/>\n<meta property=\"og:url\" content=\"https:\/\/sites.uef.fi\/map-hanke\/\" \/>\n<meta property=\"og:site_name\" content=\"MAP-hankkeen videowebinaari\" \/>\n<meta property=\"article:modified_time\" content=\"2023-11-06T07:46:21+00:00\" \/>\n<meta property=\"og:image\" content=\"https:\/\/sites.uef.fi\/map-hanke\/wp-content\/uploads\/sites\/437\/2023\/10\/rahoittajat.jpg\" \/>\n<meta name=\"twitter:card\" content=\"summary_large_image\" \/>\n<meta name=\"twitter:label1\" content=\"Arvioitu lukuaika\" \/>\n\t<meta name=\"twitter:data1\" content=\"2 minuuttia\" \/>\n<script type=\"application\/ld+json\" class=\"yoast-schema-graph\">{\"@context\":\"https:\\\/\\\/schema.org\",\"@graph\":[{\"@type\":\"WebPage\",\"@id\":\"https:\\\/\\\/sites.uef.fi\\\/map-hanke\\\/\",\"url\":\"https:\\\/\\\/sites.uef.fi\\\/map-hanke\\\/\",\"name\":\"Mikromuovien analytiikkaa ja poistomenetelmi\u00e4 - MAP-hankkeen videowebinaari\",\"isPartOf\":{\"@id\":\"https:\\\/\\\/sites.uef.fi\\\/map-hanke\\\/#website\"},\"primaryImageOfPage\":{\"@id\":\"https:\\\/\\\/sites.uef.fi\\\/map-hanke\\\/#primaryimage\"},\"image\":{\"@id\":\"https:\\\/\\\/sites.uef.fi\\\/map-hanke\\\/#primaryimage\"},\"thumbnailUrl\":\"https:\\\/\\\/sites.uef.fi\\\/map-hanke\\\/wp-content\\\/uploads\\\/sites\\\/437\\\/2023\\\/10\\\/rahoittajat.jpg\",\"datePublished\":\"2023-10-04T09:03:26+00:00\",\"dateModified\":\"2023-11-06T07:46:21+00:00\",\"description\":\"It\u00e4-Suomen yliopistossa kehitet\u00e4\u00e4n mikromuovianalytiikkaa, tutkitaan ymp\u00e4rist\u00f6n ja elintarvikkeiden mikromuoveja, ja tutkitaan mikromuovien terveysvaikutuksia. Kokosimme videoille ajantasaista tietoa mikromuoveista, niiden analytiikasta, tutkimuksesta ja poistomenetelmist\u00e4.\",\"breadcrumb\":{\"@id\":\"https:\\\/\\\/sites.uef.fi\\\/map-hanke\\\/#breadcrumb\"},\"inLanguage\":\"fi\",\"potentialAction\":[{\"@type\":\"ReadAction\",\"target\":[\"https:\\\/\\\/sites.uef.fi\\\/map-hanke\\\/\"]}]},{\"@type\":\"ImageObject\",\"inLanguage\":\"fi\",\"@id\":\"https:\\\/\\\/sites.uef.fi\\\/map-hanke\\\/#primaryimage\",\"url\":\"https:\\\/\\\/sites.uef.fi\\\/map-hanke\\\/wp-content\\\/uploads\\\/sites\\\/437\\\/2023\\\/10\\\/rahoittajat.jpg\",\"contentUrl\":\"https:\\\/\\\/sites.uef.fi\\\/map-hanke\\\/wp-content\\\/uploads\\\/sites\\\/437\\\/2023\\\/10\\\/rahoittajat.jpg\",\"width\":846,\"height\":223},{\"@type\":\"BreadcrumbList\",\"@id\":\"https:\\\/\\\/sites.uef.fi\\\/map-hanke\\\/#breadcrumb\",\"itemListElement\":[{\"@type\":\"ListItem\",\"position\":1,\"name\":\"Home\",\"item\":\"https:\\\/\\\/sites.uef.fi\\\/map-hanke\\\/\"},{\"@type\":\"ListItem\",\"position\":2,\"name\":\"Mikromuovien analytiikkaa ja poistomenetelmi\u00e4\"}]},{\"@type\":\"WebSite\",\"@id\":\"https:\\\/\\\/sites.uef.fi\\\/map-hanke\\\/#website\",\"url\":\"https:\\\/\\\/sites.uef.fi\\\/map-hanke\\\/\",\"name\":\"MAP-hankkeen videowebinaari\",\"description\":\"\",\"potentialAction\":[{\"@type\":\"SearchAction\",\"target\":{\"@type\":\"EntryPoint\",\"urlTemplate\":\"https:\\\/\\\/sites.uef.fi\\\/map-hanke\\\/?s={search_term_string}\"},\"query-input\":{\"@type\":\"PropertyValueSpecification\",\"valueRequired\":true,\"valueName\":\"search_term_string\"}}],\"inLanguage\":\"fi\"}]}<\/script>\n<!-- \/ Yoast SEO plugin. -->","yoast_head_json":{"title":"Mikromuovien analytiikkaa ja poistomenetelmi\u00e4 - MAP-hankkeen videowebinaari","description":"It\u00e4-Suomen yliopistossa kehitet\u00e4\u00e4n mikromuovianalytiikkaa, tutkitaan ymp\u00e4rist\u00f6n ja elintarvikkeiden mikromuoveja, ja tutkitaan mikromuovien terveysvaikutuksia. Kokosimme videoille ajantasaista tietoa mikromuoveista, niiden analytiikasta, tutkimuksesta ja poistomenetelmist\u00e4.","robots":{"index":"index","follow":"follow","max-snippet":"max-snippet:-1","max-image-preview":"max-image-preview:large","max-video-preview":"max-video-preview:-1"},"canonical":"https:\/\/sites.uef.fi\/map-hanke\/","og_locale":"fi_FI","og_type":"article","og_title":"Mikromuovien analytiikkaa ja poistomenetelmi\u00e4 - MAP-hankkeen videowebinaari","og_description":"It\u00e4-Suomen yliopistossa kehitet\u00e4\u00e4n mikromuovianalytiikkaa, tutkitaan ymp\u00e4rist\u00f6n ja elintarvikkeiden mikromuoveja, ja tutkitaan mikromuovien terveysvaikutuksia. Kokosimme videoille ajantasaista tietoa mikromuoveista, niiden analytiikasta, tutkimuksesta ja poistomenetelmist\u00e4.","og_url":"https:\/\/sites.uef.fi\/map-hanke\/","og_site_name":"MAP-hankkeen videowebinaari","article_modified_time":"2023-11-06T07:46:21+00:00","og_image":[{"url":"https:\/\/sites.uef.fi\/map-hanke\/wp-content\/uploads\/sites\/437\/2023\/10\/rahoittajat.jpg","type":"","width":"","height":""}],"twitter_card":"summary_large_image","twitter_misc":{"Arvioitu lukuaika":"2 minuuttia"},"schema":{"@context":"https:\/\/schema.org","@graph":[{"@type":"WebPage","@id":"https:\/\/sites.uef.fi\/map-hanke\/","url":"https:\/\/sites.uef.fi\/map-hanke\/","name":"Mikromuovien analytiikkaa ja poistomenetelmi\u00e4 - MAP-hankkeen videowebinaari","isPartOf":{"@id":"https:\/\/sites.uef.fi\/map-hanke\/#website"},"primaryImageOfPage":{"@id":"https:\/\/sites.uef.fi\/map-hanke\/#primaryimage"},"image":{"@id":"https:\/\/sites.uef.fi\/map-hanke\/#primaryimage"},"thumbnailUrl":"https:\/\/sites.uef.fi\/map-hanke\/wp-content\/uploads\/sites\/437\/2023\/10\/rahoittajat.jpg","datePublished":"2023-10-04T09:03:26+00:00","dateModified":"2023-11-06T07:46:21+00:00","description":"It\u00e4-Suomen yliopistossa kehitet\u00e4\u00e4n mikromuovianalytiikkaa, tutkitaan ymp\u00e4rist\u00f6n ja elintarvikkeiden mikromuoveja, ja tutkitaan mikromuovien terveysvaikutuksia. Kokosimme videoille ajantasaista tietoa mikromuoveista, niiden analytiikasta, tutkimuksesta ja poistomenetelmist\u00e4.","breadcrumb":{"@id":"https:\/\/sites.uef.fi\/map-hanke\/#breadcrumb"},"inLanguage":"fi","potentialAction":[{"@type":"ReadAction","target":["https:\/\/sites.uef.fi\/map-hanke\/"]}]},{"@type":"ImageObject","inLanguage":"fi","@id":"https:\/\/sites.uef.fi\/map-hanke\/#primaryimage","url":"https:\/\/sites.uef.fi\/map-hanke\/wp-content\/uploads\/sites\/437\/2023\/10\/rahoittajat.jpg","contentUrl":"https:\/\/sites.uef.fi\/map-hanke\/wp-content\/uploads\/sites\/437\/2023\/10\/rahoittajat.jpg","width":846,"height":223},{"@type":"BreadcrumbList","@id":"https:\/\/sites.uef.fi\/map-hanke\/#breadcrumb","itemListElement":[{"@type":"ListItem","position":1,"name":"Home","item":"https:\/\/sites.uef.fi\/map-hanke\/"},{"@type":"ListItem","position":2,"name":"Mikromuovien analytiikkaa ja poistomenetelmi\u00e4"}]},{"@type":"WebSite","@id":"https:\/\/sites.uef.fi\/map-hanke\/#website","url":"https:\/\/sites.uef.fi\/map-hanke\/","name":"MAP-hankkeen videowebinaari","description":"","potentialAction":[{"@type":"SearchAction","target":{"@type":"EntryPoint","urlTemplate":"https:\/\/sites.uef.fi\/map-hanke\/?s={search_term_string}"},"query-input":{"@type":"PropertyValueSpecification","valueRequired":true,"valueName":"search_term_string"}}],"inLanguage":"fi"}]}},"_links":{"self":[{"href":"https:\/\/sites.uef.fi\/map-hanke\/wp-json\/wp\/v2\/pages\/221","targetHints":{"allow":["GET"]}}],"collection":[{"href":"https:\/\/sites.uef.fi\/map-hanke\/wp-json\/wp\/v2\/pages"}],"about":[{"href":"https:\/\/sites.uef.fi\/map-hanke\/wp-json\/wp\/v2\/types\/page"}],"author":[{"embeddable":true,"href":"https:\/\/sites.uef.fi\/map-hanke\/wp-json\/wp\/v2\/users\/2"}],"replies":[{"embeddable":true,"href":"https:\/\/sites.uef.fi\/map-hanke\/wp-json\/wp\/v2\/comments?post=221"}],"version-history":[{"count":1,"href":"https:\/\/sites.uef.fi\/map-hanke\/wp-json\/wp\/v2\/pages\/221\/revisions"}],"predecessor-version":[{"id":429,"href":"https:\/\/sites.uef.fi\/map-hanke\/wp-json\/wp\/v2\/pages\/221\/revisions\/429"}],"wp:attachment":[{"href":"https:\/\/sites.uef.fi\/map-hanke\/wp-json\/wp\/v2\/media?parent=221"}],"curies":[{"name":"wp","href":"https:\/\/api.w.org\/{rel}","templated":true}]}}