{"id":591,"date":"2025-08-08T16:08:04","date_gmt":"2025-08-08T14:08:04","guid":{"rendered":"https:\/\/sites.uef.fi\/menopausing\/?page_id=591"},"modified":"2025-08-08T17:21:36","modified_gmt":"2025-08-08T15:21:36","slug":"katja-tukiainen","status":"publish","type":"page","link":"https:\/\/sites.uef.fi\/menopausing\/menopausing-network\/people\/katja-tukiainen\/","title":{"rendered":"Katja Tukiainen"},"content":{"rendered":"\n<figure class=\"wp-block-image size-large is-resized\"><img loading=\"lazy\" decoding=\"async\" width=\"1024\" height=\"1024\" src=\"https:\/\/sites.uef.fi\/menopausing\/wp-content\/uploads\/sites\/535\/2025\/08\/Tukianen_profile_pic_webpage-1024x1024.jpg\" alt=\"\" class=\"wp-image-593\" style=\"width:456px;height:auto\" srcset=\"https:\/\/sites.uef.fi\/menopausing\/wp-content\/uploads\/sites\/535\/2025\/08\/Tukianen_profile_pic_webpage-1024x1024.jpg 1024w, https:\/\/sites.uef.fi\/menopausing\/wp-content\/uploads\/sites\/535\/2025\/08\/Tukianen_profile_pic_webpage-300x300.jpg 300w, https:\/\/sites.uef.fi\/menopausing\/wp-content\/uploads\/sites\/535\/2025\/08\/Tukianen_profile_pic_webpage-150x150.jpg 150w, https:\/\/sites.uef.fi\/menopausing\/wp-content\/uploads\/sites\/535\/2025\/08\/Tukianen_profile_pic_webpage-768x768.jpg 768w, https:\/\/sites.uef.fi\/menopausing\/wp-content\/uploads\/sites\/535\/2025\/08\/Tukianen_profile_pic_webpage-1536x1536.jpg 1536w, https:\/\/sites.uef.fi\/menopausing\/wp-content\/uploads\/sites\/535\/2025\/08\/Tukianen_profile_pic_webpage.jpg 1920w\" sizes=\"auto, (max-width: 1024px) 100vw, 1024px\" \/><\/figure>\n\n\n\n<p><br><small><small>&nbsp;<\/small><\/small>&#8220;When I was a young GIRL people asked when shall I stop painting with pink. Now I am an old GIRL&#8221; &#8211; Katja Tukiainen<\/p>\n\n\n\n<p>&#8220;My mission is to paint GIRLS where once were men.&#8221; &#8211; Katja Tukiainen, born 1969, pink shows since 1996. <\/p>\n\n\n\n<p>&#8220;Trust me, I&#8217;m a GIRL.&#8221; &#8211; Katja Tukiainen<\/p>\n\n\n\n<p><strong>Katja Tukiainen<\/strong>&nbsp;(b.1969, Arctopolis, Finland) is visual artist who paints and builds installations. Her&nbsp;primary language is painting and her basic color is pink. With her cute, strong and quick-witted girls, bright oil colors and eloquent brush strokes she talks about serious matters. She paints her slogans to change the world and her dreamy landscapes for anyone to step in. Katja Tukiainen is a Doctor of Fine Arts from Academy of Fine Arts, and holds Master degrees from both Finnish Academy of Fine Arts and University of Art and Design. Her artistic research focuses on narrative painting in space. Her paintings are included in many prestigious collections like KIASMA Museum of Contemporary Art collection and G\u00f6sta Serlachius Fine Arts Foundation collection.&nbsp;Her works are exhibited internationally since mid 1990.<\/p>\n\n\n\n<p>[text adapted from Katja Tukiainen&#8217;s webpage: <a href=\"https:\/\/www.katjatukiainen.com\/revi\/revi.html\">Katja Tukiainen Articles &amp; Reviews<\/a>] <\/p>\n\n\n\n<h2 class=\"wp-block-heading\">Pieni ja tyls\u00e4 kirja K50 &#8211; The Small and Boring Book K 50. 2025. Rosebud. <\/h2>\n\n\n\n<figure class=\"wp-block-image size-large is-resized\"><img loading=\"lazy\" decoding=\"async\" width=\"1024\" height=\"1024\" src=\"https:\/\/sites.uef.fi\/menopausing\/wp-content\/uploads\/sites\/535\/2025\/08\/Tukiainen_Katja_2025_K50_covers-1024x1024.jpg\" alt=\"\" class=\"wp-image-595\" style=\"width:399px;height:auto\" srcset=\"https:\/\/sites.uef.fi\/menopausing\/wp-content\/uploads\/sites\/535\/2025\/08\/Tukiainen_Katja_2025_K50_covers-1024x1024.jpg 1024w, https:\/\/sites.uef.fi\/menopausing\/wp-content\/uploads\/sites\/535\/2025\/08\/Tukiainen_Katja_2025_K50_covers-300x300.jpg 300w, https:\/\/sites.uef.fi\/menopausing\/wp-content\/uploads\/sites\/535\/2025\/08\/Tukiainen_Katja_2025_K50_covers-150x150.jpg 150w, https:\/\/sites.uef.fi\/menopausing\/wp-content\/uploads\/sites\/535\/2025\/08\/Tukiainen_Katja_2025_K50_covers-768x768.jpg 768w, https:\/\/sites.uef.fi\/menopausing\/wp-content\/uploads\/sites\/535\/2025\/08\/Tukiainen_Katja_2025_K50_covers-1536x1536.jpg 1536w, https:\/\/sites.uef.fi\/menopausing\/wp-content\/uploads\/sites\/535\/2025\/08\/Tukiainen_Katja_2025_K50_covers-2048x2048.jpg 2048w\" sizes=\"auto, (max-width: 1024px) 100vw, 1024px\" \/><figcaption class=\"wp-element-caption\">Katja Tukiainen: Pieni ja tyls\u00e4 kirja (K50), Rosebud kustannus, 2025<\/figcaption><\/figure>\n\n\n\n<p>Mammografia, mielikuvituskives ja viimeinen munasolu. T\u00e4m\u00e4 on Katja Tukiaisen (s.1969) yhdeks\u00e4s sarjakuvakirja. Tukiainen on palkittu kuvataiteilija, taidemaalari, sarjakuvataiteilija ja kuvataiteen tohtori. H\u00e4n alkoi kertoa omael\u00e4m\u00e4kerrallisia tarinoita sarjakuvan ja maalaustaiteen keinoin jo 1990-luvun alussa. Tukiaiselle my\u00f6nnettiin Suomen sarjakuvaseuran Puup\u00e4\u00e4hattu-palkinto vuonna 2003 ja muotoilun valtionpalkinto sarjakuvataiteellisesta ty\u00f6st\u00e4\u00e4n vuonna 2007. William Thuring -nimikkopalkinnon h\u00e4n sai kuvataiteellisesta ty\u00f6st\u00e4\u00e4n vuonna 2011. Kuvataiteen tohtoriksi h\u00e4n valmistui kev\u00e4\u00e4ll\u00e4 2022. T\u00e4m\u00e4 kirja kertoo keski-i\u00e4st\u00e4 ja vaihdevuosista reippaasti ja runollisesti. Hypp\u00e4\u00e4 kuumalle aallolle! Alle 50-vuotiaille vain vanhempien seurassa.&nbsp;<br><br>This book contains text also in English, or Finglish, if you like. Printed with pink!&nbsp;<br><br>Mammography, the imaginary testicle and the last egg. This is Katja Tukiainen\u2019s (b.1969) ninth comic book. Tukiainen is an award-winning visual artist, painter, comic artist and doctor of fine arts. She started telling autofictional stories through comics and paintings already in the early 1990s. Tukiainen was awarded the Puup\u00e4\u00e4hattu prize of the Finnish Comis Society in 2003 and the State Prize in 2007 for her work as a comics artist. She received the William Thuring title award for her visual artist work in 2011. She received her Doctor of Fine Arts degree from the Academy of Fine Arts Helsinki in the spring of 2022. This book tells about middle age and menopause briskly and poetically. Catch the hot wave! For under 50s only in the company of older people.&nbsp;<\/p>\n\n\n\n<figure class=\"wp-block-image size-large\"><img loading=\"lazy\" decoding=\"async\" width=\"1024\" height=\"695\" src=\"https:\/\/sites.uef.fi\/menopausing\/wp-content\/uploads\/sites\/535\/2025\/08\/Tukiainen_Katja_2025_K50_page122_123_2-1024x695.jpg\" alt=\"\" class=\"wp-image-612\" srcset=\"https:\/\/sites.uef.fi\/menopausing\/wp-content\/uploads\/sites\/535\/2025\/08\/Tukiainen_Katja_2025_K50_page122_123_2-1024x695.jpg 1024w, https:\/\/sites.uef.fi\/menopausing\/wp-content\/uploads\/sites\/535\/2025\/08\/Tukiainen_Katja_2025_K50_page122_123_2-300x204.jpg 300w, https:\/\/sites.uef.fi\/menopausing\/wp-content\/uploads\/sites\/535\/2025\/08\/Tukiainen_Katja_2025_K50_page122_123_2-768x521.jpg 768w, https:\/\/sites.uef.fi\/menopausing\/wp-content\/uploads\/sites\/535\/2025\/08\/Tukiainen_Katja_2025_K50_page122_123_2-1536x1042.jpg 1536w, https:\/\/sites.uef.fi\/menopausing\/wp-content\/uploads\/sites\/535\/2025\/08\/Tukiainen_Katja_2025_K50_page122_123_2-2048x1390.jpg 2048w\" sizes=\"auto, (max-width: 1024px) 100vw, 1024px\" \/><\/figure>\n\n\n\n<h4 class=\"wp-block-heading\">Osta kirja \/ Buy the book &gt;&gt; <a href=\"https:\/\/rosebud.fi\/2024\/?sivu=tuote&amp;ean=9789524200233\">Pieni ja tyls\u00e4 kirja K50 &#8211; Tukiainen, Katja &#8211; 9789524200233 | Rosebud Books<\/a> <\/h4>\n\n\n\n<p><\/p>\n\n\n    <div class=\"funders grid\">\n                        <div class=\"funders__item grid__item\">\n                            <div class=\"funders__image\">\n                    <img decoding=\"async\" src=\"https:\/\/sites.uef.fi\/menopausing\/wp-content\/uploads\/sites\/535\/2025\/08\/Tukiainen_Katja_2025_K50_page3-scaled.jpg\" alt=\"Hot flushes\" \/>\n                <\/div>\n                                                <\/div>\n                        \n                        <div class=\"funders__item grid__item\">\n                            <div class=\"funders__image\">\n                    <img decoding=\"async\" src=\"https:\/\/sites.uef.fi\/menopausing\/wp-content\/uploads\/sites\/535\/2025\/08\/Tukiainen_Katja_2025_K50_page11-scaled.jpg\" alt=\"Holy hell, wake up boys and back me up!\" \/>\n                <\/div>\n                                                <\/div>\n                        \n                        <div class=\"funders__item grid__item\">\n                            <div class=\"funders__image\">\n                    <img decoding=\"async\" src=\"https:\/\/sites.uef.fi\/menopausing\/wp-content\/uploads\/sites\/535\/2025\/08\/Tukiainen_Katja_2025_K50_page18-scaled.jpg\" alt=\"Knocked out!\" \/>\n                <\/div>\n                                                <\/div>\n                        \n                        <div class=\"funders__item grid__item\">\n                            <div class=\"funders__image\">\n                    <img decoding=\"async\" src=\"https:\/\/sites.uef.fi\/menopausing\/wp-content\/uploads\/sites\/535\/2025\/08\/Tukiainen_Katja_2025_K50_page130-scaled.jpg\" alt=\"Small inguinal hernia\" \/>\n                <\/div>\n                                                <\/div>\n                        \n            <\/div>\n\n\n\n<p>Katja Tukiainen: Pieni ja tyls\u00e4 kirja (K50), Rosebud kustannus, 2025<\/p>\n\n\n\t<div id=\"accordion-block_e27116c9801815f8df48dba40c9410ff\" class=\"accordions\">\n\t\t\t\t\t<div class=\"accordion accordion-js\">\n\t\t\t\t<button class=\"accordion__button\" aria-controls=\"content-7466\" aria-expanded=\"false\" id=\"accordion-control-7466\">\n\t\t\t\t\t<h3 class=\"accordion__heading\" >\n\t\t\t\t\t\tTukiainen, K. (2022). Tytt\u00f6armeija: kerronnallinen maalaus tilassa. Kuvataiteen tohtorin opinn\u00e4yte &#8211; Taideyliopiston Kuvataideakatemia. \t\t\t\t\t<\/h3>\n\t\t\t\t<\/button>\n\t\t\t\t<div class=\"accordion__content\" role=\"region\" aria-labelledby=\"accordion-control-7466\" aria-hidden=\"true\" id=\"content-7466\">\n\t\t\t\t\t<p>Kuvataiteen tohtorin tutkimukseni aihe on kerronnallinen maalaus tilassa, tilallisten maalauskokonaisuuksien ja maalaussarjojen kerronnan tarkastelu. Teoskokonaisuuksieni kuvallinen aihemaailma k\u00e4sittelee tytt\u00f6ytt\u00e4, naiseutta ja vaaleanpunaista v\u00e4ri\u00e4. Oppaana tutkimusmatkallani toimii tytt\u00f6armeija, teosteni vallaton ja v\u00e4kivallaton tytt\u00f6joukko. Maalausteni tyt\u00f6t valtaavat erilaisia tiloja.<\/p>\n<p>Taiteelliseen tutkimukseeni sis\u00e4ltyy kirjallinen osuus, jonka v\u00e4lityksell\u00e4 raportoin tutkimukseni kulkua ja joka my\u00f6s mahdollistaa sanallisen kielen kautta syntyv\u00e4t tutkimukselliset oivallukseni. Tekstini kertoo taiteellisen ty\u00f6skentelyni etenemisest\u00e4, sanattomasta tiet\u00e4misest\u00e4 sek\u00e4 siit\u00e4, kuinka sanojen tapailu avaa ymm\u00e4rryst\u00e4ni kerronnasta, kertojista, fokalisoinnista ja immersiivisyydest\u00e4. Taiteellinen ty\u00f6skentely ja kirjoittaminen yhdistyv\u00e4t kehityskaareksi, l\u00f6yd\u00e4n sanat sanattoman tiet\u00e4misen rinnalle ja lopulta uskaltaudun tarkastelemaan my\u00f6s teosteni feminismi\u00e4.<\/p>\n<p>Tutkimukseeni sis\u00e4ltyy kolme julkista n\u00e4yttely\u00e4 ja teoskokonaisuutta, joissa kaikissa k\u00e4sittelen maalauksen kerronnallisuutta, vaaleanpunaisuutta ja sijoittumista erilaisiin tiloihin. N\u00e4yttelyt ajoittuivat kymmenen vuoden ajanjaksolle seuraavasti: Playground \u2013 My work is my pleasure -niminen yksityisn\u00e4yttelyni oli esill\u00e4 Galleria Korjaamossa syksyll\u00e4 2009, Paradis k (Kidnap) -maalausinstallaationi oli osana P\u00e4in N\u00e4k\u00f6\u00e4! -n\u00e4yttely\u00e4 Nykytaiteen museo Kiasmassa vuonna 2012 ja Paradis r (Rascal) -maalaussarjani oli esill\u00e4 Vantaan taidemuseo Artsissa Vallaton-ryhm\u00e4n\u00e4yttelyss\u00e4 vuosina 2017\u20132018. Tutkimusprosessini p\u00e4\u00e4vaiheet liittyv\u00e4t kiinte\u00e4sti n\u00e4ihin kolmeen tutkimukseeni sis\u00e4ltyv\u00e4\u00e4n n\u00e4yttelyyn ja teoskokonaisuuteen. Tutkimuskysymykseni seuraavat teoskokonaisuuksieni mukana maalauksen simultaanista, lineaarista ja ajallisesti venytetty\u00e4 kerrontaa. Tutkin, kuinka maalauksista syntyy erilaisissa tiloissa kertomuksia ja sis\u00e4lleen kutsuvia immersiivisi\u00e4 kokemuksia.<\/p>\n<p>Kutsun lukijan mukaan kertomukseen, jota kuljen kumitossu toisessa ja korkokenk\u00e4 toisessa jalassa. Rinnastan maalaamisen mukavaan kumitossuun ja sen analyyttisen tarkastelun korkokenk\u00e4\u00e4n. Taiteilija-tutkijana minusta tuntuu kuin seisoisin maalausteni \u00e4\u00e4rell\u00e4 kontrapostossa. Tutkimukseni osoittaa, kuinka keng\u00e4n korko kuluu k\u00e4yt\u00f6ss\u00e4 ja sanat alkavat tuntua omiltani. Kulkua tukevat teoreetikot Mieke Bal ja Kai Mikkonen sek\u00e4 useat muut tutkijat, taiteilijat ja heid\u00e4n teoksensa. My\u00f6s kirjoitettu kieli voi olla vallaton ja kokeileva, ja juuri se avaa teokseni sanallisesti jaettavaan muotoon.<\/p>\n<p>Tutkimukseni sanallistaminen on paljastanut, kuinka osa teosteni kerronnasta t\u00e4ydentyy vasta maalausteni poistuttua ty\u00f6huoneeltani, niiden asetuttua alttiiksi katseille ja tulkinnoille. Olen oivaltanut tutkimukseni kuluessa ty\u00f6skentelyyni vaikuttaneiden asioiden laajuuden ja tulkintojen moninaisuuden. Tutkimukseni keskeisimpiin tuloksiin kuuluu sen ymm\u00e4rt\u00e4minen, ett\u00e4 taiteilijan tutkivan pohdinnan prosessi avautuu sanojen kautta sek\u00e4 jaettavaksi ett\u00e4 eteenp\u00e4in kuljettavaksi. Sanojen avulla ehdotetut m\u00e4\u00e4ritelm\u00e4t eiv\u00e4t kumoa maalauksen vapautta olla lopullisesti m\u00e4\u00e4rittelem\u00e4t\u00f6n, mutta ne auttavat ymm\u00e4rt\u00e4m\u00e4\u00e4n maalauksen kerronnan erilaisia toimintatapoja.<\/p>\n<p>Lue koko opinn\u00e4yte klikkaamalla <a href=\"https:\/\/taju.uniarts.fi\/server\/api\/core\/bitstreams\/61ea0ebe-2bf3-4eb2-968e-8c4b96fabddf\/content\">t\u00e4st\u00e4<\/a><\/p>\n\t\t\t\t<\/div>\n\t\t\t<\/div>\n\t\t\t<\/div>\n\t\n\n\n<p><\/p>\n\n\n\n<div class=\"links-block\">\n\n    \n    <ul class=\"link-list\">\n        \n            \n            <li class=\"link-list-item\">\n                <a href=\"https:\/\/www.katjatukiainen.com\/\" class=\"link-reset link hover-scale-down\">\n                    <svg\n        width=\"43\" height=\"25\"\n        viewBox=\"0 0 43 25\"\n        xmlns=\"http:\/\/www.w3.org\/2000\/svg\">\n    <path\n        d=\"M30.027 0 43 12.5 30.027 25 27 22.083 34.351 15H0v-5h34.351L27 2.917z\"\n        fill=\"currentColor\"\n        fill-rule=\"evenodd\"\/>\n<\/svg>                    <div>Katja Tukiainen&#8217;s webpage<\/div>\n                <\/a>\n                <div class=\"link-info\">\n                                    <\/div>\n            <\/li>\n\n        \n            <li class=\"link-list-item\">\n                <a href=\"https:\/\/www.instagram.com\/katja.tukiainen\/\" class=\"link-reset link hover-scale-down\">\n                    <svg\n        width=\"43\" height=\"25\"\n        viewBox=\"0 0 43 25\"\n        xmlns=\"http:\/\/www.w3.org\/2000\/svg\">\n    <path\n        d=\"M30.027 0 43 12.5 30.027 25 27 22.083 34.351 15H0v-5h34.351L27 2.917z\"\n        fill=\"currentColor\"\n        fill-rule=\"evenodd\"\/>\n<\/svg>                    <div>Instagram<\/div>\n                <\/a>\n                <div class=\"link-info\">\n                                    <\/div>\n            <\/li>\n\n                <\/ul>\n<\/div>","protected":false},"excerpt":{"rendered":"<p>&nbsp;&#8220;When I was a young GIRL people asked when shall I stop painting with pink. Now I am an old GIRL&#8221; &#8211; Katja Tukiainen &#8220;My mission is to paint GIRLS where once were men.&#8221; &#8211; Katja Tukiainen, born 1969, pink shows since 1996. &#8220;Trust me, I&#8217;m a GIRL.&#8221; &#8211; Katja Tukiainen Katja Tukiainen&nbsp;(b.1969, Arctopolis, Finland) [&hellip;]<\/p>\n","protected":false},"author":1263,"featured_media":0,"parent":427,"menu_order":0,"comment_status":"closed","ping_status":"closed","template":"","meta":{"_acf_changed":false,"footnotes":""},"class_list":["post-591","page","type-page","status-publish","hentry"],"acf":[],"yoast_head":"<!-- This site is optimized with the Yoast SEO plugin v27.1.1 - https:\/\/yoast.com\/product\/yoast-seo-wordpress\/ -->\n<title>Katja Tukiainen - Menopausing: Exploring\u00a0diversity,\u00a0awareness\u00a0 and\u00a0activism<\/title>\n<meta name=\"description\" content=\"Katja Tukiainen&#039;s new book tells about middle age and menopause briskly and poetically. Catch the hot wave!\" \/>\n<meta name=\"robots\" content=\"index, follow, max-snippet:-1, max-image-preview:large, max-video-preview:-1\" \/>\n<link rel=\"canonical\" href=\"https:\/\/sites.uef.fi\/menopausing\/menopausing-network\/people\/katja-tukiainen\/\" \/>\n<meta property=\"og:locale\" content=\"en_US\" \/>\n<meta property=\"og:type\" content=\"article\" \/>\n<meta property=\"og:title\" content=\"Katja Tukiainen - Menopausing: Exploring\u00a0diversity,\u00a0awareness\u00a0 and\u00a0activism\" \/>\n<meta property=\"og:description\" content=\"Katja Tukiainen&#039;s new book tells about middle age and menopause briskly and poetically. Catch the hot wave!\" \/>\n<meta property=\"og:url\" content=\"https:\/\/sites.uef.fi\/menopausing\/menopausing-network\/people\/katja-tukiainen\/\" \/>\n<meta property=\"og:site_name\" content=\"Menopausing: Exploring\u00a0diversity,\u00a0awareness\u00a0 and\u00a0activism\" \/>\n<meta property=\"article:modified_time\" content=\"2025-08-08T15:21:36+00:00\" \/>\n<meta property=\"og:image\" content=\"https:\/\/sites.uef.fi\/menopausing\/wp-content\/uploads\/sites\/535\/2025\/08\/Tukianen_profile_pic_webpage.jpg\" \/>\n\t<meta property=\"og:image:width\" content=\"1920\" \/>\n\t<meta property=\"og:image:height\" content=\"1920\" \/>\n\t<meta property=\"og:image:type\" content=\"image\/jpeg\" \/>\n<meta name=\"twitter:card\" content=\"summary_large_image\" \/>\n<meta name=\"twitter:label1\" content=\"Est. reading time\" \/>\n\t<meta name=\"twitter:data1\" content=\"3 minutes\" \/>\n<script type=\"application\/ld+json\" class=\"yoast-schema-graph\">{\"@context\":\"https:\/\/schema.org\",\"@graph\":[{\"@type\":\"WebPage\",\"@id\":\"https:\/\/sites.uef.fi\/menopausing\/menopausing-network\/people\/katja-tukiainen\/\",\"url\":\"https:\/\/sites.uef.fi\/menopausing\/menopausing-network\/people\/katja-tukiainen\/\",\"name\":\"Katja Tukiainen - Menopausing: Exploring\u00a0diversity,\u00a0awareness\u00a0 and\u00a0activism\",\"isPartOf\":{\"@id\":\"https:\/\/sites.uef.fi\/menopausing\/#website\"},\"primaryImageOfPage\":{\"@id\":\"https:\/\/sites.uef.fi\/menopausing\/menopausing-network\/people\/katja-tukiainen\/#primaryimage\"},\"image\":{\"@id\":\"https:\/\/sites.uef.fi\/menopausing\/menopausing-network\/people\/katja-tukiainen\/#primaryimage\"},\"thumbnailUrl\":\"https:\/\/sites.uef.fi\/menopausing\/wp-content\/uploads\/sites\/535\/2025\/08\/Tukianen_profile_pic_webpage-1024x1024.jpg\",\"datePublished\":\"2025-08-08T14:08:04+00:00\",\"dateModified\":\"2025-08-08T15:21:36+00:00\",\"description\":\"Katja Tukiainen's new book tells about middle age and menopause briskly and poetically. Catch the hot wave!\",\"breadcrumb\":{\"@id\":\"https:\/\/sites.uef.fi\/menopausing\/menopausing-network\/people\/katja-tukiainen\/#breadcrumb\"},\"inLanguage\":\"en-US\",\"potentialAction\":[{\"@type\":\"ReadAction\",\"target\":[\"https:\/\/sites.uef.fi\/menopausing\/menopausing-network\/people\/katja-tukiainen\/\"]}]},{\"@type\":\"ImageObject\",\"inLanguage\":\"en-US\",\"@id\":\"https:\/\/sites.uef.fi\/menopausing\/menopausing-network\/people\/katja-tukiainen\/#primaryimage\",\"url\":\"https:\/\/sites.uef.fi\/menopausing\/wp-content\/uploads\/sites\/535\/2025\/08\/Tukianen_profile_pic_webpage.jpg\",\"contentUrl\":\"https:\/\/sites.uef.fi\/menopausing\/wp-content\/uploads\/sites\/535\/2025\/08\/Tukianen_profile_pic_webpage.jpg\",\"width\":1920,\"height\":1920},{\"@type\":\"BreadcrumbList\",\"@id\":\"https:\/\/sites.uef.fi\/menopausing\/menopausing-network\/people\/katja-tukiainen\/#breadcrumb\",\"itemListElement\":[{\"@type\":\"ListItem\",\"position\":1,\"name\":\"Home\",\"item\":\"https:\/\/sites.uef.fi\/menopausing\/\"},{\"@type\":\"ListItem\",\"position\":2,\"name\":\"Menopausing network\",\"item\":\"https:\/\/sites.uef.fi\/menopausing\/menopausing-network\/\"},{\"@type\":\"ListItem\",\"position\":3,\"name\":\"People\",\"item\":\"https:\/\/sites.uef.fi\/menopausing\/menopausing-network\/people\/\"},{\"@type\":\"ListItem\",\"position\":4,\"name\":\"Katja Tukiainen\"}]},{\"@type\":\"WebSite\",\"@id\":\"https:\/\/sites.uef.fi\/menopausing\/#website\",\"url\":\"https:\/\/sites.uef.fi\/menopausing\/\",\"name\":\"Menopausing: Exploring\u00a0diversity,\u00a0awareness\u00a0 and\u00a0activism\",\"description\":\"\",\"potentialAction\":[{\"@type\":\"SearchAction\",\"target\":{\"@type\":\"EntryPoint\",\"urlTemplate\":\"https:\/\/sites.uef.fi\/menopausing\/?s={search_term_string}\"},\"query-input\":{\"@type\":\"PropertyValueSpecification\",\"valueRequired\":true,\"valueName\":\"search_term_string\"}}],\"inLanguage\":\"en-US\"}]}<\/script>\n<!-- \/ Yoast SEO plugin. -->","yoast_head_json":{"title":"Katja Tukiainen - Menopausing: Exploring\u00a0diversity,\u00a0awareness\u00a0 and\u00a0activism","description":"Katja Tukiainen's new book tells about middle age and menopause briskly and poetically. Catch the hot wave!","robots":{"index":"index","follow":"follow","max-snippet":"max-snippet:-1","max-image-preview":"max-image-preview:large","max-video-preview":"max-video-preview:-1"},"canonical":"https:\/\/sites.uef.fi\/menopausing\/menopausing-network\/people\/katja-tukiainen\/","og_locale":"en_US","og_type":"article","og_title":"Katja Tukiainen - Menopausing: Exploring\u00a0diversity,\u00a0awareness\u00a0 and\u00a0activism","og_description":"Katja Tukiainen's new book tells about middle age and menopause briskly and poetically. Catch the hot wave!","og_url":"https:\/\/sites.uef.fi\/menopausing\/menopausing-network\/people\/katja-tukiainen\/","og_site_name":"Menopausing: Exploring\u00a0diversity,\u00a0awareness\u00a0 and\u00a0activism","article_modified_time":"2025-08-08T15:21:36+00:00","og_image":[{"width":1920,"height":1920,"url":"https:\/\/sites.uef.fi\/menopausing\/wp-content\/uploads\/sites\/535\/2025\/08\/Tukianen_profile_pic_webpage.jpg","type":"image\/jpeg"}],"twitter_card":"summary_large_image","twitter_misc":{"Est. reading time":"3 minutes"},"schema":{"@context":"https:\/\/schema.org","@graph":[{"@type":"WebPage","@id":"https:\/\/sites.uef.fi\/menopausing\/menopausing-network\/people\/katja-tukiainen\/","url":"https:\/\/sites.uef.fi\/menopausing\/menopausing-network\/people\/katja-tukiainen\/","name":"Katja Tukiainen - Menopausing: Exploring\u00a0diversity,\u00a0awareness\u00a0 and\u00a0activism","isPartOf":{"@id":"https:\/\/sites.uef.fi\/menopausing\/#website"},"primaryImageOfPage":{"@id":"https:\/\/sites.uef.fi\/menopausing\/menopausing-network\/people\/katja-tukiainen\/#primaryimage"},"image":{"@id":"https:\/\/sites.uef.fi\/menopausing\/menopausing-network\/people\/katja-tukiainen\/#primaryimage"},"thumbnailUrl":"https:\/\/sites.uef.fi\/menopausing\/wp-content\/uploads\/sites\/535\/2025\/08\/Tukianen_profile_pic_webpage-1024x1024.jpg","datePublished":"2025-08-08T14:08:04+00:00","dateModified":"2025-08-08T15:21:36+00:00","description":"Katja Tukiainen's new book tells about middle age and menopause briskly and poetically. Catch the hot wave!","breadcrumb":{"@id":"https:\/\/sites.uef.fi\/menopausing\/menopausing-network\/people\/katja-tukiainen\/#breadcrumb"},"inLanguage":"en-US","potentialAction":[{"@type":"ReadAction","target":["https:\/\/sites.uef.fi\/menopausing\/menopausing-network\/people\/katja-tukiainen\/"]}]},{"@type":"ImageObject","inLanguage":"en-US","@id":"https:\/\/sites.uef.fi\/menopausing\/menopausing-network\/people\/katja-tukiainen\/#primaryimage","url":"https:\/\/sites.uef.fi\/menopausing\/wp-content\/uploads\/sites\/535\/2025\/08\/Tukianen_profile_pic_webpage.jpg","contentUrl":"https:\/\/sites.uef.fi\/menopausing\/wp-content\/uploads\/sites\/535\/2025\/08\/Tukianen_profile_pic_webpage.jpg","width":1920,"height":1920},{"@type":"BreadcrumbList","@id":"https:\/\/sites.uef.fi\/menopausing\/menopausing-network\/people\/katja-tukiainen\/#breadcrumb","itemListElement":[{"@type":"ListItem","position":1,"name":"Home","item":"https:\/\/sites.uef.fi\/menopausing\/"},{"@type":"ListItem","position":2,"name":"Menopausing network","item":"https:\/\/sites.uef.fi\/menopausing\/menopausing-network\/"},{"@type":"ListItem","position":3,"name":"People","item":"https:\/\/sites.uef.fi\/menopausing\/menopausing-network\/people\/"},{"@type":"ListItem","position":4,"name":"Katja Tukiainen"}]},{"@type":"WebSite","@id":"https:\/\/sites.uef.fi\/menopausing\/#website","url":"https:\/\/sites.uef.fi\/menopausing\/","name":"Menopausing: Exploring\u00a0diversity,\u00a0awareness\u00a0 and\u00a0activism","description":"","potentialAction":[{"@type":"SearchAction","target":{"@type":"EntryPoint","urlTemplate":"https:\/\/sites.uef.fi\/menopausing\/?s={search_term_string}"},"query-input":{"@type":"PropertyValueSpecification","valueRequired":true,"valueName":"search_term_string"}}],"inLanguage":"en-US"}]}},"_links":{"self":[{"href":"https:\/\/sites.uef.fi\/menopausing\/wp-json\/wp\/v2\/pages\/591","targetHints":{"allow":["GET"]}}],"collection":[{"href":"https:\/\/sites.uef.fi\/menopausing\/wp-json\/wp\/v2\/pages"}],"about":[{"href":"https:\/\/sites.uef.fi\/menopausing\/wp-json\/wp\/v2\/types\/page"}],"author":[{"embeddable":true,"href":"https:\/\/sites.uef.fi\/menopausing\/wp-json\/wp\/v2\/users\/1263"}],"replies":[{"embeddable":true,"href":"https:\/\/sites.uef.fi\/menopausing\/wp-json\/wp\/v2\/comments?post=591"}],"version-history":[{"count":1,"href":"https:\/\/sites.uef.fi\/menopausing\/wp-json\/wp\/v2\/pages\/591\/revisions"}],"predecessor-version":[{"id":625,"href":"https:\/\/sites.uef.fi\/menopausing\/wp-json\/wp\/v2\/pages\/591\/revisions\/625"}],"up":[{"embeddable":true,"href":"https:\/\/sites.uef.fi\/menopausing\/wp-json\/wp\/v2\/pages\/427"}],"wp:attachment":[{"href":"https:\/\/sites.uef.fi\/menopausing\/wp-json\/wp\/v2\/media?parent=591"}],"curies":[{"name":"wp","href":"https:\/\/api.w.org\/{rel}","templated":true}]}}