{"id":437,"date":"2024-09-24T15:42:00","date_gmt":"2024-09-24T13:42:00","guid":{"rendered":"https:\/\/sites.uef.fi\/mlpaivat2024\/?page_id=437"},"modified":"2024-09-26T07:59:09","modified_gmt":"2024-09-26T05:59:09","slug":"matkustus-ja-majoitus","status":"publish","type":"page","link":"https:\/\/sites.uef.fi\/mlpaivat2024\/matkustus-ja-majoitus\/","title":{"rendered":"Matkustus ja majoitus"},"content":{"rendered":"\n<p>Tutkimusp\u00e4ivien tapahtumapaikkana on p\u00e4\u00e4osin Metria-rakennus osoitteessa Yliopistokatu 7. Matkaa tapahtumapaikalle on Joensuun Matkakeskukselta (Asemankaari 9) k\u00e4vellen noin 2,2 km. <\/p>\n\n\n\n<p>Torstaina 31.10. aamusta klo 9-12 j\u00e4rjestet\u00e4\u00e4n korkeakoulutason matematiikan ja fysiikan opetusta pohtivien NUME- ja NUPE -verkostojen kokoontuminen sek\u00e4 tutkimusryhmien kokoontumisia. Varsinainen tutkimusp\u00e4ivien ohjelma alkaa klo 12.00 yhteisell\u00e4 lounaalla. P\u00e4ivien alkuun ehtii siis hyvin esimerkiksi Etel\u00e4-Suomen suunnasta tulevalla aamujunalla InterCity 1, joka saapuu aikataulun mukaan Joensuuhun klo 11.40. Ohjelma p\u00e4\u00e4ttyy perjantaina 1.11. klo 14.30, joten klo 15.11. Joensuusta l\u00e4htev\u00e4\u00e4n junaan ehtii hyvin.<\/p>\n\n\n\n<p>Majoitusta kannattaa tiedustella esimerkiksi seuraavista hotelleista<\/p>\n\n\n\n<ul class=\"wp-block-list\">\n<li><a href=\"https:\/\/www.sokoshotels.fi\/hotellit\/joensuu\/original-sokos-hotel-kimmel?gad_source=1&amp;gclid=CjwKCAjw6c63BhAiEiwAF0EH1Gd_Q8aj_VemLTPqcNFIw-rQE8AH7Rxjp2EAJYPHcT4Kvflg3v-upBoCwPUQAvD_BwE\">Sokos Hotel Kimmel<\/a><\/li>\n\n\n\n<li><a href=\"https:\/\/www.scandichotels.fi\/hotellit\/suomi\/joensuu\/scandic-joensuu?utm_source=google&amp;utm_medium=cpc&amp;utm_campaign=FI%20%7C%20Brand%20%7C%20Generic&amp;&amp;cmpid=ppc_BH2d&amp;s_kwcid=AL!7589!3!650991744404!e!!g!!scandic%20joensuu&amp;gad_source=1&amp;gclid=CjwKCAjw6c63BhAiEiwAF0EH1GFSsLN7o2kZizsjVL1SuKAaxUIOPxGq7PdlUekKrR9yt5oTufFNFhoC9UUQAvD_BwE&amp;gclsrc=aw.ds\">Scandic Joensuu<\/a><\/li>\n\n\n\n<li><a href=\"https:\/\/www.sokoshotels.fi\/hotellit\/joensuu\/original-sokos-hotel-vaakuna?gad_source=1&amp;gclid=CjwKCAjw6c63BhAiEiwAF0EH1L7ufGp6-FbEH9nWz1YDSAjKExc0FJ_32JN_-GrpHGRJ3_UZwf430hoCJQgQAvD_BwE\">Original Sokos Hotel Vaakuna<\/a><\/li>\n\n\n\n<li><a href=\"https:\/\/www.greenstar.fi\/en\/hotels\/greenstar-hotel-joensuu\/\">Greenstar Hotel Joensuu<\/a><\/li>\n<\/ul>\n","protected":false},"excerpt":{"rendered":"<p>Tutkimusp\u00e4ivien tapahtumapaikkana on p\u00e4\u00e4osin Metria-rakennus osoitteessa Yliopistokatu 7. Matkaa tapahtumapaikalle on Joensuun Matkakeskukselta (Asemankaari 9) k\u00e4vellen noin 2,2 km. Torstaina 31.10. aamusta klo 9-12 j\u00e4rjestet\u00e4\u00e4n korkeakoulutason matematiikan ja fysiikan opetusta pohtivien NUME- ja NUPE -verkostojen kokoontuminen sek\u00e4 tutkimusryhmien kokoontumisia. Varsinainen tutkimusp\u00e4ivien ohjelma alkaa klo 12.00 yhteisell\u00e4 lounaalla. P\u00e4ivien alkuun ehtii siis hyvin esimerkiksi Etel\u00e4-Suomen suunnasta [&hellip;]<\/p>\n","protected":false},"author":1183,"featured_media":0,"parent":0,"menu_order":0,"comment_status":"closed","ping_status":"closed","template":"","meta":{"_acf_changed":false,"footnotes":""},"class_list":["post-437","page","type-page","status-publish","hentry"],"acf":[],"yoast_head":"<!-- This site is optimized with the Yoast SEO plugin v27.3 - https:\/\/yoast.com\/product\/yoast-seo-wordpress\/ -->\n<title>Matkustus ja majoitus - Matematiikan ja luonnontieteiden opetuksen tutkimusp\u00e4iv\u00e4t 2024<\/title>\n<meta name=\"robots\" content=\"index, follow, max-snippet:-1, max-image-preview:large, max-video-preview:-1\" \/>\n<link rel=\"canonical\" href=\"https:\/\/sites.uef.fi\/mlpaivat2024\/matkustus-ja-majoitus\/\" \/>\n<meta property=\"og:locale\" content=\"fi_FI\" \/>\n<meta property=\"og:type\" content=\"article\" \/>\n<meta property=\"og:title\" content=\"Matkustus ja majoitus - Matematiikan ja luonnontieteiden opetuksen tutkimusp\u00e4iv\u00e4t 2024\" \/>\n<meta property=\"og:description\" content=\"Tutkimusp\u00e4ivien tapahtumapaikkana on p\u00e4\u00e4osin Metria-rakennus osoitteessa Yliopistokatu 7. Matkaa tapahtumapaikalle on Joensuun Matkakeskukselta (Asemankaari 9) k\u00e4vellen noin 2,2 km. Torstaina 31.10. aamusta klo 9-12 j\u00e4rjestet\u00e4\u00e4n korkeakoulutason matematiikan ja fysiikan opetusta pohtivien NUME- ja NUPE -verkostojen kokoontuminen sek\u00e4 tutkimusryhmien kokoontumisia. Varsinainen tutkimusp\u00e4ivien ohjelma alkaa klo 12.00 yhteisell\u00e4 lounaalla. P\u00e4ivien alkuun ehtii siis hyvin esimerkiksi Etel\u00e4-Suomen suunnasta [&hellip;]\" \/>\n<meta property=\"og:url\" content=\"https:\/\/sites.uef.fi\/mlpaivat2024\/matkustus-ja-majoitus\/\" \/>\n<meta property=\"og:site_name\" content=\"Matematiikan ja luonnontieteiden opetuksen tutkimusp\u00e4iv\u00e4t 2024\" \/>\n<meta property=\"article:modified_time\" content=\"2024-09-26T05:59:09+00:00\" \/>\n<meta name=\"twitter:card\" content=\"summary_large_image\" \/>\n<script type=\"application\/ld+json\" class=\"yoast-schema-graph\">{\"@context\":\"https:\\\/\\\/schema.org\",\"@graph\":[{\"@type\":\"WebPage\",\"@id\":\"https:\\\/\\\/sites.uef.fi\\\/mlpaivat2024\\\/matkustus-ja-majoitus\\\/\",\"url\":\"https:\\\/\\\/sites.uef.fi\\\/mlpaivat2024\\\/matkustus-ja-majoitus\\\/\",\"name\":\"Matkustus ja majoitus - Matematiikan ja luonnontieteiden opetuksen tutkimusp\u00e4iv\u00e4t 2024\",\"isPartOf\":{\"@id\":\"https:\\\/\\\/sites.uef.fi\\\/mlpaivat2024\\\/#website\"},\"datePublished\":\"2024-09-24T13:42:00+00:00\",\"dateModified\":\"2024-09-26T05:59:09+00:00\",\"breadcrumb\":{\"@id\":\"https:\\\/\\\/sites.uef.fi\\\/mlpaivat2024\\\/matkustus-ja-majoitus\\\/#breadcrumb\"},\"inLanguage\":\"fi\",\"potentialAction\":[{\"@type\":\"ReadAction\",\"target\":[\"https:\\\/\\\/sites.uef.fi\\\/mlpaivat2024\\\/matkustus-ja-majoitus\\\/\"]}]},{\"@type\":\"BreadcrumbList\",\"@id\":\"https:\\\/\\\/sites.uef.fi\\\/mlpaivat2024\\\/matkustus-ja-majoitus\\\/#breadcrumb\",\"itemListElement\":[{\"@type\":\"ListItem\",\"position\":1,\"name\":\"Home\",\"item\":\"https:\\\/\\\/sites.uef.fi\\\/mlpaivat2024\\\/\"},{\"@type\":\"ListItem\",\"position\":2,\"name\":\"Matkustus ja majoitus\"}]},{\"@type\":\"WebSite\",\"@id\":\"https:\\\/\\\/sites.uef.fi\\\/mlpaivat2024\\\/#website\",\"url\":\"https:\\\/\\\/sites.uef.fi\\\/mlpaivat2024\\\/\",\"name\":\"Matematiikan ja luonnontieteiden opetuksen tutkimusp\u00e4iv\u00e4t 2024\",\"description\":\"\",\"potentialAction\":[{\"@type\":\"SearchAction\",\"target\":{\"@type\":\"EntryPoint\",\"urlTemplate\":\"https:\\\/\\\/sites.uef.fi\\\/mlpaivat2024\\\/?s={search_term_string}\"},\"query-input\":{\"@type\":\"PropertyValueSpecification\",\"valueRequired\":true,\"valueName\":\"search_term_string\"}}],\"inLanguage\":\"fi\"}]}<\/script>\n<!-- \/ Yoast SEO plugin. -->","yoast_head_json":{"title":"Matkustus ja majoitus - Matematiikan ja luonnontieteiden opetuksen tutkimusp\u00e4iv\u00e4t 2024","robots":{"index":"index","follow":"follow","max-snippet":"max-snippet:-1","max-image-preview":"max-image-preview:large","max-video-preview":"max-video-preview:-1"},"canonical":"https:\/\/sites.uef.fi\/mlpaivat2024\/matkustus-ja-majoitus\/","og_locale":"fi_FI","og_type":"article","og_title":"Matkustus ja majoitus - Matematiikan ja luonnontieteiden opetuksen tutkimusp\u00e4iv\u00e4t 2024","og_description":"Tutkimusp\u00e4ivien tapahtumapaikkana on p\u00e4\u00e4osin Metria-rakennus osoitteessa Yliopistokatu 7. Matkaa tapahtumapaikalle on Joensuun Matkakeskukselta (Asemankaari 9) k\u00e4vellen noin 2,2 km. Torstaina 31.10. aamusta klo 9-12 j\u00e4rjestet\u00e4\u00e4n korkeakoulutason matematiikan ja fysiikan opetusta pohtivien NUME- ja NUPE -verkostojen kokoontuminen sek\u00e4 tutkimusryhmien kokoontumisia. Varsinainen tutkimusp\u00e4ivien ohjelma alkaa klo 12.00 yhteisell\u00e4 lounaalla. P\u00e4ivien alkuun ehtii siis hyvin esimerkiksi Etel\u00e4-Suomen suunnasta [&hellip;]","og_url":"https:\/\/sites.uef.fi\/mlpaivat2024\/matkustus-ja-majoitus\/","og_site_name":"Matematiikan ja luonnontieteiden opetuksen tutkimusp\u00e4iv\u00e4t 2024","article_modified_time":"2024-09-26T05:59:09+00:00","twitter_card":"summary_large_image","schema":{"@context":"https:\/\/schema.org","@graph":[{"@type":"WebPage","@id":"https:\/\/sites.uef.fi\/mlpaivat2024\/matkustus-ja-majoitus\/","url":"https:\/\/sites.uef.fi\/mlpaivat2024\/matkustus-ja-majoitus\/","name":"Matkustus ja majoitus - Matematiikan ja luonnontieteiden opetuksen tutkimusp\u00e4iv\u00e4t 2024","isPartOf":{"@id":"https:\/\/sites.uef.fi\/mlpaivat2024\/#website"},"datePublished":"2024-09-24T13:42:00+00:00","dateModified":"2024-09-26T05:59:09+00:00","breadcrumb":{"@id":"https:\/\/sites.uef.fi\/mlpaivat2024\/matkustus-ja-majoitus\/#breadcrumb"},"inLanguage":"fi","potentialAction":[{"@type":"ReadAction","target":["https:\/\/sites.uef.fi\/mlpaivat2024\/matkustus-ja-majoitus\/"]}]},{"@type":"BreadcrumbList","@id":"https:\/\/sites.uef.fi\/mlpaivat2024\/matkustus-ja-majoitus\/#breadcrumb","itemListElement":[{"@type":"ListItem","position":1,"name":"Home","item":"https:\/\/sites.uef.fi\/mlpaivat2024\/"},{"@type":"ListItem","position":2,"name":"Matkustus ja majoitus"}]},{"@type":"WebSite","@id":"https:\/\/sites.uef.fi\/mlpaivat2024\/#website","url":"https:\/\/sites.uef.fi\/mlpaivat2024\/","name":"Matematiikan ja luonnontieteiden opetuksen tutkimusp\u00e4iv\u00e4t 2024","description":"","potentialAction":[{"@type":"SearchAction","target":{"@type":"EntryPoint","urlTemplate":"https:\/\/sites.uef.fi\/mlpaivat2024\/?s={search_term_string}"},"query-input":{"@type":"PropertyValueSpecification","valueRequired":true,"valueName":"search_term_string"}}],"inLanguage":"fi"}]}},"_links":{"self":[{"href":"https:\/\/sites.uef.fi\/mlpaivat2024\/wp-json\/wp\/v2\/pages\/437","targetHints":{"allow":["GET"]}}],"collection":[{"href":"https:\/\/sites.uef.fi\/mlpaivat2024\/wp-json\/wp\/v2\/pages"}],"about":[{"href":"https:\/\/sites.uef.fi\/mlpaivat2024\/wp-json\/wp\/v2\/types\/page"}],"author":[{"embeddable":true,"href":"https:\/\/sites.uef.fi\/mlpaivat2024\/wp-json\/wp\/v2\/users\/1183"}],"replies":[{"embeddable":true,"href":"https:\/\/sites.uef.fi\/mlpaivat2024\/wp-json\/wp\/v2\/comments?post=437"}],"version-history":[{"count":1,"href":"https:\/\/sites.uef.fi\/mlpaivat2024\/wp-json\/wp\/v2\/pages\/437\/revisions"}],"predecessor-version":[{"id":470,"href":"https:\/\/sites.uef.fi\/mlpaivat2024\/wp-json\/wp\/v2\/pages\/437\/revisions\/470"}],"wp:attachment":[{"href":"https:\/\/sites.uef.fi\/mlpaivat2024\/wp-json\/wp\/v2\/media?parent=437"}],"curies":[{"name":"wp","href":"https:\/\/api.w.org\/{rel}","templated":true}]}}