{"id":248,"date":"2024-12-30T14:23:47","date_gmt":"2024-12-30T12:23:47","guid":{"rendered":"https:\/\/sites.uef.fi\/neurologisten-sairauksien-hoitorekisterit-ja-laadukas-hoidonseuranta\/?page_id=248"},"modified":"2025-03-20T10:35:20","modified_gmt":"2025-03-20T08:35:20","slug":"yhteistyokumppanit","status":"publish","type":"page","link":"https:\/\/sites.uef.fi\/neurologisten-sairauksien-hoitorekisterit-ja-laadukas-hoidonseuranta\/yhteistyokumppanit\/","title":{"rendered":"Yhteisty\u00f6kumppanit:"},"content":{"rendered":"\n<p>L\u00e4mpim\u00e4t kiitokset yhteisty\u00f6kumppaneillemme Perjantain Seminaarissa 21.03: Merck, Novartis, BioArctic-Eisai, Angelini Pharma, Teva, Argenx ja Eli Lilly<\/p>\n\n\n\n<p>ja Lauantain 22.3.2025 ty\u00f6pajoissa: Merck ja Novartis<\/p>\n\n\n\n<figure class=\"wp-block-image size-full\"><img loading=\"lazy\" decoding=\"async\" width=\"979\" height=\"474\" src=\"https:\/\/sites.uef.fi\/neurologisten-sairauksien-hoitorekisterit-ja-laadukas-hoidonseuranta\/wp-content\/uploads\/sites\/538\/2025\/02\/MERCK-MDG_Logo_RBlue_RGB_with_clearspace.png\" alt=\"\" class=\"wp-image-355\" srcset=\"https:\/\/sites.uef.fi\/neurologisten-sairauksien-hoitorekisterit-ja-laadukas-hoidonseuranta\/wp-content\/uploads\/sites\/538\/2025\/02\/MERCK-MDG_Logo_RBlue_RGB_with_clearspace.png 979w, https:\/\/sites.uef.fi\/neurologisten-sairauksien-hoitorekisterit-ja-laadukas-hoidonseuranta\/wp-content\/uploads\/sites\/538\/2025\/02\/MERCK-MDG_Logo_RBlue_RGB_with_clearspace-300x145.png 300w, https:\/\/sites.uef.fi\/neurologisten-sairauksien-hoitorekisterit-ja-laadukas-hoidonseuranta\/wp-content\/uploads\/sites\/538\/2025\/02\/MERCK-MDG_Logo_RBlue_RGB_with_clearspace-768x372.png 768w\" sizes=\"auto, (max-width: 979px) 100vw, 979px\" \/><\/figure>\n\n\n\n<figure class=\"wp-block-image size-large is-resized\"><img loading=\"lazy\" decoding=\"async\" width=\"1024\" height=\"187\" src=\"https:\/\/sites.uef.fi\/neurologisten-sairauksien-hoitorekisterit-ja-laadukas-hoidonseuranta\/wp-content\/uploads\/sites\/538\/2025\/02\/UUsi-novartis_logo_pos_rgb-1024x187.jpg\" alt=\"\" class=\"wp-image-356\" style=\"width:669px;height:auto\" srcset=\"https:\/\/sites.uef.fi\/neurologisten-sairauksien-hoitorekisterit-ja-laadukas-hoidonseuranta\/wp-content\/uploads\/sites\/538\/2025\/02\/UUsi-novartis_logo_pos_rgb-1024x187.jpg 1024w, https:\/\/sites.uef.fi\/neurologisten-sairauksien-hoitorekisterit-ja-laadukas-hoidonseuranta\/wp-content\/uploads\/sites\/538\/2025\/02\/UUsi-novartis_logo_pos_rgb-300x55.jpg 300w, https:\/\/sites.uef.fi\/neurologisten-sairauksien-hoitorekisterit-ja-laadukas-hoidonseuranta\/wp-content\/uploads\/sites\/538\/2025\/02\/UUsi-novartis_logo_pos_rgb-768x140.jpg 768w, https:\/\/sites.uef.fi\/neurologisten-sairauksien-hoitorekisterit-ja-laadukas-hoidonseuranta\/wp-content\/uploads\/sites\/538\/2025\/02\/UUsi-novartis_logo_pos_rgb-1536x280.jpg 1536w, https:\/\/sites.uef.fi\/neurologisten-sairauksien-hoitorekisterit-ja-laadukas-hoidonseuranta\/wp-content\/uploads\/sites\/538\/2025\/02\/UUsi-novartis_logo_pos_rgb.jpg 1780w\" sizes=\"auto, (max-width: 1024px) 100vw, 1024px\" \/><\/figure>\n\n\n\n<figure class=\"wp-block-image size-large is-resized\"><img loading=\"lazy\" decoding=\"async\" width=\"1024\" height=\"440\" src=\"https:\/\/sites.uef.fi\/neurologisten-sairauksien-hoitorekisterit-ja-laadukas-hoidonseuranta\/wp-content\/uploads\/sites\/538\/2025\/02\/bioarctic-eisai-logos-1024x440.jpg\" alt=\"\" class=\"wp-image-368\" style=\"width:675px;height:auto\" srcset=\"https:\/\/sites.uef.fi\/neurologisten-sairauksien-hoitorekisterit-ja-laadukas-hoidonseuranta\/wp-content\/uploads\/sites\/538\/2025\/02\/bioarctic-eisai-logos-1024x440.jpg 1024w, https:\/\/sites.uef.fi\/neurologisten-sairauksien-hoitorekisterit-ja-laadukas-hoidonseuranta\/wp-content\/uploads\/sites\/538\/2025\/02\/bioarctic-eisai-logos-300x129.jpg 300w, https:\/\/sites.uef.fi\/neurologisten-sairauksien-hoitorekisterit-ja-laadukas-hoidonseuranta\/wp-content\/uploads\/sites\/538\/2025\/02\/bioarctic-eisai-logos-768x330.jpg 768w, https:\/\/sites.uef.fi\/neurologisten-sairauksien-hoitorekisterit-ja-laadukas-hoidonseuranta\/wp-content\/uploads\/sites\/538\/2025\/02\/bioarctic-eisai-logos-1536x660.jpg 1536w, https:\/\/sites.uef.fi\/neurologisten-sairauksien-hoitorekisterit-ja-laadukas-hoidonseuranta\/wp-content\/uploads\/sites\/538\/2025\/02\/bioarctic-eisai-logos.jpg 1870w\" sizes=\"auto, (max-width: 1024px) 100vw, 1024px\" \/><\/figure>\n\n\n\n<figure class=\"wp-block-image size-large is-resized\"><img loading=\"lazy\" decoding=\"async\" width=\"1024\" height=\"411\" src=\"https:\/\/sites.uef.fi\/neurologisten-sairauksien-hoitorekisterit-ja-laadukas-hoidonseuranta\/wp-content\/uploads\/sites\/538\/2025\/02\/ML_Angelini_Pharma_Colore_RGB-1024x411.jpg\" alt=\"\" class=\"wp-image-383\" style=\"width:598px;height:auto\" srcset=\"https:\/\/sites.uef.fi\/neurologisten-sairauksien-hoitorekisterit-ja-laadukas-hoidonseuranta\/wp-content\/uploads\/sites\/538\/2025\/02\/ML_Angelini_Pharma_Colore_RGB-1024x411.jpg 1024w, https:\/\/sites.uef.fi\/neurologisten-sairauksien-hoitorekisterit-ja-laadukas-hoidonseuranta\/wp-content\/uploads\/sites\/538\/2025\/02\/ML_Angelini_Pharma_Colore_RGB-300x120.jpg 300w, https:\/\/sites.uef.fi\/neurologisten-sairauksien-hoitorekisterit-ja-laadukas-hoidonseuranta\/wp-content\/uploads\/sites\/538\/2025\/02\/ML_Angelini_Pharma_Colore_RGB-768x308.jpg 768w, https:\/\/sites.uef.fi\/neurologisten-sairauksien-hoitorekisterit-ja-laadukas-hoidonseuranta\/wp-content\/uploads\/sites\/538\/2025\/02\/ML_Angelini_Pharma_Colore_RGB-1536x617.jpg 1536w, https:\/\/sites.uef.fi\/neurologisten-sairauksien-hoitorekisterit-ja-laadukas-hoidonseuranta\/wp-content\/uploads\/sites\/538\/2025\/02\/ML_Angelini_Pharma_Colore_RGB-2048x822.jpg 2048w\" sizes=\"auto, (max-width: 1024px) 100vw, 1024px\" \/><\/figure>\n\n\n\n<figure class=\"wp-block-image size-large is-resized\"><img loading=\"lazy\" decoding=\"async\" width=\"1024\" height=\"515\" src=\"https:\/\/sites.uef.fi\/neurologisten-sairauksien-hoitorekisterit-ja-laadukas-hoidonseuranta\/wp-content\/uploads\/sites\/538\/2025\/03\/Teva_Logo_RGB-1024x515.png\" alt=\"\" class=\"wp-image-394\" style=\"width:578px;height:auto\" srcset=\"https:\/\/sites.uef.fi\/neurologisten-sairauksien-hoitorekisterit-ja-laadukas-hoidonseuranta\/wp-content\/uploads\/sites\/538\/2025\/03\/Teva_Logo_RGB-1024x515.png 1024w, https:\/\/sites.uef.fi\/neurologisten-sairauksien-hoitorekisterit-ja-laadukas-hoidonseuranta\/wp-content\/uploads\/sites\/538\/2025\/03\/Teva_Logo_RGB-300x151.png 300w, https:\/\/sites.uef.fi\/neurologisten-sairauksien-hoitorekisterit-ja-laadukas-hoidonseuranta\/wp-content\/uploads\/sites\/538\/2025\/03\/Teva_Logo_RGB-768x386.png 768w, https:\/\/sites.uef.fi\/neurologisten-sairauksien-hoitorekisterit-ja-laadukas-hoidonseuranta\/wp-content\/uploads\/sites\/538\/2025\/03\/Teva_Logo_RGB-1536x772.png 1536w, https:\/\/sites.uef.fi\/neurologisten-sairauksien-hoitorekisterit-ja-laadukas-hoidonseuranta\/wp-content\/uploads\/sites\/538\/2025\/03\/Teva_Logo_RGB-2048x1030.png 2048w\" sizes=\"auto, (max-width: 1024px) 100vw, 1024px\" \/><\/figure>\n\n\n\n<figure class=\"wp-block-image size-large is-resized\"><img loading=\"lazy\" decoding=\"async\" width=\"1024\" height=\"320\" src=\"https:\/\/sites.uef.fi\/neurologisten-sairauksien-hoitorekisterit-ja-laadukas-hoidonseuranta\/wp-content\/uploads\/sites\/538\/2025\/03\/argenx_logo_CMYK-1024x320.jpg\" alt=\"\" class=\"wp-image-398\" style=\"width:638px;height:auto\" srcset=\"https:\/\/sites.uef.fi\/neurologisten-sairauksien-hoitorekisterit-ja-laadukas-hoidonseuranta\/wp-content\/uploads\/sites\/538\/2025\/03\/argenx_logo_CMYK-1024x320.jpg 1024w, https:\/\/sites.uef.fi\/neurologisten-sairauksien-hoitorekisterit-ja-laadukas-hoidonseuranta\/wp-content\/uploads\/sites\/538\/2025\/03\/argenx_logo_CMYK-300x94.jpg 300w, https:\/\/sites.uef.fi\/neurologisten-sairauksien-hoitorekisterit-ja-laadukas-hoidonseuranta\/wp-content\/uploads\/sites\/538\/2025\/03\/argenx_logo_CMYK-768x240.jpg 768w, https:\/\/sites.uef.fi\/neurologisten-sairauksien-hoitorekisterit-ja-laadukas-hoidonseuranta\/wp-content\/uploads\/sites\/538\/2025\/03\/argenx_logo_CMYK-1536x481.jpg 1536w, https:\/\/sites.uef.fi\/neurologisten-sairauksien-hoitorekisterit-ja-laadukas-hoidonseuranta\/wp-content\/uploads\/sites\/538\/2025\/03\/argenx_logo_CMYK.jpg 2010w\" sizes=\"auto, (max-width: 1024px) 100vw, 1024px\" \/><\/figure>\n\n\n\n<figure class=\"wp-block-image size-large is-resized\"><img loading=\"lazy\" decoding=\"async\" width=\"1024\" height=\"723\" src=\"https:\/\/sites.uef.fi\/neurologisten-sairauksien-hoitorekisterit-ja-laadukas-hoidonseuranta\/wp-content\/uploads\/sites\/538\/2025\/03\/Lilly-Script-Red-CMYK-1024x723.jpg\" alt=\"\" class=\"wp-image-406\" style=\"width:663px;height:auto\" srcset=\"https:\/\/sites.uef.fi\/neurologisten-sairauksien-hoitorekisterit-ja-laadukas-hoidonseuranta\/wp-content\/uploads\/sites\/538\/2025\/03\/Lilly-Script-Red-CMYK-1024x723.jpg 1024w, https:\/\/sites.uef.fi\/neurologisten-sairauksien-hoitorekisterit-ja-laadukas-hoidonseuranta\/wp-content\/uploads\/sites\/538\/2025\/03\/Lilly-Script-Red-CMYK-300x212.jpg 300w, https:\/\/sites.uef.fi\/neurologisten-sairauksien-hoitorekisterit-ja-laadukas-hoidonseuranta\/wp-content\/uploads\/sites\/538\/2025\/03\/Lilly-Script-Red-CMYK-768x542.jpg 768w, https:\/\/sites.uef.fi\/neurologisten-sairauksien-hoitorekisterit-ja-laadukas-hoidonseuranta\/wp-content\/uploads\/sites\/538\/2025\/03\/Lilly-Script-Red-CMYK-1536x1084.jpg 1536w, https:\/\/sites.uef.fi\/neurologisten-sairauksien-hoitorekisterit-ja-laadukas-hoidonseuranta\/wp-content\/uploads\/sites\/538\/2025\/03\/Lilly-Script-Red-CMYK-2048x1446.jpg 2048w\" sizes=\"auto, (max-width: 1024px) 100vw, 1024px\" \/><\/figure>\n","protected":false},"excerpt":{"rendered":"<p>L\u00e4mpim\u00e4t kiitokset yhteisty\u00f6kumppaneillemme Perjantain Seminaarissa 21.03: Merck, Novartis, BioArctic-Eisai, Angelini Pharma, Teva, Argenx ja Eli Lilly ja Lauantain 22.3.2025 ty\u00f6pajoissa: Merck ja Novartis<\/p>\n","protected":false},"author":1195,"featured_media":0,"parent":0,"menu_order":0,"comment_status":"closed","ping_status":"closed","template":"","meta":{"_acf_changed":false,"footnotes":""},"class_list":["post-248","page","type-page","status-publish","hentry"],"acf":[],"yoast_head":"<!-- This site is optimized with the Yoast SEO plugin v27.1.1 - https:\/\/yoast.com\/product\/yoast-seo-wordpress\/ -->\n<title>Yhteisty\u00f6kumppanit: - Neurologisten sairauksien hoitorekisterit ja laadukas hoidonseuranta<\/title>\n<meta name=\"robots\" content=\"index, follow, max-snippet:-1, max-image-preview:large, max-video-preview:-1\" \/>\n<link rel=\"canonical\" href=\"https:\/\/sites.uef.fi\/neurologisten-sairauksien-hoitorekisterit-ja-laadukas-hoidonseuranta\/yhteistyokumppanit\/\" \/>\n<meta property=\"og:locale\" content=\"fi_FI\" \/>\n<meta property=\"og:type\" content=\"article\" \/>\n<meta property=\"og:title\" content=\"Yhteisty\u00f6kumppanit: - Neurologisten sairauksien hoitorekisterit ja laadukas hoidonseuranta\" \/>\n<meta property=\"og:description\" content=\"L\u00e4mpim\u00e4t kiitokset yhteisty\u00f6kumppaneillemme Perjantain Seminaarissa 21.03: Merck, Novartis, BioArctic-Eisai, Angelini Pharma, Teva, Argenx ja Eli Lilly ja Lauantain 22.3.2025 ty\u00f6pajoissa: Merck ja Novartis\" \/>\n<meta property=\"og:url\" content=\"https:\/\/sites.uef.fi\/neurologisten-sairauksien-hoitorekisterit-ja-laadukas-hoidonseuranta\/yhteistyokumppanit\/\" \/>\n<meta property=\"og:site_name\" content=\"Neurologisten sairauksien hoitorekisterit ja laadukas hoidonseuranta\" \/>\n<meta property=\"article:modified_time\" content=\"2025-03-20T08:35:20+00:00\" \/>\n<meta property=\"og:image\" content=\"https:\/\/sites.uef.fi\/neurologisten-sairauksien-hoitorekisterit-ja-laadukas-hoidonseuranta\/wp-content\/uploads\/sites\/538\/2025\/02\/MERCK-MDG_Logo_RBlue_RGB_with_clearspace.png\" \/>\n\t<meta property=\"og:image:width\" content=\"979\" \/>\n\t<meta property=\"og:image:height\" content=\"474\" \/>\n\t<meta property=\"og:image:type\" content=\"image\/png\" \/>\n<meta name=\"twitter:card\" content=\"summary_large_image\" \/>\n<meta name=\"twitter:label1\" content=\"Arvioitu lukuaika\" \/>\n\t<meta name=\"twitter:data1\" content=\"2 minuuttia\" \/>\n<script type=\"application\/ld+json\" class=\"yoast-schema-graph\">{\"@context\":\"https:\/\/schema.org\",\"@graph\":[{\"@type\":\"WebPage\",\"@id\":\"https:\/\/sites.uef.fi\/neurologisten-sairauksien-hoitorekisterit-ja-laadukas-hoidonseuranta\/yhteistyokumppanit\/\",\"url\":\"https:\/\/sites.uef.fi\/neurologisten-sairauksien-hoitorekisterit-ja-laadukas-hoidonseuranta\/yhteistyokumppanit\/\",\"name\":\"Yhteisty\u00f6kumppanit: - Neurologisten sairauksien hoitorekisterit ja laadukas hoidonseuranta\",\"isPartOf\":{\"@id\":\"https:\/\/sites.uef.fi\/neurologisten-sairauksien-hoitorekisterit-ja-laadukas-hoidonseuranta\/#website\"},\"primaryImageOfPage\":{\"@id\":\"https:\/\/sites.uef.fi\/neurologisten-sairauksien-hoitorekisterit-ja-laadukas-hoidonseuranta\/yhteistyokumppanit\/#primaryimage\"},\"image\":{\"@id\":\"https:\/\/sites.uef.fi\/neurologisten-sairauksien-hoitorekisterit-ja-laadukas-hoidonseuranta\/yhteistyokumppanit\/#primaryimage\"},\"thumbnailUrl\":\"https:\/\/sites.uef.fi\/neurologisten-sairauksien-hoitorekisterit-ja-laadukas-hoidonseuranta\/wp-content\/uploads\/sites\/538\/2025\/02\/MERCK-MDG_Logo_RBlue_RGB_with_clearspace.png\",\"datePublished\":\"2024-12-30T12:23:47+00:00\",\"dateModified\":\"2025-03-20T08:35:20+00:00\",\"breadcrumb\":{\"@id\":\"https:\/\/sites.uef.fi\/neurologisten-sairauksien-hoitorekisterit-ja-laadukas-hoidonseuranta\/yhteistyokumppanit\/#breadcrumb\"},\"inLanguage\":\"fi\",\"potentialAction\":[{\"@type\":\"ReadAction\",\"target\":[\"https:\/\/sites.uef.fi\/neurologisten-sairauksien-hoitorekisterit-ja-laadukas-hoidonseuranta\/yhteistyokumppanit\/\"]}]},{\"@type\":\"ImageObject\",\"inLanguage\":\"fi\",\"@id\":\"https:\/\/sites.uef.fi\/neurologisten-sairauksien-hoitorekisterit-ja-laadukas-hoidonseuranta\/yhteistyokumppanit\/#primaryimage\",\"url\":\"https:\/\/sites.uef.fi\/neurologisten-sairauksien-hoitorekisterit-ja-laadukas-hoidonseuranta\/wp-content\/uploads\/sites\/538\/2025\/02\/MERCK-MDG_Logo_RBlue_RGB_with_clearspace.png\",\"contentUrl\":\"https:\/\/sites.uef.fi\/neurologisten-sairauksien-hoitorekisterit-ja-laadukas-hoidonseuranta\/wp-content\/uploads\/sites\/538\/2025\/02\/MERCK-MDG_Logo_RBlue_RGB_with_clearspace.png\",\"width\":979,\"height\":474},{\"@type\":\"BreadcrumbList\",\"@id\":\"https:\/\/sites.uef.fi\/neurologisten-sairauksien-hoitorekisterit-ja-laadukas-hoidonseuranta\/yhteistyokumppanit\/#breadcrumb\",\"itemListElement\":[{\"@type\":\"ListItem\",\"position\":1,\"name\":\"Home\",\"item\":\"https:\/\/sites.uef.fi\/neurologisten-sairauksien-hoitorekisterit-ja-laadukas-hoidonseuranta\/\"},{\"@type\":\"ListItem\",\"position\":2,\"name\":\"Yhteisty\u00f6kumppanit:\"}]},{\"@type\":\"WebSite\",\"@id\":\"https:\/\/sites.uef.fi\/neurologisten-sairauksien-hoitorekisterit-ja-laadukas-hoidonseuranta\/#website\",\"url\":\"https:\/\/sites.uef.fi\/neurologisten-sairauksien-hoitorekisterit-ja-laadukas-hoidonseuranta\/\",\"name\":\"Neurologisten sairauksien hoitorekisterit ja laadukas hoidonseuranta\",\"description\":\"\",\"potentialAction\":[{\"@type\":\"SearchAction\",\"target\":{\"@type\":\"EntryPoint\",\"urlTemplate\":\"https:\/\/sites.uef.fi\/neurologisten-sairauksien-hoitorekisterit-ja-laadukas-hoidonseuranta\/?s={search_term_string}\"},\"query-input\":{\"@type\":\"PropertyValueSpecification\",\"valueRequired\":true,\"valueName\":\"search_term_string\"}}],\"inLanguage\":\"fi\"}]}<\/script>\n<!-- \/ Yoast SEO plugin. -->","yoast_head_json":{"title":"Yhteisty\u00f6kumppanit: - Neurologisten sairauksien hoitorekisterit ja laadukas hoidonseuranta","robots":{"index":"index","follow":"follow","max-snippet":"max-snippet:-1","max-image-preview":"max-image-preview:large","max-video-preview":"max-video-preview:-1"},"canonical":"https:\/\/sites.uef.fi\/neurologisten-sairauksien-hoitorekisterit-ja-laadukas-hoidonseuranta\/yhteistyokumppanit\/","og_locale":"fi_FI","og_type":"article","og_title":"Yhteisty\u00f6kumppanit: - Neurologisten sairauksien hoitorekisterit ja laadukas hoidonseuranta","og_description":"L\u00e4mpim\u00e4t kiitokset yhteisty\u00f6kumppaneillemme Perjantain Seminaarissa 21.03: Merck, Novartis, BioArctic-Eisai, Angelini Pharma, Teva, Argenx ja Eli Lilly ja Lauantain 22.3.2025 ty\u00f6pajoissa: Merck ja Novartis","og_url":"https:\/\/sites.uef.fi\/neurologisten-sairauksien-hoitorekisterit-ja-laadukas-hoidonseuranta\/yhteistyokumppanit\/","og_site_name":"Neurologisten sairauksien hoitorekisterit ja laadukas hoidonseuranta","article_modified_time":"2025-03-20T08:35:20+00:00","og_image":[{"width":979,"height":474,"url":"https:\/\/sites.uef.fi\/neurologisten-sairauksien-hoitorekisterit-ja-laadukas-hoidonseuranta\/wp-content\/uploads\/sites\/538\/2025\/02\/MERCK-MDG_Logo_RBlue_RGB_with_clearspace.png","type":"image\/png"}],"twitter_card":"summary_large_image","twitter_misc":{"Arvioitu lukuaika":"2 minuuttia"},"schema":{"@context":"https:\/\/schema.org","@graph":[{"@type":"WebPage","@id":"https:\/\/sites.uef.fi\/neurologisten-sairauksien-hoitorekisterit-ja-laadukas-hoidonseuranta\/yhteistyokumppanit\/","url":"https:\/\/sites.uef.fi\/neurologisten-sairauksien-hoitorekisterit-ja-laadukas-hoidonseuranta\/yhteistyokumppanit\/","name":"Yhteisty\u00f6kumppanit: - Neurologisten sairauksien hoitorekisterit ja laadukas hoidonseuranta","isPartOf":{"@id":"https:\/\/sites.uef.fi\/neurologisten-sairauksien-hoitorekisterit-ja-laadukas-hoidonseuranta\/#website"},"primaryImageOfPage":{"@id":"https:\/\/sites.uef.fi\/neurologisten-sairauksien-hoitorekisterit-ja-laadukas-hoidonseuranta\/yhteistyokumppanit\/#primaryimage"},"image":{"@id":"https:\/\/sites.uef.fi\/neurologisten-sairauksien-hoitorekisterit-ja-laadukas-hoidonseuranta\/yhteistyokumppanit\/#primaryimage"},"thumbnailUrl":"https:\/\/sites.uef.fi\/neurologisten-sairauksien-hoitorekisterit-ja-laadukas-hoidonseuranta\/wp-content\/uploads\/sites\/538\/2025\/02\/MERCK-MDG_Logo_RBlue_RGB_with_clearspace.png","datePublished":"2024-12-30T12:23:47+00:00","dateModified":"2025-03-20T08:35:20+00:00","breadcrumb":{"@id":"https:\/\/sites.uef.fi\/neurologisten-sairauksien-hoitorekisterit-ja-laadukas-hoidonseuranta\/yhteistyokumppanit\/#breadcrumb"},"inLanguage":"fi","potentialAction":[{"@type":"ReadAction","target":["https:\/\/sites.uef.fi\/neurologisten-sairauksien-hoitorekisterit-ja-laadukas-hoidonseuranta\/yhteistyokumppanit\/"]}]},{"@type":"ImageObject","inLanguage":"fi","@id":"https:\/\/sites.uef.fi\/neurologisten-sairauksien-hoitorekisterit-ja-laadukas-hoidonseuranta\/yhteistyokumppanit\/#primaryimage","url":"https:\/\/sites.uef.fi\/neurologisten-sairauksien-hoitorekisterit-ja-laadukas-hoidonseuranta\/wp-content\/uploads\/sites\/538\/2025\/02\/MERCK-MDG_Logo_RBlue_RGB_with_clearspace.png","contentUrl":"https:\/\/sites.uef.fi\/neurologisten-sairauksien-hoitorekisterit-ja-laadukas-hoidonseuranta\/wp-content\/uploads\/sites\/538\/2025\/02\/MERCK-MDG_Logo_RBlue_RGB_with_clearspace.png","width":979,"height":474},{"@type":"BreadcrumbList","@id":"https:\/\/sites.uef.fi\/neurologisten-sairauksien-hoitorekisterit-ja-laadukas-hoidonseuranta\/yhteistyokumppanit\/#breadcrumb","itemListElement":[{"@type":"ListItem","position":1,"name":"Home","item":"https:\/\/sites.uef.fi\/neurologisten-sairauksien-hoitorekisterit-ja-laadukas-hoidonseuranta\/"},{"@type":"ListItem","position":2,"name":"Yhteisty\u00f6kumppanit:"}]},{"@type":"WebSite","@id":"https:\/\/sites.uef.fi\/neurologisten-sairauksien-hoitorekisterit-ja-laadukas-hoidonseuranta\/#website","url":"https:\/\/sites.uef.fi\/neurologisten-sairauksien-hoitorekisterit-ja-laadukas-hoidonseuranta\/","name":"Neurologisten sairauksien hoitorekisterit ja laadukas hoidonseuranta","description":"","potentialAction":[{"@type":"SearchAction","target":{"@type":"EntryPoint","urlTemplate":"https:\/\/sites.uef.fi\/neurologisten-sairauksien-hoitorekisterit-ja-laadukas-hoidonseuranta\/?s={search_term_string}"},"query-input":{"@type":"PropertyValueSpecification","valueRequired":true,"valueName":"search_term_string"}}],"inLanguage":"fi"}]}},"_links":{"self":[{"href":"https:\/\/sites.uef.fi\/neurologisten-sairauksien-hoitorekisterit-ja-laadukas-hoidonseuranta\/wp-json\/wp\/v2\/pages\/248","targetHints":{"allow":["GET"]}}],"collection":[{"href":"https:\/\/sites.uef.fi\/neurologisten-sairauksien-hoitorekisterit-ja-laadukas-hoidonseuranta\/wp-json\/wp\/v2\/pages"}],"about":[{"href":"https:\/\/sites.uef.fi\/neurologisten-sairauksien-hoitorekisterit-ja-laadukas-hoidonseuranta\/wp-json\/wp\/v2\/types\/page"}],"author":[{"embeddable":true,"href":"https:\/\/sites.uef.fi\/neurologisten-sairauksien-hoitorekisterit-ja-laadukas-hoidonseuranta\/wp-json\/wp\/v2\/users\/1195"}],"replies":[{"embeddable":true,"href":"https:\/\/sites.uef.fi\/neurologisten-sairauksien-hoitorekisterit-ja-laadukas-hoidonseuranta\/wp-json\/wp\/v2\/comments?post=248"}],"version-history":[{"count":2,"href":"https:\/\/sites.uef.fi\/neurologisten-sairauksien-hoitorekisterit-ja-laadukas-hoidonseuranta\/wp-json\/wp\/v2\/pages\/248\/revisions"}],"predecessor-version":[{"id":416,"href":"https:\/\/sites.uef.fi\/neurologisten-sairauksien-hoitorekisterit-ja-laadukas-hoidonseuranta\/wp-json\/wp\/v2\/pages\/248\/revisions\/416"}],"wp:attachment":[{"href":"https:\/\/sites.uef.fi\/neurologisten-sairauksien-hoitorekisterit-ja-laadukas-hoidonseuranta\/wp-json\/wp\/v2\/media?parent=248"}],"curies":[{"name":"wp","href":"https:\/\/api.w.org\/{rel}","templated":true}]}}