{"id":16,"date":"2021-05-20T05:07:45","date_gmt":"2021-05-20T05:07:45","guid":{"rendered":"https:\/\/sites.uef.fi\/ohjausosaamista\/?page_id=16"},"modified":"2023-11-21T12:40:38","modified_gmt":"2023-11-21T12:40:38","slug":"homepage","status":"publish","type":"page","link":"https:\/\/sites.uef.fi\/ohjausosaamista\/","title":{"rendered":"Etusivu"},"content":{"rendered":"\n<figure class=\"wp-block-image size-large is-resized\"><img loading=\"lazy\" decoding=\"async\" width=\"1024\" height=\"614\" src=\"https:\/\/sites.uef.fi\/ohjausosaamista\/wp-content\/uploads\/sites\/298\/2021\/06\/cropped-cropped-UEF_Ohjausosaamista_Logo_Pysty-1-1024x614.jpg\" alt=\"\" class=\"wp-image-157\" style=\"aspect-ratio:1.6677524429967427;width:354px;height:auto\" srcset=\"https:\/\/sites.uef.fi\/ohjausosaamista\/wp-content\/uploads\/sites\/298\/2021\/06\/cropped-cropped-UEF_Ohjausosaamista_Logo_Pysty-1-1024x614.jpg 1024w, https:\/\/sites.uef.fi\/ohjausosaamista\/wp-content\/uploads\/sites\/298\/2021\/06\/cropped-cropped-UEF_Ohjausosaamista_Logo_Pysty-1-300x180.jpg 300w, https:\/\/sites.uef.fi\/ohjausosaamista\/wp-content\/uploads\/sites\/298\/2021\/06\/cropped-cropped-UEF_Ohjausosaamista_Logo_Pysty-1-768x461.jpg 768w, https:\/\/sites.uef.fi\/ohjausosaamista\/wp-content\/uploads\/sites\/298\/2021\/06\/cropped-cropped-UEF_Ohjausosaamista_Logo_Pysty-1-1536x922.jpg 1536w, https:\/\/sites.uef.fi\/ohjausosaamista\/wp-content\/uploads\/sites\/298\/2021\/06\/cropped-cropped-UEF_Ohjausosaamista_Logo_Pysty-1.jpg 2000w\" sizes=\"auto, (max-width: 1024px) 100vw, 1024px\" \/><\/figure>\n\n\n\n<p><span data-contrast=\"auto\">It\u00e4-Suomen yliopiston ohjauksen koulutus hallinnoi 1.5.2021-31.8.2023 ESR-rahoitteista Ohjausosaamista yhteisty\u00f6ss\u00e4 -hanketta. Kehitt\u00e4mishankkeen taustalla oli aikuisten uraohjauksen kasvava tarve kuntien ty\u00f6llisyyspalveluissa. Maakunnan ty\u00f6llisyyspalvelujen uudelleen organisoituminen ja kuntakokeilu lis\u00e4siv\u00e4t ohjaustoimijoiden ja ohjausyhteis\u00f6jen tarvetta (ura)ohjausosaamiseen ja arviointiin perustuvaan ohjausosaamisen kehitt\u00e4miseen.&nbsp; Hankkeen taustalla oli my\u00f6s tarve l\u00f6yt\u00e4\u00e4 uusia menetelmi\u00e4 ty\u00f6tt\u00f6mien aikuisten ohjausty\u00f6h\u00f6n sek\u00e4 kehitt\u00e4\u00e4 jo olemassa olevia prosesseja. <\/span><span data-ccp-props=\"{&quot;201341983&quot;:0,&quot;335559739&quot;:160,&quot;335559740&quot;:259}\">&nbsp;<\/span><\/p>\n\n\n\n<p><span data-contrast=\"auto\">Hanke j\u00e4rjesti laajalle kohderyhm\u00e4lle suunnattuja vuorovaikutuksellisia koulutuksellisia tapahtumia ja auttoi ohjausty\u00f6t\u00e4 tekevi\u00e4 ammattilaisia sek\u00e4 ohjausta tarjoavia yhteis\u00f6j\u00e4 kehitt\u00e4m\u00e4\u00e4n ty\u00f6t\u00e4\u00e4n ty\u00f6yhteis\u00f6ihin jalkautuvien ty\u00f6pajakoulutusten avulla.<\/span><\/p>\n\n\n\n<p>N\u00e4ihin kotisivuihin on koottu hankkeessa tuotettua materiaalia, jonka tarkoituksena on tukea valtakunnallisesti ty\u00f6llisyyspalveluissa toimivien ohjausosaamisen kehittymist\u00e4.<\/p>\n\n\n    <div class=\"funders grid\">\n                        <div class=\"funders__item grid__item\">\n                            <div class=\"funders__image\">\n                    <img decoding=\"async\" src=\"https:\/\/sites.uef.fi\/ohjausosaamista\/wp-content\/uploads\/sites\/298\/2021\/06\/EU_EAKR_ESR_FI_vertical_20mm_rgb.png\" alt=\"Euroopan unioni, Euroopan aluekehitysrahasto, Euroopan sosiaalirahasto logo.\" \/>\n                <\/div>\n                                                <\/div>\n                        \n                        <div class=\"funders__item grid__item\">\n                            <div class=\"funders__image\">\n                    <img decoding=\"async\" src=\"https:\/\/sites.uef.fi\/ohjausosaamista\/wp-content\/uploads\/sites\/298\/2021\/06\/VipuvoimaaEU_2014_2020_rgb_MV.png\" alt=\"Vipuvoimaa EU:lta 2014-2020 logo.\" \/>\n                <\/div>\n                                                <\/div>\n                        \n                        <div class=\"funders__item grid__item\">\n                            <div class=\"funders__image\">\n                    <img decoding=\"async\" src=\"https:\/\/sites.uef.fi\/ohjausosaamista\/wp-content\/uploads\/sites\/298\/2021\/06\/UEF-musta-logo-engl-vaaka-scaled.jpg\" alt=\"It\u00e4-Suomen yliopiston logo.\" \/>\n                <\/div>\n                                                <\/div>\n                        \n            <\/div>\n","protected":false},"excerpt":{"rendered":"<p>It\u00e4-Suomen yliopiston ohjauksen koulutus hallinnoi 1.5.2021-31.8.2023 ESR-rahoitteista Ohjausosaamista yhteisty\u00f6ss\u00e4 -hanketta. Kehitt\u00e4mishankkeen taustalla oli aikuisten uraohjauksen kasvava tarve kuntien ty\u00f6llisyyspalveluissa. Maakunnan ty\u00f6llisyyspalvelujen uudelleen organisoituminen ja kuntakokeilu lis\u00e4siv\u00e4t ohjaustoimijoiden ja ohjausyhteis\u00f6jen tarvetta (ura)ohjausosaamiseen ja arviointiin perustuvaan ohjausosaamisen kehitt\u00e4miseen.&nbsp; Hankkeen taustalla oli my\u00f6s tarve l\u00f6yt\u00e4\u00e4 uusia menetelmi\u00e4 ty\u00f6tt\u00f6mien aikuisten ohjausty\u00f6h\u00f6n sek\u00e4 kehitt\u00e4\u00e4 jo olemassa olevia prosesseja. &nbsp; Hanke [&hellip;]<\/p>\n","protected":false},"author":2,"featured_media":0,"parent":0,"menu_order":0,"comment_status":"closed","ping_status":"closed","template":"","meta":{"_acf_changed":false,"footnotes":""},"class_list":["post-16","page","type-page","status-publish","hentry"],"acf":[],"yoast_head":"<!-- This site is optimized with the Yoast SEO plugin v27.1.1 - https:\/\/yoast.com\/product\/yoast-seo-wordpress\/ -->\n<title>Etusivu - Ohjausosaamista yhteisty\u00f6ss\u00e4 (ESR)<\/title>\n<meta name=\"robots\" content=\"index, follow, max-snippet:-1, max-image-preview:large, max-video-preview:-1\" \/>\n<link rel=\"canonical\" href=\"https:\/\/sites.uef.fi\/ohjausosaamista\/\" \/>\n<meta property=\"og:locale\" content=\"fi_FI\" \/>\n<meta property=\"og:type\" content=\"article\" \/>\n<meta property=\"og:title\" content=\"Etusivu - Ohjausosaamista yhteisty\u00f6ss\u00e4 (ESR)\" \/>\n<meta property=\"og:description\" content=\"It\u00e4-Suomen yliopiston ohjauksen koulutus hallinnoi 1.5.2021-31.8.2023 ESR-rahoitteista Ohjausosaamista yhteisty\u00f6ss\u00e4 -hanketta. Kehitt\u00e4mishankkeen taustalla oli aikuisten uraohjauksen kasvava tarve kuntien ty\u00f6llisyyspalveluissa. Maakunnan ty\u00f6llisyyspalvelujen uudelleen organisoituminen ja kuntakokeilu lis\u00e4siv\u00e4t ohjaustoimijoiden ja ohjausyhteis\u00f6jen tarvetta (ura)ohjausosaamiseen ja arviointiin perustuvaan ohjausosaamisen kehitt\u00e4miseen.&nbsp; Hankkeen taustalla oli my\u00f6s tarve l\u00f6yt\u00e4\u00e4 uusia menetelmi\u00e4 ty\u00f6tt\u00f6mien aikuisten ohjausty\u00f6h\u00f6n sek\u00e4 kehitt\u00e4\u00e4 jo olemassa olevia prosesseja. &nbsp; Hanke [&hellip;]\" \/>\n<meta property=\"og:url\" content=\"https:\/\/sites.uef.fi\/ohjausosaamista\/\" \/>\n<meta property=\"og:site_name\" content=\"Ohjausosaamista yhteisty\u00f6ss\u00e4 (ESR)\" \/>\n<meta property=\"article:modified_time\" content=\"2023-11-21T12:40:38+00:00\" \/>\n<meta property=\"og:image\" content=\"https:\/\/sites.uef.fi\/ohjausosaamista\/wp-content\/uploads\/sites\/298\/2021\/06\/cropped-cropped-UEF_Ohjausosaamista_Logo_Pysty-1-1024x614.jpg\" \/>\n<meta name=\"twitter:card\" content=\"summary_large_image\" \/>\n<meta name=\"twitter:label1\" content=\"Arvioitu lukuaika\" \/>\n\t<meta name=\"twitter:data1\" content=\"1 minuutti\" \/>\n<script type=\"application\/ld+json\" class=\"yoast-schema-graph\">{\"@context\":\"https:\/\/schema.org\",\"@graph\":[{\"@type\":\"WebPage\",\"@id\":\"https:\/\/sites.uef.fi\/ohjausosaamista\/\",\"url\":\"https:\/\/sites.uef.fi\/ohjausosaamista\/\",\"name\":\"Etusivu - Ohjausosaamista yhteisty\u00f6ss\u00e4 (ESR)\",\"isPartOf\":{\"@id\":\"https:\/\/sites.uef.fi\/ohjausosaamista\/#website\"},\"primaryImageOfPage\":{\"@id\":\"https:\/\/sites.uef.fi\/ohjausosaamista\/#primaryimage\"},\"image\":{\"@id\":\"https:\/\/sites.uef.fi\/ohjausosaamista\/#primaryimage\"},\"thumbnailUrl\":\"https:\/\/sites.uef.fi\/ohjausosaamista\/wp-content\/uploads\/sites\/298\/2021\/06\/cropped-cropped-UEF_Ohjausosaamista_Logo_Pysty-1-1024x614.jpg\",\"datePublished\":\"2021-05-20T05:07:45+00:00\",\"dateModified\":\"2023-11-21T12:40:38+00:00\",\"breadcrumb\":{\"@id\":\"https:\/\/sites.uef.fi\/ohjausosaamista\/#breadcrumb\"},\"inLanguage\":\"fi\",\"potentialAction\":[{\"@type\":\"ReadAction\",\"target\":[\"https:\/\/sites.uef.fi\/ohjausosaamista\/\"]}]},{\"@type\":\"ImageObject\",\"inLanguage\":\"fi\",\"@id\":\"https:\/\/sites.uef.fi\/ohjausosaamista\/#primaryimage\",\"url\":\"https:\/\/sites.uef.fi\/ohjausosaamista\/wp-content\/uploads\/sites\/298\/2021\/06\/cropped-cropped-UEF_Ohjausosaamista_Logo_Pysty-1.jpg\",\"contentUrl\":\"https:\/\/sites.uef.fi\/ohjausosaamista\/wp-content\/uploads\/sites\/298\/2021\/06\/cropped-cropped-UEF_Ohjausosaamista_Logo_Pysty-1.jpg\",\"width\":2000,\"height\":1200},{\"@type\":\"BreadcrumbList\",\"@id\":\"https:\/\/sites.uef.fi\/ohjausosaamista\/#breadcrumb\",\"itemListElement\":[{\"@type\":\"ListItem\",\"position\":1,\"name\":\"Home\",\"item\":\"https:\/\/sites.uef.fi\/ohjausosaamista\/\"},{\"@type\":\"ListItem\",\"position\":2,\"name\":\"Etusivu\"}]},{\"@type\":\"WebSite\",\"@id\":\"https:\/\/sites.uef.fi\/ohjausosaamista\/#website\",\"url\":\"https:\/\/sites.uef.fi\/ohjausosaamista\/\",\"name\":\"Ohjausosaamista yhteisty\u00f6ss\u00e4 (ESR)\",\"description\":\"\",\"potentialAction\":[{\"@type\":\"SearchAction\",\"target\":{\"@type\":\"EntryPoint\",\"urlTemplate\":\"https:\/\/sites.uef.fi\/ohjausosaamista\/?s={search_term_string}\"},\"query-input\":{\"@type\":\"PropertyValueSpecification\",\"valueRequired\":true,\"valueName\":\"search_term_string\"}}],\"inLanguage\":\"fi\"}]}<\/script>\n<!-- \/ Yoast SEO plugin. -->","yoast_head_json":{"title":"Etusivu - Ohjausosaamista yhteisty\u00f6ss\u00e4 (ESR)","robots":{"index":"index","follow":"follow","max-snippet":"max-snippet:-1","max-image-preview":"max-image-preview:large","max-video-preview":"max-video-preview:-1"},"canonical":"https:\/\/sites.uef.fi\/ohjausosaamista\/","og_locale":"fi_FI","og_type":"article","og_title":"Etusivu - Ohjausosaamista yhteisty\u00f6ss\u00e4 (ESR)","og_description":"It\u00e4-Suomen yliopiston ohjauksen koulutus hallinnoi 1.5.2021-31.8.2023 ESR-rahoitteista Ohjausosaamista yhteisty\u00f6ss\u00e4 -hanketta. Kehitt\u00e4mishankkeen taustalla oli aikuisten uraohjauksen kasvava tarve kuntien ty\u00f6llisyyspalveluissa. Maakunnan ty\u00f6llisyyspalvelujen uudelleen organisoituminen ja kuntakokeilu lis\u00e4siv\u00e4t ohjaustoimijoiden ja ohjausyhteis\u00f6jen tarvetta (ura)ohjausosaamiseen ja arviointiin perustuvaan ohjausosaamisen kehitt\u00e4miseen.&nbsp; Hankkeen taustalla oli my\u00f6s tarve l\u00f6yt\u00e4\u00e4 uusia menetelmi\u00e4 ty\u00f6tt\u00f6mien aikuisten ohjausty\u00f6h\u00f6n sek\u00e4 kehitt\u00e4\u00e4 jo olemassa olevia prosesseja. &nbsp; Hanke [&hellip;]","og_url":"https:\/\/sites.uef.fi\/ohjausosaamista\/","og_site_name":"Ohjausosaamista yhteisty\u00f6ss\u00e4 (ESR)","article_modified_time":"2023-11-21T12:40:38+00:00","og_image":[{"url":"https:\/\/sites.uef.fi\/ohjausosaamista\/wp-content\/uploads\/sites\/298\/2021\/06\/cropped-cropped-UEF_Ohjausosaamista_Logo_Pysty-1-1024x614.jpg","type":"","width":"","height":""}],"twitter_card":"summary_large_image","twitter_misc":{"Arvioitu lukuaika":"1 minuutti"},"schema":{"@context":"https:\/\/schema.org","@graph":[{"@type":"WebPage","@id":"https:\/\/sites.uef.fi\/ohjausosaamista\/","url":"https:\/\/sites.uef.fi\/ohjausosaamista\/","name":"Etusivu - Ohjausosaamista yhteisty\u00f6ss\u00e4 (ESR)","isPartOf":{"@id":"https:\/\/sites.uef.fi\/ohjausosaamista\/#website"},"primaryImageOfPage":{"@id":"https:\/\/sites.uef.fi\/ohjausosaamista\/#primaryimage"},"image":{"@id":"https:\/\/sites.uef.fi\/ohjausosaamista\/#primaryimage"},"thumbnailUrl":"https:\/\/sites.uef.fi\/ohjausosaamista\/wp-content\/uploads\/sites\/298\/2021\/06\/cropped-cropped-UEF_Ohjausosaamista_Logo_Pysty-1-1024x614.jpg","datePublished":"2021-05-20T05:07:45+00:00","dateModified":"2023-11-21T12:40:38+00:00","breadcrumb":{"@id":"https:\/\/sites.uef.fi\/ohjausosaamista\/#breadcrumb"},"inLanguage":"fi","potentialAction":[{"@type":"ReadAction","target":["https:\/\/sites.uef.fi\/ohjausosaamista\/"]}]},{"@type":"ImageObject","inLanguage":"fi","@id":"https:\/\/sites.uef.fi\/ohjausosaamista\/#primaryimage","url":"https:\/\/sites.uef.fi\/ohjausosaamista\/wp-content\/uploads\/sites\/298\/2021\/06\/cropped-cropped-UEF_Ohjausosaamista_Logo_Pysty-1.jpg","contentUrl":"https:\/\/sites.uef.fi\/ohjausosaamista\/wp-content\/uploads\/sites\/298\/2021\/06\/cropped-cropped-UEF_Ohjausosaamista_Logo_Pysty-1.jpg","width":2000,"height":1200},{"@type":"BreadcrumbList","@id":"https:\/\/sites.uef.fi\/ohjausosaamista\/#breadcrumb","itemListElement":[{"@type":"ListItem","position":1,"name":"Home","item":"https:\/\/sites.uef.fi\/ohjausosaamista\/"},{"@type":"ListItem","position":2,"name":"Etusivu"}]},{"@type":"WebSite","@id":"https:\/\/sites.uef.fi\/ohjausosaamista\/#website","url":"https:\/\/sites.uef.fi\/ohjausosaamista\/","name":"Ohjausosaamista yhteisty\u00f6ss\u00e4 (ESR)","description":"","potentialAction":[{"@type":"SearchAction","target":{"@type":"EntryPoint","urlTemplate":"https:\/\/sites.uef.fi\/ohjausosaamista\/?s={search_term_string}"},"query-input":{"@type":"PropertyValueSpecification","valueRequired":true,"valueName":"search_term_string"}}],"inLanguage":"fi"}]}},"_links":{"self":[{"href":"https:\/\/sites.uef.fi\/ohjausosaamista\/wp-json\/wp\/v2\/pages\/16","targetHints":{"allow":["GET"]}}],"collection":[{"href":"https:\/\/sites.uef.fi\/ohjausosaamista\/wp-json\/wp\/v2\/pages"}],"about":[{"href":"https:\/\/sites.uef.fi\/ohjausosaamista\/wp-json\/wp\/v2\/types\/page"}],"author":[{"embeddable":true,"href":"https:\/\/sites.uef.fi\/ohjausosaamista\/wp-json\/wp\/v2\/users\/2"}],"replies":[{"embeddable":true,"href":"https:\/\/sites.uef.fi\/ohjausosaamista\/wp-json\/wp\/v2\/comments?post=16"}],"version-history":[{"count":1,"href":"https:\/\/sites.uef.fi\/ohjausosaamista\/wp-json\/wp\/v2\/pages\/16\/revisions"}],"predecessor-version":[{"id":1287,"href":"https:\/\/sites.uef.fi\/ohjausosaamista\/wp-json\/wp\/v2\/pages\/16\/revisions\/1287"}],"wp:attachment":[{"href":"https:\/\/sites.uef.fi\/ohjausosaamista\/wp-json\/wp\/v2\/media?parent=16"}],"curies":[{"name":"wp","href":"https:\/\/api.w.org\/{rel}","templated":true}]}}