{"id":500,"date":"2022-09-02T11:54:15","date_gmt":"2022-09-02T11:54:15","guid":{"rendered":"https:\/\/sites.uef.fi\/ohjausosaamista\/?page_id=500"},"modified":"2023-11-21T12:26:22","modified_gmt":"2023-11-21T12:26:22","slug":"tyollisyyden-ja-hyvinvoinnin-risteyksissa-ohjausosaamista-ja-tyollisyytta-tukemassa-seminaari-31-8-2022","status":"publish","type":"page","link":"https:\/\/sites.uef.fi\/ohjausosaamista\/tyollisyyden-ja-hyvinvoinnin-risteyksissa-ohjausosaamista-ja-tyollisyytta-tukemassa-seminaari-31-8-2022\/","title":{"rendered":"&#8221;Ty\u00f6llisyyden ja hyvinvoinnin risteyksiss\u00e4- ohjausosaamista ja ty\u00f6llisyytt\u00e4 tukemassa&#8221; -seminaari 31.8.2022"},"content":{"rendered":"\n<div data-wp-interactive=\"core\/file\" class=\"wp-block-file\"><object data-wp-bind--hidden=\"!state.hasPdfPreview\" hidden class=\"wp-block-file__embed\" data=\"https:\/\/sites.uef.fi\/ohjausosaamista\/wp-content\/uploads\/sites\/298\/2022\/09\/Ohjaus-toimijuuden-tukena.pdf\" type=\"application\/pdf\" style=\"width:100%;height:600px\" aria-label=\"Tiedoston Tiedoston Ohjaus toimijuuden tukena upotus. upotus.\"><\/object><a id=\"wp-block-file--media-247f4c2f-4d2e-47ae-930a-b342e1e778d5\" href=\"https:\/\/sites.uef.fi\/ohjausosaamista\/wp-content\/uploads\/sites\/298\/2022\/09\/Ohjaus-toimijuuden-tukena.pdf\">Ohjaus toimijuuden tukena<\/a><a href=\"https:\/\/sites.uef.fi\/ohjausosaamista\/wp-content\/uploads\/sites\/298\/2022\/09\/Ohjaus-toimijuuden-tukena.pdf\" class=\"wp-block-file__button\" download aria-describedby=\"wp-block-file--media-247f4c2f-4d2e-47ae-930a-b342e1e778d5\">Lataa<\/a><\/div>\n\n\n\n<div data-wp-interactive=\"core\/file\" class=\"wp-block-file\"><object data-wp-bind--hidden=\"!state.hasPdfPreview\" hidden class=\"wp-block-file__embed\" data=\"https:\/\/sites.uef.fi\/ohjausosaamista\/wp-content\/uploads\/sites\/298\/2022\/09\/Ura-ja-tyollistymisvalmiuksien-tukeminen-muutosten-ajassa.pdf\" type=\"application\/pdf\" style=\"width:100%;height:600px\" aria-label=\"Tiedoston Tiedoston Ura- ja ty\u00f6llistymisvalmiuksien tukeminen muutosten ajassa upotus. upotus.\"><\/object><a id=\"wp-block-file--media-06a00c3a-add3-421f-a5ae-b5a28d204834\" href=\"https:\/\/sites.uef.fi\/ohjausosaamista\/wp-content\/uploads\/sites\/298\/2022\/09\/Ura-ja-tyollistymisvalmiuksien-tukeminen-muutosten-ajassa.pdf\">Ura- ja ty\u00f6llistymisvalmiuksien tukeminen muutosten ajassa<\/a><a href=\"https:\/\/sites.uef.fi\/ohjausosaamista\/wp-content\/uploads\/sites\/298\/2022\/09\/Ura-ja-tyollistymisvalmiuksien-tukeminen-muutosten-ajassa.pdf\" class=\"wp-block-file__button\" download aria-describedby=\"wp-block-file--media-06a00c3a-add3-421f-a5ae-b5a28d204834\">Lataa<\/a><\/div>\n\n\n\n<div data-wp-interactive=\"core\/file\" class=\"wp-block-file\"><object data-wp-bind--hidden=\"!state.hasPdfPreview\" hidden class=\"wp-block-file__embed\" data=\"https:\/\/sites.uef.fi\/ohjausosaamista\/wp-content\/uploads\/sites\/298\/2022\/09\/Ohjausosaamista-yhteistyossa-ESR-UEF-31.8.-Satu-Ojalan-esitys.pdf\" type=\"application\/pdf\" style=\"width:100%;height:600px\" aria-label=\"Tiedoston Tiedoston Ohjausosaamista yhteisty\u00f6ss\u00e4 ESR UEF 31.8. Satu Ojalan esitys upotus. upotus.\"><\/object><a id=\"wp-block-file--media-b6bc3520-676c-4500-8ea8-121c00c77329\" href=\"https:\/\/sites.uef.fi\/ohjausosaamista\/wp-content\/uploads\/sites\/298\/2022\/09\/Ohjausosaamista-yhteistyossa-ESR-UEF-31.8.-Satu-Ojalan-esitys.pdf\">Ohjausosaamista yhteisty\u00f6ss\u00e4 ESR UEF 31.8. Satu Ojalan esitys<\/a><a href=\"https:\/\/sites.uef.fi\/ohjausosaamista\/wp-content\/uploads\/sites\/298\/2022\/09\/Ohjausosaamista-yhteistyossa-ESR-UEF-31.8.-Satu-Ojalan-esitys.pdf\" class=\"wp-block-file__button\" download aria-describedby=\"wp-block-file--media-b6bc3520-676c-4500-8ea8-121c00c77329\">Lataa<\/a><\/div>\n\n\n    <div class=\"funders grid\">\n                        <div class=\"funders__item grid__item\">\n                            <div class=\"funders__image\">\n                    <img decoding=\"async\" src=\"https:\/\/sites.uef.fi\/ohjausosaamista\/wp-content\/uploads\/sites\/298\/2021\/06\/EU_EAKR_ESR_FI_vertical_20mm_rgb.png\" alt=\"Euroopan unioni, Euroopan aluekehitysrahasto, Euroopan sosiaalirahasto logo.\" \/>\n                <\/div>\n                                                <\/div>\n                        \n                        <div class=\"funders__item grid__item\">\n                            <div class=\"funders__image\">\n                    <img decoding=\"async\" src=\"https:\/\/sites.uef.fi\/ohjausosaamista\/wp-content\/uploads\/sites\/298\/2021\/06\/VipuvoimaaEU_2014_2020_rgb_MV.png\" alt=\"Vipuvoimaa EU:lta 2014-2020 logo.\" \/>\n                <\/div>\n                                                <\/div>\n                        \n                        <div class=\"funders__item grid__item\">\n                            <div class=\"funders__image\">\n                    <img decoding=\"async\" src=\"https:\/\/sites.uef.fi\/ohjausosaamista\/wp-content\/uploads\/sites\/298\/2021\/06\/UEF-musta-logo-engl-vaaka-scaled.jpg\" alt=\"It\u00e4-Suomen yliopiston logo.\" \/>\n                <\/div>\n                                                <\/div>\n                        \n            <\/div>\n","protected":false},"excerpt":{"rendered":"","protected":false},"author":236,"featured_media":0,"parent":0,"menu_order":0,"comment_status":"closed","ping_status":"closed","template":"","meta":{"_acf_changed":false,"footnotes":""},"class_list":["post-500","page","type-page","status-publish","hentry"],"acf":[],"yoast_head":"<!-- This site is optimized with the Yoast SEO plugin v27.1.1 - https:\/\/yoast.com\/product\/yoast-seo-wordpress\/ -->\n<title>&quot;Ty\u00f6llisyyden ja hyvinvoinnin risteyksiss\u00e4- ohjausosaamista ja ty\u00f6llisyytt\u00e4 tukemassa&quot; -seminaari 31.8.2022 - Ohjausosaamista yhteisty\u00f6ss\u00e4 (ESR)<\/title>\n<meta name=\"robots\" content=\"index, follow, max-snippet:-1, max-image-preview:large, max-video-preview:-1\" \/>\n<link rel=\"canonical\" href=\"https:\/\/sites.uef.fi\/ohjausosaamista\/tyollisyyden-ja-hyvinvoinnin-risteyksissa-ohjausosaamista-ja-tyollisyytta-tukemassa-seminaari-31-8-2022\/\" \/>\n<meta property=\"og:locale\" content=\"fi_FI\" \/>\n<meta property=\"og:type\" content=\"article\" \/>\n<meta property=\"og:title\" content=\"&quot;Ty\u00f6llisyyden ja hyvinvoinnin risteyksiss\u00e4- ohjausosaamista ja ty\u00f6llisyytt\u00e4 tukemassa&quot; -seminaari 31.8.2022 - Ohjausosaamista yhteisty\u00f6ss\u00e4 (ESR)\" \/>\n<meta property=\"og:url\" content=\"https:\/\/sites.uef.fi\/ohjausosaamista\/tyollisyyden-ja-hyvinvoinnin-risteyksissa-ohjausosaamista-ja-tyollisyytta-tukemassa-seminaari-31-8-2022\/\" \/>\n<meta property=\"og:site_name\" content=\"Ohjausosaamista yhteisty\u00f6ss\u00e4 (ESR)\" \/>\n<meta property=\"article:modified_time\" content=\"2023-11-21T12:26:22+00:00\" \/>\n<meta name=\"twitter:card\" content=\"summary_large_image\" \/>\n<meta name=\"twitter:label1\" content=\"Arvioitu lukuaika\" \/>\n\t<meta name=\"twitter:data1\" content=\"1 minuutti\" \/>\n<script type=\"application\/ld+json\" class=\"yoast-schema-graph\">{\"@context\":\"https:\/\/schema.org\",\"@graph\":[{\"@type\":\"WebPage\",\"@id\":\"https:\/\/sites.uef.fi\/ohjausosaamista\/tyollisyyden-ja-hyvinvoinnin-risteyksissa-ohjausosaamista-ja-tyollisyytta-tukemassa-seminaari-31-8-2022\/\",\"url\":\"https:\/\/sites.uef.fi\/ohjausosaamista\/tyollisyyden-ja-hyvinvoinnin-risteyksissa-ohjausosaamista-ja-tyollisyytta-tukemassa-seminaari-31-8-2022\/\",\"name\":\"\\\"Ty\u00f6llisyyden ja hyvinvoinnin risteyksiss\u00e4- ohjausosaamista ja ty\u00f6llisyytt\u00e4 tukemassa\\\" -seminaari 31.8.2022 - Ohjausosaamista yhteisty\u00f6ss\u00e4 (ESR)\",\"isPartOf\":{\"@id\":\"https:\/\/sites.uef.fi\/ohjausosaamista\/#website\"},\"datePublished\":\"2022-09-02T11:54:15+00:00\",\"dateModified\":\"2023-11-21T12:26:22+00:00\",\"breadcrumb\":{\"@id\":\"https:\/\/sites.uef.fi\/ohjausosaamista\/tyollisyyden-ja-hyvinvoinnin-risteyksissa-ohjausosaamista-ja-tyollisyytta-tukemassa-seminaari-31-8-2022\/#breadcrumb\"},\"inLanguage\":\"fi\",\"potentialAction\":[{\"@type\":\"ReadAction\",\"target\":[\"https:\/\/sites.uef.fi\/ohjausosaamista\/tyollisyyden-ja-hyvinvoinnin-risteyksissa-ohjausosaamista-ja-tyollisyytta-tukemassa-seminaari-31-8-2022\/\"]}]},{\"@type\":\"BreadcrumbList\",\"@id\":\"https:\/\/sites.uef.fi\/ohjausosaamista\/tyollisyyden-ja-hyvinvoinnin-risteyksissa-ohjausosaamista-ja-tyollisyytta-tukemassa-seminaari-31-8-2022\/#breadcrumb\",\"itemListElement\":[{\"@type\":\"ListItem\",\"position\":1,\"name\":\"Home\",\"item\":\"https:\/\/sites.uef.fi\/ohjausosaamista\/\"},{\"@type\":\"ListItem\",\"position\":2,\"name\":\"&#8220;Ty\u00f6llisyyden ja hyvinvoinnin risteyksiss\u00e4- ohjausosaamista ja ty\u00f6llisyytt\u00e4 tukemassa&#8221; -seminaari 31.8.2022\"}]},{\"@type\":\"WebSite\",\"@id\":\"https:\/\/sites.uef.fi\/ohjausosaamista\/#website\",\"url\":\"https:\/\/sites.uef.fi\/ohjausosaamista\/\",\"name\":\"Ohjausosaamista yhteisty\u00f6ss\u00e4 (ESR)\",\"description\":\"\",\"potentialAction\":[{\"@type\":\"SearchAction\",\"target\":{\"@type\":\"EntryPoint\",\"urlTemplate\":\"https:\/\/sites.uef.fi\/ohjausosaamista\/?s={search_term_string}\"},\"query-input\":{\"@type\":\"PropertyValueSpecification\",\"valueRequired\":true,\"valueName\":\"search_term_string\"}}],\"inLanguage\":\"fi\"}]}<\/script>\n<!-- \/ Yoast SEO plugin. -->","yoast_head_json":{"title":"\"Ty\u00f6llisyyden ja hyvinvoinnin risteyksiss\u00e4- ohjausosaamista ja ty\u00f6llisyytt\u00e4 tukemassa\" -seminaari 31.8.2022 - Ohjausosaamista yhteisty\u00f6ss\u00e4 (ESR)","robots":{"index":"index","follow":"follow","max-snippet":"max-snippet:-1","max-image-preview":"max-image-preview:large","max-video-preview":"max-video-preview:-1"},"canonical":"https:\/\/sites.uef.fi\/ohjausosaamista\/tyollisyyden-ja-hyvinvoinnin-risteyksissa-ohjausosaamista-ja-tyollisyytta-tukemassa-seminaari-31-8-2022\/","og_locale":"fi_FI","og_type":"article","og_title":"\"Ty\u00f6llisyyden ja hyvinvoinnin risteyksiss\u00e4- ohjausosaamista ja ty\u00f6llisyytt\u00e4 tukemassa\" -seminaari 31.8.2022 - Ohjausosaamista yhteisty\u00f6ss\u00e4 (ESR)","og_url":"https:\/\/sites.uef.fi\/ohjausosaamista\/tyollisyyden-ja-hyvinvoinnin-risteyksissa-ohjausosaamista-ja-tyollisyytta-tukemassa-seminaari-31-8-2022\/","og_site_name":"Ohjausosaamista yhteisty\u00f6ss\u00e4 (ESR)","article_modified_time":"2023-11-21T12:26:22+00:00","twitter_card":"summary_large_image","twitter_misc":{"Arvioitu lukuaika":"1 minuutti"},"schema":{"@context":"https:\/\/schema.org","@graph":[{"@type":"WebPage","@id":"https:\/\/sites.uef.fi\/ohjausosaamista\/tyollisyyden-ja-hyvinvoinnin-risteyksissa-ohjausosaamista-ja-tyollisyytta-tukemassa-seminaari-31-8-2022\/","url":"https:\/\/sites.uef.fi\/ohjausosaamista\/tyollisyyden-ja-hyvinvoinnin-risteyksissa-ohjausosaamista-ja-tyollisyytta-tukemassa-seminaari-31-8-2022\/","name":"\"Ty\u00f6llisyyden ja hyvinvoinnin risteyksiss\u00e4- ohjausosaamista ja ty\u00f6llisyytt\u00e4 tukemassa\" -seminaari 31.8.2022 - Ohjausosaamista yhteisty\u00f6ss\u00e4 (ESR)","isPartOf":{"@id":"https:\/\/sites.uef.fi\/ohjausosaamista\/#website"},"datePublished":"2022-09-02T11:54:15+00:00","dateModified":"2023-11-21T12:26:22+00:00","breadcrumb":{"@id":"https:\/\/sites.uef.fi\/ohjausosaamista\/tyollisyyden-ja-hyvinvoinnin-risteyksissa-ohjausosaamista-ja-tyollisyytta-tukemassa-seminaari-31-8-2022\/#breadcrumb"},"inLanguage":"fi","potentialAction":[{"@type":"ReadAction","target":["https:\/\/sites.uef.fi\/ohjausosaamista\/tyollisyyden-ja-hyvinvoinnin-risteyksissa-ohjausosaamista-ja-tyollisyytta-tukemassa-seminaari-31-8-2022\/"]}]},{"@type":"BreadcrumbList","@id":"https:\/\/sites.uef.fi\/ohjausosaamista\/tyollisyyden-ja-hyvinvoinnin-risteyksissa-ohjausosaamista-ja-tyollisyytta-tukemassa-seminaari-31-8-2022\/#breadcrumb","itemListElement":[{"@type":"ListItem","position":1,"name":"Home","item":"https:\/\/sites.uef.fi\/ohjausosaamista\/"},{"@type":"ListItem","position":2,"name":"&#8220;Ty\u00f6llisyyden ja hyvinvoinnin risteyksiss\u00e4- ohjausosaamista ja ty\u00f6llisyytt\u00e4 tukemassa&#8221; -seminaari 31.8.2022"}]},{"@type":"WebSite","@id":"https:\/\/sites.uef.fi\/ohjausosaamista\/#website","url":"https:\/\/sites.uef.fi\/ohjausosaamista\/","name":"Ohjausosaamista yhteisty\u00f6ss\u00e4 (ESR)","description":"","potentialAction":[{"@type":"SearchAction","target":{"@type":"EntryPoint","urlTemplate":"https:\/\/sites.uef.fi\/ohjausosaamista\/?s={search_term_string}"},"query-input":{"@type":"PropertyValueSpecification","valueRequired":true,"valueName":"search_term_string"}}],"inLanguage":"fi"}]}},"_links":{"self":[{"href":"https:\/\/sites.uef.fi\/ohjausosaamista\/wp-json\/wp\/v2\/pages\/500","targetHints":{"allow":["GET"]}}],"collection":[{"href":"https:\/\/sites.uef.fi\/ohjausosaamista\/wp-json\/wp\/v2\/pages"}],"about":[{"href":"https:\/\/sites.uef.fi\/ohjausosaamista\/wp-json\/wp\/v2\/types\/page"}],"author":[{"embeddable":true,"href":"https:\/\/sites.uef.fi\/ohjausosaamista\/wp-json\/wp\/v2\/users\/236"}],"replies":[{"embeddable":true,"href":"https:\/\/sites.uef.fi\/ohjausosaamista\/wp-json\/wp\/v2\/comments?post=500"}],"version-history":[{"count":2,"href":"https:\/\/sites.uef.fi\/ohjausosaamista\/wp-json\/wp\/v2\/pages\/500\/revisions"}],"predecessor-version":[{"id":1263,"href":"https:\/\/sites.uef.fi\/ohjausosaamista\/wp-json\/wp\/v2\/pages\/500\/revisions\/1263"}],"wp:attachment":[{"href":"https:\/\/sites.uef.fi\/ohjausosaamista\/wp-json\/wp\/v2\/media?parent=500"}],"curies":[{"name":"wp","href":"https:\/\/api.w.org\/{rel}","templated":true}]}}