{"id":947,"date":"2023-10-02T11:15:19","date_gmt":"2023-10-02T11:15:19","guid":{"rendered":"https:\/\/sites.uef.fi\/ohjausosaamista\/?page_id=947"},"modified":"2023-11-21T12:24:47","modified_gmt":"2023-11-21T12:24:47","slug":"yhteisella-ohjausosaamisella-onnistumisiin-seminaari-26-8-2021","status":"publish","type":"page","link":"https:\/\/sites.uef.fi\/ohjausosaamista\/yhteisella-ohjausosaamisella-onnistumisiin-seminaari-26-8-2021\/","title":{"rendered":"&#8221;Yhteisell\u00e4 ohjausosaamisella onnistumisiin!&#8221; -seminaari 26.8.2021"},"content":{"rendered":"\n<div data-wp-interactive=\"core\/file\" class=\"wp-block-file\"><object data-wp-bind--hidden=\"!state.hasPdfPreview\" hidden class=\"wp-block-file__embed\" data=\"https:\/\/sites.uef.fi\/ohjausosaamista\/wp-content\/uploads\/sites\/298\/2023\/10\/Ohjaus-toimijuuden-tukena.pdf\" type=\"application\/pdf\" style=\"width:100%;height:600px\" aria-label=\"Tiedoston Ohjaus toimijuuden tukena upotus.\"><\/object><a id=\"wp-block-file--media-84de2a87-4ebe-4687-944c-22cd484c29b5\" href=\"https:\/\/sites.uef.fi\/ohjausosaamista\/wp-content\/uploads\/sites\/298\/2023\/10\/Ohjaus-toimijuuden-tukena.pdf\">Ohjaus toimijuuden tukena<\/a><a href=\"https:\/\/sites.uef.fi\/ohjausosaamista\/wp-content\/uploads\/sites\/298\/2023\/10\/Ohjaus-toimijuuden-tukena.pdf\" class=\"wp-block-file__button wp-element-button\" download aria-describedby=\"wp-block-file--media-84de2a87-4ebe-4687-944c-22cd484c29b5\">Lataa<\/a><\/div>\n\n\n\n<div data-wp-interactive=\"core\/file\" class=\"wp-block-file\"><object data-wp-bind--hidden=\"!state.hasPdfPreview\" hidden class=\"wp-block-file__embed\" data=\"https:\/\/sites.uef.fi\/ohjausosaamista\/wp-content\/uploads\/sites\/298\/2023\/10\/Osallisuutta-tukeva-ohjaaminen.pdf\" type=\"application\/pdf\" style=\"width:100%;height:600px\" aria-label=\"Tiedoston Osallisuutta tukeva ohjaaminen upotus.\"><\/object><a id=\"wp-block-file--media-565434a5-9183-4291-982d-5e8309a325b0\" href=\"https:\/\/sites.uef.fi\/ohjausosaamista\/wp-content\/uploads\/sites\/298\/2023\/10\/Osallisuutta-tukeva-ohjaaminen.pdf\">Osallisuutta tukeva ohjaaminen<\/a><a href=\"https:\/\/sites.uef.fi\/ohjausosaamista\/wp-content\/uploads\/sites\/298\/2023\/10\/Osallisuutta-tukeva-ohjaaminen.pdf\" class=\"wp-block-file__button wp-element-button\" download aria-describedby=\"wp-block-file--media-565434a5-9183-4291-982d-5e8309a325b0\">Lataa<\/a><\/div>\n\n\n\n<div data-wp-interactive=\"core\/file\" class=\"wp-block-file\"><object data-wp-bind--hidden=\"!state.hasPdfPreview\" hidden class=\"wp-block-file__embed\" data=\"https:\/\/sites.uef.fi\/ohjausosaamista\/wp-content\/uploads\/sites\/298\/2023\/10\/Ohjaus-ja-muuttuva-tyoelama.pdf\" type=\"application\/pdf\" style=\"width:100%;height:600px\" aria-label=\"Tiedoston Ohjaus ja muuttuva ty\u00f6el\u00e4m\u00e4 upotus.\"><\/object><a id=\"wp-block-file--media-948c2159-04b0-4f4f-a61e-8a37aa3bc512\" href=\"https:\/\/sites.uef.fi\/ohjausosaamista\/wp-content\/uploads\/sites\/298\/2023\/10\/Ohjaus-ja-muuttuva-tyoelama.pdf\">Ohjaus ja muuttuva ty\u00f6el\u00e4m\u00e4<\/a><a href=\"https:\/\/sites.uef.fi\/ohjausosaamista\/wp-content\/uploads\/sites\/298\/2023\/10\/Ohjaus-ja-muuttuva-tyoelama.pdf\" class=\"wp-block-file__button wp-element-button\" download aria-describedby=\"wp-block-file--media-948c2159-04b0-4f4f-a61e-8a37aa3bc512\">Lataa<\/a><\/div>\n\n\n    <div class=\"funders grid\">\n                        <div class=\"funders__item grid__item\">\n                            <div class=\"funders__image\">\n                    <img decoding=\"async\" src=\"https:\/\/sites.uef.fi\/ohjausosaamista\/wp-content\/uploads\/sites\/298\/2021\/06\/EU_EAKR_ESR_FI_vertical_20mm_rgb.png\" alt=\"Euroopan unioni, Euroopan aluekehitysrahasto, Euroopan sosiaalirahasto logo.\" \/>\n                <\/div>\n                                                <\/div>\n                        \n                        <div class=\"funders__item grid__item\">\n                            <div class=\"funders__image\">\n                    <img decoding=\"async\" src=\"https:\/\/sites.uef.fi\/ohjausosaamista\/wp-content\/uploads\/sites\/298\/2021\/06\/VipuvoimaaEU_2014_2020_rgb_MV.png\" alt=\"Vipuvoimaa EU:lta 2014-2020 logo.\" \/>\n                <\/div>\n                                                <\/div>\n                        \n                        <div class=\"funders__item grid__item\">\n                            <div class=\"funders__image\">\n                    <img decoding=\"async\" src=\"https:\/\/sites.uef.fi\/ohjausosaamista\/wp-content\/uploads\/sites\/298\/2021\/06\/UEF-musta-logo-engl-vaaka-scaled.jpg\" alt=\"It\u00e4-Suomen yliopiston logo.\" \/>\n                <\/div>\n                                                <\/div>\n                        \n            <\/div>\n","protected":false},"excerpt":{"rendered":"","protected":false},"author":236,"featured_media":0,"parent":0,"menu_order":0,"comment_status":"closed","ping_status":"closed","template":"","meta":{"_acf_changed":false,"footnotes":""},"class_list":["post-947","page","type-page","status-publish","hentry"],"acf":[],"yoast_head":"<!-- This site is optimized with the Yoast SEO plugin v27.1.1 - https:\/\/yoast.com\/product\/yoast-seo-wordpress\/ -->\n<title>&quot;Yhteisell\u00e4 ohjausosaamisella onnistumisiin!&quot; -seminaari 26.8.2021 - Ohjausosaamista yhteisty\u00f6ss\u00e4 (ESR)<\/title>\n<meta name=\"robots\" content=\"index, follow, max-snippet:-1, max-image-preview:large, max-video-preview:-1\" \/>\n<link rel=\"canonical\" href=\"https:\/\/sites.uef.fi\/ohjausosaamista\/yhteisella-ohjausosaamisella-onnistumisiin-seminaari-26-8-2021\/\" \/>\n<meta property=\"og:locale\" content=\"fi_FI\" \/>\n<meta property=\"og:type\" content=\"article\" \/>\n<meta property=\"og:title\" content=\"&quot;Yhteisell\u00e4 ohjausosaamisella onnistumisiin!&quot; -seminaari 26.8.2021 - Ohjausosaamista yhteisty\u00f6ss\u00e4 (ESR)\" \/>\n<meta property=\"og:url\" content=\"https:\/\/sites.uef.fi\/ohjausosaamista\/yhteisella-ohjausosaamisella-onnistumisiin-seminaari-26-8-2021\/\" \/>\n<meta property=\"og:site_name\" content=\"Ohjausosaamista yhteisty\u00f6ss\u00e4 (ESR)\" \/>\n<meta property=\"article:modified_time\" content=\"2023-11-21T12:24:47+00:00\" \/>\n<meta name=\"twitter:card\" content=\"summary_large_image\" \/>\n<meta name=\"twitter:label1\" content=\"Arvioitu lukuaika\" \/>\n\t<meta name=\"twitter:data1\" content=\"1 minuutti\" \/>\n<script type=\"application\/ld+json\" class=\"yoast-schema-graph\">{\"@context\":\"https:\/\/schema.org\",\"@graph\":[{\"@type\":\"WebPage\",\"@id\":\"https:\/\/sites.uef.fi\/ohjausosaamista\/yhteisella-ohjausosaamisella-onnistumisiin-seminaari-26-8-2021\/\",\"url\":\"https:\/\/sites.uef.fi\/ohjausosaamista\/yhteisella-ohjausosaamisella-onnistumisiin-seminaari-26-8-2021\/\",\"name\":\"\\\"Yhteisell\u00e4 ohjausosaamisella onnistumisiin!\\\" -seminaari 26.8.2021 - Ohjausosaamista yhteisty\u00f6ss\u00e4 (ESR)\",\"isPartOf\":{\"@id\":\"https:\/\/sites.uef.fi\/ohjausosaamista\/#website\"},\"datePublished\":\"2023-10-02T11:15:19+00:00\",\"dateModified\":\"2023-11-21T12:24:47+00:00\",\"breadcrumb\":{\"@id\":\"https:\/\/sites.uef.fi\/ohjausosaamista\/yhteisella-ohjausosaamisella-onnistumisiin-seminaari-26-8-2021\/#breadcrumb\"},\"inLanguage\":\"fi\",\"potentialAction\":[{\"@type\":\"ReadAction\",\"target\":[\"https:\/\/sites.uef.fi\/ohjausosaamista\/yhteisella-ohjausosaamisella-onnistumisiin-seminaari-26-8-2021\/\"]}]},{\"@type\":\"BreadcrumbList\",\"@id\":\"https:\/\/sites.uef.fi\/ohjausosaamista\/yhteisella-ohjausosaamisella-onnistumisiin-seminaari-26-8-2021\/#breadcrumb\",\"itemListElement\":[{\"@type\":\"ListItem\",\"position\":1,\"name\":\"Home\",\"item\":\"https:\/\/sites.uef.fi\/ohjausosaamista\/\"},{\"@type\":\"ListItem\",\"position\":2,\"name\":\"&#8220;Yhteisell\u00e4 ohjausosaamisella onnistumisiin!&#8221; -seminaari 26.8.2021\"}]},{\"@type\":\"WebSite\",\"@id\":\"https:\/\/sites.uef.fi\/ohjausosaamista\/#website\",\"url\":\"https:\/\/sites.uef.fi\/ohjausosaamista\/\",\"name\":\"Ohjausosaamista yhteisty\u00f6ss\u00e4 (ESR)\",\"description\":\"\",\"potentialAction\":[{\"@type\":\"SearchAction\",\"target\":{\"@type\":\"EntryPoint\",\"urlTemplate\":\"https:\/\/sites.uef.fi\/ohjausosaamista\/?s={search_term_string}\"},\"query-input\":{\"@type\":\"PropertyValueSpecification\",\"valueRequired\":true,\"valueName\":\"search_term_string\"}}],\"inLanguage\":\"fi\"}]}<\/script>\n<!-- \/ Yoast SEO plugin. -->","yoast_head_json":{"title":"\"Yhteisell\u00e4 ohjausosaamisella onnistumisiin!\" -seminaari 26.8.2021 - Ohjausosaamista yhteisty\u00f6ss\u00e4 (ESR)","robots":{"index":"index","follow":"follow","max-snippet":"max-snippet:-1","max-image-preview":"max-image-preview:large","max-video-preview":"max-video-preview:-1"},"canonical":"https:\/\/sites.uef.fi\/ohjausosaamista\/yhteisella-ohjausosaamisella-onnistumisiin-seminaari-26-8-2021\/","og_locale":"fi_FI","og_type":"article","og_title":"\"Yhteisell\u00e4 ohjausosaamisella onnistumisiin!\" -seminaari 26.8.2021 - Ohjausosaamista yhteisty\u00f6ss\u00e4 (ESR)","og_url":"https:\/\/sites.uef.fi\/ohjausosaamista\/yhteisella-ohjausosaamisella-onnistumisiin-seminaari-26-8-2021\/","og_site_name":"Ohjausosaamista yhteisty\u00f6ss\u00e4 (ESR)","article_modified_time":"2023-11-21T12:24:47+00:00","twitter_card":"summary_large_image","twitter_misc":{"Arvioitu lukuaika":"1 minuutti"},"schema":{"@context":"https:\/\/schema.org","@graph":[{"@type":"WebPage","@id":"https:\/\/sites.uef.fi\/ohjausosaamista\/yhteisella-ohjausosaamisella-onnistumisiin-seminaari-26-8-2021\/","url":"https:\/\/sites.uef.fi\/ohjausosaamista\/yhteisella-ohjausosaamisella-onnistumisiin-seminaari-26-8-2021\/","name":"\"Yhteisell\u00e4 ohjausosaamisella onnistumisiin!\" -seminaari 26.8.2021 - Ohjausosaamista yhteisty\u00f6ss\u00e4 (ESR)","isPartOf":{"@id":"https:\/\/sites.uef.fi\/ohjausosaamista\/#website"},"datePublished":"2023-10-02T11:15:19+00:00","dateModified":"2023-11-21T12:24:47+00:00","breadcrumb":{"@id":"https:\/\/sites.uef.fi\/ohjausosaamista\/yhteisella-ohjausosaamisella-onnistumisiin-seminaari-26-8-2021\/#breadcrumb"},"inLanguage":"fi","potentialAction":[{"@type":"ReadAction","target":["https:\/\/sites.uef.fi\/ohjausosaamista\/yhteisella-ohjausosaamisella-onnistumisiin-seminaari-26-8-2021\/"]}]},{"@type":"BreadcrumbList","@id":"https:\/\/sites.uef.fi\/ohjausosaamista\/yhteisella-ohjausosaamisella-onnistumisiin-seminaari-26-8-2021\/#breadcrumb","itemListElement":[{"@type":"ListItem","position":1,"name":"Home","item":"https:\/\/sites.uef.fi\/ohjausosaamista\/"},{"@type":"ListItem","position":2,"name":"&#8220;Yhteisell\u00e4 ohjausosaamisella onnistumisiin!&#8221; -seminaari 26.8.2021"}]},{"@type":"WebSite","@id":"https:\/\/sites.uef.fi\/ohjausosaamista\/#website","url":"https:\/\/sites.uef.fi\/ohjausosaamista\/","name":"Ohjausosaamista yhteisty\u00f6ss\u00e4 (ESR)","description":"","potentialAction":[{"@type":"SearchAction","target":{"@type":"EntryPoint","urlTemplate":"https:\/\/sites.uef.fi\/ohjausosaamista\/?s={search_term_string}"},"query-input":{"@type":"PropertyValueSpecification","valueRequired":true,"valueName":"search_term_string"}}],"inLanguage":"fi"}]}},"_links":{"self":[{"href":"https:\/\/sites.uef.fi\/ohjausosaamista\/wp-json\/wp\/v2\/pages\/947","targetHints":{"allow":["GET"]}}],"collection":[{"href":"https:\/\/sites.uef.fi\/ohjausosaamista\/wp-json\/wp\/v2\/pages"}],"about":[{"href":"https:\/\/sites.uef.fi\/ohjausosaamista\/wp-json\/wp\/v2\/types\/page"}],"author":[{"embeddable":true,"href":"https:\/\/sites.uef.fi\/ohjausosaamista\/wp-json\/wp\/v2\/users\/236"}],"replies":[{"embeddable":true,"href":"https:\/\/sites.uef.fi\/ohjausosaamista\/wp-json\/wp\/v2\/comments?post=947"}],"version-history":[{"count":2,"href":"https:\/\/sites.uef.fi\/ohjausosaamista\/wp-json\/wp\/v2\/pages\/947\/revisions"}],"predecessor-version":[{"id":1254,"href":"https:\/\/sites.uef.fi\/ohjausosaamista\/wp-json\/wp\/v2\/pages\/947\/revisions\/1254"}],"wp:attachment":[{"href":"https:\/\/sites.uef.fi\/ohjausosaamista\/wp-json\/wp\/v2\/media?parent=947"}],"curies":[{"name":"wp","href":"https:\/\/api.w.org\/{rel}","templated":true}]}}