{"id":1905,"date":"2021-05-04T15:32:14","date_gmt":"2021-05-04T12:32:14","guid":{"rendered":"https:\/\/sites.uef.fi\/photonics\/?page_id=1905"},"modified":"2023-12-18T15:08:57","modified_gmt":"2023-12-18T13:08:57","slug":"designing-of-optics","status":"publish","type":"page","link":"https:\/\/sites.uef.fi\/photonics\/designing-of-optics\/","title":{"rendered":"Designing of optics"},"content":{"rendered":"\n<p>We offer optical design-related services and training for companies and institutions. This includes commercial optical designing and modelling software such as Zemax and OpTaliX. We can do designing and modelling of optical systems, micro optics, nanophotonics, etc. Different modelling approaches include, e.g., sequential and non-sequential ray tracing, FMM, and FTDT.<\/p>\n\n\n\n<p>All designing tasks and trainings are negotiated on a case-by-case basis.<\/p>\n\n\n\n<p>Contact person:<br>Pertti P\u00e4\u00e4kk\u00f6nen, Senior Laboratory Manager<br>e-mail: <a href=\"mailto:pertti.paakkonen@uef.fi\">pertti.paakkonen@uef.fi<\/a><br>tel: +358 50 505 6376<br><a href=\"https:\/\/uefconnect.uef.fi\/henkilo\/pertti.paakkonen\/\">Pertti P\u00e4\u00e4kk\u00f6nen &#8211; UEF Connect<\/a><\/p>\n\n\n\t<div id=\"accordion-block_cda1e540b474a1ecd0247f8f7f84d557\" class=\"accordions\">\n\t\t\t\t\t<div class=\"accordion accordion-js\">\n\t\t\t\t<button class=\"accordion__button\" aria-controls=\"content-6155\" aria-expanded=\"false\" id=\"accordion-control-6155\">\n\t\t\t\t\t<h3 class=\"accordion__heading\" >\n\t\t\t\t\t\tSoftware\t\t\t\t\t<\/h3>\n\t\t\t\t<\/button>\n\t\t\t\t<div class=\"accordion__content\" role=\"region\" aria-labelledby=\"accordion-control-6155\" aria-hidden=\"true\" id=\"content-6155\">\n\t\t\t\t\t<p>We offer optical design-related services and training for companies and institutions. This includes commercial optical designing and modelling software such as Zemax and OpTaliX. We can do designing and modelling of optical systems, micro optics, nanophotonics, etc. Different modelling approaches include, e.g., sequential and non-sequential ray tracing, FMM, and FTDT.<\/p>\n<p>All designing tasks and trainings are negotiated on a case-by-case basis.<\/p>\n<p>Contact person:<br \/>\nPertti P\u00e4\u00e4kk\u00f6nen, Senior Laboratory Manager<br \/>\ne-mail:\u00a0<a href=\"mailto:pertti.paakkonen@uef.fi\">pertti.paakkonen@uef.fi<\/a><br \/>\ntel: +358 50 505 6376<br \/>\n<a href=\"https:\/\/uefconnect.uef.fi\/henkilo\/pertti.paakkonen\/\">Pertti P\u00e4\u00e4kk\u00f6nen \u2013 UEF Connect<\/a><\/p>\n\t\t\t\t<\/div>\n\t\t\t<\/div>\n\t\t\t<\/div>\n\t","protected":false},"excerpt":{"rendered":"<p>We offer optical design-related services and training for companies and institutions. This includes commercial optical designing and modelling software such as Zemax and OpTaliX. We can do designing and modelling of optical systems, micro optics, nanophotonics, etc. Different modelling approaches include, e.g., sequential and non-sequential ray tracing, FMM, and FTDT. All designing tasks and trainings [&hellip;]<\/p>\n","protected":false},"author":243,"featured_media":0,"parent":0,"menu_order":0,"comment_status":"closed","ping_status":"closed","template":"","meta":{"_acf_changed":false,"_monsterinsights_skip_tracking":false,"_monsterinsights_sitenote_active":false,"_monsterinsights_sitenote_note":"","_monsterinsights_sitenote_category":0,"footnotes":""},"class_list":["post-1905","page","type-page","status-publish","hentry"],"acf":[],"yoast_head":"<!-- This site is optimized with the Yoast SEO plugin v27.1.1 - https:\/\/yoast.com\/product\/yoast-seo-wordpress\/ -->\n<title>Designing of optics - Center for Photonics Sciences<\/title>\n<meta name=\"robots\" content=\"index, follow, max-snippet:-1, max-image-preview:large, max-video-preview:-1\" \/>\n<link rel=\"canonical\" href=\"https:\/\/sites.uef.fi\/photonics\/designing-of-optics\/\" \/>\n<meta property=\"og:locale\" content=\"en_US\" \/>\n<meta property=\"og:type\" content=\"article\" \/>\n<meta property=\"og:title\" content=\"Designing of optics - Center for Photonics Sciences\" \/>\n<meta property=\"og:description\" content=\"We offer optical design-related services and training for companies and institutions. This includes commercial optical designing and modelling software such as Zemax and OpTaliX. We can do designing and modelling of optical systems, micro optics, nanophotonics, etc. Different modelling approaches include, e.g., sequential and non-sequential ray tracing, FMM, and FTDT. All designing tasks and trainings [&hellip;]\" \/>\n<meta property=\"og:url\" content=\"https:\/\/sites.uef.fi\/photonics\/designing-of-optics\/\" \/>\n<meta property=\"og:site_name\" content=\"Center for Photonics Sciences\" \/>\n<meta property=\"article:modified_time\" content=\"2023-12-18T13:08:57+00:00\" \/>\n<meta name=\"twitter:card\" content=\"summary_large_image\" \/>\n<meta name=\"twitter:label1\" content=\"Est. reading time\" \/>\n\t<meta name=\"twitter:data1\" content=\"1 minute\" \/>\n<script type=\"application\/ld+json\" class=\"yoast-schema-graph\">{\"@context\":\"https:\/\/schema.org\",\"@graph\":[{\"@type\":\"WebPage\",\"@id\":\"https:\/\/sites.uef.fi\/photonics\/designing-of-optics\/\",\"url\":\"https:\/\/sites.uef.fi\/photonics\/designing-of-optics\/\",\"name\":\"Designing of optics - Center for Photonics Sciences\",\"isPartOf\":{\"@id\":\"https:\/\/sites.uef.fi\/photonics\/#website\"},\"datePublished\":\"2021-05-04T12:32:14+00:00\",\"dateModified\":\"2023-12-18T13:08:57+00:00\",\"breadcrumb\":{\"@id\":\"https:\/\/sites.uef.fi\/photonics\/designing-of-optics\/#breadcrumb\"},\"inLanguage\":\"en-US\",\"potentialAction\":[{\"@type\":\"ReadAction\",\"target\":[\"https:\/\/sites.uef.fi\/photonics\/designing-of-optics\/\"]}]},{\"@type\":\"BreadcrumbList\",\"@id\":\"https:\/\/sites.uef.fi\/photonics\/designing-of-optics\/#breadcrumb\",\"itemListElement\":[{\"@type\":\"ListItem\",\"position\":1,\"name\":\"Home\",\"item\":\"https:\/\/sites.uef.fi\/photonics\/\"},{\"@type\":\"ListItem\",\"position\":2,\"name\":\"Designing of optics\"}]},{\"@type\":\"WebSite\",\"@id\":\"https:\/\/sites.uef.fi\/photonics\/#website\",\"url\":\"https:\/\/sites.uef.fi\/photonics\/\",\"name\":\"Center for Photonics Sciences\",\"description\":\"\",\"potentialAction\":[{\"@type\":\"SearchAction\",\"target\":{\"@type\":\"EntryPoint\",\"urlTemplate\":\"https:\/\/sites.uef.fi\/photonics\/?s={search_term_string}\"},\"query-input\":{\"@type\":\"PropertyValueSpecification\",\"valueRequired\":true,\"valueName\":\"search_term_string\"}}],\"inLanguage\":\"en-US\"}]}<\/script>\n<!-- \/ Yoast SEO plugin. -->","yoast_head_json":{"title":"Designing of optics - Center for Photonics Sciences","robots":{"index":"index","follow":"follow","max-snippet":"max-snippet:-1","max-image-preview":"max-image-preview:large","max-video-preview":"max-video-preview:-1"},"canonical":"https:\/\/sites.uef.fi\/photonics\/designing-of-optics\/","og_locale":"en_US","og_type":"article","og_title":"Designing of optics - Center for Photonics Sciences","og_description":"We offer optical design-related services and training for companies and institutions. This includes commercial optical designing and modelling software such as Zemax and OpTaliX. We can do designing and modelling of optical systems, micro optics, nanophotonics, etc. Different modelling approaches include, e.g., sequential and non-sequential ray tracing, FMM, and FTDT. All designing tasks and trainings [&hellip;]","og_url":"https:\/\/sites.uef.fi\/photonics\/designing-of-optics\/","og_site_name":"Center for Photonics Sciences","article_modified_time":"2023-12-18T13:08:57+00:00","twitter_card":"summary_large_image","twitter_misc":{"Est. reading time":"1 minute"},"schema":{"@context":"https:\/\/schema.org","@graph":[{"@type":"WebPage","@id":"https:\/\/sites.uef.fi\/photonics\/designing-of-optics\/","url":"https:\/\/sites.uef.fi\/photonics\/designing-of-optics\/","name":"Designing of optics - Center for Photonics Sciences","isPartOf":{"@id":"https:\/\/sites.uef.fi\/photonics\/#website"},"datePublished":"2021-05-04T12:32:14+00:00","dateModified":"2023-12-18T13:08:57+00:00","breadcrumb":{"@id":"https:\/\/sites.uef.fi\/photonics\/designing-of-optics\/#breadcrumb"},"inLanguage":"en-US","potentialAction":[{"@type":"ReadAction","target":["https:\/\/sites.uef.fi\/photonics\/designing-of-optics\/"]}]},{"@type":"BreadcrumbList","@id":"https:\/\/sites.uef.fi\/photonics\/designing-of-optics\/#breadcrumb","itemListElement":[{"@type":"ListItem","position":1,"name":"Home","item":"https:\/\/sites.uef.fi\/photonics\/"},{"@type":"ListItem","position":2,"name":"Designing of optics"}]},{"@type":"WebSite","@id":"https:\/\/sites.uef.fi\/photonics\/#website","url":"https:\/\/sites.uef.fi\/photonics\/","name":"Center for Photonics Sciences","description":"","potentialAction":[{"@type":"SearchAction","target":{"@type":"EntryPoint","urlTemplate":"https:\/\/sites.uef.fi\/photonics\/?s={search_term_string}"},"query-input":{"@type":"PropertyValueSpecification","valueRequired":true,"valueName":"search_term_string"}}],"inLanguage":"en-US"}]}},"_links":{"self":[{"href":"https:\/\/sites.uef.fi\/photonics\/wp-json\/wp\/v2\/pages\/1905","targetHints":{"allow":["GET"]}}],"collection":[{"href":"https:\/\/sites.uef.fi\/photonics\/wp-json\/wp\/v2\/pages"}],"about":[{"href":"https:\/\/sites.uef.fi\/photonics\/wp-json\/wp\/v2\/types\/page"}],"author":[{"embeddable":true,"href":"https:\/\/sites.uef.fi\/photonics\/wp-json\/wp\/v2\/users\/243"}],"replies":[{"embeddable":true,"href":"https:\/\/sites.uef.fi\/photonics\/wp-json\/wp\/v2\/comments?post=1905"}],"version-history":[{"count":2,"href":"https:\/\/sites.uef.fi\/photonics\/wp-json\/wp\/v2\/pages\/1905\/revisions"}],"predecessor-version":[{"id":8530,"href":"https:\/\/sites.uef.fi\/photonics\/wp-json\/wp\/v2\/pages\/1905\/revisions\/8530"}],"wp:attachment":[{"href":"https:\/\/sites.uef.fi\/photonics\/wp-json\/wp\/v2\/media?parent=1905"}],"curies":[{"name":"wp","href":"https:\/\/api.w.org\/{rel}","templated":true}]}}