{"id":2048,"date":"2021-05-07T08:47:24","date_gmt":"2021-05-07T05:47:24","guid":{"rendered":"https:\/\/sites.uef.fi\/photonics\/?page_id=2048"},"modified":"2021-05-25T14:11:40","modified_gmt":"2021-05-25T11:11:40","slug":"spectrophotometry","status":"publish","type":"page","link":"https:\/\/sites.uef.fi\/photonics\/spectrophotometry\/?lang=fi","title":{"rendered":"Spektrofotometria"},"content":{"rendered":"<p>Spektrimittaukset<\/p>\n<p>Tarjoamme luotettavia spektrimittauspalveluja ja tarkkoja v\u00e4rim\u00e4\u00e4rityksi\u00e4 kiinteist\u00e4 ja nestem\u00e4isist\u00e4 n\u00e4ytteist\u00e4. Mittaamme n\u00e4ytteiden optisia heijastus-, l\u00e4p\u00e4isy- ja absorptio-ominaisuuksia suurella tarkkuudella ultraviolettis\u00e4teilyn, n\u00e4kyv\u00e4n valon ja infrapunas\u00e4teilyn aallonpituusalueilla. Tarjoamme my\u00f6s fluoresenssimittauksia ultraviolettis\u00e4teilyn ja n\u00e4kyv\u00e4n valon aallonpituuksilla.<\/p>\n<p>Asiantuntija laskennallisen spektrikuvantamisen tutkimusryhm\u00e4st\u00e4 suorittaa kaikki mittaukset puolestanne.<\/p>\n<p>Voimme mitata 3 n\u00e4ytett\u00e4\/tunti (t\u00e4yden aallonpituusalueen mittaus). Kaikki mittaukset tehd\u00e4\u00e4n optisesti, joten mittaukset eiv\u00e4t vahingoita n\u00e4ytteit\u00e4. Mitattavan n\u00e4ytteen tyypillinen koko on muutama cm<sup>2<\/sup>.<\/p>\n<p>Mittauksista saatavaa tietoa voidaan k\u00e4ytt\u00e4\u00e4 mm. valaistusten ja optisten filttereiden suunnitteluun, halutun kohteen optimaaliseen havaitsemiseen erilaisissa konen\u00e4k\u00f6sovelluksissa, tuotteiden valon heijastus- ja l\u00e4p\u00e4isyominaisuuksien m\u00e4\u00e4ritt\u00e4miseen eri aallonpituusalueilla, tuotteen v\u00e4rin suunnittelemiseen erilaisille havaitsijoille eri valaistuksissa, sek\u00e4 tuotteiden fluoresenssiominaisuuksien suunnittelemiseen.<\/p>\n<ul>\n<li>PerkinElmer Lambda 1050 spektrofotometri (spektrimittaukset: reflektanssi, transmittanssi, ja absorbanssi; 175 \u2013 2500 nm)<\/li>\n<li>PerkinElmer FL-8500 spektrofluorometri (spektrimittaukset: fluoresenssi; 200 \u2013 900 nm)<\/li>\n<\/ul>\n<p>Palvelumyynniss\u00e4 noudatetaan It\u00e4-Suomen yliopiston vuosittain tarkistettavaa hinnoittelua.<\/p>\n<p>Dmitry Semenov, tutkimusp\u00e4\u00e4llikk\u00f6<br \/>\nemail: dmitry.semenov@uef.fi<br \/>\npuh: 050 304 3941<\/p>\n<p>It\u00e4-Suomen yliopisto, Tietojenk\u00e4sittelytieteen laitos<br \/>\nL\u00e4nsikatu 15<br \/>\n80110 Joensuu<\/p>\n","protected":false},"excerpt":{"rendered":"<p>Spektrimittaukset Tarjoamme luotettavia spektrimittauspalveluja ja tarkkoja v\u00e4rim\u00e4\u00e4rityksi\u00e4 kiinteist\u00e4 ja nestem\u00e4isist\u00e4 n\u00e4ytteist\u00e4. Mittaamme n\u00e4ytteiden optisia heijastus-, l\u00e4p\u00e4isy- ja absorptio-ominaisuuksia suurella tarkkuudella ultraviolettis\u00e4teilyn, n\u00e4kyv\u00e4n valon ja infrapunas\u00e4teilyn aallonpituusalueilla. Tarjoamme my\u00f6s fluoresenssimittauksia ultraviolettis\u00e4teilyn ja n\u00e4kyv\u00e4n valon aallonpituuksilla. Asiantuntija laskennallisen spektrikuvantamisen tutkimusryhm\u00e4st\u00e4 suorittaa kaikki mittaukset puolestanne. Voimme mitata 3 n\u00e4ytett\u00e4\/tunti (t\u00e4yden aallonpituusalueen mittaus). Kaikki mittaukset tehd\u00e4\u00e4n optisesti, joten mittaukset [&hellip;]<\/p>\n","protected":false},"author":243,"featured_media":0,"parent":0,"menu_order":0,"comment_status":"closed","ping_status":"closed","template":"","meta":{"_acf_changed":false,"_monsterinsights_skip_tracking":false,"_monsterinsights_sitenote_active":false,"_monsterinsights_sitenote_note":"","_monsterinsights_sitenote_category":0,"footnotes":""},"class_list":["post-2048","page","type-page","status-publish","hentry"],"acf":[],"yoast_head":"<!-- This site is optimized with the Yoast SEO plugin v27.3 - https:\/\/yoast.com\/product\/yoast-seo-wordpress\/ -->\n<title>Spektrofotometria - Center for Photonics Sciences<\/title>\n<meta name=\"robots\" content=\"index, follow, max-snippet:-1, max-image-preview:large, max-video-preview:-1\" \/>\n<link rel=\"canonical\" href=\"https:\/\/sites.uef.fi\/photonics\/spectrophotometry\/?lang=fi\" \/>\n<meta property=\"og:locale\" content=\"en_US\" \/>\n<meta property=\"og:type\" content=\"article\" \/>\n<meta property=\"og:title\" content=\"Spektrofotometria - Center for Photonics Sciences\" \/>\n<meta property=\"og:description\" content=\"Spektrimittaukset Tarjoamme luotettavia spektrimittauspalveluja ja tarkkoja v\u00e4rim\u00e4\u00e4rityksi\u00e4 kiinteist\u00e4 ja nestem\u00e4isist\u00e4 n\u00e4ytteist\u00e4. Mittaamme n\u00e4ytteiden optisia heijastus-, l\u00e4p\u00e4isy- ja absorptio-ominaisuuksia suurella tarkkuudella ultraviolettis\u00e4teilyn, n\u00e4kyv\u00e4n valon ja infrapunas\u00e4teilyn aallonpituusalueilla. Tarjoamme my\u00f6s fluoresenssimittauksia ultraviolettis\u00e4teilyn ja n\u00e4kyv\u00e4n valon aallonpituuksilla. Asiantuntija laskennallisen spektrikuvantamisen tutkimusryhm\u00e4st\u00e4 suorittaa kaikki mittaukset puolestanne. Voimme mitata 3 n\u00e4ytett\u00e4\/tunti (t\u00e4yden aallonpituusalueen mittaus). Kaikki mittaukset tehd\u00e4\u00e4n optisesti, joten mittaukset [&hellip;]\" \/>\n<meta property=\"og:url\" content=\"https:\/\/sites.uef.fi\/photonics\/spectrophotometry\/?lang=fi\" \/>\n<meta property=\"og:site_name\" content=\"Center for Photonics Sciences\" \/>\n<meta property=\"article:modified_time\" content=\"2021-05-25T11:11:40+00:00\" \/>\n<meta name=\"twitter:card\" content=\"summary_large_image\" \/>\n<meta name=\"twitter:label1\" content=\"Est. reading time\" \/>\n\t<meta name=\"twitter:data1\" content=\"1 minute\" \/>\n<script type=\"application\/ld+json\" class=\"yoast-schema-graph\">{\"@context\":\"https:\\\/\\\/schema.org\",\"@graph\":[{\"@type\":\"WebPage\",\"@id\":\"https:\\\/\\\/sites.uef.fi\\\/photonics\\\/spectrophotometry\\\/?lang=fi\",\"url\":\"https:\\\/\\\/sites.uef.fi\\\/photonics\\\/spectrophotometry\\\/?lang=fi\",\"name\":\"Spektrofotometria - Center for Photonics Sciences\",\"isPartOf\":{\"@id\":\"https:\\\/\\\/sites.uef.fi\\\/photonics\\\/#website\"},\"datePublished\":\"2021-05-07T05:47:24+00:00\",\"dateModified\":\"2021-05-25T11:11:40+00:00\",\"breadcrumb\":{\"@id\":\"https:\\\/\\\/sites.uef.fi\\\/photonics\\\/spectrophotometry\\\/?lang=fi#breadcrumb\"},\"inLanguage\":\"en-US\",\"potentialAction\":[{\"@type\":\"ReadAction\",\"target\":[\"https:\\\/\\\/sites.uef.fi\\\/photonics\\\/spectrophotometry\\\/?lang=fi\"]}]},{\"@type\":\"BreadcrumbList\",\"@id\":\"https:\\\/\\\/sites.uef.fi\\\/photonics\\\/spectrophotometry\\\/?lang=fi#breadcrumb\",\"itemListElement\":[{\"@type\":\"ListItem\",\"position\":1,\"name\":\"Home\",\"item\":\"https:\\\/\\\/sites.uef.fi\\\/photonics\\\/\"},{\"@type\":\"ListItem\",\"position\":2,\"name\":\"Spektrofotometria\"}]},{\"@type\":\"WebSite\",\"@id\":\"https:\\\/\\\/sites.uef.fi\\\/photonics\\\/#website\",\"url\":\"https:\\\/\\\/sites.uef.fi\\\/photonics\\\/\",\"name\":\"Center for Photonics Sciences\",\"description\":\"\",\"potentialAction\":[{\"@type\":\"SearchAction\",\"target\":{\"@type\":\"EntryPoint\",\"urlTemplate\":\"https:\\\/\\\/sites.uef.fi\\\/photonics\\\/?s={search_term_string}\"},\"query-input\":{\"@type\":\"PropertyValueSpecification\",\"valueRequired\":true,\"valueName\":\"search_term_string\"}}],\"inLanguage\":\"en-US\"}]}<\/script>\n<!-- \/ Yoast SEO plugin. -->","yoast_head_json":{"title":"Spektrofotometria - Center for Photonics Sciences","robots":{"index":"index","follow":"follow","max-snippet":"max-snippet:-1","max-image-preview":"max-image-preview:large","max-video-preview":"max-video-preview:-1"},"canonical":"https:\/\/sites.uef.fi\/photonics\/spectrophotometry\/?lang=fi","og_locale":"en_US","og_type":"article","og_title":"Spektrofotometria - Center for Photonics Sciences","og_description":"Spektrimittaukset Tarjoamme luotettavia spektrimittauspalveluja ja tarkkoja v\u00e4rim\u00e4\u00e4rityksi\u00e4 kiinteist\u00e4 ja nestem\u00e4isist\u00e4 n\u00e4ytteist\u00e4. Mittaamme n\u00e4ytteiden optisia heijastus-, l\u00e4p\u00e4isy- ja absorptio-ominaisuuksia suurella tarkkuudella ultraviolettis\u00e4teilyn, n\u00e4kyv\u00e4n valon ja infrapunas\u00e4teilyn aallonpituusalueilla. Tarjoamme my\u00f6s fluoresenssimittauksia ultraviolettis\u00e4teilyn ja n\u00e4kyv\u00e4n valon aallonpituuksilla. Asiantuntija laskennallisen spektrikuvantamisen tutkimusryhm\u00e4st\u00e4 suorittaa kaikki mittaukset puolestanne. Voimme mitata 3 n\u00e4ytett\u00e4\/tunti (t\u00e4yden aallonpituusalueen mittaus). Kaikki mittaukset tehd\u00e4\u00e4n optisesti, joten mittaukset [&hellip;]","og_url":"https:\/\/sites.uef.fi\/photonics\/spectrophotometry\/?lang=fi","og_site_name":"Center for Photonics Sciences","article_modified_time":"2021-05-25T11:11:40+00:00","twitter_card":"summary_large_image","twitter_misc":{"Est. reading time":"1 minute"},"schema":{"@context":"https:\/\/schema.org","@graph":[{"@type":"WebPage","@id":"https:\/\/sites.uef.fi\/photonics\/spectrophotometry\/?lang=fi","url":"https:\/\/sites.uef.fi\/photonics\/spectrophotometry\/?lang=fi","name":"Spektrofotometria - Center for Photonics Sciences","isPartOf":{"@id":"https:\/\/sites.uef.fi\/photonics\/#website"},"datePublished":"2021-05-07T05:47:24+00:00","dateModified":"2021-05-25T11:11:40+00:00","breadcrumb":{"@id":"https:\/\/sites.uef.fi\/photonics\/spectrophotometry\/?lang=fi#breadcrumb"},"inLanguage":"en-US","potentialAction":[{"@type":"ReadAction","target":["https:\/\/sites.uef.fi\/photonics\/spectrophotometry\/?lang=fi"]}]},{"@type":"BreadcrumbList","@id":"https:\/\/sites.uef.fi\/photonics\/spectrophotometry\/?lang=fi#breadcrumb","itemListElement":[{"@type":"ListItem","position":1,"name":"Home","item":"https:\/\/sites.uef.fi\/photonics\/"},{"@type":"ListItem","position":2,"name":"Spektrofotometria"}]},{"@type":"WebSite","@id":"https:\/\/sites.uef.fi\/photonics\/#website","url":"https:\/\/sites.uef.fi\/photonics\/","name":"Center for Photonics Sciences","description":"","potentialAction":[{"@type":"SearchAction","target":{"@type":"EntryPoint","urlTemplate":"https:\/\/sites.uef.fi\/photonics\/?s={search_term_string}"},"query-input":{"@type":"PropertyValueSpecification","valueRequired":true,"valueName":"search_term_string"}}],"inLanguage":"en-US"}]}},"_links":{"self":[{"href":"https:\/\/sites.uef.fi\/photonics\/wp-json\/wp\/v2\/pages\/2048","targetHints":{"allow":["GET"]}}],"collection":[{"href":"https:\/\/sites.uef.fi\/photonics\/wp-json\/wp\/v2\/pages"}],"about":[{"href":"https:\/\/sites.uef.fi\/photonics\/wp-json\/wp\/v2\/types\/page"}],"author":[{"embeddable":true,"href":"https:\/\/sites.uef.fi\/photonics\/wp-json\/wp\/v2\/users\/243"}],"replies":[{"embeddable":true,"href":"https:\/\/sites.uef.fi\/photonics\/wp-json\/wp\/v2\/comments?post=2048"}],"version-history":[{"count":2,"href":"https:\/\/sites.uef.fi\/photonics\/wp-json\/wp\/v2\/pages\/2048\/revisions"}],"predecessor-version":[{"id":2444,"href":"https:\/\/sites.uef.fi\/photonics\/wp-json\/wp\/v2\/pages\/2048\/revisions\/2444"}],"wp:attachment":[{"href":"https:\/\/sites.uef.fi\/photonics\/wp-json\/wp\/v2\/media?parent=2048"}],"curies":[{"name":"wp","href":"https:\/\/api.w.org\/{rel}","templated":true}]}}