{"id":2378,"date":"2021-05-25T13:25:19","date_gmt":"2021-05-25T10:25:19","guid":{"rendered":"https:\/\/sites.uef.fi\/photonics\/?page_id=2378"},"modified":"2024-01-25T13:42:11","modified_gmt":"2024-01-25T11:42:11","slug":"manufacturing-of-optics","status":"publish","type":"page","link":"https:\/\/sites.uef.fi\/photonics\/manufacturing-of-optics\/?lang=fi","title":{"rendered":"Optiikan valmistus"},"content":{"rendered":"\n<figure class=\"wp-block-image size-large\"><img loading=\"lazy\" decoding=\"async\" width=\"1024\" height=\"685\" src=\"https:\/\/sites.uef.fi\/photonics\/wp-content\/uploads\/sites\/150\/2023\/12\/cleancomb-1024x685.jpg\" alt=\"\" class=\"wp-image-8536\" srcset=\"https:\/\/sites.uef.fi\/photonics\/wp-content\/uploads\/sites\/150\/2023\/12\/cleancomb-1024x685.jpg 1024w, https:\/\/sites.uef.fi\/photonics\/wp-content\/uploads\/sites\/150\/2023\/12\/cleancomb-300x201.jpg 300w, https:\/\/sites.uef.fi\/photonics\/wp-content\/uploads\/sites\/150\/2023\/12\/cleancomb-768x513.jpg 768w, https:\/\/sites.uef.fi\/photonics\/wp-content\/uploads\/sites\/150\/2023\/12\/cleancomb-1536x1027.jpg 1536w, https:\/\/sites.uef.fi\/photonics\/wp-content\/uploads\/sites\/150\/2023\/12\/cleancomb-2048x1369.jpg 2048w\" sizes=\"auto, (max-width: 1024px) 100vw, 1024px\" \/><\/figure>\n\n\n\t<div id=\"accordion-block_6a6a6095359710e09cb6fa5e97fc7b4e\" class=\"accordions\">\n\t\t\t\t\t<div class=\"accordion accordion-js\">\n\t\t\t\t<button class=\"accordion__button\" aria-controls=\"content-3744\" aria-expanded=\"false\" id=\"accordion-control-3744\">\n\t\t\t\t\t<h3 class=\"accordion__heading\" >\n\t\t\t\t\t\t Mikro- ja nanorakenteiden valmistus\t\t\t\t\t<\/h3>\n\t\t\t\t<\/button>\n\t\t\t\t<div class=\"accordion__content\" role=\"region\" aria-labelledby=\"accordion-control-3744\" aria-hidden=\"true\" id=\"content-3744\">\n\t\t\t\t\t<p>Tarjoamme mikrometrin ja nanometrin kokoisten pintarakenteiden valmistuspalvelua litografisin menetelmin.<\/p>\n<p>Palvelu sis\u00e4lt\u00e4\u00e4 rakenteiden suunnittelun, valmistuksen ja evaluoinnin. Tarjoamme koko valmistusketjun tai yksitt\u00e4isen osan, esimerkiksi valmistuksen asiakkaan suunnitelman mukaisesti.<\/p>\n<p>K\u00e4yt\u00e4mme elektronis\u00e4dekirjoitusta sek\u00e4 erilaisia litografisia valmistusprosesseja puhdastilaymp\u00e4rist\u00f6ss\u00e4.<\/p>\n<p>Sovelluskohteisiin kuuluvat mikro- ja nanorakenteita hy\u00f6dynt\u00e4v\u00e4t optiset, kosketukselliset, pintaominaisuuksiltaan muokatut sek\u00e4 funktionaaliset pinnat.<\/p>\n<p>Laitteistomme kattaa mm:<\/p>\n<ul>\n<li>Raith EBPG5000+ES elektronis\u00e4dekirjoitin<\/li>\n<li>LAB18 tyhji\u00f6h\u00f6yrystin (PVD)<\/li>\n<li>Quorum Q300T sputteri<\/li>\n<li>Beneq TFS-200 atomikerroskasvatus (ALD)<\/li>\n<li>Oxford Instruments PlasmaPro 100 Cobra and Plasmalab 80 RIE\/ICP kuivaetsausj\u00e4rjestelm\u00e4t<\/li>\n<li>Obducat EITRE-3 nanoimprint-litografia<\/li>\n<li>Jenoptik EFNI-01 nikkelielektrolyysi<\/li>\n<\/ul>\n<p class=\"x_MsoNormal\">K\u00e4ytett\u00e4viss\u00e4 olevat valmistusmenetelm\u00e4t mikro-ja nano-optiikkaan:<\/p>\n<p class=\"x_MsoNormal\">Mikro- ja nanokuviointi<\/p>\n<ul type=\"disc\">\n<li>\n<ul type=\"disc\">\n<li class=\"x_MsoNormal\">Elektronis\u00e4delitografia<\/li>\n<li class=\"x_MsoNormal\">Ohutkalvojen valmistus\n<ul type=\"disc\">\n<li class=\"x_MsoNormal\">Tyhji\u00f6h\u00f6yrystys<\/li>\n<li class=\"x_MsoNormal\">Sputterointi<\/li>\n<li class=\"x_MsoNormal\">Atomikerroskasvatus (ALD)<\/li>\n<\/ul>\n<\/li>\n<li class=\"x_MsoNormal\">Etsaus\n<ul type=\"disc\">\n<li class=\"x_MsoNormal\">Reaktiivinen ionietsaus (RIE)<\/li>\n<li class=\"x_MsoNormal\">M\u00e4rk\u00e4etsaus<\/li>\n<\/ul>\n<\/li>\n<li class=\"x_MsoNormal\">Nanorakenteiden kopiointi\n<ul type=\"disc\">\n<li class=\"x_MsoNormal\">Nanopaino (NIL)<\/li>\n<li class=\"x_MsoNormal\">Kuumapaino<\/li>\n<li class=\"x_MsoNormal\">Rullalta rullalle painaminen<\/li>\n<li class=\"x_MsoNormal\">Nikkelin elektrolyysi<\/li>\n<\/ul>\n<\/li>\n<\/ul>\n<\/li>\n<\/ul>\n<p>Yhteyshenkil\u00f6:<\/p>\n<p>Pertti P\u00e4\u00e4kk\u00f6nen, yli-insin\u00f6\u00f6ri<br \/>\ne-mail:\u00a0<a href=\"mailto:pertti.paakkonen@uef.fi\">pertti.paakkonen@uef.fi<\/a><br \/>\npuh. 050 505 6376<br \/>\n<a href=\"https:\/\/uefconnect.uef.fi\/henkilo\/pertti.paakkonen\/\">Pertti P\u00e4\u00e4kk\u00f6nen \u2013 UEF Connect<\/a><br \/>\nIt\u00e4-Suomen yliopisto, Yliopistokatu 7, 80100 Joensuu<\/p>\n\t\t\t\t<\/div>\n\t\t\t<\/div>\n\t\t\t<\/div>\n\t\n\n\t<div id=\"accordion-block_e2552672cf2dff5a5a5fd7d3b14963aa\" class=\"accordions\">\n\t\t\t\t\t<div class=\"accordion accordion-js\">\n\t\t\t\t<button class=\"accordion__button\" aria-controls=\"content-219\" aria-expanded=\"false\" id=\"accordion-control-219\">\n\t\t\t\t\t<h3 class=\"accordion__heading\" >\n\t\t\t\t\t\t Suora 3D tulostus\t\t\t\t\t<\/h3>\n\t\t\t\t<\/button>\n\t\t\t\t<div class=\"accordion__content\" role=\"region\" aria-labelledby=\"accordion-control-219\" aria-hidden=\"true\" id=\"content-219\">\n\t\t\t\t\t<p>Tarjoamme suoratulostettavan optiikan valmistusta.<\/p>\n<p>Palvelu sis\u00e4lt\u00e4\u00e4 komponentin suunnittelun, valmistuksen ja evaluoinnin. Tarjoamme koko valmistusketjun tai yksitt\u00e4isen osan, esimerkiksi valmistuksen asiakkaan suunnitelman mukaisesti.<\/p>\n<p>K\u00e4yt\u00e4mme polymeerin suoratulostusta inkjet-menetelm\u00e4ll\u00e4.<\/p>\n<p>Sovelluskohteisiin kuuluvat senttimetrikoon vapaamuotoisia pintoja hy\u00f6dynt\u00e4v\u00e4t muoviset optiset komponentit. Menetelm\u00e4 sopii erityisesti prototyyppivalmistukseen.<\/p>\n<p>Sovelluskohteisiin kuuluvat senttimetrikoon vapaamuotoisia pintoja hy\u00f6dynt\u00e4v\u00e4t muoviset optiset komponentit. Menetelm\u00e4 sopii erityisesti prototyyppivalmistukseen.<\/p>\n<p>Laitteistomme kattaa:<\/p>\n<ul>\n<li>Kustomoitu inkjet 3D-tulostin<\/li>\n<li>Lukuisia SLA-pohjaisia 3D-tulostimia<\/li>\n<\/ul>\n<p>Yhteyshenkil\u00f6:<\/p>\n<div>\n<p>Petri Karvinen, tutkimusp\u00e4\u00e4llikk\u00f6<br \/>\ne-mail: petri.karvinen@uef.fi<br \/>\npuh. 050 324 7678<br \/>\n<a title=\"https:\/\/uefconnect.uef.fi\/henkilo\/petri.karvinen\/\" href=\"https:\/\/uefconnect.uef.fi\/henkilo\/petri.karvinen\/\" target=\"_blank\" rel=\"noreferrer noopener\">Petri Karvinen &#8211; UEFConnect<\/a><\/p>\n<\/div>\n<p><img loading=\"lazy\" decoding=\"async\" class=\"alignnone size-large wp-image-2363\" src=\"https:\/\/sites.uef.fi\/photonics\/wp-content\/uploads\/sites\/150\/2021\/05\/UEF-3d-printed-1024x683.jpg\" alt=\"\" width=\"525\" height=\"350\" srcset=\"https:\/\/sites.uef.fi\/photonics\/wp-content\/uploads\/sites\/150\/2021\/05\/UEF-3d-printed-1024x683.jpg 1024w, https:\/\/sites.uef.fi\/photonics\/wp-content\/uploads\/sites\/150\/2021\/05\/UEF-3d-printed-300x200.jpg 300w, https:\/\/sites.uef.fi\/photonics\/wp-content\/uploads\/sites\/150\/2021\/05\/UEF-3d-printed-768x512.jpg 768w, https:\/\/sites.uef.fi\/photonics\/wp-content\/uploads\/sites\/150\/2021\/05\/UEF-3d-printed.jpg 1165w\" sizes=\"auto, (max-width: 525px) 100vw, 525px\" \/><\/p>\n\t\t\t\t<\/div>\n\t\t\t<\/div>\n\t\t\t<\/div>\n\t","protected":false},"excerpt":{"rendered":"","protected":false},"author":243,"featured_media":0,"parent":0,"menu_order":0,"comment_status":"closed","ping_status":"closed","template":"","meta":{"_acf_changed":false,"_monsterinsights_skip_tracking":false,"_monsterinsights_sitenote_active":false,"_monsterinsights_sitenote_note":"","_monsterinsights_sitenote_category":0,"footnotes":""},"class_list":["post-2378","page","type-page","status-publish","hentry"],"acf":[],"yoast_head":"<!-- This site is optimized with the Yoast SEO plugin v27.3 - https:\/\/yoast.com\/product\/yoast-seo-wordpress\/ -->\n<title>Optiikan valmistus - Center for Photonics Sciences<\/title>\n<meta name=\"robots\" content=\"index, follow, max-snippet:-1, max-image-preview:large, max-video-preview:-1\" \/>\n<link rel=\"canonical\" href=\"https:\/\/sites.uef.fi\/photonics\/manufacturing-of-optics\/?lang=fi\" \/>\n<meta property=\"og:locale\" content=\"en_US\" \/>\n<meta property=\"og:type\" content=\"article\" \/>\n<meta property=\"og:title\" content=\"Optiikan valmistus - Center for Photonics Sciences\" \/>\n<meta property=\"og:url\" content=\"https:\/\/sites.uef.fi\/photonics\/manufacturing-of-optics\/?lang=fi\" \/>\n<meta property=\"og:site_name\" content=\"Center for Photonics Sciences\" \/>\n<meta property=\"article:modified_time\" content=\"2024-01-25T11:42:11+00:00\" \/>\n<meta property=\"og:image\" content=\"https:\/\/sites.uef.fi\/photonics\/wp-content\/uploads\/sites\/150\/2023\/12\/cleancomb-1024x685.jpg\" \/>\n<meta name=\"twitter:card\" content=\"summary_large_image\" \/>\n<script type=\"application\/ld+json\" class=\"yoast-schema-graph\">{\"@context\":\"https:\\\/\\\/schema.org\",\"@graph\":[{\"@type\":\"WebPage\",\"@id\":\"https:\\\/\\\/sites.uef.fi\\\/photonics\\\/manufacturing-of-optics\\\/?lang=fi\",\"url\":\"https:\\\/\\\/sites.uef.fi\\\/photonics\\\/manufacturing-of-optics\\\/?lang=fi\",\"name\":\"Optiikan valmistus - Center for Photonics Sciences\",\"isPartOf\":{\"@id\":\"https:\\\/\\\/sites.uef.fi\\\/photonics\\\/#website\"},\"primaryImageOfPage\":{\"@id\":\"https:\\\/\\\/sites.uef.fi\\\/photonics\\\/manufacturing-of-optics\\\/?lang=fi#primaryimage\"},\"image\":{\"@id\":\"https:\\\/\\\/sites.uef.fi\\\/photonics\\\/manufacturing-of-optics\\\/?lang=fi#primaryimage\"},\"thumbnailUrl\":\"https:\\\/\\\/sites.uef.fi\\\/photonics\\\/wp-content\\\/uploads\\\/sites\\\/150\\\/2023\\\/12\\\/cleancomb-1024x685.jpg\",\"datePublished\":\"2021-05-25T10:25:19+00:00\",\"dateModified\":\"2024-01-25T11:42:11+00:00\",\"breadcrumb\":{\"@id\":\"https:\\\/\\\/sites.uef.fi\\\/photonics\\\/manufacturing-of-optics\\\/?lang=fi#breadcrumb\"},\"inLanguage\":\"en-US\",\"potentialAction\":[{\"@type\":\"ReadAction\",\"target\":[\"https:\\\/\\\/sites.uef.fi\\\/photonics\\\/manufacturing-of-optics\\\/?lang=fi\"]}]},{\"@type\":\"ImageObject\",\"inLanguage\":\"en-US\",\"@id\":\"https:\\\/\\\/sites.uef.fi\\\/photonics\\\/manufacturing-of-optics\\\/?lang=fi#primaryimage\",\"url\":\"https:\\\/\\\/sites.uef.fi\\\/photonics\\\/wp-content\\\/uploads\\\/sites\\\/150\\\/2023\\\/12\\\/cleancomb.jpg\",\"contentUrl\":\"https:\\\/\\\/sites.uef.fi\\\/photonics\\\/wp-content\\\/uploads\\\/sites\\\/150\\\/2023\\\/12\\\/cleancomb.jpg\",\"width\":2064,\"height\":1380},{\"@type\":\"BreadcrumbList\",\"@id\":\"https:\\\/\\\/sites.uef.fi\\\/photonics\\\/manufacturing-of-optics\\\/?lang=fi#breadcrumb\",\"itemListElement\":[{\"@type\":\"ListItem\",\"position\":1,\"name\":\"Home\",\"item\":\"https:\\\/\\\/sites.uef.fi\\\/photonics\\\/\"},{\"@type\":\"ListItem\",\"position\":2,\"name\":\"Optiikan valmistus\"}]},{\"@type\":\"WebSite\",\"@id\":\"https:\\\/\\\/sites.uef.fi\\\/photonics\\\/#website\",\"url\":\"https:\\\/\\\/sites.uef.fi\\\/photonics\\\/\",\"name\":\"Center for Photonics Sciences\",\"description\":\"\",\"potentialAction\":[{\"@type\":\"SearchAction\",\"target\":{\"@type\":\"EntryPoint\",\"urlTemplate\":\"https:\\\/\\\/sites.uef.fi\\\/photonics\\\/?s={search_term_string}\"},\"query-input\":{\"@type\":\"PropertyValueSpecification\",\"valueRequired\":true,\"valueName\":\"search_term_string\"}}],\"inLanguage\":\"en-US\"}]}<\/script>\n<!-- \/ Yoast SEO plugin. -->","yoast_head_json":{"title":"Optiikan valmistus - Center for Photonics Sciences","robots":{"index":"index","follow":"follow","max-snippet":"max-snippet:-1","max-image-preview":"max-image-preview:large","max-video-preview":"max-video-preview:-1"},"canonical":"https:\/\/sites.uef.fi\/photonics\/manufacturing-of-optics\/?lang=fi","og_locale":"en_US","og_type":"article","og_title":"Optiikan valmistus - Center for Photonics Sciences","og_url":"https:\/\/sites.uef.fi\/photonics\/manufacturing-of-optics\/?lang=fi","og_site_name":"Center for Photonics Sciences","article_modified_time":"2024-01-25T11:42:11+00:00","og_image":[{"url":"https:\/\/sites.uef.fi\/photonics\/wp-content\/uploads\/sites\/150\/2023\/12\/cleancomb-1024x685.jpg","type":"","width":"","height":""}],"twitter_card":"summary_large_image","schema":{"@context":"https:\/\/schema.org","@graph":[{"@type":"WebPage","@id":"https:\/\/sites.uef.fi\/photonics\/manufacturing-of-optics\/?lang=fi","url":"https:\/\/sites.uef.fi\/photonics\/manufacturing-of-optics\/?lang=fi","name":"Optiikan valmistus - Center for Photonics Sciences","isPartOf":{"@id":"https:\/\/sites.uef.fi\/photonics\/#website"},"primaryImageOfPage":{"@id":"https:\/\/sites.uef.fi\/photonics\/manufacturing-of-optics\/?lang=fi#primaryimage"},"image":{"@id":"https:\/\/sites.uef.fi\/photonics\/manufacturing-of-optics\/?lang=fi#primaryimage"},"thumbnailUrl":"https:\/\/sites.uef.fi\/photonics\/wp-content\/uploads\/sites\/150\/2023\/12\/cleancomb-1024x685.jpg","datePublished":"2021-05-25T10:25:19+00:00","dateModified":"2024-01-25T11:42:11+00:00","breadcrumb":{"@id":"https:\/\/sites.uef.fi\/photonics\/manufacturing-of-optics\/?lang=fi#breadcrumb"},"inLanguage":"en-US","potentialAction":[{"@type":"ReadAction","target":["https:\/\/sites.uef.fi\/photonics\/manufacturing-of-optics\/?lang=fi"]}]},{"@type":"ImageObject","inLanguage":"en-US","@id":"https:\/\/sites.uef.fi\/photonics\/manufacturing-of-optics\/?lang=fi#primaryimage","url":"https:\/\/sites.uef.fi\/photonics\/wp-content\/uploads\/sites\/150\/2023\/12\/cleancomb.jpg","contentUrl":"https:\/\/sites.uef.fi\/photonics\/wp-content\/uploads\/sites\/150\/2023\/12\/cleancomb.jpg","width":2064,"height":1380},{"@type":"BreadcrumbList","@id":"https:\/\/sites.uef.fi\/photonics\/manufacturing-of-optics\/?lang=fi#breadcrumb","itemListElement":[{"@type":"ListItem","position":1,"name":"Home","item":"https:\/\/sites.uef.fi\/photonics\/"},{"@type":"ListItem","position":2,"name":"Optiikan valmistus"}]},{"@type":"WebSite","@id":"https:\/\/sites.uef.fi\/photonics\/#website","url":"https:\/\/sites.uef.fi\/photonics\/","name":"Center for Photonics Sciences","description":"","potentialAction":[{"@type":"SearchAction","target":{"@type":"EntryPoint","urlTemplate":"https:\/\/sites.uef.fi\/photonics\/?s={search_term_string}"},"query-input":{"@type":"PropertyValueSpecification","valueRequired":true,"valueName":"search_term_string"}}],"inLanguage":"en-US"}]}},"_links":{"self":[{"href":"https:\/\/sites.uef.fi\/photonics\/wp-json\/wp\/v2\/pages\/2378","targetHints":{"allow":["GET"]}}],"collection":[{"href":"https:\/\/sites.uef.fi\/photonics\/wp-json\/wp\/v2\/pages"}],"about":[{"href":"https:\/\/sites.uef.fi\/photonics\/wp-json\/wp\/v2\/types\/page"}],"author":[{"embeddable":true,"href":"https:\/\/sites.uef.fi\/photonics\/wp-json\/wp\/v2\/users\/243"}],"replies":[{"embeddable":true,"href":"https:\/\/sites.uef.fi\/photonics\/wp-json\/wp\/v2\/comments?post=2378"}],"version-history":[{"count":2,"href":"https:\/\/sites.uef.fi\/photonics\/wp-json\/wp\/v2\/pages\/2378\/revisions"}],"predecessor-version":[{"id":9064,"href":"https:\/\/sites.uef.fi\/photonics\/wp-json\/wp\/v2\/pages\/2378\/revisions\/9064"}],"wp:attachment":[{"href":"https:\/\/sites.uef.fi\/photonics\/wp-json\/wp\/v2\/media?parent=2378"}],"curies":[{"name":"wp","href":"https:\/\/api.w.org\/{rel}","templated":true}]}}