{"id":2699,"date":"2021-06-04T13:25:40","date_gmt":"2021-06-04T10:25:40","guid":{"rendered":"https:\/\/sites.uef.fi\/photonics\/?page_id=2699"},"modified":"2024-05-13T10:45:59","modified_gmt":"2024-05-13T07:45:59","slug":"continuous-learning","status":"publish","type":"page","link":"https:\/\/sites.uef.fi\/photonics\/continuous-learning\/?lang=fi","title":{"rendered":"Jatkuva oppiminen"},"content":{"rendered":"\n<p><strong style=\"color: initial\"><em>Henkil\u00f6st\u00f6n oppimisella lis\u00e4\u00e4 kilpailukyky\u00e4!<\/em><\/strong><\/p>\n\n\n\n<p>\u201dMenestymisemme fotoniikan kovassa liiketoiminnassa edellytt\u00e4\u00e4 osaavaa ty\u00f6voimaa. Hankimme meid\u00e4n tarpeisiimme ja henkil\u00f6st\u00f6mme osaamistavoitteisiin r\u00e4\u00e4t\u00e4l\u00f6idyn koulutuksen optiikan perusteista It\u00e4-Suomen yliopiston Fotoniikan instituutin [nykyiselt\u00e4 nimelt\u00e4\u00e4n Fotoniikan tutkimuskeskus] ammattilaisilta. Heid\u00e4n koulutuksensa ovat laadukkaita ja k\u00e4yt\u00e4nn\u00f6nl\u00e4heisi\u00e4, eiv\u00e4tk\u00e4 pelkk\u00e4\u00e4 teoriaa. Koulutamme ty\u00f6ntekij\u00f6it\u00e4mme, sill\u00e4 t\u00e4m\u00e4 auttaa heit\u00e4 n\u00e4kem\u00e4\u00e4n oman teht\u00e4v\u00e4ns\u00e4 osana tuotteidemme suunnittelua ja valmistusta, sek\u00e4 suorittamaan ty\u00f6ns\u00e4 entist\u00e4 paremmin. Koemme, ett\u00e4 koulutus kasvatti henkil\u00f6st\u00f6mme kokonaisymm\u00e4rryst\u00e4 fotoniikasta. Ja erityisesti siit\u00e4, miten n\u00e4ytt\u00f6jen valaisun eri ominaisuuksiin voidaan vaikuttaa.\u201d<\/p>\n\n\n\n<p class=\"has-text-align-right\"><em>Veli-Pekka Lepp\u00e4nen, CEO, Nanocomp Ltd.<\/em><\/p>\n\n\n\n<p>Osaavat ihmiset kehitt\u00e4v\u00e4t organisaatioista kilpailukykyisempi\u00e4 ja kannattavampia. Osaamisen vahvistaminen rakentuu yksil\u00f6iden kyvykkyyden lis\u00e4\u00e4misest\u00e4.<\/p>\n\n\n\n<p>On kyse sitten perusasioiden opettelemisesta, toiminnan kehitt\u00e4misess\u00e4 vaadittavista taidoista, omalla ty\u00f6paikalla uusien teht\u00e4vien vastaanottamisesta tai uralla etenemisest\u00e4, me Fotoniikan tutkimuskeskuksella tarjoamme jatkuvan oppimisen koulutuksia, joiden sis\u00e4lt\u00f6 ja tavoitteet vastaavat oppijoidensa tarpeita ja tapoja, sek\u00e4 tukevat yrityksen tavoitteita. Me emme kouluta kouluttamisen ilosta, vaan lis\u00e4t\u00e4ksemme yritysten ja yksil\u00f6iden osaamista.<\/p>\n\n\n\n<p>Fotoniikan tutkimuskeskuksen koulutukset voivat toimia osana uuden ty\u00f6ntekij\u00e4n perehdytt\u00e4mist\u00e4, tietyn taitotason saavuttamisessa koko henkil\u00f6st\u00f6ss\u00e4, tai ne voivat auttaa kehitt\u00e4m\u00e4\u00e4n parempia palveluja ja tuotteita. Toisaalta osaamisen kehitt\u00e4minen voidaan n\u00e4hd\u00e4 pitk\u00e4j\u00e4nteisen\u00e4 ty\u00f6n\u00e4, joka sitouttaa ty\u00f6ntekij\u00e4\u00e4 omaan organisaatioon ja kartuttaa ty\u00f6ntekij\u00f6ille taitoja ja kyvykkyyksi\u00e4 suoriutua ty\u00f6teht\u00e4vist\u00e4\u00e4n entist\u00e4 paremmin my\u00f6s tulevaisuudessa.<\/p>\n\n\n\n<p>Tutkimusyhteisty\u00f6n tekeminen ja yritysten palveluksessa ty\u00f6skentelev\u00e4t tohtorikoulutettavat kuuluvat osaksi Jatkuvan oppimisen-kokonaisuuttamme.<\/p>\n\n\n\n<p><em>Tutustu alla Jatkuvan oppimisen tarjontaamme:<\/em><\/p>\n\n\n\t<div id=\"accordion-block_82fcde2b2fb551189a6f43c8a13e0288\" class=\"accordions\">\n\t\t\t\t\t<div class=\"accordion accordion-js\">\n\t\t\t\t<button class=\"accordion__button\" aria-controls=\"content-6329\" aria-expanded=\"false\" id=\"accordion-control-6329\">\n\t\t\t\t\t<h3 class=\"accordion__heading\" >\n\t\t\t\t\t\t Organisaation osaamisen vahvistaminen: yrityksille r\u00e4\u00e4t\u00e4l\u00f6idyt koulutukset\t\t\t\t\t<\/h3>\n\t\t\t\t<\/button>\n\t\t\t\t<div class=\"accordion__content\" role=\"region\" aria-labelledby=\"accordion-control-6329\" aria-hidden=\"true\" id=\"content-6329\">\n\t\t\t\t\t<p>Tarjoamme yritysten tavoitteisiin sovitettuja koulutuskokonaisuuksia, jotka perustuvat uusimaan tutkittuun tietoon, avaavat tuoreita n\u00e4k\u00f6kulmia ty\u00f6n sis\u00e4lt\u00f6\u00f6n ja ty\u00f6skentelytapoihin. Koulutuksemme suunnitellaan yhdess\u00e4 asiakkaidemme ja toimialan vaatimusten mukaan.<\/p>\n<p>Fotoniikan tutkimuskeskus tarjoaa yrityksille koulutuksia esimerkiksi seuraavista aihealueista:<\/p>\n<p><strong>Fotoniikan perusteet<\/strong><\/p>\n<p>Koulutus tarjoaa perustiedot fotoniikasta, p\u00e4\u00e4painon ollessa asiakkaan pyyt\u00e4miss\u00e4 aiheissa. Koulutuksessa tarkastellaan fotoniikan ilmi\u00f6it\u00e4 ja niiden k\u00e4ytt\u00f6\u00e4 osana nykyteknologiaa. Koulutuksessa voidaan tarkastella esimerkiksi virtuaalitodellisuuden ja lis\u00e4tyn todellisuuden laitteissa k\u00e4ytetty\u00e4 fotoniikkaa, kameraoptiikkaa, valon ominaisuuksia, kuten diffraktiota ja interferenssi\u00e4, sek\u00e4 valon reagoimista aineen kanssa.<\/p>\n<p><strong>Puhdastilakoulutus<\/strong><\/p>\n<p>ISO- ja GMP-m\u00e4\u00e4r\u00e4ysten mukaisten puhdastilojen perustiedot ja toimintamallit, puhdastilaty\u00f6skentelyn ja tuotantohygieenisten ty\u00f6tapojen ymm\u00e4rt\u00e4misen, puhdastilaluokan vaatimusten mukaisen pukeutuminen, ilman partikkelit, HEPA-suodatin, ISO 14644-1 standardin esittely, hiukkasilmaisimet, moderni puhdastila, puhdastilaperiaatteet luokittain ISO 8-ISO 3, puhdastilan siivoamisen periaatteet, laadunvarmistus, optisten komponenttien k\u00e4sittelyn ja puhdistamisen periaatteet, toimiminen puhdastilassa, turvallisuusasiat, sek\u00e4 vetokaappity\u00f6skentely.<\/p>\n<p><strong>Laserturvallisuus<\/strong><\/p>\n<p>Yrityksen omissa tiloissa pidett\u00e4v\u00e4ss\u00e4 koulutuksessa perehdyt\u00e4\u00e4n erilaisiin lasereihin, laserluokkiin, alan standardeihin, sek\u00e4 laserturvallisuuteen. Koulutuksessa k\u00e4yd\u00e4\u00e4n l\u00e4pi my\u00f6s asiakkaiden omaan tuotantoprosessiin liittyvi\u00e4 laserturvallisuushaasteita ja opastetaan oikeiden turvallisuusk\u00e4yt\u00e4nt\u00f6jen toimeenpanossa. Koulutusp\u00e4iv\u00e4\u00e4n sis\u00e4ltyy ty\u00f6paja, jossa havainnoidaan turvallisuuteen liittyvi\u00e4 puutteita aidossa ymp\u00e4rist\u00f6ss\u00e4. Osallistujat toteuttavat my\u00f6s ty\u00f6turvallisuussuunnitelman.<\/p>\n<p><strong>Optinen suunnittelu<\/strong><\/p>\n<p>Kurssin tavoitteena on opettaa optisen suunnittelun perusteet. Kurssilla opitaan mm. geometrisen optiikan perusteet, tasoaalto, taittuminen ja heijastuminen, s\u00e4deoptiikan rajat, linssit ja peilit, paraksiaalinen approksimaatio, s\u00e4teenseuranta, kuvausvirheet, optinen systeemi, matriisiesitys, systeemisuureet, radiometria ja fotometria, fotometriset perussuureet, v\u00e4rin esitt\u00e4minen, valol\u00e4hteet, optiset materiaalit ja komponentit, valmiiden komponenttien tarjonta ja k\u00e4ytt\u00f6, optiset laitteet, optiset mittaukset, Gaussin s\u00e4de, s\u00e4teen ominaisuudet, optisen suunnittelun periaatteet ja ty\u00f6kalut, komponenttien valinta, toteutusprosessin vaiheet. Kurssilla k\u00e4yd\u00e4\u00e4n l\u00e4pi my\u00f6s suunnitteluharjoituksia sek\u00e4 k\u00e4yt\u00e4nn\u00f6n suunnittelutapauksia.Kurssin j\u00e4lkeen osallistujilla on tarvittavat teoreettiset ja k\u00e4yt\u00e4nn\u00f6n taidot optisen suunnittelun aloittamiseksi.<strong>\u00a0<\/strong><\/p>\n<p>&nbsp;<\/p>\n<ul>\n<li>Toteutamme osan koulutuksista yhdess\u00e4 Karelia ammattikorkeakoulun sek\u00e4 Riverian kanssa<\/li>\n<li>Kysy rohkeasti my\u00f6s muista aiheista! Kehit\u00e4mme jatkuvasti koulutussis\u00e4lt\u00f6j\u00e4mme.<\/li>\n<\/ul>\n<p>Kuinka koulutus hankintaan Fotoniikan tutkimuskeskukselta:<\/p>\n<ul>\n<li>Ota meihin yhteytt\u00e4:<\/li>\n<\/ul>\n<p>Pasi Vahimaa, professori<br \/>\ne-mail: pasi.vahimaa@uef.fi<br \/>\npuh. 050 400 1594<br \/>\n<a href=\"https:\/\/uefconnect.uef.fi\/en\/person\/pasi.vahimaa\/\">Pasi Vahimaa &#8211; UEF Connect<\/a><\/p>\n<ul>\n<li>K\u00e4yd\u00e4\u00e4n l\u00e4pi yrityksenne koulutustarve ja tavoitteet.<\/li>\n<li>Mietit\u00e4\u00e4n yhdess\u00e4 koulutuksen pituus ja toteutustapa<\/li>\n<li>Tarvittaessa k\u00e4ymme paikan p\u00e4\u00e4ll\u00e4 tutustumassa toimitiloihinne sek\u00e4 henkil\u00f6st\u00f6n ty\u00f6teht\u00e4viin<\/li>\n<li>Teemme henkil\u00f6st\u00f6n taitotasoon ja ty\u00f6teht\u00e4viin sovitetusta koulutuskokonaisuudesta ehdotuksen ja l\u00e4het\u00e4mme teille koulutusmateriaalirungon.<\/li>\n<li>K\u00e4yd\u00e4\u00e4n l\u00e4pi tarvittavat muutokset koulutusmateriaaliin.<\/li>\n<li>Annamme tarjouksen koulutuksen hinnasta<\/li>\n<li>Sovitaan koulutusp\u00e4iv\u00e4m\u00e4\u00e4r\u00e4<\/li>\n<\/ul>\n<p>Kouluttajat: Fotoniikan tutkimuskeskuksen ty\u00f6ntekij\u00e4t<br \/>\nKieli: suomi, englanti<br \/>\nPaikka: Paikan p\u00e4\u00e4ll\u00e4 yrityksess\u00e4, yliopiston tiloissa, et\u00e4n\u00e4<br \/>\nHinnoittelu: Hinnoittelu perustuu yrityksen kanssa yhdess\u00e4 sovittuun koulutuksen laajuuteen, kestoon ja vaatimuksiin<\/p>\n\t\t\t\t<\/div>\n\t\t\t<\/div>\n\t\t\t<\/div>\n\t\n\n\t<div id=\"accordion-block_b253a664255a054066865edc540d2df9\" class=\"accordions\">\n\t\t\t\t\t<div class=\"accordion accordion-js\">\n\t\t\t\t<button class=\"accordion__button\" aria-controls=\"content-8400\" aria-expanded=\"false\" id=\"accordion-control-8400\">\n\t\t\t\t\t<h3 class=\"accordion__heading\" >\n\t\t\t\t\t\tVahvista omaa osaamistasi fotoniikasta\t\t\t\t\t<\/h3>\n\t\t\t\t<\/button>\n\t\t\t\t<div class=\"accordion__content\" role=\"region\" aria-labelledby=\"accordion-control-8400\" aria-hidden=\"true\" id=\"content-8400\">\n\t\t\t\t\t<p>J\u00e4rjest\u00e4mme koulutuksia eri fotoniikan aihealueista, ja kursseille voi ilmoittautua aiheesta kiinnostunut. Osallistujat voivat olla eri organisaatioista, tai voit osallistua kurssille lis\u00e4t\u00e4ksesi omaa osaamistasi, vaikka aihe ei liittyisik\u00e4\u00e4n suoraan omaan ty\u00f6h\u00f6si. Lis\u00e4ksi tarjoamme opintojaksoja It\u00e4-Suomen yliopiston avoimen yliopiston kautta.<\/p>\n<p><em>Mik\u00e4li et nyt l\u00f6yd\u00e4 sopivaa koulutusta, laita meille viesti\u00e4. J\u00e4rjest\u00e4mme koulutuksia my\u00f6s kysynn\u00e4n mukaan nopeallakin aikataululla!<\/em><\/p>\n<p><strong>K\u00e4ynniss\u00e4 olevat koulutukset:<\/strong><\/p>\n<p>Tarjoamme avoimen yliopiston kautta seuraavia opintojaksoja:<\/p>\n<ul>\n<li><a href=\"https:\/\/www.uef.fi\/fi\/jatkuva-oppiminen\/mooc-fotoniikkaa-kaikille\">Fotoniikkaa kaikille<\/a><\/li>\n<li><a href=\"https:\/\/www.uef.fi\/fi\/jatkuva-oppiminen\/mooc-valo\">Valo<\/a><\/li>\n<li><a href=\"https:\/\/www.uef.fi\/fi\/jatkuva-oppiminen\/sahko-ja-laserturvallisuus-lv-2023-2024\">S\u00e4hk\u00f6- ja laserturvallisuus<\/a><\/li>\n<\/ul>\n\t\t\t\t<\/div>\n\t\t\t<\/div>\n\t\t\t<\/div>\n\t\n\n\t<div id=\"accordion-block_6758f60c735c69ff3b55557e2feef5b9\" class=\"accordions\">\n\t\t\t\t\t<div class=\"accordion accordion-js\">\n\t\t\t\t<button class=\"accordion__button\" aria-controls=\"content-5015\" aria-expanded=\"false\" id=\"accordion-control-5015\">\n\t\t\t\t\t<h3 class=\"accordion__heading\" >\n\t\t\t\t\t\tTy\u00f6ntekij\u00e4 kouluttautuu \u2013 liiketoiminta kehittyy\t\t\t\t\t<\/h3>\n\t\t\t\t<\/button>\n\t\t\t\t<div class=\"accordion__content\" role=\"region\" aria-labelledby=\"accordion-control-5015\" aria-hidden=\"true\" id=\"content-5015\">\n\t\t\t\t\t<p>Huipputeknologiassa korkealaatuinen tutkimus ja siit\u00e4 liike-el\u00e4m\u00e4\u00e4n sovellettavat tutkimustulokset ovat avain menestykseen.<\/p>\n<p>Onko yrityksess\u00e4nne ty\u00f6ntekij\u00e4, jonka pohjakoulutus antaisi mahdollisuuksia jatkaa opintopolkuaan tohtorikoulutettavana? Oman ty\u00f6ntekij\u00e4n tekem\u00e4n tutkimuksen kautta yritys voi saavuttaa sellaista kilpailuetua, jota muut eiv\u00e4t voi kopioida. Tai oletteko tunnistaneet liiketoiminnastanne aiheen, jota tutkimalla voisi aikaansaada tieteellisesti t\u00e4rkeit\u00e4 tuloksia ja yrityksellenne kilpailuetua?<\/p>\n<p>Fotoniikan insituutti tekee yritysten kanssa yhteisi\u00e4 tutkimushankkeita, joissa tehd\u00e4\u00e4n tutkimusta yrityksess\u00e4. Tutkijana voi toimia yrityksen ty\u00f6ntekij\u00e4, joka samalla suorittaa tohtoriopintojaan ja tutkii v\u00e4it\u00f6skirjaansa varten, tai yritys voi palkata tutkimusta tekev\u00e4n tohtoriopiskelijan palvelukseensa ja kasvattaa h\u00e4nest\u00e4 osaajan tulevaisuuden tarpeisiin.<\/p>\n<p>Fotoniikan tutkimuskeskuksen tavoitteena on yhteensovittaa tutkimuksen ja liike-el\u00e4m\u00e4n tarpeita tutkimuksen tekemisen kautta, sill\u00e4 samaan aikaan kun tiede kehittyy uusien tutkimustulosten kautta, yritykset kehitt\u00e4v\u00e4t toimintaansa, sek\u00e4 yksitt\u00e4inen osaaja kehittyy niin tutkijana kuin ty\u00f6ntekij\u00e4n\u00e4. Vaihtoehtoja tutkimusyhteisty\u00f6n toteuttamiselle on monia!<\/p>\n<p>Lue lis\u00e4\u00e4\u00a0<a href=\"https:\/\/sites.uef.fi\/photonics\/how-we-collaborate\/\">Fotoniikan tutkimuskeskuksen ja yritysten v\u00e4lisist\u00e4 yhteisty\u00f6malleista.<\/a><\/p>\n<p>Lue lis\u00e4\u00e4\u00a0<a href=\"https:\/\/sites.uef.fi\/photonics\/the-doctoral-education-phd-in-photonics\/\">UEF-tohtorikoulutuksesta<\/a>\u00a0(sivu englanniksi).<\/p>\n\t\t\t\t<\/div>\n\t\t\t<\/div>\n\t\t\t<\/div>\n\t\n\n\n<p><br>Yhteyshenkil\u00f6:<br><br>Pasi Vahimaa, professori<br>e-mail:&nbsp;<a href=\"mailto:pasi.vahimaa@uef.fi\">pasi.vahimaa@uef.fi<\/a><br>puh. 050 400 1594<br><a href=\"https:\/\/uefconnect.uef.fi\/en\/person\/pasi.vahimaa\/\">Pasi Vahimaa \u2013 UEF Connect<\/a><\/p>\n","protected":false},"excerpt":{"rendered":"<p>Henkil\u00f6st\u00f6n oppimisella lis\u00e4\u00e4 kilpailukyky\u00e4! \u201dMenestymisemme fotoniikan kovassa liiketoiminnassa edellytt\u00e4\u00e4 osaavaa ty\u00f6voimaa. Hankimme meid\u00e4n tarpeisiimme ja henkil\u00f6st\u00f6mme osaamistavoitteisiin r\u00e4\u00e4t\u00e4l\u00f6idyn koulutuksen optiikan perusteista It\u00e4-Suomen yliopiston Fotoniikan instituutin [nykyiselt\u00e4 nimelt\u00e4\u00e4n Fotoniikan tutkimuskeskus] ammattilaisilta. Heid\u00e4n koulutuksensa ovat laadukkaita ja k\u00e4yt\u00e4nn\u00f6nl\u00e4heisi\u00e4, eiv\u00e4tk\u00e4 pelkk\u00e4\u00e4 teoriaa. Koulutamme ty\u00f6ntekij\u00f6it\u00e4mme, sill\u00e4 t\u00e4m\u00e4 auttaa heit\u00e4 n\u00e4kem\u00e4\u00e4n oman teht\u00e4v\u00e4ns\u00e4 osana tuotteidemme suunnittelua ja valmistusta, sek\u00e4 suorittamaan [&hellip;]<\/p>\n","protected":false},"author":243,"featured_media":0,"parent":0,"menu_order":0,"comment_status":"closed","ping_status":"closed","template":"","meta":{"_acf_changed":false,"_monsterinsights_skip_tracking":false,"_monsterinsights_sitenote_active":false,"_monsterinsights_sitenote_note":"","_monsterinsights_sitenote_category":0,"footnotes":""},"class_list":["post-2699","page","type-page","status-publish","hentry"],"acf":[],"yoast_head":"<!-- This site is optimized with the Yoast SEO plugin v27.3 - https:\/\/yoast.com\/product\/yoast-seo-wordpress\/ -->\n<title>Jatkuva oppiminen - Center for Photonics Sciences<\/title>\n<meta name=\"robots\" content=\"index, follow, max-snippet:-1, max-image-preview:large, max-video-preview:-1\" \/>\n<link rel=\"canonical\" href=\"https:\/\/sites.uef.fi\/photonics\/continuous-learning\/?lang=fi\" \/>\n<meta property=\"og:locale\" content=\"en_US\" \/>\n<meta property=\"og:type\" content=\"article\" \/>\n<meta property=\"og:title\" content=\"Jatkuva oppiminen - Center for Photonics Sciences\" \/>\n<meta property=\"og:description\" content=\"Henkil\u00f6st\u00f6n oppimisella lis\u00e4\u00e4 kilpailukyky\u00e4! \u201dMenestymisemme fotoniikan kovassa liiketoiminnassa edellytt\u00e4\u00e4 osaavaa ty\u00f6voimaa. Hankimme meid\u00e4n tarpeisiimme ja henkil\u00f6st\u00f6mme osaamistavoitteisiin r\u00e4\u00e4t\u00e4l\u00f6idyn koulutuksen optiikan perusteista It\u00e4-Suomen yliopiston Fotoniikan instituutin [nykyiselt\u00e4 nimelt\u00e4\u00e4n Fotoniikan tutkimuskeskus] ammattilaisilta. Heid\u00e4n koulutuksensa ovat laadukkaita ja k\u00e4yt\u00e4nn\u00f6nl\u00e4heisi\u00e4, eiv\u00e4tk\u00e4 pelkk\u00e4\u00e4 teoriaa. Koulutamme ty\u00f6ntekij\u00f6it\u00e4mme, sill\u00e4 t\u00e4m\u00e4 auttaa heit\u00e4 n\u00e4kem\u00e4\u00e4n oman teht\u00e4v\u00e4ns\u00e4 osana tuotteidemme suunnittelua ja valmistusta, sek\u00e4 suorittamaan [&hellip;]\" \/>\n<meta property=\"og:url\" content=\"https:\/\/sites.uef.fi\/photonics\/continuous-learning\/?lang=fi\" \/>\n<meta property=\"og:site_name\" content=\"Center for Photonics Sciences\" \/>\n<meta property=\"article:modified_time\" content=\"2024-05-13T07:45:59+00:00\" \/>\n<meta name=\"twitter:card\" content=\"summary_large_image\" \/>\n<meta name=\"twitter:label1\" content=\"Est. reading time\" \/>\n\t<meta name=\"twitter:data1\" content=\"1 minute\" \/>\n<script type=\"application\/ld+json\" class=\"yoast-schema-graph\">{\"@context\":\"https:\\\/\\\/schema.org\",\"@graph\":[{\"@type\":\"WebPage\",\"@id\":\"https:\\\/\\\/sites.uef.fi\\\/photonics\\\/continuous-learning\\\/?lang=fi\",\"url\":\"https:\\\/\\\/sites.uef.fi\\\/photonics\\\/continuous-learning\\\/?lang=fi\",\"name\":\"Jatkuva oppiminen - Center for Photonics Sciences\",\"isPartOf\":{\"@id\":\"https:\\\/\\\/sites.uef.fi\\\/photonics\\\/#website\"},\"datePublished\":\"2021-06-04T10:25:40+00:00\",\"dateModified\":\"2024-05-13T07:45:59+00:00\",\"breadcrumb\":{\"@id\":\"https:\\\/\\\/sites.uef.fi\\\/photonics\\\/continuous-learning\\\/?lang=fi#breadcrumb\"},\"inLanguage\":\"en-US\",\"potentialAction\":[{\"@type\":\"ReadAction\",\"target\":[\"https:\\\/\\\/sites.uef.fi\\\/photonics\\\/continuous-learning\\\/?lang=fi\"]}]},{\"@type\":\"BreadcrumbList\",\"@id\":\"https:\\\/\\\/sites.uef.fi\\\/photonics\\\/continuous-learning\\\/?lang=fi#breadcrumb\",\"itemListElement\":[{\"@type\":\"ListItem\",\"position\":1,\"name\":\"Home\",\"item\":\"https:\\\/\\\/sites.uef.fi\\\/photonics\\\/\"},{\"@type\":\"ListItem\",\"position\":2,\"name\":\"Jatkuva oppiminen\"}]},{\"@type\":\"WebSite\",\"@id\":\"https:\\\/\\\/sites.uef.fi\\\/photonics\\\/#website\",\"url\":\"https:\\\/\\\/sites.uef.fi\\\/photonics\\\/\",\"name\":\"Center for Photonics Sciences\",\"description\":\"\",\"potentialAction\":[{\"@type\":\"SearchAction\",\"target\":{\"@type\":\"EntryPoint\",\"urlTemplate\":\"https:\\\/\\\/sites.uef.fi\\\/photonics\\\/?s={search_term_string}\"},\"query-input\":{\"@type\":\"PropertyValueSpecification\",\"valueRequired\":true,\"valueName\":\"search_term_string\"}}],\"inLanguage\":\"en-US\"}]}<\/script>\n<!-- \/ Yoast SEO plugin. -->","yoast_head_json":{"title":"Jatkuva oppiminen - Center for Photonics Sciences","robots":{"index":"index","follow":"follow","max-snippet":"max-snippet:-1","max-image-preview":"max-image-preview:large","max-video-preview":"max-video-preview:-1"},"canonical":"https:\/\/sites.uef.fi\/photonics\/continuous-learning\/?lang=fi","og_locale":"en_US","og_type":"article","og_title":"Jatkuva oppiminen - Center for Photonics Sciences","og_description":"Henkil\u00f6st\u00f6n oppimisella lis\u00e4\u00e4 kilpailukyky\u00e4! \u201dMenestymisemme fotoniikan kovassa liiketoiminnassa edellytt\u00e4\u00e4 osaavaa ty\u00f6voimaa. Hankimme meid\u00e4n tarpeisiimme ja henkil\u00f6st\u00f6mme osaamistavoitteisiin r\u00e4\u00e4t\u00e4l\u00f6idyn koulutuksen optiikan perusteista It\u00e4-Suomen yliopiston Fotoniikan instituutin [nykyiselt\u00e4 nimelt\u00e4\u00e4n Fotoniikan tutkimuskeskus] ammattilaisilta. Heid\u00e4n koulutuksensa ovat laadukkaita ja k\u00e4yt\u00e4nn\u00f6nl\u00e4heisi\u00e4, eiv\u00e4tk\u00e4 pelkk\u00e4\u00e4 teoriaa. Koulutamme ty\u00f6ntekij\u00f6it\u00e4mme, sill\u00e4 t\u00e4m\u00e4 auttaa heit\u00e4 n\u00e4kem\u00e4\u00e4n oman teht\u00e4v\u00e4ns\u00e4 osana tuotteidemme suunnittelua ja valmistusta, sek\u00e4 suorittamaan [&hellip;]","og_url":"https:\/\/sites.uef.fi\/photonics\/continuous-learning\/?lang=fi","og_site_name":"Center for Photonics Sciences","article_modified_time":"2024-05-13T07:45:59+00:00","twitter_card":"summary_large_image","twitter_misc":{"Est. reading time":"1 minute"},"schema":{"@context":"https:\/\/schema.org","@graph":[{"@type":"WebPage","@id":"https:\/\/sites.uef.fi\/photonics\/continuous-learning\/?lang=fi","url":"https:\/\/sites.uef.fi\/photonics\/continuous-learning\/?lang=fi","name":"Jatkuva oppiminen - Center for Photonics Sciences","isPartOf":{"@id":"https:\/\/sites.uef.fi\/photonics\/#website"},"datePublished":"2021-06-04T10:25:40+00:00","dateModified":"2024-05-13T07:45:59+00:00","breadcrumb":{"@id":"https:\/\/sites.uef.fi\/photonics\/continuous-learning\/?lang=fi#breadcrumb"},"inLanguage":"en-US","potentialAction":[{"@type":"ReadAction","target":["https:\/\/sites.uef.fi\/photonics\/continuous-learning\/?lang=fi"]}]},{"@type":"BreadcrumbList","@id":"https:\/\/sites.uef.fi\/photonics\/continuous-learning\/?lang=fi#breadcrumb","itemListElement":[{"@type":"ListItem","position":1,"name":"Home","item":"https:\/\/sites.uef.fi\/photonics\/"},{"@type":"ListItem","position":2,"name":"Jatkuva oppiminen"}]},{"@type":"WebSite","@id":"https:\/\/sites.uef.fi\/photonics\/#website","url":"https:\/\/sites.uef.fi\/photonics\/","name":"Center for Photonics Sciences","description":"","potentialAction":[{"@type":"SearchAction","target":{"@type":"EntryPoint","urlTemplate":"https:\/\/sites.uef.fi\/photonics\/?s={search_term_string}"},"query-input":{"@type":"PropertyValueSpecification","valueRequired":true,"valueName":"search_term_string"}}],"inLanguage":"en-US"}]}},"_links":{"self":[{"href":"https:\/\/sites.uef.fi\/photonics\/wp-json\/wp\/v2\/pages\/2699","targetHints":{"allow":["GET"]}}],"collection":[{"href":"https:\/\/sites.uef.fi\/photonics\/wp-json\/wp\/v2\/pages"}],"about":[{"href":"https:\/\/sites.uef.fi\/photonics\/wp-json\/wp\/v2\/types\/page"}],"author":[{"embeddable":true,"href":"https:\/\/sites.uef.fi\/photonics\/wp-json\/wp\/v2\/users\/243"}],"replies":[{"embeddable":true,"href":"https:\/\/sites.uef.fi\/photonics\/wp-json\/wp\/v2\/comments?post=2699"}],"version-history":[{"count":2,"href":"https:\/\/sites.uef.fi\/photonics\/wp-json\/wp\/v2\/pages\/2699\/revisions"}],"predecessor-version":[{"id":9598,"href":"https:\/\/sites.uef.fi\/photonics\/wp-json\/wp\/v2\/pages\/2699\/revisions\/9598"}],"wp:attachment":[{"href":"https:\/\/sites.uef.fi\/photonics\/wp-json\/wp\/v2\/media?parent=2699"}],"curies":[{"name":"wp","href":"https:\/\/api.w.org\/{rel}","templated":true}]}}