{"id":114,"date":"2022-05-31T11:32:37","date_gmt":"2022-05-31T11:32:37","guid":{"rendered":"https:\/\/sites.uef.fi\/rapukamu\/?page_id=114"},"modified":"2023-12-14T16:33:49","modified_gmt":"2023-12-14T16:33:49","slug":"taplaravun-kannanvaihtelut","status":"publish","type":"page","link":"https:\/\/sites.uef.fi\/rapukamu\/taplaravun-kannanvaihtelut\/","title":{"rendered":"T\u00e4pl\u00e4rapukantojen tuoton vaihtelu"},"content":{"rendered":"\n<p>Pitk\u00e4aikainen seuranta sek\u00e4 Suomessa ett\u00e4 Ruotsissa on osoittanut, ett\u00e4 t\u00e4pl\u00e4rapukantojen tuotto voi vaihdella runsaasti ja t\u00e4pl\u00e4rapukannat voivat romahtaa. Oletus t\u00e4pl\u00e4rapukantojen tasaisesta tuotosta on toteutunut vain istutusta seuranneen kannan alkukehityksen aikana ja t\u00e4pl\u00e4rapukannan tiheyden kasvaessa ovat merkit vaikeuksista nousseet pinnalle. Suomessa ensimm\u00e4iset havainnot n\u00e4ist\u00e4 kannan koon vaihteluista tehtiin Karjalohjan Puuj\u00e4rvelt\u00e4 1990-luvulla ja my\u00f6hemmin S\u00e4kyl\u00e4n Pyh\u00e4j\u00e4rvelt\u00e4 2000-luvulla.<\/p>\n\n\n\n<p>Puuj\u00e4rven t\u00e4pl\u00e4rapukanta romahti rapuruton vuoksi 1990-luvulla eik\u00e4 ole palautunut entiselle tasolleen. Pyh\u00e4j\u00e4rven (S\u00e4kyl\u00e4) t\u00e4pl\u00e4rapukanta on romahtanut jo ainakin kahdesti ja tuoton vaihtelu on ollut suurta. Tampereen Pyh\u00e4j\u00e4rven t\u00e4pl\u00e4rapukanta on my\u00f6s romahtanut 2000-luvulla, oikeastaan h\u00e4vinnyt l\u00e4hes kokonaan. Saimaan alueella on my\u00f6s todettu ainakin kaksi romahdusta viimeisen 15 vuoden aikana. Kanta-H\u00e4meen alueen t\u00e4pl\u00e4rapukantojen vaikeuksista on julkaistu selvitys, jonka mukaan alueen noin 75 t\u00e4pl\u00e4rapukannasta ainakin 30 on havaittu romahdus tai kannan tuoton merkitt\u00e4v\u00e4 alenema (Jussila ja muut 2014).<\/p>\n\n\n\n<p>Suomessa asiaa ovat selvitelleet mm. Luken ja It\u00e4-Suomen yliopiston tutkijat. Syin\u00e4 t\u00e4pl\u00e4rapukannan vaikeuksiin on esitetty s\u00e4\u00e4ilmi\u00f6it\u00e4 (nopeasti etenev\u00e4 syksy tai kylm\u00e4 kes\u00e4), t\u00e4pl\u00e4ravulle heikosti sopivia pieni\u00e4 ja matalia vesialueita (veden l\u00e4mpimyys ja l\u00e4mp\u00f6tilan vaihtelut) sek\u00e4 tauteja, erityisesti rapuruttoa. Luken tutkijat ovatkin todenneet, ett\u00e4 t\u00e4pl\u00e4rapukantojen tuotto on nykyisin vain korvannut jokirapukantojen tuoton menetyksen, jonka aiheutti t\u00e4pl\u00e4ravun levi\u00e4minen ja sen mukanaan kantama rapuruttotyyppi. <\/p>\n\n\n\n<p>Ruotsissa on asiaa my\u00f6s seurattu ja tutkittu. Ruotsalaisten mukaan t\u00e4pl\u00e4ravut ovat alttiimpia kannan vaihteluille l\u00e4mpimiss\u00e4 vesiss\u00e4 sek\u00e4 rapuruton tai muiden tautien vaivatessa (Sandstr\u00f6m ja muut 2014). My\u00f6s t\u00e4pl\u00e4rapukannan ik\u00e4 ja istutusvuosi ovat vaikuttaneet, tosin on vaikea sanoa miten t\u00e4t\u00e4 pit\u00e4isi tulkita.<\/p>\n","protected":false},"excerpt":{"rendered":"<p>Pitk\u00e4aikainen seuranta sek\u00e4 Suomessa ett\u00e4 Ruotsissa on osoittanut, ett\u00e4 t\u00e4pl\u00e4rapukantojen tuotto voi vaihdella runsaasti ja t\u00e4pl\u00e4rapukannat voivat romahtaa. Oletus t\u00e4pl\u00e4rapukantojen tasaisesta tuotosta on toteutunut vain istutusta seuranneen kannan alkukehityksen aikana ja t\u00e4pl\u00e4rapukannan tiheyden kasvaessa ovat merkit vaikeuksista nousseet pinnalle. Suomessa ensimm\u00e4iset havainnot n\u00e4ist\u00e4 kannan koon vaihteluista tehtiin Karjalohjan Puuj\u00e4rvelt\u00e4 1990-luvulla ja my\u00f6hemmin S\u00e4kyl\u00e4n Pyh\u00e4j\u00e4rvelt\u00e4 2000-luvulla. [&hellip;]<\/p>\n","protected":false},"author":826,"featured_media":0,"parent":0,"menu_order":0,"comment_status":"closed","ping_status":"closed","template":"","meta":{"_acf_changed":false,"footnotes":""},"class_list":["post-114","page","type-page","status-publish","hentry"],"acf":[],"yoast_head":"<!-- This site is optimized with the Yoast SEO plugin v27.1.1 - https:\/\/yoast.com\/product\/yoast-seo-wordpress\/ -->\n<title>T\u00e4pl\u00e4rapukantojen tuoton vaihtelu - Rapukamu<\/title>\n<meta name=\"description\" content=\"T\u00e4pl\u00e4rapukantojen vaihtelua aiheuttavat mm. rapuruttotuhot, veden l\u00e4mp\u00f6tilamuutokset, j\u00e4rvien j\u00e4\u00e4peitteen muutokset.\" \/>\n<meta name=\"robots\" content=\"index, follow, max-snippet:-1, max-image-preview:large, max-video-preview:-1\" \/>\n<link rel=\"canonical\" href=\"https:\/\/sites.uef.fi\/rapukamu\/taplaravun-kannanvaihtelut\/\" \/>\n<meta property=\"og:locale\" content=\"fi_FI\" \/>\n<meta property=\"og:type\" content=\"article\" \/>\n<meta property=\"og:title\" content=\"T\u00e4pl\u00e4rapukantojen tuoton vaihtelu - Rapukamu\" \/>\n<meta property=\"og:description\" content=\"T\u00e4pl\u00e4rapukantojen vaihtelua aiheuttavat mm. rapuruttotuhot, veden l\u00e4mp\u00f6tilamuutokset, j\u00e4rvien j\u00e4\u00e4peitteen muutokset.\" \/>\n<meta property=\"og:url\" content=\"https:\/\/sites.uef.fi\/rapukamu\/taplaravun-kannanvaihtelut\/\" \/>\n<meta property=\"og:site_name\" content=\"Rapukamu\" \/>\n<meta property=\"article:modified_time\" content=\"2023-12-14T16:33:49+00:00\" \/>\n<meta name=\"twitter:card\" content=\"summary_large_image\" \/>\n<meta name=\"twitter:label1\" content=\"Arvioitu lukuaika\" \/>\n\t<meta name=\"twitter:data1\" content=\"2 minuuttia\" \/>\n<script type=\"application\/ld+json\" class=\"yoast-schema-graph\">{\"@context\":\"https:\/\/schema.org\",\"@graph\":[{\"@type\":\"WebPage\",\"@id\":\"https:\/\/sites.uef.fi\/rapukamu\/taplaravun-kannanvaihtelut\/\",\"url\":\"https:\/\/sites.uef.fi\/rapukamu\/taplaravun-kannanvaihtelut\/\",\"name\":\"T\u00e4pl\u00e4rapukantojen tuoton vaihtelu - Rapukamu\",\"isPartOf\":{\"@id\":\"https:\/\/sites.uef.fi\/rapukamu\/#website\"},\"datePublished\":\"2022-05-31T11:32:37+00:00\",\"dateModified\":\"2023-12-14T16:33:49+00:00\",\"description\":\"T\u00e4pl\u00e4rapukantojen vaihtelua aiheuttavat mm. rapuruttotuhot, veden l\u00e4mp\u00f6tilamuutokset, j\u00e4rvien j\u00e4\u00e4peitteen muutokset.\",\"breadcrumb\":{\"@id\":\"https:\/\/sites.uef.fi\/rapukamu\/taplaravun-kannanvaihtelut\/#breadcrumb\"},\"inLanguage\":\"fi\",\"potentialAction\":[{\"@type\":\"ReadAction\",\"target\":[\"https:\/\/sites.uef.fi\/rapukamu\/taplaravun-kannanvaihtelut\/\"]}]},{\"@type\":\"BreadcrumbList\",\"@id\":\"https:\/\/sites.uef.fi\/rapukamu\/taplaravun-kannanvaihtelut\/#breadcrumb\",\"itemListElement\":[{\"@type\":\"ListItem\",\"position\":1,\"name\":\"Home\",\"item\":\"https:\/\/sites.uef.fi\/rapukamu\/\"},{\"@type\":\"ListItem\",\"position\":2,\"name\":\"T\u00e4pl\u00e4rapukantojen tuoton vaihtelu\"}]},{\"@type\":\"WebSite\",\"@id\":\"https:\/\/sites.uef.fi\/rapukamu\/#website\",\"url\":\"https:\/\/sites.uef.fi\/rapukamu\/\",\"name\":\"Rapukamu\",\"description\":\"\",\"potentialAction\":[{\"@type\":\"SearchAction\",\"target\":{\"@type\":\"EntryPoint\",\"urlTemplate\":\"https:\/\/sites.uef.fi\/rapukamu\/?s={search_term_string}\"},\"query-input\":{\"@type\":\"PropertyValueSpecification\",\"valueRequired\":true,\"valueName\":\"search_term_string\"}}],\"inLanguage\":\"fi\"}]}<\/script>\n<!-- \/ Yoast SEO plugin. -->","yoast_head_json":{"title":"T\u00e4pl\u00e4rapukantojen tuoton vaihtelu - Rapukamu","description":"T\u00e4pl\u00e4rapukantojen vaihtelua aiheuttavat mm. rapuruttotuhot, veden l\u00e4mp\u00f6tilamuutokset, j\u00e4rvien j\u00e4\u00e4peitteen muutokset.","robots":{"index":"index","follow":"follow","max-snippet":"max-snippet:-1","max-image-preview":"max-image-preview:large","max-video-preview":"max-video-preview:-1"},"canonical":"https:\/\/sites.uef.fi\/rapukamu\/taplaravun-kannanvaihtelut\/","og_locale":"fi_FI","og_type":"article","og_title":"T\u00e4pl\u00e4rapukantojen tuoton vaihtelu - Rapukamu","og_description":"T\u00e4pl\u00e4rapukantojen vaihtelua aiheuttavat mm. rapuruttotuhot, veden l\u00e4mp\u00f6tilamuutokset, j\u00e4rvien j\u00e4\u00e4peitteen muutokset.","og_url":"https:\/\/sites.uef.fi\/rapukamu\/taplaravun-kannanvaihtelut\/","og_site_name":"Rapukamu","article_modified_time":"2023-12-14T16:33:49+00:00","twitter_card":"summary_large_image","twitter_misc":{"Arvioitu lukuaika":"2 minuuttia"},"schema":{"@context":"https:\/\/schema.org","@graph":[{"@type":"WebPage","@id":"https:\/\/sites.uef.fi\/rapukamu\/taplaravun-kannanvaihtelut\/","url":"https:\/\/sites.uef.fi\/rapukamu\/taplaravun-kannanvaihtelut\/","name":"T\u00e4pl\u00e4rapukantojen tuoton vaihtelu - Rapukamu","isPartOf":{"@id":"https:\/\/sites.uef.fi\/rapukamu\/#website"},"datePublished":"2022-05-31T11:32:37+00:00","dateModified":"2023-12-14T16:33:49+00:00","description":"T\u00e4pl\u00e4rapukantojen vaihtelua aiheuttavat mm. rapuruttotuhot, veden l\u00e4mp\u00f6tilamuutokset, j\u00e4rvien j\u00e4\u00e4peitteen muutokset.","breadcrumb":{"@id":"https:\/\/sites.uef.fi\/rapukamu\/taplaravun-kannanvaihtelut\/#breadcrumb"},"inLanguage":"fi","potentialAction":[{"@type":"ReadAction","target":["https:\/\/sites.uef.fi\/rapukamu\/taplaravun-kannanvaihtelut\/"]}]},{"@type":"BreadcrumbList","@id":"https:\/\/sites.uef.fi\/rapukamu\/taplaravun-kannanvaihtelut\/#breadcrumb","itemListElement":[{"@type":"ListItem","position":1,"name":"Home","item":"https:\/\/sites.uef.fi\/rapukamu\/"},{"@type":"ListItem","position":2,"name":"T\u00e4pl\u00e4rapukantojen tuoton vaihtelu"}]},{"@type":"WebSite","@id":"https:\/\/sites.uef.fi\/rapukamu\/#website","url":"https:\/\/sites.uef.fi\/rapukamu\/","name":"Rapukamu","description":"","potentialAction":[{"@type":"SearchAction","target":{"@type":"EntryPoint","urlTemplate":"https:\/\/sites.uef.fi\/rapukamu\/?s={search_term_string}"},"query-input":{"@type":"PropertyValueSpecification","valueRequired":true,"valueName":"search_term_string"}}],"inLanguage":"fi"}]}},"_links":{"self":[{"href":"https:\/\/sites.uef.fi\/rapukamu\/wp-json\/wp\/v2\/pages\/114","targetHints":{"allow":["GET"]}}],"collection":[{"href":"https:\/\/sites.uef.fi\/rapukamu\/wp-json\/wp\/v2\/pages"}],"about":[{"href":"https:\/\/sites.uef.fi\/rapukamu\/wp-json\/wp\/v2\/types\/page"}],"author":[{"embeddable":true,"href":"https:\/\/sites.uef.fi\/rapukamu\/wp-json\/wp\/v2\/users\/826"}],"replies":[{"embeddable":true,"href":"https:\/\/sites.uef.fi\/rapukamu\/wp-json\/wp\/v2\/comments?post=114"}],"version-history":[{"count":2,"href":"https:\/\/sites.uef.fi\/rapukamu\/wp-json\/wp\/v2\/pages\/114\/revisions"}],"predecessor-version":[{"id":947,"href":"https:\/\/sites.uef.fi\/rapukamu\/wp-json\/wp\/v2\/pages\/114\/revisions\/947"}],"wp:attachment":[{"href":"https:\/\/sites.uef.fi\/rapukamu\/wp-json\/wp\/v2\/media?parent=114"}],"curies":[{"name":"wp","href":"https:\/\/api.w.org\/{rel}","templated":true}]}}