{"id":350,"date":"2022-05-31T12:27:54","date_gmt":"2022-05-31T12:27:54","guid":{"rendered":"https:\/\/sites.uef.fi\/rapukamu\/?page_id=350"},"modified":"2023-12-14T15:39:38","modified_gmt":"2023-12-14T15:39:38","slug":"taplarapu-ei-saa-levita","status":"publish","type":"page","link":"https:\/\/sites.uef.fi\/rapukamu\/taplarapu-ei-saa-levita\/","title":{"rendered":"Est\u00e4 t\u00e4pl\u00e4ravun levi\u00e4minen"},"content":{"rendered":"\n<p>Suomalaisen raputalouden kannalta on oleellista, ett\u00e4 t\u00e4pl\u00e4rapua ei en\u00e4\u00e4 levitet\u00e4 uusin vesiin. T\u00e4pl\u00e4rapu on viime vuosiin asti levinnyt holtittomasta etel\u00e4isen ja keskisen Suomen vesiin, osin Kainuuseen asti (Ruokonen ja muut 2018). T\u00e4lle t\u00e4pl\u00e4ravun levi\u00e4miselle on saatava stoppi. T\u00e4pl\u00e4ravun levitt\u00e4minen uusille vesialueille on yksiselitteisesti kielletty sek\u00e4 eurooppalaisessa ett\u00e4 suomalaisessa vieraslajis\u00e4\u00e4nn\u00f6st\u00f6ss\u00e4 kuten my\u00f6s Kansallisessa rapustrategiassa.<\/p>\n\n\n\n<p>T\u00e4pl\u00e4rapu on haitallinen vieraslaji, joka kantaa ja levitt\u00e4\u00e4 eritt\u00e4in vaarallista rapuruton muotoa. Se on jokiravulle \u00e4\u00e4rimm\u00e4isen kohtalokas, jokirapu nimitt\u00e4in kuolee muutamassa p\u00e4iv\u00e4ss\u00e4 saatuaan tartunnan t\u00e4pl\u00e4ravun kanmasta rapuruton muodosta. Ei hyv\u00e4!<\/p>\n\n\n\n<p>My\u00f6s t\u00e4pl\u00e4rapu on osoittanut haavoittuvaisuutensa Pohjolan oloissa. N\u00e4ytt\u00e4\u00e4kin silt\u00e4, ett\u00e4 t\u00e4pl\u00e4rapu ei kest\u00e4 Pohjolan ymp\u00e4rist\u00f6haasteita ja rapuruttotartuntaa, vaan voi n\u00e4iss\u00e4 oloissa hyvinkin kuolla rapuruttoon. T\u00e4st\u00e4 on useita esimerkkej\u00e4 sek\u00e4 Suomesta (Jussila ja muut 2014) ett\u00e4 Ruotsista (Sandstr\u00f6m ja muut 2014). T\u00e4pl\u00e4rapu ei siis ole patenttiratkaisu suomalaisen raputalouden ongelmiin.<\/p>\n","protected":false},"excerpt":{"rendered":"<p>Suomalaisen raputalouden kannalta on oleellista, ett\u00e4 t\u00e4pl\u00e4rapua ei en\u00e4\u00e4 levitet\u00e4 uusin vesiin. T\u00e4pl\u00e4rapu on viime vuosiin asti levinnyt holtittomasta etel\u00e4isen ja keskisen Suomen vesiin, osin Kainuuseen asti (Ruokonen ja muut 2018). T\u00e4lle t\u00e4pl\u00e4ravun levi\u00e4miselle on saatava stoppi. T\u00e4pl\u00e4ravun levitt\u00e4minen uusille vesialueille on yksiselitteisesti kielletty sek\u00e4 eurooppalaisessa ett\u00e4 suomalaisessa vieraslajis\u00e4\u00e4nn\u00f6st\u00f6ss\u00e4 kuten my\u00f6s Kansallisessa rapustrategiassa. T\u00e4pl\u00e4rapu on [&hellip;]<\/p>\n","protected":false},"author":826,"featured_media":0,"parent":0,"menu_order":0,"comment_status":"closed","ping_status":"closed","template":"","meta":{"_acf_changed":false,"footnotes":""},"class_list":["post-350","page","type-page","status-publish","hentry"],"acf":[],"yoast_head":"<!-- This site is optimized with the Yoast SEO plugin v27.1.1 - https:\/\/yoast.com\/product\/yoast-seo-wordpress\/ -->\n<title>Est\u00e4 t\u00e4pl\u00e4ravun levi\u00e4minen - Rapukamu<\/title>\n<meta name=\"description\" content=\"T\u00e4pl\u00e4rapu on haitallinen vieraslaji, joka levitt\u00e4\u00e4 eritt\u00e4in tappavaa rapuurton tyyppi\u00e4. Est\u00e4 t\u00e4pl\u00e4ravun ja rapuruton levi\u00e4minen.\" \/>\n<meta name=\"robots\" content=\"index, follow, max-snippet:-1, max-image-preview:large, max-video-preview:-1\" \/>\n<link rel=\"canonical\" href=\"https:\/\/sites.uef.fi\/rapukamu\/taplarapu-ei-saa-levita\/\" \/>\n<meta property=\"og:locale\" content=\"fi_FI\" \/>\n<meta property=\"og:type\" content=\"article\" \/>\n<meta property=\"og:title\" content=\"Est\u00e4 t\u00e4pl\u00e4ravun levi\u00e4minen - Rapukamu\" \/>\n<meta property=\"og:description\" content=\"T\u00e4pl\u00e4rapu on haitallinen vieraslaji, joka levitt\u00e4\u00e4 eritt\u00e4in tappavaa rapuurton tyyppi\u00e4. Est\u00e4 t\u00e4pl\u00e4ravun ja rapuruton levi\u00e4minen.\" \/>\n<meta property=\"og:url\" content=\"https:\/\/sites.uef.fi\/rapukamu\/taplarapu-ei-saa-levita\/\" \/>\n<meta property=\"og:site_name\" content=\"Rapukamu\" \/>\n<meta property=\"article:modified_time\" content=\"2023-12-14T15:39:38+00:00\" \/>\n<meta name=\"twitter:card\" content=\"summary_large_image\" \/>\n<meta name=\"twitter:label1\" content=\"Arvioitu lukuaika\" \/>\n\t<meta name=\"twitter:data1\" content=\"1 minuutti\" \/>\n<script type=\"application\/ld+json\" class=\"yoast-schema-graph\">{\"@context\":\"https:\/\/schema.org\",\"@graph\":[{\"@type\":\"WebPage\",\"@id\":\"https:\/\/sites.uef.fi\/rapukamu\/taplarapu-ei-saa-levita\/\",\"url\":\"https:\/\/sites.uef.fi\/rapukamu\/taplarapu-ei-saa-levita\/\",\"name\":\"Est\u00e4 t\u00e4pl\u00e4ravun levi\u00e4minen - Rapukamu\",\"isPartOf\":{\"@id\":\"https:\/\/sites.uef.fi\/rapukamu\/#website\"},\"datePublished\":\"2022-05-31T12:27:54+00:00\",\"dateModified\":\"2023-12-14T15:39:38+00:00\",\"description\":\"T\u00e4pl\u00e4rapu on haitallinen vieraslaji, joka levitt\u00e4\u00e4 eritt\u00e4in tappavaa rapuurton tyyppi\u00e4. Est\u00e4 t\u00e4pl\u00e4ravun ja rapuruton levi\u00e4minen.\",\"breadcrumb\":{\"@id\":\"https:\/\/sites.uef.fi\/rapukamu\/taplarapu-ei-saa-levita\/#breadcrumb\"},\"inLanguage\":\"fi\",\"potentialAction\":[{\"@type\":\"ReadAction\",\"target\":[\"https:\/\/sites.uef.fi\/rapukamu\/taplarapu-ei-saa-levita\/\"]}]},{\"@type\":\"BreadcrumbList\",\"@id\":\"https:\/\/sites.uef.fi\/rapukamu\/taplarapu-ei-saa-levita\/#breadcrumb\",\"itemListElement\":[{\"@type\":\"ListItem\",\"position\":1,\"name\":\"Home\",\"item\":\"https:\/\/sites.uef.fi\/rapukamu\/\"},{\"@type\":\"ListItem\",\"position\":2,\"name\":\"Est\u00e4 t\u00e4pl\u00e4ravun levi\u00e4minen\"}]},{\"@type\":\"WebSite\",\"@id\":\"https:\/\/sites.uef.fi\/rapukamu\/#website\",\"url\":\"https:\/\/sites.uef.fi\/rapukamu\/\",\"name\":\"Rapukamu\",\"description\":\"\",\"potentialAction\":[{\"@type\":\"SearchAction\",\"target\":{\"@type\":\"EntryPoint\",\"urlTemplate\":\"https:\/\/sites.uef.fi\/rapukamu\/?s={search_term_string}\"},\"query-input\":{\"@type\":\"PropertyValueSpecification\",\"valueRequired\":true,\"valueName\":\"search_term_string\"}}],\"inLanguage\":\"fi\"}]}<\/script>\n<!-- \/ Yoast SEO plugin. -->","yoast_head_json":{"title":"Est\u00e4 t\u00e4pl\u00e4ravun levi\u00e4minen - Rapukamu","description":"T\u00e4pl\u00e4rapu on haitallinen vieraslaji, joka levitt\u00e4\u00e4 eritt\u00e4in tappavaa rapuurton tyyppi\u00e4. Est\u00e4 t\u00e4pl\u00e4ravun ja rapuruton levi\u00e4minen.","robots":{"index":"index","follow":"follow","max-snippet":"max-snippet:-1","max-image-preview":"max-image-preview:large","max-video-preview":"max-video-preview:-1"},"canonical":"https:\/\/sites.uef.fi\/rapukamu\/taplarapu-ei-saa-levita\/","og_locale":"fi_FI","og_type":"article","og_title":"Est\u00e4 t\u00e4pl\u00e4ravun levi\u00e4minen - Rapukamu","og_description":"T\u00e4pl\u00e4rapu on haitallinen vieraslaji, joka levitt\u00e4\u00e4 eritt\u00e4in tappavaa rapuurton tyyppi\u00e4. Est\u00e4 t\u00e4pl\u00e4ravun ja rapuruton levi\u00e4minen.","og_url":"https:\/\/sites.uef.fi\/rapukamu\/taplarapu-ei-saa-levita\/","og_site_name":"Rapukamu","article_modified_time":"2023-12-14T15:39:38+00:00","twitter_card":"summary_large_image","twitter_misc":{"Arvioitu lukuaika":"1 minuutti"},"schema":{"@context":"https:\/\/schema.org","@graph":[{"@type":"WebPage","@id":"https:\/\/sites.uef.fi\/rapukamu\/taplarapu-ei-saa-levita\/","url":"https:\/\/sites.uef.fi\/rapukamu\/taplarapu-ei-saa-levita\/","name":"Est\u00e4 t\u00e4pl\u00e4ravun levi\u00e4minen - Rapukamu","isPartOf":{"@id":"https:\/\/sites.uef.fi\/rapukamu\/#website"},"datePublished":"2022-05-31T12:27:54+00:00","dateModified":"2023-12-14T15:39:38+00:00","description":"T\u00e4pl\u00e4rapu on haitallinen vieraslaji, joka levitt\u00e4\u00e4 eritt\u00e4in tappavaa rapuurton tyyppi\u00e4. Est\u00e4 t\u00e4pl\u00e4ravun ja rapuruton levi\u00e4minen.","breadcrumb":{"@id":"https:\/\/sites.uef.fi\/rapukamu\/taplarapu-ei-saa-levita\/#breadcrumb"},"inLanguage":"fi","potentialAction":[{"@type":"ReadAction","target":["https:\/\/sites.uef.fi\/rapukamu\/taplarapu-ei-saa-levita\/"]}]},{"@type":"BreadcrumbList","@id":"https:\/\/sites.uef.fi\/rapukamu\/taplarapu-ei-saa-levita\/#breadcrumb","itemListElement":[{"@type":"ListItem","position":1,"name":"Home","item":"https:\/\/sites.uef.fi\/rapukamu\/"},{"@type":"ListItem","position":2,"name":"Est\u00e4 t\u00e4pl\u00e4ravun levi\u00e4minen"}]},{"@type":"WebSite","@id":"https:\/\/sites.uef.fi\/rapukamu\/#website","url":"https:\/\/sites.uef.fi\/rapukamu\/","name":"Rapukamu","description":"","potentialAction":[{"@type":"SearchAction","target":{"@type":"EntryPoint","urlTemplate":"https:\/\/sites.uef.fi\/rapukamu\/?s={search_term_string}"},"query-input":{"@type":"PropertyValueSpecification","valueRequired":true,"valueName":"search_term_string"}}],"inLanguage":"fi"}]}},"_links":{"self":[{"href":"https:\/\/sites.uef.fi\/rapukamu\/wp-json\/wp\/v2\/pages\/350","targetHints":{"allow":["GET"]}}],"collection":[{"href":"https:\/\/sites.uef.fi\/rapukamu\/wp-json\/wp\/v2\/pages"}],"about":[{"href":"https:\/\/sites.uef.fi\/rapukamu\/wp-json\/wp\/v2\/types\/page"}],"author":[{"embeddable":true,"href":"https:\/\/sites.uef.fi\/rapukamu\/wp-json\/wp\/v2\/users\/826"}],"replies":[{"embeddable":true,"href":"https:\/\/sites.uef.fi\/rapukamu\/wp-json\/wp\/v2\/comments?post=350"}],"version-history":[{"count":2,"href":"https:\/\/sites.uef.fi\/rapukamu\/wp-json\/wp\/v2\/pages\/350\/revisions"}],"predecessor-version":[{"id":938,"href":"https:\/\/sites.uef.fi\/rapukamu\/wp-json\/wp\/v2\/pages\/350\/revisions\/938"}],"wp:attachment":[{"href":"https:\/\/sites.uef.fi\/rapukamu\/wp-json\/wp\/v2\/media?parent=350"}],"curies":[{"name":"wp","href":"https:\/\/api.w.org\/{rel}","templated":true}]}}