{"id":36,"date":"2022-05-20T10:28:14","date_gmt":"2022-05-20T10:28:14","guid":{"rendered":"https:\/\/sites.uef.fi\/rapukamu\/?page_id=36"},"modified":"2023-12-14T16:29:15","modified_gmt":"2023-12-14T16:29:15","slug":"suojele-jokirapua-rapurutolta","status":"publish","type":"page","link":"https:\/\/sites.uef.fi\/rapukamu\/suojele-jokirapua-rapurutolta\/","title":{"rendered":"Suojele jokirapua"},"content":{"rendered":"\n<p>SUOJELE JOKIRAPUA ERITYISESTI RAPURUTOLTA<\/p>\n\n\n\n<p>1. Sumputa rapuja pyynnin j\u00e4lkeen vain niiden pyyntivesist\u00f6ss\u00e4.<\/p>\n\n\n\n<p><em>Rapujen mukana kulkee mm. rapurutto, vaikka ravut n\u00e4ytt\u00e4isiv\u00e4tkin terveilt\u00e4. Rapurutto voi levit\u00e4 uuteen veteen, jos sumputat rapuja muualla kuin siin\u00e4 vedess\u00e4, josta ne on pyydetty. Lyhytkin rapujen s\u00e4ilytys uudessa vedess\u00e4 voi levitt\u00e4\u00e4 rapuruttoa.<\/em><\/p>\n\n\n\n<p>2. Desinfioi kaikki pyydykset mik\u00e4li siirryt ravustamaan tai kalastamaan uusiin vesiin.<\/p>\n\n\n\n<p><em>Pyydysten mukana siirtyy helposti taudinaiheuttajia, mm. rapurutto, joten kalastajien ja ravustajien on oltava tarkkana siirtyess\u00e4\u00e4n uusille apajille uusilla vesialueilla. (Pyydysten desinfioinnin ohjeet l\u00f6yd\u00e4t t\u00e4\u00e4lt\u00e4.)<\/em><\/p>\n\n\n\n<p>3. K\u00e4yt\u00e4 ravustusvesist\u00f6st\u00e4 pyydystettyj\u00e4 sy\u00f6ttej\u00e4. Jos on pakko k\u00e4ytt\u00e4\u00e4 muualta pyydettyj\u00e4 sy\u00f6ttikaloja, ne pit\u00e4\u00e4 pakastaa (-20\u00b0C) ainakin kahden p\u00e4iv\u00e4n ajan ennen k\u00e4ytt\u00f6\u00e4.<\/p>\n\n\n\n<p><em>Kalojen mukana voi siirty\u00e4 rapurutto, sill\u00e4 useat kalat sy\u00f6v\u00e4t rapuja ja siivil\u00f6iv\u00e4t vedest\u00e4 pieneli\u00f6it\u00e4 ravinnokseen niellen samalla elinvoimaisia rapuruttoiti\u00f6it\u00e4. Iti\u00f6t selvi\u00e4v\u00e4t kalojen ruuansulatuskanavan l\u00e4pi tartutuskykyisin\u00e4.<\/em><\/p>\n\n\n\n<p>4. \u00c4l\u00e4 istuta jokirapuja uusiin vesiin ilman huolellista harkintaa ja istukkaiden terveyden tarkistamista. <strong><u>Huomioi<\/u>: t\u00e4pl\u00e4ravun istutukset kielt\u00e4\u00e4 kansallinen ja eurooppalainen vieraslajis\u00e4\u00e4d\u00f6st\u00f6.<\/strong><\/p>\n\n\n\n<p><em>Rapuistukkaiden mukana levi\u00e4\u00e4 herk\u00e4sti rapurutto, ja muutkin raputaudit, jotka voivat olla jokiravulle kohtalokkaita. Rapujen istuttamiseen tarvitaan aina lupa ja erityisen suuri merkitys t\u00e4ll\u00e4 lupak\u00e4yt\u00e4nn\u00f6ll\u00e4 on jokirapualueella. Harkitsematon rapuistutus tuhoaa koko vesist\u00f6n jokirapukannan. <strong>T\u00e4pl\u00e4ravun luvaton istuttaminen tarkoittaa koko vesist\u00f6n tekemist\u00e4 jokiravulle sopimattomaksi.<\/strong><\/em><\/p>\n","protected":false},"excerpt":{"rendered":"<p>SUOJELE JOKIRAPUA ERITYISESTI RAPURUTOLTA 1. Sumputa rapuja pyynnin j\u00e4lkeen vain niiden pyyntivesist\u00f6ss\u00e4. Rapujen mukana kulkee mm. rapurutto, vaikka ravut n\u00e4ytt\u00e4isiv\u00e4tkin terveilt\u00e4. Rapurutto voi levit\u00e4 uuteen veteen, jos sumputat rapuja muualla kuin siin\u00e4 vedess\u00e4, josta ne on pyydetty. Lyhytkin rapujen s\u00e4ilytys uudessa vedess\u00e4 voi levitt\u00e4\u00e4 rapuruttoa. 2. Desinfioi kaikki pyydykset mik\u00e4li siirryt ravustamaan tai kalastamaan uusiin [&hellip;]<\/p>\n","protected":false},"author":826,"featured_media":0,"parent":0,"menu_order":0,"comment_status":"closed","ping_status":"closed","template":"","meta":{"_acf_changed":false,"footnotes":""},"class_list":["post-36","page","type-page","status-publish","hentry"],"acf":[],"yoast_head":"<!-- This site is optimized with the Yoast SEO plugin v27.1.1 - https:\/\/yoast.com\/product\/yoast-seo-wordpress\/ -->\n<title>Suojele jokirapua - Rapukamu<\/title>\n<meta name=\"description\" content=\"\u00c4l\u00e4 siir\u00e4 rapuja huolettomasti uusiin vesiin, desinfioi pyydykset, sy\u00f6tit vain ravustusvedest\u00e4 ja istuta jokirapuja suunnitelmallisesti.\" \/>\n<meta name=\"robots\" content=\"index, follow, max-snippet:-1, max-image-preview:large, max-video-preview:-1\" \/>\n<link rel=\"canonical\" href=\"https:\/\/sites.uef.fi\/rapukamu\/suojele-jokirapua-rapurutolta\/\" \/>\n<meta property=\"og:locale\" content=\"fi_FI\" \/>\n<meta property=\"og:type\" content=\"article\" \/>\n<meta property=\"og:title\" content=\"Suojele jokirapua - Rapukamu\" \/>\n<meta property=\"og:description\" content=\"\u00c4l\u00e4 siir\u00e4 rapuja huolettomasti uusiin vesiin, desinfioi pyydykset, sy\u00f6tit vain ravustusvedest\u00e4 ja istuta jokirapuja suunnitelmallisesti.\" \/>\n<meta property=\"og:url\" content=\"https:\/\/sites.uef.fi\/rapukamu\/suojele-jokirapua-rapurutolta\/\" \/>\n<meta property=\"og:site_name\" content=\"Rapukamu\" \/>\n<meta property=\"article:modified_time\" content=\"2023-12-14T16:29:15+00:00\" \/>\n<meta name=\"twitter:card\" content=\"summary_large_image\" \/>\n<meta name=\"twitter:label1\" content=\"Arvioitu lukuaika\" \/>\n\t<meta name=\"twitter:data1\" content=\"2 minuuttia\" \/>\n<script type=\"application\/ld+json\" class=\"yoast-schema-graph\">{\"@context\":\"https:\/\/schema.org\",\"@graph\":[{\"@type\":\"WebPage\",\"@id\":\"https:\/\/sites.uef.fi\/rapukamu\/suojele-jokirapua-rapurutolta\/\",\"url\":\"https:\/\/sites.uef.fi\/rapukamu\/suojele-jokirapua-rapurutolta\/\",\"name\":\"Suojele jokirapua - Rapukamu\",\"isPartOf\":{\"@id\":\"https:\/\/sites.uef.fi\/rapukamu\/#website\"},\"datePublished\":\"2022-05-20T10:28:14+00:00\",\"dateModified\":\"2023-12-14T16:29:15+00:00\",\"description\":\"\u00c4l\u00e4 siir\u00e4 rapuja huolettomasti uusiin vesiin, desinfioi pyydykset, sy\u00f6tit vain ravustusvedest\u00e4 ja istuta jokirapuja suunnitelmallisesti.\",\"breadcrumb\":{\"@id\":\"https:\/\/sites.uef.fi\/rapukamu\/suojele-jokirapua-rapurutolta\/#breadcrumb\"},\"inLanguage\":\"fi\",\"potentialAction\":[{\"@type\":\"ReadAction\",\"target\":[\"https:\/\/sites.uef.fi\/rapukamu\/suojele-jokirapua-rapurutolta\/\"]}]},{\"@type\":\"BreadcrumbList\",\"@id\":\"https:\/\/sites.uef.fi\/rapukamu\/suojele-jokirapua-rapurutolta\/#breadcrumb\",\"itemListElement\":[{\"@type\":\"ListItem\",\"position\":1,\"name\":\"Home\",\"item\":\"https:\/\/sites.uef.fi\/rapukamu\/\"},{\"@type\":\"ListItem\",\"position\":2,\"name\":\"Suojele jokirapua\"}]},{\"@type\":\"WebSite\",\"@id\":\"https:\/\/sites.uef.fi\/rapukamu\/#website\",\"url\":\"https:\/\/sites.uef.fi\/rapukamu\/\",\"name\":\"Rapukamu\",\"description\":\"\",\"potentialAction\":[{\"@type\":\"SearchAction\",\"target\":{\"@type\":\"EntryPoint\",\"urlTemplate\":\"https:\/\/sites.uef.fi\/rapukamu\/?s={search_term_string}\"},\"query-input\":{\"@type\":\"PropertyValueSpecification\",\"valueRequired\":true,\"valueName\":\"search_term_string\"}}],\"inLanguage\":\"fi\"}]}<\/script>\n<!-- \/ Yoast SEO plugin. -->","yoast_head_json":{"title":"Suojele jokirapua - Rapukamu","description":"\u00c4l\u00e4 siir\u00e4 rapuja huolettomasti uusiin vesiin, desinfioi pyydykset, sy\u00f6tit vain ravustusvedest\u00e4 ja istuta jokirapuja suunnitelmallisesti.","robots":{"index":"index","follow":"follow","max-snippet":"max-snippet:-1","max-image-preview":"max-image-preview:large","max-video-preview":"max-video-preview:-1"},"canonical":"https:\/\/sites.uef.fi\/rapukamu\/suojele-jokirapua-rapurutolta\/","og_locale":"fi_FI","og_type":"article","og_title":"Suojele jokirapua - Rapukamu","og_description":"\u00c4l\u00e4 siir\u00e4 rapuja huolettomasti uusiin vesiin, desinfioi pyydykset, sy\u00f6tit vain ravustusvedest\u00e4 ja istuta jokirapuja suunnitelmallisesti.","og_url":"https:\/\/sites.uef.fi\/rapukamu\/suojele-jokirapua-rapurutolta\/","og_site_name":"Rapukamu","article_modified_time":"2023-12-14T16:29:15+00:00","twitter_card":"summary_large_image","twitter_misc":{"Arvioitu lukuaika":"2 minuuttia"},"schema":{"@context":"https:\/\/schema.org","@graph":[{"@type":"WebPage","@id":"https:\/\/sites.uef.fi\/rapukamu\/suojele-jokirapua-rapurutolta\/","url":"https:\/\/sites.uef.fi\/rapukamu\/suojele-jokirapua-rapurutolta\/","name":"Suojele jokirapua - Rapukamu","isPartOf":{"@id":"https:\/\/sites.uef.fi\/rapukamu\/#website"},"datePublished":"2022-05-20T10:28:14+00:00","dateModified":"2023-12-14T16:29:15+00:00","description":"\u00c4l\u00e4 siir\u00e4 rapuja huolettomasti uusiin vesiin, desinfioi pyydykset, sy\u00f6tit vain ravustusvedest\u00e4 ja istuta jokirapuja suunnitelmallisesti.","breadcrumb":{"@id":"https:\/\/sites.uef.fi\/rapukamu\/suojele-jokirapua-rapurutolta\/#breadcrumb"},"inLanguage":"fi","potentialAction":[{"@type":"ReadAction","target":["https:\/\/sites.uef.fi\/rapukamu\/suojele-jokirapua-rapurutolta\/"]}]},{"@type":"BreadcrumbList","@id":"https:\/\/sites.uef.fi\/rapukamu\/suojele-jokirapua-rapurutolta\/#breadcrumb","itemListElement":[{"@type":"ListItem","position":1,"name":"Home","item":"https:\/\/sites.uef.fi\/rapukamu\/"},{"@type":"ListItem","position":2,"name":"Suojele jokirapua"}]},{"@type":"WebSite","@id":"https:\/\/sites.uef.fi\/rapukamu\/#website","url":"https:\/\/sites.uef.fi\/rapukamu\/","name":"Rapukamu","description":"","potentialAction":[{"@type":"SearchAction","target":{"@type":"EntryPoint","urlTemplate":"https:\/\/sites.uef.fi\/rapukamu\/?s={search_term_string}"},"query-input":{"@type":"PropertyValueSpecification","valueRequired":true,"valueName":"search_term_string"}}],"inLanguage":"fi"}]}},"_links":{"self":[{"href":"https:\/\/sites.uef.fi\/rapukamu\/wp-json\/wp\/v2\/pages\/36","targetHints":{"allow":["GET"]}}],"collection":[{"href":"https:\/\/sites.uef.fi\/rapukamu\/wp-json\/wp\/v2\/pages"}],"about":[{"href":"https:\/\/sites.uef.fi\/rapukamu\/wp-json\/wp\/v2\/types\/page"}],"author":[{"embeddable":true,"href":"https:\/\/sites.uef.fi\/rapukamu\/wp-json\/wp\/v2\/users\/826"}],"replies":[{"embeddable":true,"href":"https:\/\/sites.uef.fi\/rapukamu\/wp-json\/wp\/v2\/comments?post=36"}],"version-history":[{"count":2,"href":"https:\/\/sites.uef.fi\/rapukamu\/wp-json\/wp\/v2\/pages\/36\/revisions"}],"predecessor-version":[{"id":932,"href":"https:\/\/sites.uef.fi\/rapukamu\/wp-json\/wp\/v2\/pages\/36\/revisions\/932"}],"wp:attachment":[{"href":"https:\/\/sites.uef.fi\/rapukamu\/wp-json\/wp\/v2\/media?parent=36"}],"curies":[{"name":"wp","href":"https:\/\/api.w.org\/{rel}","templated":true}]}}