{"id":38,"date":"2021-06-30T12:00:03","date_gmt":"2021-06-30T12:00:03","guid":{"rendered":"https:\/\/sites.uef.fi\/rdm\/?page_id=38"},"modified":"2025-07-03T14:38:33","modified_gmt":"2025-07-03T11:38:33","slug":"etusivu","status":"publish","type":"page","link":"https:\/\/sites.uef.fi\/rdm\/etusivu\/?lang=fi","title":{"rendered":"Etusivu"},"content":{"rendered":"\n<h2 class=\"wp-block-heading\">Tutkimusaineistonhallinnan perusteet 1 &#8211; 2 op<\/h2>\n\n\n\n<figure class=\"wp-block-image aligncenter size-large is-resized\"><img decoding=\"async\" src=\"https:\/\/sites.uef.fi\/rdm\/wp-content\/uploads\/sites\/323\/2021\/08\/rdm-1.jpg\" alt=\"\" class=\"wp-image-805\" style=\"width:429px;height:270px\" \/><\/figure>\n\n\n\n<p><sub>T\u00e4m\u00e4 It\u00e4-Suomen yliopiston kirjaston toteuttama opintojakso on osa yliopiston tohtorikoulun opintoja.<\/sub><\/p>\n\n\n\n<p>T\u00e4ss\u00e4 oppimateriaalissa k\u00e4yd\u00e4\u00e4n l\u00e4pi tutkimusaineistonhallinnan ja aineistonhallintasuunnitelman laatimisen perusasiat. Oppimateriaali jakautuu lukuihin, joissa k\u00e4sitell\u00e4\u00e4n aineistonhallinnan n\u00e4k\u00f6kulmasta<\/p>\n\n\n\n<ul class=\"wp-block-list\">\n<li>tutkimusetiikkaa ja lains\u00e4\u00e4d\u00e4nt\u00f6\u00e4 (mm. tutkimusaineistoon liittyv\u00e4t sopimukset, tekij\u00e4noikeudet, k\u00e4ytt\u00f6oikeudet, henkil\u00f6tietojen k\u00e4sittelyn huomioiminen aineistonhallinnassa)<\/li>\n\n\n\n<li>tutkimusdatan tallentamista ja k\u00e4sittely\u00e4 tutkimuksen aikana (mm. It\u00e4-Suomen yliopiston IT-palvelut, muut tutkijalle k\u00e4yt\u00f6ss\u00e4 olevat tallennusratkaisut, tietoturva)<\/li>\n\n\n\n<li>dokumentaatiota ja metadataa (mm. metadatan tuottaminen ja julkaiseminen)<\/li>\n\n\n\n<li>tutkimusdatan avaamisen mahdollisuuksia ja velvollisuuksia <\/li>\n\n\n\n<li>tutkimusdatan s\u00e4ilytt\u00e4mist\u00e4 ja h\u00e4vitt\u00e4mist\u00e4 tutkimuksen j\u00e4lkeen <\/li>\n\n\n\n<li>aineistonhallintasuunnitelman tekemist\u00e4 DMPTuuli-ty\u00f6kalun avulla.<\/li>\n<\/ul>\n\n\n\n<p>Vapaaehtoinen lis\u00e4moduuli (1 op) syvent\u00e4\u00e4 dokumentaation ja kuvailun toteuttamista tutkimuksen aikana ja datan ja\/tai sen metadatan julkaisemisen tai avaamisen yhteydess\u00e4.<\/p>\n\n\n\n<h2 class=\"wp-block-heading\">Osaamistavoitteet<\/h2>\n\n\n\n<p>Opintojakson suoritettuasi osaat<\/p>\n\n\n\n<ul class=\"wp-block-list\">\n<li>selitt\u00e4\u00e4 ja havainnollistaa, mit\u00e4 aineistonhallinta on ja miksi se on t\u00e4rke\u00e4\u00e4<\/li>\n\n\n\n<li>tunnistaa hyvi\u00e4 ja vastuullisia datanhallinnan k\u00e4yt\u00e4nt\u00f6j\u00e4 ja soveltaa niit\u00e4 omaan tutkimusdataasi<\/li>\n\n\n\n<li>soveltaa oman organisaation ja muita, omalle tutkimusdatalle keskeisi\u00e4 ohjeita omaan tutkimusdataasi<\/li>\n\n\n\n<li>tehd\u00e4 aineistonhallintasuunnitelman (DMP) osana tutkimussuunnitelmaa ja p\u00e4ivitt\u00e4\u00e4 sit\u00e4.<\/li>\n<\/ul>\n\n\n\n<h2 class=\"wp-block-heading\">Oppimateriaali opiskelussa<\/h2>\n\n\n\n<p>Oppimateriaali on tuotettu suomeksi ja englanniksi. Kielen voit vaihtaa yl\u00e4reunan navigaatiosta (Suomi\/English). Linkit avautuvat uuteen v\u00e4lilehteen.<\/p>\n\n\n\n<p>Aineistonhallinnan teemoja avoimen tieteen n\u00e4k\u00f6kulmasta k\u00e4sitell\u00e4\u00e4n my\u00f6s Basics of Open and Responsible Science -opintojaksolla (8000EO42, 2 op). <\/p>\n\n\n\n<p><sup>Huom! T\u00e4m\u00e4 opintojakso vastaa osin tutkimusdatamodulia, joka oli osa opintojaksoa Tutkimuksen tiedonhaku ja -hallinta (2 op, 2017-2021).<\/sup><\/p>\n\n\n\n<h4 class=\"wp-block-heading\">1. Tutkimusaineistonhallinnan perusteet -opintojakson (KI00EL15-3001) perusoppimateriaalina<\/h4>\n\n\n\n<ul class=\"wp-block-list\">\n<li>Kirjaudu opintojaksolle\u202f<a href=\"https:\/\/opiskelija.peppi.uef.fi\/\" target=\"_blank\" rel=\"noreferrer noopener\">Pepiss\u00e4<\/a>. Ilmoittautuminen on auki 1.8.2025 &#8211; 24.4.2026.<\/li>\n\n\n\n<li>Kurssin voi suorittaa <strong>15.9.2025 &#8211; 4.5.2026 v\u00e4lisen\u00e4 aikana<\/strong>.<\/li>\n\n\n\n<li>Seuraa ohjeita Moodlessa (UEF eLearn ).<\/li>\n\n\n\n<li>Tee Moodlessa olevat teht\u00e4v\u00e4t, joihin sis\u00e4ltyy my\u00f6s aineistonhallintasuunnitelman (DMP) kirjoittaminen.<\/li>\n<\/ul>\n\n\n\n<figure class=\"wp-block-image aligncenter size-large is-resized\"><img loading=\"lazy\" decoding=\"async\" width=\"1024\" height=\"512\" src=\"https:\/\/sites.uef.fi\/rdm\/wp-content\/uploads\/sites\/323\/2025\/07\/kuvia-suomesta-joona-kotilainen-58-1-1-1024x512.jpg\" alt=\"\" class=\"wp-image-3730\" style=\"aspect-ratio:1.4956521739130435;width:356px;height:auto\" srcset=\"https:\/\/sites.uef.fi\/rdm\/wp-content\/uploads\/sites\/323\/2025\/07\/kuvia-suomesta-joona-kotilainen-58-1-1-1024x512.jpg 1024w, https:\/\/sites.uef.fi\/rdm\/wp-content\/uploads\/sites\/323\/2025\/07\/kuvia-suomesta-joona-kotilainen-58-1-1-300x150.jpg 300w, https:\/\/sites.uef.fi\/rdm\/wp-content\/uploads\/sites\/323\/2025\/07\/kuvia-suomesta-joona-kotilainen-58-1-1-768x384.jpg 768w, https:\/\/sites.uef.fi\/rdm\/wp-content\/uploads\/sites\/323\/2025\/07\/kuvia-suomesta-joona-kotilainen-58-1-1-1536x768.jpg 1536w, https:\/\/sites.uef.fi\/rdm\/wp-content\/uploads\/sites\/323\/2025\/07\/kuvia-suomesta-joona-kotilainen-58-1-1-2048x1024.jpg 2048w\" sizes=\"auto, (max-width: 1024px) 100vw, 1024px\" \/><figcaption class=\"wp-element-caption\"><sup>Tutkimusaineistonhallinnan perusteet: opintojakson kansikuva Moodlessa.<\/sup><\/figcaption><\/figure>\n\n\n\n<p><\/p>\n\n\n\n<h4 class=\"wp-block-heading\">2. Itseopiskeluna (ilman opintopistesuoritusta)<\/h4>\n\n\n\n<p>Oppimateriaalin voi hyvin k\u00e4yd\u00e4 l\u00e4pi itsekseen. Linkit lis\u00e4tietoihin, vinkit sek\u00e4 omaan pohdintaan ohjaavat kysymykset auttavat oman tutkimusaineiston hallinnan kysymyksiss\u00e4. Muistiinpanoja kannaattaakin tehd\u00e4 pitkin matkaa.<\/p>\n\n\n\n<p>Jos sinulla ei viel\u00e4 ole aineistonhallintasuunnitelmaa, oppimateriaalin avulla kannattaa sellainen laatia. Jos sinulla jo on aineistonhallintasuunnitelma, nyt voi olla sopiva hetki sen p\u00e4ivitt\u00e4miseen. Muista hy\u00f6dynt\u00e4\u00e4 DMPTuuli-ty\u00f6kalua!<\/p>\n\n\n\n<h3 class=\"wp-block-heading\">Oppimateriaalin tekij\u00e4t ja k\u00e4ytt\u00f6oikeudet<\/h3>\n\n\n\n<p>T\u00e4m\u00e4 teos, jonka alkuper\u00e4iset tekij\u00e4t ovat Kaisa Hartikainen, Anne Karhap\u00e4\u00e4 (It\u00e4-Suomen yliopisto), on lisensoitu <a href=\"http:\/\/creativecommons.org\/licenses\/by\/4.0\/\" target=\"_blank\" rel=\"noreferrer noopener\">Creative Commons Nime\u00e4 4.0 Kansainv\u00e4linen -lisenssill\u00e4<\/a>. Teosta on p\u00e4ivitetty seuraavasti:<\/p>\n\n\n\n<ul class=\"wp-block-list\">\n<li>Helena J\u00e4ntti, Taisa Sallinen, Manna Satama ja Niina Nurmi, 2022, It\u00e4-Suomen yliopisto<\/li>\n\n\n\n<li>Minna Rahnasto-Rilla ja Manna Satama, 2023, It\u00e4-Suomen yliopisto<\/li>\n\n\n\n<li>Minna Rahnasto-Rilla, Manna Satama ja Teemu J\u00e4rvinen, 2024, It\u00e4-Suomen yliopisto<\/li>\n<\/ul>\n\n\n\n<p class=\"has-text-align-right\"><sub><strong>Seuraavaksi: 1. Johdanto tutkimusaineistonhallintaan <\/strong><a href=\"https:\/\/sites.uef.fi\/rdm\/johdatus-aineistonhallintaan\/?lang=fi\" target=\"_blank\" rel=\"noreferrer noopener\"><img loading=\"lazy\" decoding=\"async\" width=\"1280\" height=\"1280\" class=\"wp-image-2376\" style=\"width: 20px\" src=\"https:\/\/sites.uef.fi\/rdm\/wp-content\/uploads\/sites\/323\/2023\/09\/app-1646214_1280.png\" alt=\"\" srcset=\"https:\/\/sites.uef.fi\/rdm\/wp-content\/uploads\/sites\/323\/2023\/09\/app-1646214_1280.png 1280w, https:\/\/sites.uef.fi\/rdm\/wp-content\/uploads\/sites\/323\/2023\/09\/app-1646214_1280-300x300.png 300w, https:\/\/sites.uef.fi\/rdm\/wp-content\/uploads\/sites\/323\/2023\/09\/app-1646214_1280-1024x1024.png 1024w, https:\/\/sites.uef.fi\/rdm\/wp-content\/uploads\/sites\/323\/2023\/09\/app-1646214_1280-150x150.png 150w, https:\/\/sites.uef.fi\/rdm\/wp-content\/uploads\/sites\/323\/2023\/09\/app-1646214_1280-768x768.png 768w\" sizes=\"auto, (max-width: 1280px) 100vw, 1280px\" \/><\/a><\/sub><\/p>\n","protected":false},"excerpt":{"rendered":"<p>Tutkimusaineistonhallinnan perusteet 1 &#8211; 2 op T\u00e4m\u00e4 It\u00e4-Suomen yliopiston kirjaston toteuttama opintojakso on osa yliopiston tohtorikoulun opintoja. T\u00e4ss\u00e4 oppimateriaalissa k\u00e4yd\u00e4\u00e4n l\u00e4pi tutkimusaineistonhallinnan ja aineistonhallintasuunnitelman laatimisen perusasiat. Oppimateriaali jakautuu lukuihin, joissa k\u00e4sitell\u00e4\u00e4n aineistonhallinnan n\u00e4k\u00f6kulmasta Vapaaehtoinen lis\u00e4moduuli (1 op) syvent\u00e4\u00e4 dokumentaation ja kuvailun toteuttamista tutkimuksen aikana ja datan ja\/tai sen metadatan julkaisemisen tai avaamisen yhteydess\u00e4. Osaamistavoitteet Opintojakson [&hellip;]<\/p>\n","protected":false},"author":2,"featured_media":0,"parent":0,"menu_order":0,"comment_status":"closed","ping_status":"closed","template":"","meta":{"_acf_changed":false,"footnotes":""},"class_list":["post-38","page","type-page","status-publish","hentry"],"acf":[],"yoast_head":"<!-- This site is optimized with the Yoast SEO plugin v27.3 - https:\/\/yoast.com\/product\/yoast-seo-wordpress\/ -->\n<title>Etusivu - Basics of Research Data Management<\/title>\n<meta name=\"robots\" content=\"index, follow, max-snippet:-1, max-image-preview:large, max-video-preview:-1\" \/>\n<link rel=\"canonical\" href=\"https:\/\/sites.uef.fi\/rdm\/?lang=fi\" \/>\n<meta property=\"og:locale\" content=\"en_US\" \/>\n<meta property=\"og:type\" content=\"article\" \/>\n<meta property=\"og:title\" content=\"Etusivu - Basics of Research Data Management\" \/>\n<meta property=\"og:description\" content=\"Tutkimusaineistonhallinnan perusteet 1 &#8211; 2 op T\u00e4m\u00e4 It\u00e4-Suomen yliopiston kirjaston toteuttama opintojakso on osa yliopiston tohtorikoulun opintoja. T\u00e4ss\u00e4 oppimateriaalissa k\u00e4yd\u00e4\u00e4n l\u00e4pi tutkimusaineistonhallinnan ja aineistonhallintasuunnitelman laatimisen perusasiat. Oppimateriaali jakautuu lukuihin, joissa k\u00e4sitell\u00e4\u00e4n aineistonhallinnan n\u00e4k\u00f6kulmasta Vapaaehtoinen lis\u00e4moduuli (1 op) syvent\u00e4\u00e4 dokumentaation ja kuvailun toteuttamista tutkimuksen aikana ja datan ja\/tai sen metadatan julkaisemisen tai avaamisen yhteydess\u00e4. Osaamistavoitteet Opintojakson [&hellip;]\" \/>\n<meta property=\"og:url\" content=\"https:\/\/sites.uef.fi\/rdm\/?lang=fi\" \/>\n<meta property=\"og:site_name\" content=\"Basics of Research Data Management\" \/>\n<meta property=\"article:modified_time\" content=\"2025-07-03T11:38:33+00:00\" \/>\n<meta property=\"og:image\" content=\"https:\/\/sites.uef.fi\/rdm\/wp-content\/uploads\/sites\/323\/2021\/08\/rdm-1-e1692606928361.jpg\" \/>\n\t<meta property=\"og:image:width\" content=\"622\" \/>\n\t<meta property=\"og:image:height\" content=\"391\" \/>\n\t<meta property=\"og:image:type\" content=\"image\/jpeg\" \/>\n<meta name=\"twitter:card\" content=\"summary_large_image\" \/>\n<meta name=\"twitter:label1\" content=\"Est. reading time\" \/>\n\t<meta name=\"twitter:data1\" content=\"3 minutes\" \/>\n<script type=\"application\/ld+json\" class=\"yoast-schema-graph\">{\"@context\":\"https:\\\/\\\/schema.org\",\"@graph\":[{\"@type\":\"WebPage\",\"@id\":\"https:\\\/\\\/sites.uef.fi\\\/rdm\\\/?lang=fi\",\"url\":\"https:\\\/\\\/sites.uef.fi\\\/rdm\\\/?lang=fi\",\"name\":\"Etusivu - Basics of Research Data Management\",\"isPartOf\":{\"@id\":\"https:\\\/\\\/sites.uef.fi\\\/rdm\\\/#website\"},\"primaryImageOfPage\":{\"@id\":\"https:\\\/\\\/sites.uef.fi\\\/rdm\\\/?lang=fi#primaryimage\"},\"image\":{\"@id\":\"https:\\\/\\\/sites.uef.fi\\\/rdm\\\/?lang=fi#primaryimage\"},\"thumbnailUrl\":\"https:\\\/\\\/sites.uef.fi\\\/rdm\\\/wp-content\\\/uploads\\\/sites\\\/323\\\/2021\\\/08\\\/rdm-1.jpg\",\"datePublished\":\"2021-06-30T12:00:03+00:00\",\"dateModified\":\"2025-07-03T11:38:33+00:00\",\"breadcrumb\":{\"@id\":\"https:\\\/\\\/sites.uef.fi\\\/rdm\\\/?lang=fi#breadcrumb\"},\"inLanguage\":\"en-US\",\"potentialAction\":[{\"@type\":\"ReadAction\",\"target\":[\"https:\\\/\\\/sites.uef.fi\\\/rdm\\\/?lang=fi\"]}]},{\"@type\":\"ImageObject\",\"inLanguage\":\"en-US\",\"@id\":\"https:\\\/\\\/sites.uef.fi\\\/rdm\\\/?lang=fi#primaryimage\",\"url\":\"https:\\\/\\\/sites.uef.fi\\\/rdm\\\/wp-content\\\/uploads\\\/sites\\\/323\\\/2021\\\/08\\\/rdm-1-e1692606928361.jpg\",\"contentUrl\":\"https:\\\/\\\/sites.uef.fi\\\/rdm\\\/wp-content\\\/uploads\\\/sites\\\/323\\\/2021\\\/08\\\/rdm-1-e1692606928361.jpg\",\"width\":622,\"height\":391},{\"@type\":\"BreadcrumbList\",\"@id\":\"https:\\\/\\\/sites.uef.fi\\\/rdm\\\/?lang=fi#breadcrumb\",\"itemListElement\":[{\"@type\":\"ListItem\",\"position\":1,\"name\":\"Home\",\"item\":\"https:\\\/\\\/sites.uef.fi\\\/rdm\\\/\"},{\"@type\":\"ListItem\",\"position\":2,\"name\":\"Etusivu\"}]},{\"@type\":\"WebSite\",\"@id\":\"https:\\\/\\\/sites.uef.fi\\\/rdm\\\/#website\",\"url\":\"https:\\\/\\\/sites.uef.fi\\\/rdm\\\/\",\"name\":\"Basics of Research Data Management\",\"description\":\"\",\"potentialAction\":[{\"@type\":\"SearchAction\",\"target\":{\"@type\":\"EntryPoint\",\"urlTemplate\":\"https:\\\/\\\/sites.uef.fi\\\/rdm\\\/?s={search_term_string}\"},\"query-input\":{\"@type\":\"PropertyValueSpecification\",\"valueRequired\":true,\"valueName\":\"search_term_string\"}}],\"inLanguage\":\"en-US\"}]}<\/script>\n<!-- \/ Yoast SEO plugin. -->","yoast_head_json":{"title":"Etusivu - Basics of Research Data Management","robots":{"index":"index","follow":"follow","max-snippet":"max-snippet:-1","max-image-preview":"max-image-preview:large","max-video-preview":"max-video-preview:-1"},"canonical":"https:\/\/sites.uef.fi\/rdm\/?lang=fi","og_locale":"en_US","og_type":"article","og_title":"Etusivu - Basics of Research Data Management","og_description":"Tutkimusaineistonhallinnan perusteet 1 &#8211; 2 op T\u00e4m\u00e4 It\u00e4-Suomen yliopiston kirjaston toteuttama opintojakso on osa yliopiston tohtorikoulun opintoja. T\u00e4ss\u00e4 oppimateriaalissa k\u00e4yd\u00e4\u00e4n l\u00e4pi tutkimusaineistonhallinnan ja aineistonhallintasuunnitelman laatimisen perusasiat. Oppimateriaali jakautuu lukuihin, joissa k\u00e4sitell\u00e4\u00e4n aineistonhallinnan n\u00e4k\u00f6kulmasta Vapaaehtoinen lis\u00e4moduuli (1 op) syvent\u00e4\u00e4 dokumentaation ja kuvailun toteuttamista tutkimuksen aikana ja datan ja\/tai sen metadatan julkaisemisen tai avaamisen yhteydess\u00e4. Osaamistavoitteet Opintojakson [&hellip;]","og_url":"https:\/\/sites.uef.fi\/rdm\/?lang=fi","og_site_name":"Basics of Research Data Management","article_modified_time":"2025-07-03T11:38:33+00:00","og_image":[{"width":622,"height":391,"url":"https:\/\/sites.uef.fi\/rdm\/wp-content\/uploads\/sites\/323\/2021\/08\/rdm-1-e1692606928361.jpg","type":"image\/jpeg"}],"twitter_card":"summary_large_image","twitter_misc":{"Est. reading time":"3 minutes"},"schema":{"@context":"https:\/\/schema.org","@graph":[{"@type":"WebPage","@id":"https:\/\/sites.uef.fi\/rdm\/?lang=fi","url":"https:\/\/sites.uef.fi\/rdm\/?lang=fi","name":"Etusivu - Basics of Research Data Management","isPartOf":{"@id":"https:\/\/sites.uef.fi\/rdm\/#website"},"primaryImageOfPage":{"@id":"https:\/\/sites.uef.fi\/rdm\/?lang=fi#primaryimage"},"image":{"@id":"https:\/\/sites.uef.fi\/rdm\/?lang=fi#primaryimage"},"thumbnailUrl":"https:\/\/sites.uef.fi\/rdm\/wp-content\/uploads\/sites\/323\/2021\/08\/rdm-1.jpg","datePublished":"2021-06-30T12:00:03+00:00","dateModified":"2025-07-03T11:38:33+00:00","breadcrumb":{"@id":"https:\/\/sites.uef.fi\/rdm\/?lang=fi#breadcrumb"},"inLanguage":"en-US","potentialAction":[{"@type":"ReadAction","target":["https:\/\/sites.uef.fi\/rdm\/?lang=fi"]}]},{"@type":"ImageObject","inLanguage":"en-US","@id":"https:\/\/sites.uef.fi\/rdm\/?lang=fi#primaryimage","url":"https:\/\/sites.uef.fi\/rdm\/wp-content\/uploads\/sites\/323\/2021\/08\/rdm-1-e1692606928361.jpg","contentUrl":"https:\/\/sites.uef.fi\/rdm\/wp-content\/uploads\/sites\/323\/2021\/08\/rdm-1-e1692606928361.jpg","width":622,"height":391},{"@type":"BreadcrumbList","@id":"https:\/\/sites.uef.fi\/rdm\/?lang=fi#breadcrumb","itemListElement":[{"@type":"ListItem","position":1,"name":"Home","item":"https:\/\/sites.uef.fi\/rdm\/"},{"@type":"ListItem","position":2,"name":"Etusivu"}]},{"@type":"WebSite","@id":"https:\/\/sites.uef.fi\/rdm\/#website","url":"https:\/\/sites.uef.fi\/rdm\/","name":"Basics of Research Data Management","description":"","potentialAction":[{"@type":"SearchAction","target":{"@type":"EntryPoint","urlTemplate":"https:\/\/sites.uef.fi\/rdm\/?s={search_term_string}"},"query-input":{"@type":"PropertyValueSpecification","valueRequired":true,"valueName":"search_term_string"}}],"inLanguage":"en-US"}]}},"_links":{"self":[{"href":"https:\/\/sites.uef.fi\/rdm\/wp-json\/wp\/v2\/pages\/38","targetHints":{"allow":["GET"]}}],"collection":[{"href":"https:\/\/sites.uef.fi\/rdm\/wp-json\/wp\/v2\/pages"}],"about":[{"href":"https:\/\/sites.uef.fi\/rdm\/wp-json\/wp\/v2\/types\/page"}],"author":[{"embeddable":true,"href":"https:\/\/sites.uef.fi\/rdm\/wp-json\/wp\/v2\/users\/2"}],"replies":[{"embeddable":true,"href":"https:\/\/sites.uef.fi\/rdm\/wp-json\/wp\/v2\/comments?post=38"}],"version-history":[{"count":2,"href":"https:\/\/sites.uef.fi\/rdm\/wp-json\/wp\/v2\/pages\/38\/revisions"}],"predecessor-version":[{"id":3732,"href":"https:\/\/sites.uef.fi\/rdm\/wp-json\/wp\/v2\/pages\/38\/revisions\/3732"}],"wp:attachment":[{"href":"https:\/\/sites.uef.fi\/rdm\/wp-json\/wp\/v2\/media?parent=38"}],"curies":[{"name":"wp","href":"https:\/\/api.w.org\/{rel}","templated":true}]}}