{"id":265,"date":"2020-12-16T22:36:06","date_gmt":"2020-12-16T22:36:06","guid":{"rendered":"https:\/\/sites.uef.fi\/sobio\/?page_id=265"},"modified":"2023-12-13T11:26:08","modified_gmt":"2023-12-13T11:26:08","slug":"sobio-days-2018","status":"publish","type":"page","link":"https:\/\/sites.uef.fi\/sobio\/events\/sobio-days-2018\/","title":{"rendered":"SOBIO Days 2018"},"content":{"rendered":"\n<h1 class=\"wp-block-heading\">SOBIO Days 2018<\/h1>\n\n\n\n<p><strong>Time: 22-23 October 2018<\/strong><\/p>\n\n\n\n<p><strong>Venue: Metria, Joensuu Campus<\/strong><\/p>\n\n\n\n<p>Let\u2019s raise the visibility and impact of a social-scientific view on the bioeconomy!Our multidisciplinary research network, SOBIO, is taking its first steps. You are warmly invited to join the SOBIO Days 2018 to develop the network further and discuss how you could benefit from and contribute to our network on social scientific circular and bioeconomy research. Registration is open until October 18th. SOBIO constitutes one of the research networks of UEF Bioeconomy Research Networks and it is a vital part of the LYY network: The Institute for Natural Resources, Environment and Society (LYY).<\/p>\n\n\n\n<h2 class=\"wp-block-heading\">PROGRAMME<\/h2>\n\n\n\n<p><strong>Monday 22nd October at University of Eastern Finland, Joensuu, Metria building, M11<\/strong><\/p>\n\n\n\n<p>09.00 &#8211; 9.15 Welcoming words by Irmeli Mustalahti<\/p>\n\n\n\n<p>9.15 &#8211; 10.30 THE ROLE OF BIOECONOMY IN GREEN TRANSITIONS. Keynote Speech by Bj\u00f8rnar S\u00e6ther. Comments by Rauno Sairinen. Slides here: <a href=\"https:\/\/sites.uef.fi\/sobio\/wp-content\/uploads\/sites\/254\/2020\/12\/Saether_pp_SobioDays2018.pdf\">Saether_pp_SobioDays2018<\/a><\/p>\n\n\n\n<p>10.30 &#8211; 12.00 Researcher presentations and discussion. Facilitated by Moritz Albrecht and Jouni Paavola.<\/p>\n\n\n\n<ul class=\"wp-block-list\">\n<li>Topi Turunen (UEF): \u201cThe concepts of waste and non-waste in the circular economy\u201d<\/li>\n\n\n\n<li>Helen Reijonen (UEF): \u201cIncentives and barriers to sort household waste\u201d<\/li>\n\n\n\n<li>Henna Konu (UEF): \u201cUnderstanding customer perspectives of nature-based<\/li>\n\n\n\n<li>Moritz Albrecht (UEF): \u201cRegional Bioeconomy Assemblages: Unfolding spatialities of bioeconomy governance\u201d<\/li>\n<\/ul>\n\n\n\n<p>12.00 &#8211; 13.00 Lunch<\/p>\n\n\n\n<p>13.00 &#8211; 17.15 Researcher presentations and discussion with a coffee break. Facilitated by Moritz Albrecht and Bj\u00f8rnar S\u00e6ther.<\/p>\n\n\n\n<ul class=\"wp-block-list\">\n<li>P\u00e4ivi Pelli (UEF): \u201cOn the verge of interdisciplinary crossover: transitions to bio, circular, green and service economy\u201d<\/li>\n\n\n\n<li>Taru Peltola (SYKE): \u201cTowards more inclusive sustainability transitions: Experimenting with school food\u201d\u2022<\/li>\n\n\n\n<li>Irmeli Mustalahti (UEF): \u201cCross-generational capabilities and collaboration towards responsive bioeconomy&#8221;<\/li>\n<\/ul>\n\n\n\n<p>14.45 &#8211; 15.15 Coffee break<\/p>\n\n\n\n<ul class=\"wp-block-list\">\n<li>Lea Ranacher (BOKU, Vienna): \u201cResearching the societal perception of the forest-based sector in context of a bioeconomy\u201d Slides: <a href=\"https:\/\/sites.uef.fi\/sobio\/wp-content\/uploads\/sites\/254\/2020\/12\/Ranacher_pp_SobioDays2018.pdf\">Ranacher_pp_SobioDays2018<\/a><\/li>\n\n\n\n<li>Jakob Donner-Amnell (UEF): \u201cTension within a global regime: interpreting the change of the Finnish forest-based industry 1996-2018\u201d<\/li>\n\n\n\n<li>Denis Dobrynin (UEF): \u201cFree, Prior and Informed Consent (FPIC) as a tool for responsibilisation? Observations on the actors of FSC forest certification: The case of Russia\u201c<\/li>\n\n\n\n<li>Janni Kunttu (UEF): \u201cMaximizing climate benefits of wood products in Finland: A participative backcasting study on the uses of wood\u201d<\/li>\n<\/ul>\n\n\n\n<p>17.15 &#8211; 17.45 Wrap up discussion. 18.00 \u201dGet together&#8221;- Dinner<\/p>\n\n\n\n<p><strong>Tuesday 23rd October at University of Eastern Finland, Joensuu, Metria building, M109<\/strong><\/p>\n\n\n\n<p>9.00 &#8211; 9.30 Words of welcome and introduction of the participants.<\/p>\n\n\n\n<p>9:30 &#8211; 10.30 TOWARDS SOCIALLY SUSTAINABLE BIOSOCIETY. Jouni Paavola opens the discussion with a keynote speech. Comments by Tapio M\u00e4\u00e4tt\u00e4. Slides: <a href=\"https:\/\/sites.uef.fi\/sobio\/wp-content\/uploads\/sites\/254\/2020\/12\/Paavola_pp_SobioDays2018.pdf\">Paavola_pp_SobioDays2018<\/a><\/p>\n\n\n\n<p>10.30 &#8211; 11.00 Introduction of SOBIO network by Irmeli Mustalahti and Moritz Albrecht<\/p>\n\n\n\n<p>11:00 &#8211; 12:00 WHY INTERDISCIPLINARY RESEARCH NETWORKS ARE NEEDED? Kaisa Korhonen-Kurki opens the discussion by sharing her experience of research networks. Slides: <a href=\"https:\/\/sites.uef.fi\/sobio\/wp-content\/uploads\/sites\/254\/2020\/12\/Korhonen_pp_SobioDays2018.pdf\">Korhonen_pp_SobioDays2018<\/a><\/p>\n\n\n\n<p>12.00 &#8211; 13.00 Lunch<\/p>\n\n\n\n<p>12.00 &#8211; 15.00 Future of SOBIO network &#8211; Brainstorming session: Facilitated by Teppo Hujala.<\/p>\n\n\n\n<p>15:00 &#8211; 16:00 First steps of SOBIO network \u2013 Take home points by Raija Komppula, Jarmo Kortelainen and Ismo P\u00f6l\u00f6nen<\/p>\n\n\n\n<p><strong>Information about the invited speakers:<\/strong><\/p>\n\n\n\n<p><strong>Bj\u00f8rnar S\u00e6ther<\/strong>, University of Oslo, Department of Sociology and Human Geography. S\u00e6ther is a professor in human\/economic geography with research expertise in rural innovation, agro-food systems and resource-based industries. His focus is particularly on a Nordic perspective. He has edited books such as \u2018Nordic food transitions. Towards a territorialized action space for food and rural development\u2019 (2018) and \u2018Politics of forests. Northern forest industrial regimes in the age of globalization\u2019 (2004), and has published numerous articles on aspects related to resource industries, their development and innovation approaches in rural and peripheral areas. S\u00e6ther teaches evolutionary economic geography, economic globalization, regional development and the role of green innovations in an age of global environmental change. He has advised numerous Masters and Phd students.<\/p>\n\n\n\n<p><strong>Jouni Paavola<\/strong> is Professor of Environmental Social Science and Co-Director of the UK Economic and Social Research Council (ESRC) funded Centre for Climate Change Economics and Policy (CCCEP) in the School of Earth and Environment at the University of Leeds in the United Kingdom. His research interests focus on environmental governance institutions and their environmental, economic and social justice implications, particularly with regard to climate change, biodiversity and ecosystem services. He has authored and co-authored over 70 peer-reviewed articles from his research published in journals such as Science, Ecology and Society, Ecological Economics and Energy Policy. He was a member of the Scientific Committee of the European Environment Agency (EEA) in 2008-2016 and is a member of the editorial boards of Ecological Economics and Environmental Policy and Governance, and Section Editor of Global Sustainability, a new Cambridge University Press journal.<\/p>\n\n\n\n<p><strong>Kaisa Korhonen-Kurki<\/strong>, PhD Adjunct professor, works as a program director for Strategic Research Council (STN) programs of \u201cAdaptation and Resilience for Sustainable Growth\u201d, \u201cChanging Society and Active Citizenship\u201d and \u201cKeys to Sustainable Growth\u201d as well as being a research coordinator at the Helsinki Institute of Sustainability Science HELSUS, in the University of Helsinki. Korhonen-Kurki has a long experience in science policy work; she is a founding member of national science-policy platform for environment (Ymp\u00e4rist\u00f6tiedon foorumi) as well as a member of the leadership council in the UN\u2019s Sustainable Development Solution Network Northern Europe. Her background is in environmental policy research concerning climate and forest governance, sustainability transformation and co-production of knowledge. She has worked as a scientist in a climate policy unit at the Center for International Forestry Research, CIFOR, in Indonesia. She has over 10 years\u2019 experience on working and coordinating interdisciplinary research networks in sustainability science.<\/p>\n","protected":false},"excerpt":{"rendered":"<p>SOBIO Days 2018 Time: 22-23 October 2018 Venue: Metria, Joensuu Campus Let\u2019s raise the visibility and impact of a social-scientific view on the bioeconomy!Our multidisciplinary research network, SOBIO, is taking its first steps. You are warmly invited to join the SOBIO Days 2018 to develop the network further and discuss how you could benefit from [&hellip;]<\/p>\n","protected":false},"author":417,"featured_media":0,"parent":54,"menu_order":5,"comment_status":"closed","ping_status":"closed","template":"","meta":{"_acf_changed":false,"footnotes":""},"class_list":["post-265","page","type-page","status-publish","hentry"],"acf":[],"yoast_head":"<!-- This site is optimized with the Yoast SEO plugin v27.3 - https:\/\/yoast.com\/product\/yoast-seo-wordpress\/ -->\n<title>SOBIO Days 2018 - Social Scientific Biosociety Research Network - SOBIO<\/title>\n<meta name=\"robots\" content=\"index, follow, max-snippet:-1, max-image-preview:large, max-video-preview:-1\" \/>\n<link rel=\"canonical\" href=\"https:\/\/sites.uef.fi\/sobio\/events\/sobio-days-2018\/\" \/>\n<meta property=\"og:locale\" content=\"en_US\" \/>\n<meta property=\"og:type\" content=\"article\" \/>\n<meta property=\"og:title\" content=\"SOBIO Days 2018 - Social Scientific Biosociety Research Network - SOBIO\" \/>\n<meta property=\"og:description\" content=\"SOBIO Days 2018 Time: 22-23 October 2018 Venue: Metria, Joensuu Campus Let\u2019s raise the visibility and impact of a social-scientific view on the bioeconomy!Our multidisciplinary research network, SOBIO, is taking its first steps. You are warmly invited to join the SOBIO Days 2018 to develop the network further and discuss how you could benefit from [&hellip;]\" \/>\n<meta property=\"og:url\" content=\"https:\/\/sites.uef.fi\/sobio\/events\/sobio-days-2018\/\" \/>\n<meta property=\"og:site_name\" content=\"Social Scientific Biosociety Research Network - SOBIO\" \/>\n<meta property=\"article:modified_time\" content=\"2023-12-13T11:26:08+00:00\" \/>\n<meta name=\"twitter:card\" content=\"summary_large_image\" \/>\n<meta name=\"twitter:label1\" content=\"Est. reading time\" \/>\n\t<meta name=\"twitter:data1\" content=\"4 minutes\" \/>\n<script type=\"application\/ld+json\" class=\"yoast-schema-graph\">{\"@context\":\"https:\\\/\\\/schema.org\",\"@graph\":[{\"@type\":\"WebPage\",\"@id\":\"https:\\\/\\\/sites.uef.fi\\\/sobio\\\/events\\\/sobio-days-2018\\\/\",\"url\":\"https:\\\/\\\/sites.uef.fi\\\/sobio\\\/events\\\/sobio-days-2018\\\/\",\"name\":\"SOBIO Days 2018 - Social Scientific Biosociety Research Network - SOBIO\",\"isPartOf\":{\"@id\":\"https:\\\/\\\/sites.uef.fi\\\/sobio\\\/#website\"},\"datePublished\":\"2020-12-16T22:36:06+00:00\",\"dateModified\":\"2023-12-13T11:26:08+00:00\",\"breadcrumb\":{\"@id\":\"https:\\\/\\\/sites.uef.fi\\\/sobio\\\/events\\\/sobio-days-2018\\\/#breadcrumb\"},\"inLanguage\":\"en-US\",\"potentialAction\":[{\"@type\":\"ReadAction\",\"target\":[\"https:\\\/\\\/sites.uef.fi\\\/sobio\\\/events\\\/sobio-days-2018\\\/\"]}]},{\"@type\":\"BreadcrumbList\",\"@id\":\"https:\\\/\\\/sites.uef.fi\\\/sobio\\\/events\\\/sobio-days-2018\\\/#breadcrumb\",\"itemListElement\":[{\"@type\":\"ListItem\",\"position\":1,\"name\":\"Home\",\"item\":\"https:\\\/\\\/sites.uef.fi\\\/sobio\\\/\"},{\"@type\":\"ListItem\",\"position\":2,\"name\":\"Events\",\"item\":\"https:\\\/\\\/sites.uef.fi\\\/sobio\\\/events\\\/\"},{\"@type\":\"ListItem\",\"position\":3,\"name\":\"SOBIO Days 2018\"}]},{\"@type\":\"WebSite\",\"@id\":\"https:\\\/\\\/sites.uef.fi\\\/sobio\\\/#website\",\"url\":\"https:\\\/\\\/sites.uef.fi\\\/sobio\\\/\",\"name\":\"Social Scientific Biosociety Research Network - SOBIO\",\"description\":\"\",\"potentialAction\":[{\"@type\":\"SearchAction\",\"target\":{\"@type\":\"EntryPoint\",\"urlTemplate\":\"https:\\\/\\\/sites.uef.fi\\\/sobio\\\/?s={search_term_string}\"},\"query-input\":{\"@type\":\"PropertyValueSpecification\",\"valueRequired\":true,\"valueName\":\"search_term_string\"}}],\"inLanguage\":\"en-US\"}]}<\/script>\n<!-- \/ Yoast SEO plugin. -->","yoast_head_json":{"title":"SOBIO Days 2018 - Social Scientific Biosociety Research Network - SOBIO","robots":{"index":"index","follow":"follow","max-snippet":"max-snippet:-1","max-image-preview":"max-image-preview:large","max-video-preview":"max-video-preview:-1"},"canonical":"https:\/\/sites.uef.fi\/sobio\/events\/sobio-days-2018\/","og_locale":"en_US","og_type":"article","og_title":"SOBIO Days 2018 - Social Scientific Biosociety Research Network - SOBIO","og_description":"SOBIO Days 2018 Time: 22-23 October 2018 Venue: Metria, Joensuu Campus Let\u2019s raise the visibility and impact of a social-scientific view on the bioeconomy!Our multidisciplinary research network, SOBIO, is taking its first steps. You are warmly invited to join the SOBIO Days 2018 to develop the network further and discuss how you could benefit from [&hellip;]","og_url":"https:\/\/sites.uef.fi\/sobio\/events\/sobio-days-2018\/","og_site_name":"Social Scientific Biosociety Research Network - SOBIO","article_modified_time":"2023-12-13T11:26:08+00:00","twitter_card":"summary_large_image","twitter_misc":{"Est. reading time":"4 minutes"},"schema":{"@context":"https:\/\/schema.org","@graph":[{"@type":"WebPage","@id":"https:\/\/sites.uef.fi\/sobio\/events\/sobio-days-2018\/","url":"https:\/\/sites.uef.fi\/sobio\/events\/sobio-days-2018\/","name":"SOBIO Days 2018 - Social Scientific Biosociety Research Network - SOBIO","isPartOf":{"@id":"https:\/\/sites.uef.fi\/sobio\/#website"},"datePublished":"2020-12-16T22:36:06+00:00","dateModified":"2023-12-13T11:26:08+00:00","breadcrumb":{"@id":"https:\/\/sites.uef.fi\/sobio\/events\/sobio-days-2018\/#breadcrumb"},"inLanguage":"en-US","potentialAction":[{"@type":"ReadAction","target":["https:\/\/sites.uef.fi\/sobio\/events\/sobio-days-2018\/"]}]},{"@type":"BreadcrumbList","@id":"https:\/\/sites.uef.fi\/sobio\/events\/sobio-days-2018\/#breadcrumb","itemListElement":[{"@type":"ListItem","position":1,"name":"Home","item":"https:\/\/sites.uef.fi\/sobio\/"},{"@type":"ListItem","position":2,"name":"Events","item":"https:\/\/sites.uef.fi\/sobio\/events\/"},{"@type":"ListItem","position":3,"name":"SOBIO Days 2018"}]},{"@type":"WebSite","@id":"https:\/\/sites.uef.fi\/sobio\/#website","url":"https:\/\/sites.uef.fi\/sobio\/","name":"Social Scientific Biosociety Research Network - SOBIO","description":"","potentialAction":[{"@type":"SearchAction","target":{"@type":"EntryPoint","urlTemplate":"https:\/\/sites.uef.fi\/sobio\/?s={search_term_string}"},"query-input":{"@type":"PropertyValueSpecification","valueRequired":true,"valueName":"search_term_string"}}],"inLanguage":"en-US"}]}},"_links":{"self":[{"href":"https:\/\/sites.uef.fi\/sobio\/wp-json\/wp\/v2\/pages\/265","targetHints":{"allow":["GET"]}}],"collection":[{"href":"https:\/\/sites.uef.fi\/sobio\/wp-json\/wp\/v2\/pages"}],"about":[{"href":"https:\/\/sites.uef.fi\/sobio\/wp-json\/wp\/v2\/types\/page"}],"author":[{"embeddable":true,"href":"https:\/\/sites.uef.fi\/sobio\/wp-json\/wp\/v2\/users\/417"}],"replies":[{"embeddable":true,"href":"https:\/\/sites.uef.fi\/sobio\/wp-json\/wp\/v2\/comments?post=265"}],"version-history":[{"count":2,"href":"https:\/\/sites.uef.fi\/sobio\/wp-json\/wp\/v2\/pages\/265\/revisions"}],"predecessor-version":[{"id":1034,"href":"https:\/\/sites.uef.fi\/sobio\/wp-json\/wp\/v2\/pages\/265\/revisions\/1034"}],"up":[{"embeddable":true,"href":"https:\/\/sites.uef.fi\/sobio\/wp-json\/wp\/v2\/pages\/54"}],"wp:attachment":[{"href":"https:\/\/sites.uef.fi\/sobio\/wp-json\/wp\/v2\/media?parent=265"}],"curies":[{"name":"wp","href":"https:\/\/api.w.org\/{rel}","templated":true}]}}