{"id":407,"date":"2025-04-16T13:02:46","date_gmt":"2025-04-16T11:02:46","guid":{"rendered":"https:\/\/sites.uef.fi\/socialpsychologyconference\/?page_id=407"},"modified":"2025-05-09T08:35:31","modified_gmt":"2025-05-09T06:35:31","slug":"parallel-sessions-slot-1","status":"publish","type":"page","link":"https:\/\/sites.uef.fi\/socialpsychologyconference\/parallel-sessions-slot-1\/","title":{"rendered":"Parallel sessions &#8211; Slot 1"},"content":{"rendered":"\n<p><strong>THURSDAY<\/strong>\u00a014:35-16:20 Slot 1, Medistudia Building<\/p>\n\n\n\n<p>Parallel sessions 1h 45 min<\/p>\n\n\n\n<h4 class=\"wp-block-heading\"><strong>Researching everyday interethnic contact: from momentary encounters to enduring friendships&nbsp;<\/strong>(ENG)&nbsp;<\/h4>\n\n\n\n<p><strong>Chair: Eerika Finell\u00a0<\/strong><br><strong>Room: MS304<\/strong><\/p>\n\n\n\n<ul class=\"wp-block-list\">\n<li>Ira Frejborg: <em>Experience sampling the microecology of ethnic segregation in Helsinki<\/em>&nbsp;<\/li>\n<\/ul>\n\n\n\n<ul class=\"wp-block-list\">\n<li>Siru Pikkarainen: <em>Using walking interviews and thematic analysis to study the relationship between self, others, and space<\/em>&nbsp;<\/li>\n<\/ul>\n\n\n\n<ul class=\"wp-block-list\">\n<li>Paula Paajanen: <em>A dyadic, longitudinal and multimodal approach to lived experience of evolving intergroup friendships<\/em>&nbsp;<\/li>\n<\/ul>\n\n\n\n<ul class=\"wp-block-list\">\n<li>Ella Heimonen: <em>Finnish and foreign background mothers\u2019 intergroup friendship expectations in a befriending program<\/em>&nbsp;<\/li>\n<\/ul>\n\n\n\n<ul class=\"wp-block-list\">\n<li>Viivi M\u00e4kinen: <em>Attitudes, norms, and perceived behavioral beliefs as psychological predictors of bystander\u2019s intention to confront prejudice<\/em>&nbsp;<\/li>\n<\/ul>\n\n\n\n<h4 class=\"wp-block-heading\"><strong>Diskursiivisten tutkimusmenetelmien ty\u00f6paja&nbsp;<\/strong>(FI)&nbsp;<\/h4>\n\n\n\n<p><strong>Chairs: Sara Liinamo &amp; Satu Ven\u00e4l\u00e4inen<\/strong><br><strong>Room: MS306<\/strong><\/p>\n\n\n\n<p>Ty\u00f6pajassa analysoidaan nelj\u00e4\u00e4 tutkimusaineistoa yhteisesti. Keskustelun aiheena on, mik\u00e4 niiss\u00e4 on diskursiivisesta n\u00e4k\u00f6kulmasta kiinnostavaa ja miten analyysej\u00e4 kannattaisi edist\u00e4\u00e4 ja syvent\u00e4\u00e4.&nbsp;<\/p>\n\n\n\n<p>Aineistojen esittelij\u00e4t:&nbsp;<\/p>\n\n\n\n<ul class=\"wp-block-list\">\n<li>Iija den Herder: <em>Huoltoriidan kokeneiden vanhempien haastatteluaineisto: positioinnit ja kulttuuriset mallitarinat<\/em><\/li>\n<\/ul>\n\n\n\n<ul class=\"wp-block-list\">\n<li>Krista Huusko: <em>Sukupuoliv\u00e4hemmist\u00f6ihin kuuluvien vanhempien haastatteluaineisto: j\u00e4sennykset vanhemmuudesta suhteessa sukupuolittuneisiin yhteiskunnallisiin normeihin<\/em><\/li>\n<\/ul>\n\n\n\n<ul class=\"wp-block-list\">\n<li>Sara Liinamo: <em>Persoonallisuustestivastaajien haastatteluaineisto: &#8220;\u00e4\u00e4neen ajatelluissa&#8221; testivastauksissa hy\u00f6dynnetyt intersektionaaliset kategorisoinnit<\/em><\/li>\n<\/ul>\n\n\n\n<ul class=\"wp-block-list\">\n<li>Maija Korhonen: <em>Kauppatieteit\u00e4 opiskelevien ja vastavalmistuneiden haastatteluaineisto: sosiaalinen vertailu ja kauppatieteiden \u201dheimon\u201d j\u00e4senyydest\u00e4 neuvottelu<\/em><\/li>\n<\/ul>\n\n\n\n<p>Pyydetyt kommenttipuheenvuorot: Miira Niska, Emma Nortio &amp; Satu Ven\u00e4l\u00e4inen&nbsp;<\/p>\n\n\n\n<h4 class=\"wp-block-heading\"><strong>Work and Innovation in Flux: Conflict, Change, and Interaction in Organizational Dynamics <\/strong>(ENG\/FI)&nbsp;<\/h4>\n\n\n\n<p><strong>Chairs: Pekka Kuusela &amp; Pasi Hirvonen\u00a0<\/strong><br><strong>Room: MS300<\/strong><\/p>\n\n\n\n<ul class=\"wp-block-list\">\n<li>Pekka Kuusela: <em>Konfliktista ja kiusaamisesta itseymm\u00e4rryksen kautta toipumiseen- ty\u00f6paikkakiusaamista koskevien haastattelujen dialoginen ja moni\u00e4\u00e4ninen analyysi.<\/em>&nbsp;<\/li>\n<\/ul>\n\n\n\n<ul class=\"wp-block-list\">\n<li>Virpi Sorsa: <em>Resonating or resisting? Art based methods from the perspective of affect theory&nbsp;<\/em>&nbsp;<\/li>\n<\/ul>\n\n\n\n<ul class=\"wp-block-list\">\n<li>Pasi Hirvonen: <em>Bridging, bonding, and banding: Self-other positioning in multistakeholder research collaborations<\/em>&nbsp;<\/li>\n<\/ul>\n\n\n\n<ul class=\"wp-block-list\">\n<li>Esa Hiltunen: <em>Luottamus ty\u00f6ntekij\u00e4l\u00e4ht\u00f6isess\u00e4 innovaatiotoiminnassa<\/em>&nbsp;<\/li>\n<\/ul>\n\n\n\n<ul class=\"wp-block-list\">\n<li>Siiri Piironen: <em>Liminal spaces in organizing<\/em>&nbsp;<\/li>\n<\/ul>\n\n\n\n<h4 class=\"wp-block-heading\"><strong>Social Psychology and Environment: From Climate Urgency to the Search for Silence <\/strong>(ENG)&nbsp;&nbsp;<\/h4>\n\n\n\n<p><strong>Chair: Helena Rovamo<\/strong><br><strong>Room: MS305\u00a0<\/strong><\/p>\n\n\n\n<ul class=\"wp-block-list\">\n<li>Tamara Hajdu: <em>The tale of three cities: Climate and Energy related Norms and Attitude<\/em>&nbsp;<\/li>\n<\/ul>\n\n\n\n<ul class=\"wp-block-list\">\n<li>Simon Magnusson, Melisa Stevanovic &amp; Teija Ahopelto: <em>Discursive construction of need for action: The intersection of hope and despair in climate activism<\/em>&nbsp;<\/li>\n<\/ul>\n\n\n\n<ul class=\"wp-block-list\">\n<li>Christian Palacios Haugestad: <em>Politicization Of Climate Anxiety in Media Discourses in Norway<\/em>&nbsp;<\/li>\n<\/ul>\n\n\n\n<ul class=\"wp-block-list\">\n<li>Eemeli Hakok\u00f6ng\u00e4s: <em>Experienced Silence in Cemeteries: From Environmental Silence to Internal Silence<\/em>&nbsp;<\/li>\n<\/ul>\n","protected":false},"excerpt":{"rendered":"<p>THURSDAY\u00a014:35-16:20 Slot 1, Medistudia Building Parallel sessions 1h 45 min Researching everyday interethnic contact: from momentary encounters to enduring friendships&nbsp;(ENG)&nbsp; Chair: Eerika Finell\u00a0Room: MS304 Diskursiivisten tutkimusmenetelmien ty\u00f6paja&nbsp;(FI)&nbsp; Chairs: Sara Liinamo &amp; Satu Ven\u00e4l\u00e4inenRoom: MS306 Ty\u00f6pajassa analysoidaan nelj\u00e4\u00e4 tutkimusaineistoa yhteisesti. Keskustelun aiheena on, mik\u00e4 niiss\u00e4 on diskursiivisesta n\u00e4k\u00f6kulmasta kiinnostavaa ja miten analyysej\u00e4 kannattaisi edist\u00e4\u00e4 ja syvent\u00e4\u00e4.&nbsp; [&hellip;]<\/p>\n","protected":false},"author":1279,"featured_media":0,"parent":0,"menu_order":0,"comment_status":"closed","ping_status":"closed","template":"","meta":{"_acf_changed":false,"footnotes":""},"class_list":["post-407","page","type-page","status-publish","hentry"],"acf":[],"yoast_head":"<!-- This site is optimized with the Yoast SEO plugin v27.1.1 - https:\/\/yoast.com\/product\/yoast-seo-wordpress\/ -->\n<title>Parallel sessions - Slot 1 - Social Psychology Days 2025 - Views to a Changing World<\/title>\n<meta name=\"robots\" content=\"index, follow, max-snippet:-1, max-image-preview:large, max-video-preview:-1\" \/>\n<link rel=\"canonical\" href=\"https:\/\/sites.uef.fi\/socialpsychologyconference\/parallel-sessions-slot-1\/\" \/>\n<meta property=\"og:locale\" content=\"en_US\" \/>\n<meta property=\"og:type\" content=\"article\" \/>\n<meta property=\"og:title\" content=\"Parallel sessions - Slot 1 - Social Psychology Days 2025 - Views to a Changing World\" \/>\n<meta property=\"og:description\" content=\"THURSDAY\u00a014:35-16:20 Slot 1, Medistudia Building Parallel sessions 1h 45 min Researching everyday interethnic contact: from momentary encounters to enduring friendships&nbsp;(ENG)&nbsp; Chair: Eerika Finell\u00a0Room: MS304 Diskursiivisten tutkimusmenetelmien ty\u00f6paja&nbsp;(FI)&nbsp; Chairs: Sara Liinamo &amp; Satu Ven\u00e4l\u00e4inenRoom: MS306 Ty\u00f6pajassa analysoidaan nelj\u00e4\u00e4 tutkimusaineistoa yhteisesti. Keskustelun aiheena on, mik\u00e4 niiss\u00e4 on diskursiivisesta n\u00e4k\u00f6kulmasta kiinnostavaa ja miten analyysej\u00e4 kannattaisi edist\u00e4\u00e4 ja syvent\u00e4\u00e4.&nbsp; [&hellip;]\" \/>\n<meta property=\"og:url\" content=\"https:\/\/sites.uef.fi\/socialpsychologyconference\/parallel-sessions-slot-1\/\" \/>\n<meta property=\"og:site_name\" content=\"Social Psychology Days 2025 - Views to a Changing World\" \/>\n<meta property=\"article:modified_time\" content=\"2025-05-09T06:35:31+00:00\" \/>\n<meta name=\"twitter:card\" content=\"summary_large_image\" \/>\n<meta name=\"twitter:label1\" content=\"Est. reading time\" \/>\n\t<meta name=\"twitter:data1\" content=\"2 minutes\" \/>\n<script type=\"application\/ld+json\" class=\"yoast-schema-graph\">{\"@context\":\"https:\/\/schema.org\",\"@graph\":[{\"@type\":\"WebPage\",\"@id\":\"https:\/\/sites.uef.fi\/socialpsychologyconference\/parallel-sessions-slot-1\/\",\"url\":\"https:\/\/sites.uef.fi\/socialpsychologyconference\/parallel-sessions-slot-1\/\",\"name\":\"Parallel sessions - Slot 1 - Social Psychology Days 2025 - Views to a Changing World\",\"isPartOf\":{\"@id\":\"https:\/\/sites.uef.fi\/socialpsychologyconference\/#website\"},\"datePublished\":\"2025-04-16T11:02:46+00:00\",\"dateModified\":\"2025-05-09T06:35:31+00:00\",\"breadcrumb\":{\"@id\":\"https:\/\/sites.uef.fi\/socialpsychologyconference\/parallel-sessions-slot-1\/#breadcrumb\"},\"inLanguage\":\"en-US\",\"potentialAction\":[{\"@type\":\"ReadAction\",\"target\":[\"https:\/\/sites.uef.fi\/socialpsychologyconference\/parallel-sessions-slot-1\/\"]}]},{\"@type\":\"BreadcrumbList\",\"@id\":\"https:\/\/sites.uef.fi\/socialpsychologyconference\/parallel-sessions-slot-1\/#breadcrumb\",\"itemListElement\":[{\"@type\":\"ListItem\",\"position\":1,\"name\":\"Home\",\"item\":\"https:\/\/sites.uef.fi\/socialpsychologyconference\/\"},{\"@type\":\"ListItem\",\"position\":2,\"name\":\"Parallel sessions &#8211; Slot 1\"}]},{\"@type\":\"WebSite\",\"@id\":\"https:\/\/sites.uef.fi\/socialpsychologyconference\/#website\",\"url\":\"https:\/\/sites.uef.fi\/socialpsychologyconference\/\",\"name\":\"Social Psychology Days 2025 - Views to a Changing World\",\"description\":\"\",\"potentialAction\":[{\"@type\":\"SearchAction\",\"target\":{\"@type\":\"EntryPoint\",\"urlTemplate\":\"https:\/\/sites.uef.fi\/socialpsychologyconference\/?s={search_term_string}\"},\"query-input\":{\"@type\":\"PropertyValueSpecification\",\"valueRequired\":true,\"valueName\":\"search_term_string\"}}],\"inLanguage\":\"en-US\"}]}<\/script>\n<!-- \/ Yoast SEO plugin. -->","yoast_head_json":{"title":"Parallel sessions - Slot 1 - Social Psychology Days 2025 - Views to a Changing World","robots":{"index":"index","follow":"follow","max-snippet":"max-snippet:-1","max-image-preview":"max-image-preview:large","max-video-preview":"max-video-preview:-1"},"canonical":"https:\/\/sites.uef.fi\/socialpsychologyconference\/parallel-sessions-slot-1\/","og_locale":"en_US","og_type":"article","og_title":"Parallel sessions - Slot 1 - Social Psychology Days 2025 - Views to a Changing World","og_description":"THURSDAY\u00a014:35-16:20 Slot 1, Medistudia Building Parallel sessions 1h 45 min Researching everyday interethnic contact: from momentary encounters to enduring friendships&nbsp;(ENG)&nbsp; Chair: Eerika Finell\u00a0Room: MS304 Diskursiivisten tutkimusmenetelmien ty\u00f6paja&nbsp;(FI)&nbsp; Chairs: Sara Liinamo &amp; Satu Ven\u00e4l\u00e4inenRoom: MS306 Ty\u00f6pajassa analysoidaan nelj\u00e4\u00e4 tutkimusaineistoa yhteisesti. Keskustelun aiheena on, mik\u00e4 niiss\u00e4 on diskursiivisesta n\u00e4k\u00f6kulmasta kiinnostavaa ja miten analyysej\u00e4 kannattaisi edist\u00e4\u00e4 ja syvent\u00e4\u00e4.&nbsp; [&hellip;]","og_url":"https:\/\/sites.uef.fi\/socialpsychologyconference\/parallel-sessions-slot-1\/","og_site_name":"Social Psychology Days 2025 - Views to a Changing World","article_modified_time":"2025-05-09T06:35:31+00:00","twitter_card":"summary_large_image","twitter_misc":{"Est. reading time":"2 minutes"},"schema":{"@context":"https:\/\/schema.org","@graph":[{"@type":"WebPage","@id":"https:\/\/sites.uef.fi\/socialpsychologyconference\/parallel-sessions-slot-1\/","url":"https:\/\/sites.uef.fi\/socialpsychologyconference\/parallel-sessions-slot-1\/","name":"Parallel sessions - Slot 1 - Social Psychology Days 2025 - Views to a Changing World","isPartOf":{"@id":"https:\/\/sites.uef.fi\/socialpsychologyconference\/#website"},"datePublished":"2025-04-16T11:02:46+00:00","dateModified":"2025-05-09T06:35:31+00:00","breadcrumb":{"@id":"https:\/\/sites.uef.fi\/socialpsychologyconference\/parallel-sessions-slot-1\/#breadcrumb"},"inLanguage":"en-US","potentialAction":[{"@type":"ReadAction","target":["https:\/\/sites.uef.fi\/socialpsychologyconference\/parallel-sessions-slot-1\/"]}]},{"@type":"BreadcrumbList","@id":"https:\/\/sites.uef.fi\/socialpsychologyconference\/parallel-sessions-slot-1\/#breadcrumb","itemListElement":[{"@type":"ListItem","position":1,"name":"Home","item":"https:\/\/sites.uef.fi\/socialpsychologyconference\/"},{"@type":"ListItem","position":2,"name":"Parallel sessions &#8211; Slot 1"}]},{"@type":"WebSite","@id":"https:\/\/sites.uef.fi\/socialpsychologyconference\/#website","url":"https:\/\/sites.uef.fi\/socialpsychologyconference\/","name":"Social Psychology Days 2025 - Views to a Changing World","description":"","potentialAction":[{"@type":"SearchAction","target":{"@type":"EntryPoint","urlTemplate":"https:\/\/sites.uef.fi\/socialpsychologyconference\/?s={search_term_string}"},"query-input":{"@type":"PropertyValueSpecification","valueRequired":true,"valueName":"search_term_string"}}],"inLanguage":"en-US"}]}},"_links":{"self":[{"href":"https:\/\/sites.uef.fi\/socialpsychologyconference\/wp-json\/wp\/v2\/pages\/407","targetHints":{"allow":["GET"]}}],"collection":[{"href":"https:\/\/sites.uef.fi\/socialpsychologyconference\/wp-json\/wp\/v2\/pages"}],"about":[{"href":"https:\/\/sites.uef.fi\/socialpsychologyconference\/wp-json\/wp\/v2\/types\/page"}],"author":[{"embeddable":true,"href":"https:\/\/sites.uef.fi\/socialpsychologyconference\/wp-json\/wp\/v2\/users\/1279"}],"replies":[{"embeddable":true,"href":"https:\/\/sites.uef.fi\/socialpsychologyconference\/wp-json\/wp\/v2\/comments?post=407"}],"version-history":[{"count":1,"href":"https:\/\/sites.uef.fi\/socialpsychologyconference\/wp-json\/wp\/v2\/pages\/407\/revisions"}],"predecessor-version":[{"id":517,"href":"https:\/\/sites.uef.fi\/socialpsychologyconference\/wp-json\/wp\/v2\/pages\/407\/revisions\/517"}],"wp:attachment":[{"href":"https:\/\/sites.uef.fi\/socialpsychologyconference\/wp-json\/wp\/v2\/media?parent=407"}],"curies":[{"name":"wp","href":"https:\/\/api.w.org\/{rel}","templated":true}]}}