{"id":46,"date":"2020-07-24T18:40:48","date_gmt":"2020-07-24T15:40:48","guid":{"rendered":"https:\/\/sites.uef.fi\/speech\/?page_id=46"},"modified":"2024-02-27T03:45:50","modified_gmt":"2024-02-27T01:45:50","slug":"media","status":"publish","type":"page","link":"https:\/\/sites.uef.fi\/speech\/media\/","title":{"rendered":"In the media"},"content":{"rendered":"\n<p><a class=\"c-link c-link--underline c-message_attachment__title_link\" href=\"https:\/\/suomenkuvalehti.fi\/tiede-ja-teknologia\/pomo-soitti-ja-pyysi-rahaa-mies-uskoi-koska-soittaja-kuulosti-aivan-tutulta\/?shared=1246239-1d5b7c71-500&amp;utm_medium=Social&amp;utm_source=Twitter#Echobox=1674739297-1\" target=\"_blank\" rel=\"noopener noreferrer\" data-qa=\"message_attachment_title_link\" data-remove-tab-index=\"true\"><span dir=\"auto\">Pomo soitti ja pyysi rahaa \u2013 mies uskoi, koska soittaja kuulosti aivan tutulta<\/span><\/a>, in Suomen Kuvalehti (Finnish only, 26.1.2023)<\/p>\n\n\n\n<p>Article &#8220;Spoofing and countermeasures for speaker verification: A survey&#8221; co-authored by Kinnunen is <a href=\"https:\/\/www.journals.elsevier.com\/speech-communication\/most-cited-articles\">the most cited <i>Speech Communication<\/i> article since 2014<\/a> (12.2.2019)<\/p>\n\n\n\n<p><a href=\"https:\/\/www.mtvuutiset.fi\/artikkeli\/enta-jos-sinulle-soittava-aitisi-ei-olisikaan-han-itse-uuden-ajan-puhelinhuijaukset-kayttavat-muunnettua-aanta\/7274902#gs.cCQm63iy\">Ent\u00e4 jos sinulle soittava \u00e4itisi ei olisikaan h\u00e4n itse? Uuden ajan puhelinhuijaukset k\u00e4ytt\u00e4v\u00e4t muunnettua \u00e4\u00e4nt\u00e4<\/a>, in MTV Uutiset&nbsp; (Finnish only, 11.2.2019)<\/p>\n\n\n\n<p><a href=\"https:\/\/spectrum.ieee.org\/tech-talk\/telecom\/security\/automatic-speaker-verification-systems-can-be-fooled-by-disguising-your-voice\">Automatic Speaker Verification Systems Can Be Fooled by Disguising Your Voice&nbsp;<\/a>, in IEEE Spectrum (20.11.2017).<\/p>\n\n\n\n<p><a href=\"https:\/\/nakedsecurity.sophos.com\/2017\/11\/15\/hackers-mimicking-little-kids-can-fool-voice-recognition-systems\/\">Hackers mimicking little kids can fool voice recognition systems<\/a>, in Naked Security (15.11.2017).<\/p>\n\n\n\n<p><a href=\"https:\/\/m.kauppalehti.fi\/uutiset\/imitoija-pystyy-huijaamaan-konetta--vaarinkaytosten-uhka-kasvaa--tutkija-sanoo\/ZrqiWKNA\">Imitoija pystyy huijaamaan konetta &#8212; v\u00e4\u00e4rink\u00e4yt\u00f6sten uhka kasvaa, tutkija sanoo<\/a>, in Kauppalehti (Finnish only, 11.11.2017).<\/p>\n\n\n\n<p><a href=\"https:\/\/www.tekniikkatalous.fi\/tekniikka\/ict\/vaitos-taitava-aanenkayttaja-huijaa-konetta-helposti-vaarinkaytokset-voivat-lisaantya-6686866\">V\u00e4it\u00f6s: Taitava \u00e4\u00e4nenk\u00e4ytt\u00e4j\u00e4 huijaa konetta helposti &#8212; v\u00e4\u00e4rink\u00e4yt\u00f6kset voivat lis\u00e4\u00e4nty\u00e4<\/a>, in Tekniikka&amp;talous (Finnish only, 11.11.2017).<\/p>\n\n\n\n<p><a href=\"https:\/\/areena.yle.fi\/1-4360579\">&#8220;Sin\u00e4 olet avain ja ohjain&#8221;, radio interview of Kinnunen at national radio (YLE) of Finland<\/a><\/p>\n\n\n\n<p><a href=\"http:\/\/www.aka.fi\/en\/about-us\/media\/press-releases\/2017\/110-research-projects-in-natural-sciences-and-engineering-granted-funding-by-the-academy-of-finland\/\">Kinnunen&#8217;s NOTCH project highlighted upfront by Academy of Finland<\/a><\/p>\n","protected":false},"excerpt":{"rendered":"<p>Pomo soitti ja pyysi rahaa \u2013 mies uskoi, koska soittaja kuulosti aivan tutulta, in Suomen Kuvalehti (Finnish only, 26.1.2023) Article &#8220;Spoofing and countermeasures for speaker verification: A survey&#8221; co-authored by Kinnunen is the most cited Speech Communication article since 2014 (12.2.2019) Ent\u00e4 jos sinulle soittava \u00e4itisi ei olisikaan h\u00e4n itse? Uuden ajan puhelinhuijaukset k\u00e4ytt\u00e4v\u00e4t muunnettua [&hellip;]<\/p>\n","protected":false},"author":24,"featured_media":0,"parent":0,"menu_order":0,"comment_status":"closed","ping_status":"closed","template":"","meta":{"_acf_changed":false,"_monsterinsights_skip_tracking":false,"_monsterinsights_sitenote_active":false,"_monsterinsights_sitenote_note":"","_monsterinsights_sitenote_category":0,"footnotes":""},"class_list":["post-46","page","type-page","status-publish","hentry"],"acf":[],"yoast_head":"<!-- This site is optimized with the Yoast SEO plugin v27.1.1 - https:\/\/yoast.com\/product\/yoast-seo-wordpress\/ -->\n<title>In the media - Computational speech group<\/title>\n<meta name=\"robots\" content=\"index, follow, max-snippet:-1, max-image-preview:large, max-video-preview:-1\" \/>\n<link rel=\"canonical\" href=\"https:\/\/sites.uef.fi\/speech\/media\/\" \/>\n<meta property=\"og:locale\" content=\"en_US\" \/>\n<meta property=\"og:type\" content=\"article\" \/>\n<meta property=\"og:title\" content=\"In the media - Computational speech group\" \/>\n<meta property=\"og:description\" content=\"Pomo soitti ja pyysi rahaa \u2013 mies uskoi, koska soittaja kuulosti aivan tutulta, in Suomen Kuvalehti (Finnish only, 26.1.2023) Article &#8220;Spoofing and countermeasures for speaker verification: A survey&#8221; co-authored by Kinnunen is the most cited Speech Communication article since 2014 (12.2.2019) Ent\u00e4 jos sinulle soittava \u00e4itisi ei olisikaan h\u00e4n itse? Uuden ajan puhelinhuijaukset k\u00e4ytt\u00e4v\u00e4t muunnettua [&hellip;]\" \/>\n<meta property=\"og:url\" content=\"https:\/\/sites.uef.fi\/speech\/media\/\" \/>\n<meta property=\"og:site_name\" content=\"Computational speech group\" \/>\n<meta property=\"article:modified_time\" content=\"2024-02-27T01:45:50+00:00\" \/>\n<meta name=\"twitter:card\" content=\"summary_large_image\" \/>\n<meta name=\"twitter:label1\" content=\"Est. reading time\" \/>\n\t<meta name=\"twitter:data1\" content=\"1 minute\" \/>\n<script type=\"application\/ld+json\" class=\"yoast-schema-graph\">{\"@context\":\"https:\/\/schema.org\",\"@graph\":[{\"@type\":\"WebPage\",\"@id\":\"https:\/\/sites.uef.fi\/speech\/media\/\",\"url\":\"https:\/\/sites.uef.fi\/speech\/media\/\",\"name\":\"In the media - Computational speech group\",\"isPartOf\":{\"@id\":\"https:\/\/sites.uef.fi\/speech\/#website\"},\"datePublished\":\"2020-07-24T15:40:48+00:00\",\"dateModified\":\"2024-02-27T01:45:50+00:00\",\"breadcrumb\":{\"@id\":\"https:\/\/sites.uef.fi\/speech\/media\/#breadcrumb\"},\"inLanguage\":\"en-US\",\"potentialAction\":[{\"@type\":\"ReadAction\",\"target\":[\"https:\/\/sites.uef.fi\/speech\/media\/\"]}]},{\"@type\":\"BreadcrumbList\",\"@id\":\"https:\/\/sites.uef.fi\/speech\/media\/#breadcrumb\",\"itemListElement\":[{\"@type\":\"ListItem\",\"position\":1,\"name\":\"Home\",\"item\":\"https:\/\/sites.uef.fi\/speech\/\"},{\"@type\":\"ListItem\",\"position\":2,\"name\":\"In the media\"}]},{\"@type\":\"WebSite\",\"@id\":\"https:\/\/sites.uef.fi\/speech\/#website\",\"url\":\"https:\/\/sites.uef.fi\/speech\/\",\"name\":\"Computational speech group\",\"description\":\"\",\"potentialAction\":[{\"@type\":\"SearchAction\",\"target\":{\"@type\":\"EntryPoint\",\"urlTemplate\":\"https:\/\/sites.uef.fi\/speech\/?s={search_term_string}\"},\"query-input\":{\"@type\":\"PropertyValueSpecification\",\"valueRequired\":true,\"valueName\":\"search_term_string\"}}],\"inLanguage\":\"en-US\"}]}<\/script>\n<!-- \/ Yoast SEO plugin. -->","yoast_head_json":{"title":"In the media - Computational speech group","robots":{"index":"index","follow":"follow","max-snippet":"max-snippet:-1","max-image-preview":"max-image-preview:large","max-video-preview":"max-video-preview:-1"},"canonical":"https:\/\/sites.uef.fi\/speech\/media\/","og_locale":"en_US","og_type":"article","og_title":"In the media - Computational speech group","og_description":"Pomo soitti ja pyysi rahaa \u2013 mies uskoi, koska soittaja kuulosti aivan tutulta, in Suomen Kuvalehti (Finnish only, 26.1.2023) Article &#8220;Spoofing and countermeasures for speaker verification: A survey&#8221; co-authored by Kinnunen is the most cited Speech Communication article since 2014 (12.2.2019) Ent\u00e4 jos sinulle soittava \u00e4itisi ei olisikaan h\u00e4n itse? Uuden ajan puhelinhuijaukset k\u00e4ytt\u00e4v\u00e4t muunnettua [&hellip;]","og_url":"https:\/\/sites.uef.fi\/speech\/media\/","og_site_name":"Computational speech group","article_modified_time":"2024-02-27T01:45:50+00:00","twitter_card":"summary_large_image","twitter_misc":{"Est. reading time":"1 minute"},"schema":{"@context":"https:\/\/schema.org","@graph":[{"@type":"WebPage","@id":"https:\/\/sites.uef.fi\/speech\/media\/","url":"https:\/\/sites.uef.fi\/speech\/media\/","name":"In the media - Computational speech group","isPartOf":{"@id":"https:\/\/sites.uef.fi\/speech\/#website"},"datePublished":"2020-07-24T15:40:48+00:00","dateModified":"2024-02-27T01:45:50+00:00","breadcrumb":{"@id":"https:\/\/sites.uef.fi\/speech\/media\/#breadcrumb"},"inLanguage":"en-US","potentialAction":[{"@type":"ReadAction","target":["https:\/\/sites.uef.fi\/speech\/media\/"]}]},{"@type":"BreadcrumbList","@id":"https:\/\/sites.uef.fi\/speech\/media\/#breadcrumb","itemListElement":[{"@type":"ListItem","position":1,"name":"Home","item":"https:\/\/sites.uef.fi\/speech\/"},{"@type":"ListItem","position":2,"name":"In the media"}]},{"@type":"WebSite","@id":"https:\/\/sites.uef.fi\/speech\/#website","url":"https:\/\/sites.uef.fi\/speech\/","name":"Computational speech group","description":"","potentialAction":[{"@type":"SearchAction","target":{"@type":"EntryPoint","urlTemplate":"https:\/\/sites.uef.fi\/speech\/?s={search_term_string}"},"query-input":{"@type":"PropertyValueSpecification","valueRequired":true,"valueName":"search_term_string"}}],"inLanguage":"en-US"}]}},"_links":{"self":[{"href":"https:\/\/sites.uef.fi\/speech\/wp-json\/wp\/v2\/pages\/46","targetHints":{"allow":["GET"]}}],"collection":[{"href":"https:\/\/sites.uef.fi\/speech\/wp-json\/wp\/v2\/pages"}],"about":[{"href":"https:\/\/sites.uef.fi\/speech\/wp-json\/wp\/v2\/types\/page"}],"author":[{"embeddable":true,"href":"https:\/\/sites.uef.fi\/speech\/wp-json\/wp\/v2\/users\/24"}],"replies":[{"embeddable":true,"href":"https:\/\/sites.uef.fi\/speech\/wp-json\/wp\/v2\/comments?post=46"}],"version-history":[{"count":2,"href":"https:\/\/sites.uef.fi\/speech\/wp-json\/wp\/v2\/pages\/46\/revisions"}],"predecessor-version":[{"id":903,"href":"https:\/\/sites.uef.fi\/speech\/wp-json\/wp\/v2\/pages\/46\/revisions\/903"}],"wp:attachment":[{"href":"https:\/\/sites.uef.fi\/speech\/wp-json\/wp\/v2\/media?parent=46"}],"curies":[{"name":"wp","href":"https:\/\/api.w.org\/{rel}","templated":true}]}}