{"id":2881,"date":"2022-07-04T11:04:19","date_gmt":"2022-07-04T08:04:19","guid":{"rendered":"https:\/\/sites.uef.fi\/star\/?page_id=2881"},"modified":"2025-02-07T13:13:33","modified_gmt":"2025-02-07T11:13:33","slug":"juuso-huovila","status":"publish","type":"page","link":"https:\/\/sites.uef.fi\/star\/staff\/juuso-huovila\/","title":{"rendered":"Juuso Huovila"},"content":{"rendered":"\n<h1 class=\"wp-block-heading\">Doctoral Researcher, M.Sc.<\/h1>\n\n\n\n<figure class=\"wp-block-image size-medium\"><img loading=\"lazy\" decoding=\"async\" width=\"200\" height=\"300\" src=\"https:\/\/sites.uef.fi\/star\/wp-content\/uploads\/sites\/37\/2022\/11\/Huovila_Juuso-0065-10x15cm-200x300.jpg\" alt=\"\" class=\"wp-image-3120\" srcset=\"https:\/\/sites.uef.fi\/star\/wp-content\/uploads\/sites\/37\/2022\/11\/Huovila_Juuso-0065-10x15cm-200x300.jpg 200w, https:\/\/sites.uef.fi\/star\/wp-content\/uploads\/sites\/37\/2022\/11\/Huovila_Juuso-0065-10x15cm-682x1024.jpg 682w, https:\/\/sites.uef.fi\/star\/wp-content\/uploads\/sites\/37\/2022\/11\/Huovila_Juuso-0065-10x15cm-768x1152.jpg 768w, https:\/\/sites.uef.fi\/star\/wp-content\/uploads\/sites\/37\/2022\/11\/Huovila_Juuso-0065-10x15cm-1024x1536.jpg 1024w, https:\/\/sites.uef.fi\/star\/wp-content\/uploads\/sites\/37\/2022\/11\/Huovila_Juuso-0065-10x15cm.jpg 1181w\" sizes=\"auto, (max-width: 200px) 100vw, 200px\" \/><\/figure>\n\n\n\n<h2 class=\"wp-block-heading\">Personal Information<\/h2>\n\n\n\n<ul class=\"wp-block-list\">\n<li><strong>Room:<\/strong> Canthia 2053<\/li>\n\n\n\n<li><strong>Email:<\/strong> juuso.huovila[at]uef.fi<\/li>\n\n\n\n<li><strong>Year of birth:<\/strong> 1997<\/li>\n\n\n\n<li><strong>Current research interests:<\/strong> Implementation of deep learning methods in diagnostics of sleep disorders<\/li>\n\n\n\n<li><strong>Current and previous experience:<\/strong>\n<ul class=\"wp-block-list\">\n<li>Doctoral Researcher, Department of Applied Physics, University of Eastern Finland (Kuopio, Finland), 1.6.2022\u2013<\/li>\n\n\n\n<li>Researcher, Diagnostic Imaging Center, Kuopio University Hospital (Kuopio, Finland), 1.6.2022\u2013<\/li>\n\n\n\n<li>Assistant Researcher, Department of Physics, University of Jyv\u00e4skyl\u00e4 (Jyv\u00e4skyl\u00e4, Finland), 17.1.2022<\/li>\n<\/ul>\n<\/li>\n\n\n\n<li><strong>Education:<\/strong>\n<ul class=\"wp-block-list\">\n<li>M.Sc. (Physics with specialization in applied physics), Department of Physics, University of Jyv\u00e4skyl\u00e4 (Jyv\u00e4skyl\u00e4, Finland), 2023<\/li>\n\n\n\n<li>B.Sc. (Physics), Department of Physics, University of Jyv\u00e4skyl\u00e4 (Jyv\u00e4skyl\u00e4, Finland), 2020<\/li>\n\n\n\n<li>Graduate of Finnish Upper Secondary School, Nastopolin lukio (Lahti, Finland), 2016<\/li>\n<\/ul>\n<\/li>\n\n\n\n<li><strong>Skills:<\/strong> Proficient in programming (e.g., Python, MATLAB, C#), data analysis, deep learning<\/li>\n\n\n\n<li><strong>Language proficiency:<\/strong>\n<ul class=\"wp-block-list\">\n<li>Finnish, native language<\/li>\n\n\n\n<li>English, fluent<\/li>\n\n\n\n<li>Swedish, conversational<\/li>\n\n\n\n<li>Japanese, conversational<\/li>\n\n\n\n<li>German, conversational<\/li>\n\n\n\n<li>Spanish, limited working proficiency<\/li>\n<\/ul>\n<\/li>\n\n\n\n<li><strong>Hobbies:<\/strong> Going to the gym, reading books, playing guitar and piano, investing and finances<\/li>\n<\/ul>\n\n\n\n<div class=\"links-block\">\n\n    \n    <ul class=\"link-list\">\n        \n            \n            <li class=\"link-list-item\">\n                <a href=\"https:\/\/orcid.org\/0009-0006-9718-7474\" class=\"link-reset link hover-scale-down\">\n                    <svg\n        width=\"43\" height=\"25\"\n        viewBox=\"0 0 43 25\"\n        xmlns=\"http:\/\/www.w3.org\/2000\/svg\">\n    <path\n        d=\"M30.027 0 43 12.5 30.027 25 27 22.083 34.351 15H0v-5h34.351L27 2.917z\"\n        fill=\"currentColor\"\n        fill-rule=\"evenodd\"\/>\n<\/svg>                    <div>ORCID<\/div>\n                <\/a>\n                <div class=\"link-info\">\n                                    <\/div>\n            <\/li>\n\n        \n            <li class=\"link-list-item\">\n                <a href=\"https:\/\/www.linkedin.com\/in\/juuso-huovila-74920b21a\/\" class=\"link-reset link hover-scale-down\">\n                    <svg\n        width=\"43\" height=\"25\"\n        viewBox=\"0 0 43 25\"\n        xmlns=\"http:\/\/www.w3.org\/2000\/svg\">\n    <path\n        d=\"M30.027 0 43 12.5 30.027 25 27 22.083 34.351 15H0v-5h34.351L27 2.917z\"\n        fill=\"currentColor\"\n        fill-rule=\"evenodd\"\/>\n<\/svg>                    <div>LinkedIn<\/div>\n                <\/a>\n                <div class=\"link-info\">\n                                    <\/div>\n            <\/li>\n\n        \n            <li class=\"link-list-item\">\n                <a href=\"https:\/\/uefconnect.uef.fi\/henkilo\/juuso.huovila\/\" class=\"link-reset link hover-scale-down\">\n                    <svg\n        width=\"43\" height=\"25\"\n        viewBox=\"0 0 43 25\"\n        xmlns=\"http:\/\/www.w3.org\/2000\/svg\">\n    <path\n        d=\"M30.027 0 43 12.5 30.027 25 27 22.083 34.351 15H0v-5h34.351L27 2.917z\"\n        fill=\"currentColor\"\n        fill-rule=\"evenodd\"\/>\n<\/svg>                    <div>UEF connect<\/div>\n                <\/a>\n                <div class=\"link-info\">\n                                    <\/div>\n            <\/li>\n\n                <\/ul>\n<\/div>","protected":false},"excerpt":{"rendered":"<p>Doctoral Researcher, M.Sc. Personal Information<\/p>\n","protected":false},"author":590,"featured_media":0,"parent":82,"menu_order":0,"comment_status":"closed","ping_status":"closed","template":"","meta":{"_acf_changed":false,"footnotes":""},"class_list":["post-2881","page","type-page","status-publish","hentry"],"acf":[],"yoast_head":"<!-- This site is optimized with the Yoast SEO plugin v27.3 - https:\/\/yoast.com\/product\/yoast-seo-wordpress\/ -->\n<title>Juuso Huovila - Sleep Technology &amp; Analytics Research group<\/title>\n<meta name=\"robots\" content=\"index, follow, max-snippet:-1, max-image-preview:large, max-video-preview:-1\" \/>\n<link rel=\"canonical\" href=\"https:\/\/sites.uef.fi\/star\/staff\/juuso-huovila\/\" \/>\n<meta property=\"og:locale\" content=\"en_US\" \/>\n<meta property=\"og:type\" content=\"article\" \/>\n<meta property=\"og:title\" content=\"Juuso Huovila - Sleep Technology &amp; Analytics Research group\" \/>\n<meta property=\"og:description\" content=\"Doctoral Researcher, M.Sc. Personal Information\" \/>\n<meta property=\"og:url\" content=\"https:\/\/sites.uef.fi\/star\/staff\/juuso-huovila\/\" \/>\n<meta property=\"og:site_name\" content=\"Sleep Technology &amp; Analytics Research group\" \/>\n<meta property=\"article:modified_time\" content=\"2025-02-07T11:13:33+00:00\" \/>\n<meta property=\"og:image\" content=\"https:\/\/sites.uef.fi\/star\/wp-content\/uploads\/sites\/37\/2022\/11\/Huovila_Juuso-0065-10x15cm-200x300.jpg\" \/>\n<meta name=\"twitter:card\" content=\"summary_large_image\" \/>\n<meta name=\"twitter:label1\" content=\"Est. reading time\" \/>\n\t<meta name=\"twitter:data1\" content=\"1 minute\" \/>\n<script type=\"application\/ld+json\" class=\"yoast-schema-graph\">{\"@context\":\"https:\\\/\\\/schema.org\",\"@graph\":[{\"@type\":\"WebPage\",\"@id\":\"https:\\\/\\\/sites.uef.fi\\\/star\\\/staff\\\/juuso-huovila\\\/\",\"url\":\"https:\\\/\\\/sites.uef.fi\\\/star\\\/staff\\\/juuso-huovila\\\/\",\"name\":\"Juuso Huovila - Sleep Technology &amp; Analytics Research group\",\"isPartOf\":{\"@id\":\"https:\\\/\\\/sites.uef.fi\\\/star\\\/#website\"},\"primaryImageOfPage\":{\"@id\":\"https:\\\/\\\/sites.uef.fi\\\/star\\\/staff\\\/juuso-huovila\\\/#primaryimage\"},\"image\":{\"@id\":\"https:\\\/\\\/sites.uef.fi\\\/star\\\/staff\\\/juuso-huovila\\\/#primaryimage\"},\"thumbnailUrl\":\"https:\\\/\\\/sites.uef.fi\\\/star\\\/wp-content\\\/uploads\\\/sites\\\/37\\\/2022\\\/11\\\/Huovila_Juuso-0065-10x15cm-200x300.jpg\",\"datePublished\":\"2022-07-04T08:04:19+00:00\",\"dateModified\":\"2025-02-07T11:13:33+00:00\",\"breadcrumb\":{\"@id\":\"https:\\\/\\\/sites.uef.fi\\\/star\\\/staff\\\/juuso-huovila\\\/#breadcrumb\"},\"inLanguage\":\"en-US\",\"potentialAction\":[{\"@type\":\"ReadAction\",\"target\":[\"https:\\\/\\\/sites.uef.fi\\\/star\\\/staff\\\/juuso-huovila\\\/\"]}]},{\"@type\":\"ImageObject\",\"inLanguage\":\"en-US\",\"@id\":\"https:\\\/\\\/sites.uef.fi\\\/star\\\/staff\\\/juuso-huovila\\\/#primaryimage\",\"url\":\"https:\\\/\\\/sites.uef.fi\\\/star\\\/wp-content\\\/uploads\\\/sites\\\/37\\\/2022\\\/11\\\/Huovila_Juuso-0065-10x15cm.jpg\",\"contentUrl\":\"https:\\\/\\\/sites.uef.fi\\\/star\\\/wp-content\\\/uploads\\\/sites\\\/37\\\/2022\\\/11\\\/Huovila_Juuso-0065-10x15cm.jpg\",\"width\":1181,\"height\":1772},{\"@type\":\"BreadcrumbList\",\"@id\":\"https:\\\/\\\/sites.uef.fi\\\/star\\\/staff\\\/juuso-huovila\\\/#breadcrumb\",\"itemListElement\":[{\"@type\":\"ListItem\",\"position\":1,\"name\":\"Home\",\"item\":\"https:\\\/\\\/sites.uef.fi\\\/star\\\/\"},{\"@type\":\"ListItem\",\"position\":2,\"name\":\"Staff\",\"item\":\"https:\\\/\\\/sites.uef.fi\\\/star\\\/staff\\\/\"},{\"@type\":\"ListItem\",\"position\":3,\"name\":\"Juuso Huovila\"}]},{\"@type\":\"WebSite\",\"@id\":\"https:\\\/\\\/sites.uef.fi\\\/star\\\/#website\",\"url\":\"https:\\\/\\\/sites.uef.fi\\\/star\\\/\",\"name\":\"Sleep Technology &amp; Analytics Research group\",\"description\":\"Sleep Technology and Analytics Group\",\"potentialAction\":[{\"@type\":\"SearchAction\",\"target\":{\"@type\":\"EntryPoint\",\"urlTemplate\":\"https:\\\/\\\/sites.uef.fi\\\/star\\\/?s={search_term_string}\"},\"query-input\":{\"@type\":\"PropertyValueSpecification\",\"valueRequired\":true,\"valueName\":\"search_term_string\"}}],\"inLanguage\":\"en-US\"}]}<\/script>\n<!-- \/ Yoast SEO plugin. -->","yoast_head_json":{"title":"Juuso Huovila - Sleep Technology &amp; Analytics Research group","robots":{"index":"index","follow":"follow","max-snippet":"max-snippet:-1","max-image-preview":"max-image-preview:large","max-video-preview":"max-video-preview:-1"},"canonical":"https:\/\/sites.uef.fi\/star\/staff\/juuso-huovila\/","og_locale":"en_US","og_type":"article","og_title":"Juuso Huovila - Sleep Technology &amp; Analytics Research group","og_description":"Doctoral Researcher, M.Sc. Personal Information","og_url":"https:\/\/sites.uef.fi\/star\/staff\/juuso-huovila\/","og_site_name":"Sleep Technology &amp; Analytics Research group","article_modified_time":"2025-02-07T11:13:33+00:00","og_image":[{"url":"https:\/\/sites.uef.fi\/star\/wp-content\/uploads\/sites\/37\/2022\/11\/Huovila_Juuso-0065-10x15cm-200x300.jpg","type":"","width":"","height":""}],"twitter_card":"summary_large_image","twitter_misc":{"Est. reading time":"1 minute"},"schema":{"@context":"https:\/\/schema.org","@graph":[{"@type":"WebPage","@id":"https:\/\/sites.uef.fi\/star\/staff\/juuso-huovila\/","url":"https:\/\/sites.uef.fi\/star\/staff\/juuso-huovila\/","name":"Juuso Huovila - Sleep Technology &amp; Analytics Research group","isPartOf":{"@id":"https:\/\/sites.uef.fi\/star\/#website"},"primaryImageOfPage":{"@id":"https:\/\/sites.uef.fi\/star\/staff\/juuso-huovila\/#primaryimage"},"image":{"@id":"https:\/\/sites.uef.fi\/star\/staff\/juuso-huovila\/#primaryimage"},"thumbnailUrl":"https:\/\/sites.uef.fi\/star\/wp-content\/uploads\/sites\/37\/2022\/11\/Huovila_Juuso-0065-10x15cm-200x300.jpg","datePublished":"2022-07-04T08:04:19+00:00","dateModified":"2025-02-07T11:13:33+00:00","breadcrumb":{"@id":"https:\/\/sites.uef.fi\/star\/staff\/juuso-huovila\/#breadcrumb"},"inLanguage":"en-US","potentialAction":[{"@type":"ReadAction","target":["https:\/\/sites.uef.fi\/star\/staff\/juuso-huovila\/"]}]},{"@type":"ImageObject","inLanguage":"en-US","@id":"https:\/\/sites.uef.fi\/star\/staff\/juuso-huovila\/#primaryimage","url":"https:\/\/sites.uef.fi\/star\/wp-content\/uploads\/sites\/37\/2022\/11\/Huovila_Juuso-0065-10x15cm.jpg","contentUrl":"https:\/\/sites.uef.fi\/star\/wp-content\/uploads\/sites\/37\/2022\/11\/Huovila_Juuso-0065-10x15cm.jpg","width":1181,"height":1772},{"@type":"BreadcrumbList","@id":"https:\/\/sites.uef.fi\/star\/staff\/juuso-huovila\/#breadcrumb","itemListElement":[{"@type":"ListItem","position":1,"name":"Home","item":"https:\/\/sites.uef.fi\/star\/"},{"@type":"ListItem","position":2,"name":"Staff","item":"https:\/\/sites.uef.fi\/star\/staff\/"},{"@type":"ListItem","position":3,"name":"Juuso Huovila"}]},{"@type":"WebSite","@id":"https:\/\/sites.uef.fi\/star\/#website","url":"https:\/\/sites.uef.fi\/star\/","name":"Sleep Technology &amp; Analytics Research group","description":"Sleep Technology and Analytics Group","potentialAction":[{"@type":"SearchAction","target":{"@type":"EntryPoint","urlTemplate":"https:\/\/sites.uef.fi\/star\/?s={search_term_string}"},"query-input":{"@type":"PropertyValueSpecification","valueRequired":true,"valueName":"search_term_string"}}],"inLanguage":"en-US"}]}},"_links":{"self":[{"href":"https:\/\/sites.uef.fi\/star\/wp-json\/wp\/v2\/pages\/2881","targetHints":{"allow":["GET"]}}],"collection":[{"href":"https:\/\/sites.uef.fi\/star\/wp-json\/wp\/v2\/pages"}],"about":[{"href":"https:\/\/sites.uef.fi\/star\/wp-json\/wp\/v2\/types\/page"}],"author":[{"embeddable":true,"href":"https:\/\/sites.uef.fi\/star\/wp-json\/wp\/v2\/users\/590"}],"replies":[{"embeddable":true,"href":"https:\/\/sites.uef.fi\/star\/wp-json\/wp\/v2\/comments?post=2881"}],"version-history":[{"count":2,"href":"https:\/\/sites.uef.fi\/star\/wp-json\/wp\/v2\/pages\/2881\/revisions"}],"predecessor-version":[{"id":5569,"href":"https:\/\/sites.uef.fi\/star\/wp-json\/wp\/v2\/pages\/2881\/revisions\/5569"}],"up":[{"embeddable":true,"href":"https:\/\/sites.uef.fi\/star\/wp-json\/wp\/v2\/pages\/82"}],"wp:attachment":[{"href":"https:\/\/sites.uef.fi\/star\/wp-json\/wp\/v2\/media?parent=2881"}],"curies":[{"name":"wp","href":"https:\/\/api.w.org\/{rel}","templated":true}]}}