{"id":88,"date":"2020-12-02T15:58:16","date_gmt":"2020-12-02T13:58:16","guid":{"rendered":"https:\/\/sites.uef.fi\/stag\/?page_id=88"},"modified":"2020-12-02T16:54:47","modified_gmt":"2020-12-02T14:54:47","slug":"henkilot","status":"publish","type":"page","link":"https:\/\/sites.uef.fi\/star\/henkilot\/?lang=fi","title":{"rendered":"Henkil\u00f6t"},"content":{"rendered":"<h1>Henkil\u00f6t<\/h1>\n<h2>Ryhm\u00e4n johtajat<\/h2>\n<p>Juha T\u00f6yr\u00e4s, FT., Professori<\/p>\n<p>Timo Lepp\u00e4nen, FT, Dosentti<\/p>\n<p>Sami Myllymaa, FT., Dosentti<\/p>\n<p>Antti Kulkas, FT., Dosentti<\/p>\n<h2>Academy research fellow<\/h2>\n<p>Isaac Afara, FT<\/p>\n<h2>Post doc<\/h2>\n<p>Juhani Aakko, TT, PoDoCo<\/p>\n<p>Samu Kainulainen, FT<\/p>\n<p>Henri Korkalainen, FT<\/p>\n<p>Sami Nikkonen, FT<\/p>\n<h2>Tohtorikoulutettavat<\/h2>\n<p>Salla Hietakoste, FM<\/p>\n<p>Riku Huttunen, DI<\/p>\n<p>Laura Kalevo, DI<\/p>\n<p>Tuomas Karhu, FM<\/p>\n<p>Akseli Leino, DI<\/p>\n<p>Henna Pitk\u00e4nen, LuK<\/p>\n<p>Pranavan Somaskandhan, B.Sc. Honours (Engineering)<\/p>\n<h2>Tutkimusapulaiset<\/h2>\n<p>Marika Rissanen, LuK<\/p>\n<p>Matias Rusanen, LuK<\/p>\n<h2>Laboratorioinsin\u00f6\u00f6ri<\/h2>\n<p>Teemu Laitinen<\/p>\n<h2>Aktiiviset yhteisty\u00f6kumppanit<\/h2>\n<p>Isaac Afara<\/p>\n<p>Esa Mervaala<\/p>\n<p>Katja Myllymaa<\/p>\n<p>Saara Sillanm\u00e4ki<\/p>\n<h2>Emeritus- ja Emerita-j\u00e4senet<\/h2>\n<p>Pasi Lepola, FT, Sairaalafyysikko<\/p>\n<p>Tomi Miettinen, FT, Erikoistuva fyysikko<\/p>\n<p>Anu Muraja-Murro, LTT, FT<\/p>\n<p>Pekka Tiihonen, FT, Sairaalafyysikko<\/p>\n<p>&nbsp;<\/p>\n<p>&nbsp;<\/p>\n","protected":false},"excerpt":{"rendered":"<p>Henkil\u00f6t Ryhm\u00e4n johtajat Juha T\u00f6yr\u00e4s, FT., Professori Timo Lepp\u00e4nen, FT, Dosentti Sami Myllymaa, FT., Dosentti Antti Kulkas, FT., Dosentti Academy research fellow Isaac Afara, FT Post doc Juhani Aakko, TT, PoDoCo Samu Kainulainen, FT Henri Korkalainen, FT Sami Nikkonen, FT Tohtorikoulutettavat Salla Hietakoste, FM Riku Huttunen, DI Laura Kalevo, DI Tuomas Karhu, FM Akseli Leino, [&hellip;]<\/p>\n","protected":false},"author":60,"featured_media":0,"parent":0,"menu_order":1,"comment_status":"closed","ping_status":"closed","template":"","meta":{"_acf_changed":false,"footnotes":""},"class_list":["post-88","page","type-page","status-publish","hentry"],"acf":[],"yoast_head":"<!-- This site is optimized with the Yoast SEO plugin v27.3 - https:\/\/yoast.com\/product\/yoast-seo-wordpress\/ -->\n<title>Henkil\u00f6t - Sleep Technology &amp; Analytics Research group<\/title>\n<meta name=\"robots\" content=\"index, follow, max-snippet:-1, max-image-preview:large, max-video-preview:-1\" \/>\n<link rel=\"canonical\" href=\"https:\/\/sites.uef.fi\/star\/henkilot\/?lang=fi\" \/>\n<meta property=\"og:locale\" content=\"en_US\" \/>\n<meta property=\"og:type\" content=\"article\" \/>\n<meta property=\"og:title\" content=\"Henkil\u00f6t - Sleep Technology &amp; Analytics Research group\" \/>\n<meta property=\"og:description\" content=\"Henkil\u00f6t Ryhm\u00e4n johtajat Juha T\u00f6yr\u00e4s, FT., Professori Timo Lepp\u00e4nen, FT, Dosentti Sami Myllymaa, FT., Dosentti Antti Kulkas, FT., Dosentti Academy research fellow Isaac Afara, FT Post doc Juhani Aakko, TT, PoDoCo Samu Kainulainen, FT Henri Korkalainen, FT Sami Nikkonen, FT Tohtorikoulutettavat Salla Hietakoste, FM Riku Huttunen, DI Laura Kalevo, DI Tuomas Karhu, FM Akseli Leino, [&hellip;]\" \/>\n<meta property=\"og:url\" content=\"https:\/\/sites.uef.fi\/star\/henkilot\/?lang=fi\" \/>\n<meta property=\"og:site_name\" content=\"Sleep Technology &amp; Analytics Research group\" \/>\n<meta property=\"article:modified_time\" content=\"2020-12-02T14:54:47+00:00\" \/>\n<meta name=\"twitter:card\" content=\"summary_large_image\" \/>\n<meta name=\"twitter:label1\" content=\"Est. reading time\" \/>\n\t<meta name=\"twitter:data1\" content=\"1 minute\" \/>\n<script type=\"application\/ld+json\" class=\"yoast-schema-graph\">{\"@context\":\"https:\\\/\\\/schema.org\",\"@graph\":[{\"@type\":\"WebPage\",\"@id\":\"https:\\\/\\\/sites.uef.fi\\\/star\\\/henkilot\\\/?lang=fi\",\"url\":\"https:\\\/\\\/sites.uef.fi\\\/star\\\/henkilot\\\/?lang=fi\",\"name\":\"Henkil\u00f6t - Sleep Technology &amp; Analytics Research group\",\"isPartOf\":{\"@id\":\"https:\\\/\\\/sites.uef.fi\\\/star\\\/#website\"},\"datePublished\":\"2020-12-02T13:58:16+00:00\",\"dateModified\":\"2020-12-02T14:54:47+00:00\",\"breadcrumb\":{\"@id\":\"https:\\\/\\\/sites.uef.fi\\\/star\\\/henkilot\\\/?lang=fi#breadcrumb\"},\"inLanguage\":\"en-US\",\"potentialAction\":[{\"@type\":\"ReadAction\",\"target\":[\"https:\\\/\\\/sites.uef.fi\\\/star\\\/henkilot\\\/?lang=fi\"]}]},{\"@type\":\"BreadcrumbList\",\"@id\":\"https:\\\/\\\/sites.uef.fi\\\/star\\\/henkilot\\\/?lang=fi#breadcrumb\",\"itemListElement\":[{\"@type\":\"ListItem\",\"position\":1,\"name\":\"Home\",\"item\":\"https:\\\/\\\/sites.uef.fi\\\/star\\\/\"},{\"@type\":\"ListItem\",\"position\":2,\"name\":\"Henkil\u00f6t\"}]},{\"@type\":\"WebSite\",\"@id\":\"https:\\\/\\\/sites.uef.fi\\\/star\\\/#website\",\"url\":\"https:\\\/\\\/sites.uef.fi\\\/star\\\/\",\"name\":\"Sleep Technology &amp; Analytics Research group\",\"description\":\"Sleep Technology and Analytics Group\",\"potentialAction\":[{\"@type\":\"SearchAction\",\"target\":{\"@type\":\"EntryPoint\",\"urlTemplate\":\"https:\\\/\\\/sites.uef.fi\\\/star\\\/?s={search_term_string}\"},\"query-input\":{\"@type\":\"PropertyValueSpecification\",\"valueRequired\":true,\"valueName\":\"search_term_string\"}}],\"inLanguage\":\"en-US\"}]}<\/script>\n<!-- \/ Yoast SEO plugin. -->","yoast_head_json":{"title":"Henkil\u00f6t - Sleep Technology &amp; Analytics Research group","robots":{"index":"index","follow":"follow","max-snippet":"max-snippet:-1","max-image-preview":"max-image-preview:large","max-video-preview":"max-video-preview:-1"},"canonical":"https:\/\/sites.uef.fi\/star\/henkilot\/?lang=fi","og_locale":"en_US","og_type":"article","og_title":"Henkil\u00f6t - Sleep Technology &amp; Analytics Research group","og_description":"Henkil\u00f6t Ryhm\u00e4n johtajat Juha T\u00f6yr\u00e4s, FT., Professori Timo Lepp\u00e4nen, FT, Dosentti Sami Myllymaa, FT., Dosentti Antti Kulkas, FT., Dosentti Academy research fellow Isaac Afara, FT Post doc Juhani Aakko, TT, PoDoCo Samu Kainulainen, FT Henri Korkalainen, FT Sami Nikkonen, FT Tohtorikoulutettavat Salla Hietakoste, FM Riku Huttunen, DI Laura Kalevo, DI Tuomas Karhu, FM Akseli Leino, [&hellip;]","og_url":"https:\/\/sites.uef.fi\/star\/henkilot\/?lang=fi","og_site_name":"Sleep Technology &amp; Analytics Research group","article_modified_time":"2020-12-02T14:54:47+00:00","twitter_card":"summary_large_image","twitter_misc":{"Est. reading time":"1 minute"},"schema":{"@context":"https:\/\/schema.org","@graph":[{"@type":"WebPage","@id":"https:\/\/sites.uef.fi\/star\/henkilot\/?lang=fi","url":"https:\/\/sites.uef.fi\/star\/henkilot\/?lang=fi","name":"Henkil\u00f6t - Sleep Technology &amp; Analytics Research group","isPartOf":{"@id":"https:\/\/sites.uef.fi\/star\/#website"},"datePublished":"2020-12-02T13:58:16+00:00","dateModified":"2020-12-02T14:54:47+00:00","breadcrumb":{"@id":"https:\/\/sites.uef.fi\/star\/henkilot\/?lang=fi#breadcrumb"},"inLanguage":"en-US","potentialAction":[{"@type":"ReadAction","target":["https:\/\/sites.uef.fi\/star\/henkilot\/?lang=fi"]}]},{"@type":"BreadcrumbList","@id":"https:\/\/sites.uef.fi\/star\/henkilot\/?lang=fi#breadcrumb","itemListElement":[{"@type":"ListItem","position":1,"name":"Home","item":"https:\/\/sites.uef.fi\/star\/"},{"@type":"ListItem","position":2,"name":"Henkil\u00f6t"}]},{"@type":"WebSite","@id":"https:\/\/sites.uef.fi\/star\/#website","url":"https:\/\/sites.uef.fi\/star\/","name":"Sleep Technology &amp; Analytics Research group","description":"Sleep Technology and Analytics Group","potentialAction":[{"@type":"SearchAction","target":{"@type":"EntryPoint","urlTemplate":"https:\/\/sites.uef.fi\/star\/?s={search_term_string}"},"query-input":{"@type":"PropertyValueSpecification","valueRequired":true,"valueName":"search_term_string"}}],"inLanguage":"en-US"}]}},"_links":{"self":[{"href":"https:\/\/sites.uef.fi\/star\/wp-json\/wp\/v2\/pages\/88","targetHints":{"allow":["GET"]}}],"collection":[{"href":"https:\/\/sites.uef.fi\/star\/wp-json\/wp\/v2\/pages"}],"about":[{"href":"https:\/\/sites.uef.fi\/star\/wp-json\/wp\/v2\/types\/page"}],"author":[{"embeddable":true,"href":"https:\/\/sites.uef.fi\/star\/wp-json\/wp\/v2\/users\/60"}],"replies":[{"embeddable":true,"href":"https:\/\/sites.uef.fi\/star\/wp-json\/wp\/v2\/comments?post=88"}],"version-history":[{"count":2,"href":"https:\/\/sites.uef.fi\/star\/wp-json\/wp\/v2\/pages\/88\/revisions"}],"predecessor-version":[{"id":145,"href":"https:\/\/sites.uef.fi\/star\/wp-json\/wp\/v2\/pages\/88\/revisions\/145"}],"wp:attachment":[{"href":"https:\/\/sites.uef.fi\/star\/wp-json\/wp\/v2\/media?parent=88"}],"curies":[{"name":"wp","href":"https:\/\/api.w.org\/{rel}","templated":true}]}}