{"id":1325,"date":"2020-06-26T17:28:19","date_gmt":"2020-06-26T14:28:19","guid":{"rendered":"https:\/\/sites.uef.fi\/stopdia\/?page_id=1325"},"modified":"2023-12-21T14:23:51","modified_gmt":"2023-12-21T12:23:51","slug":"kansalliset-artikkelit","status":"publish","type":"page","link":"https:\/\/sites.uef.fi\/stopdia\/kansalliset-artikkelit\/","title":{"rendered":"Kansalliset artikkelit"},"content":{"rendered":"\n<h2 class=\"wp-block-heading\">2020<\/h2>\n\n\n\n<ul class=\"wp-block-list\">\n<li>Pihlajam\u00e4ki J, Lindstr\u00f6m J. <a href=\"https:\/\/www.duodecimlehti.fi\/duo15443\">Miten tyypin 2 diabeteksen ehk\u00e4isy pit\u00e4isi j\u00e4rjest\u00e4\u00e4 &#8211; Tieteellisest\u00e4 evidenssist\u00e4 toteutukseen osana yhteiskuntaa.<\/a> Duodecim, 2020;136(5):477-8.<\/li>\n<\/ul>\n\n\n\n<h2 class=\"wp-block-heading\">2019<\/h2>\n\n\n\n<ul class=\"wp-block-list\">\n<li>Kolehmainen M, Poutanen K, Absetz P, Karhunen L. <a href=\"https:\/\/www.laakarilehti.fi\/tieteessa\/uutiset\/tuuppaamalla-terveytta\/?public=92b3fc3e635d8fd99b91caaca133d183&amp;utm_source=facebook\">Tuuppaamalla terveytt\u00e4? Vihjeet vaikuttavat valintoihin.<\/a> L\u00e4\u00e4k\u00e4rilehti 13\/2019, vsk74.<\/li>\n\n\n\n<li>Absetz P, Patja K. (2019). <a href=\"https:\/\/www.researchgate.net\/publication\/333209851_Luokittelunavulla_parempia_digipalveluja\">Luokittelun avulla parempia digipalveluja.<\/a> Suomen l\u00e4\u00e4k\u00e4rilehti, 17\/2019, vsk 74.<\/li>\n\n\n\n<li>Komonen M. <a href=\"https:\/\/duunitori.fi\/tyoelama\/tuuppaus-tyopaikalla\">Onko tuuppaus ty\u00f6el\u00e4m\u00e4n tuleva trendi? Se voi ainakin ennaltaehk\u00e4ist\u00e4 istumaty\u00f6n vaaroja.<\/a> Duunitori.fi 09.01.2019.<\/li>\n\n\n\n<li>Ant-Wuorinen M, Rantala E. <a href=\"https:\/\/sydan.fi\/fakta\/helpoin-valinta-ratkaisee\/\">Helpoin valinta ratkaisee.<\/a> Syd\u00e4n-lehti 08.01.2019.<\/li>\n<\/ul>\n\n\n\n<h2 class=\"wp-block-heading\">2018<\/h2>\n\n\n\n<ul class=\"wp-block-list\">\n<li>Pentik\u00e4inen S, Poutanen K. Tietoisia vai tuupattuja ruokavalintoja? Kehittyv\u00e4 Elintarvike 3\/2018.<\/li>\n\n\n\n<li>Rantala E, J\u00e4rvel\u00e4-Reijonen E, Vanhatalo S. Ymp\u00e4rist\u00f6 vihjaa ja autopilotti ohjaa: Tuuppaus tueksi k\u00e4ytt\u00e4ytymisen muutokseen. Ravitsemusasiantuntija 4\/2018.<\/li>\n\n\n\n<li>Tilles-Tirkkonen T, M\u00e4ki-Opas T, Vaarama M, L\u00f6gren A, Pentik\u00e4inen S, Tiitinen S, Ilom\u00e4ki S, Pihlajam\u00e4ki J, &amp; Laitinen J. (2018). <a href=\"https:\/\/journal.fi\/sla\/article\/view\/76541\">Uudet toimintamallit hyvinvoinnin ja terveyden edist\u00e4misess\u00e4.<\/a> Sosiaalil\u00e4\u00e4ketieteellinen Aikakauslehti, 55(4). https:\/\/doi.org\/10.23990\/sa.76541<\/li>\n\n\n\n<li>Tilles-Tirkkonen T, Lappi J, Karhunen L, Harjumaa M. Absetz P, Pihlajam\u00e4ki J. <a href=\"http:\/\/www.julkari.fi\/handle\/10024\/136746\">Sosioekonomisesti heikommassa asemassa olevien kiinnostus ja mahdollisuudet digitaalisten terveyspalveluiden k\u00e4ytt\u00f6\u00f6n.<\/a> Yhteiskuntapolitiikka 3\/2018.<\/li>\n<\/ul>\n\n\n\n<h2 class=\"wp-block-heading\">2017<\/h2>\n\n\n\n<ul class=\"wp-block-list\">\n<li>Absetz P, Hankonen N. <a href=\"https:\/\/www.duodecimlehti.fi\/duo13734\">Miten auttaa potilaita omaksumaan ja yll\u00e4pit\u00e4m\u00e4\u00e4n terveellisi\u00e4 elintapoja.<\/a> Duodecim, 2017, 133, 53-59.<\/li>\n\n\n\n<li>Pihlajam\u00e4ki J, Tilles-Tirkkonen T, M\u00e4nnikk\u00f6 R. StopDia &#8211; hanke: T\u00e4ht\u00e4imess\u00e4 pienempi tyypin 2 diabetesriski &#8211; kaikille. Ravitsemusasiantuntija 3\/2017.<\/li>\n<\/ul>\n\n\n    <div class=\"funders grid\">\n                        <div class=\"funders__item grid__item\">\n                            <div class=\"funders__image\">\n                    <img decoding=\"async\" src=\"https:\/\/sites.uef.fi\/stopdia\/wp-content\/uploads\/sites\/90\/2021\/01\/University_of_eastern_finland_logo.jpg\" alt=\"It\u00e4-Suomen yliopiston logo.\" \/>\n                <\/div>\n                                                <\/div>\n                        \n                        <div class=\"funders__item grid__item\">\n                            <div class=\"funders__image\">\n                    <img decoding=\"async\" src=\"https:\/\/sites.uef.fi\/stopdia\/wp-content\/uploads\/sites\/90\/2020\/07\/THL_tunnus_lyhyt_RGB_vihrea-1-1.jpg\" alt=\"Terveyden ja hyvinvoinnin laitoksen (THL) logo.\" \/>\n                <\/div>\n                                                <\/div>\n                        \n                        <div class=\"funders__item grid__item\">\n                            <div class=\"funders__image\">\n                    <img decoding=\"async\" src=\"https:\/\/sites.uef.fi\/stopdia\/wp-content\/uploads\/sites\/90\/2020\/07\/VTT_Orange_Logo-1.jpg\" alt=\"VTT:n logo.\" \/>\n                <\/div>\n                                                <\/div>\n                        \n            <\/div>\n\n\n    <div class=\"funders grid\">\n                        <div class=\"funders__item grid__item\">\n                            <div class=\"funders__image\">\n                    <img decoding=\"async\" src=\"https:\/\/sites.uef.fi\/stopdia\/wp-content\/uploads\/sites\/90\/2020\/08\/Suomen-Akatemia.jpg\" alt=\"Suomen Akatemia logo.\" \/>\n                <\/div>\n                                                <\/div>\n                        \n                        <div class=\"funders__item grid__item\">\n                            <div class=\"funders__image\">\n                    <img decoding=\"async\" src=\"https:\/\/sites.uef.fi\/stopdia\/wp-content\/uploads\/sites\/90\/2021\/01\/Suomen-akatemia_Strateginen-tutkimus_logo.jpg\" alt=\"Suomen Akatemia, strateginen tutkimus logo.\" \/>\n                <\/div>\n                                                <\/div>\n                        \n            <\/div>\n","protected":false},"excerpt":{"rendered":"<p>2020 2019 2018 2017<\/p>\n","protected":false},"author":187,"featured_media":0,"parent":0,"menu_order":0,"comment_status":"closed","ping_status":"closed","template":"","meta":{"_acf_changed":false,"_monsterinsights_skip_tracking":false,"_monsterinsights_sitenote_active":false,"_monsterinsights_sitenote_note":"","_monsterinsights_sitenote_category":0,"footnotes":""},"class_list":["post-1325","page","type-page","status-publish","hentry"],"acf":[],"yoast_head":"<!-- This site is optimized with the Yoast SEO plugin v27.1.1 - https:\/\/yoast.com\/product\/yoast-seo-wordpress\/ -->\n<title>Kansalliset artikkelit - StopDia<\/title>\n<meta name=\"robots\" content=\"index, follow, max-snippet:-1, max-image-preview:large, max-video-preview:-1\" \/>\n<link rel=\"canonical\" href=\"https:\/\/sites.uef.fi\/stopdia\/kansalliset-artikkelit\/\" \/>\n<meta property=\"og:locale\" content=\"fi_FI\" \/>\n<meta property=\"og:type\" content=\"article\" \/>\n<meta property=\"og:title\" content=\"Kansalliset artikkelit - StopDia\" \/>\n<meta property=\"og:description\" content=\"2020 2019 2018 2017\" \/>\n<meta property=\"og:url\" content=\"https:\/\/sites.uef.fi\/stopdia\/kansalliset-artikkelit\/\" \/>\n<meta property=\"og:site_name\" content=\"StopDia\" \/>\n<meta property=\"article:modified_time\" content=\"2023-12-21T12:23:51+00:00\" \/>\n<meta name=\"twitter:card\" content=\"summary_large_image\" \/>\n<meta name=\"twitter:label1\" content=\"Arvioitu lukuaika\" \/>\n\t<meta name=\"twitter:data1\" content=\"1 minuutti\" \/>\n<script type=\"application\/ld+json\" class=\"yoast-schema-graph\">{\"@context\":\"https:\/\/schema.org\",\"@graph\":[{\"@type\":\"WebPage\",\"@id\":\"https:\/\/sites.uef.fi\/stopdia\/kansalliset-artikkelit\/\",\"url\":\"https:\/\/sites.uef.fi\/stopdia\/kansalliset-artikkelit\/\",\"name\":\"Kansalliset artikkelit - StopDia\",\"isPartOf\":{\"@id\":\"https:\/\/sites.uef.fi\/stopdia\/#website\"},\"datePublished\":\"2020-06-26T14:28:19+00:00\",\"dateModified\":\"2023-12-21T12:23:51+00:00\",\"breadcrumb\":{\"@id\":\"https:\/\/sites.uef.fi\/stopdia\/kansalliset-artikkelit\/#breadcrumb\"},\"inLanguage\":\"fi\",\"potentialAction\":[{\"@type\":\"ReadAction\",\"target\":[\"https:\/\/sites.uef.fi\/stopdia\/kansalliset-artikkelit\/\"]}]},{\"@type\":\"BreadcrumbList\",\"@id\":\"https:\/\/sites.uef.fi\/stopdia\/kansalliset-artikkelit\/#breadcrumb\",\"itemListElement\":[{\"@type\":\"ListItem\",\"position\":1,\"name\":\"Home\",\"item\":\"https:\/\/sites.uef.fi\/stopdia\/\"},{\"@type\":\"ListItem\",\"position\":2,\"name\":\"Kansalliset artikkelit\"}]},{\"@type\":\"WebSite\",\"@id\":\"https:\/\/sites.uef.fi\/stopdia\/#website\",\"url\":\"https:\/\/sites.uef.fi\/stopdia\/\",\"name\":\"StopDia\",\"description\":\"\",\"potentialAction\":[{\"@type\":\"SearchAction\",\"target\":{\"@type\":\"EntryPoint\",\"urlTemplate\":\"https:\/\/sites.uef.fi\/stopdia\/?s={search_term_string}\"},\"query-input\":{\"@type\":\"PropertyValueSpecification\",\"valueRequired\":true,\"valueName\":\"search_term_string\"}}],\"inLanguage\":\"fi\"}]}<\/script>\n<!-- \/ Yoast SEO plugin. -->","yoast_head_json":{"title":"Kansalliset artikkelit - StopDia","robots":{"index":"index","follow":"follow","max-snippet":"max-snippet:-1","max-image-preview":"max-image-preview:large","max-video-preview":"max-video-preview:-1"},"canonical":"https:\/\/sites.uef.fi\/stopdia\/kansalliset-artikkelit\/","og_locale":"fi_FI","og_type":"article","og_title":"Kansalliset artikkelit - StopDia","og_description":"2020 2019 2018 2017","og_url":"https:\/\/sites.uef.fi\/stopdia\/kansalliset-artikkelit\/","og_site_name":"StopDia","article_modified_time":"2023-12-21T12:23:51+00:00","twitter_card":"summary_large_image","twitter_misc":{"Arvioitu lukuaika":"1 minuutti"},"schema":{"@context":"https:\/\/schema.org","@graph":[{"@type":"WebPage","@id":"https:\/\/sites.uef.fi\/stopdia\/kansalliset-artikkelit\/","url":"https:\/\/sites.uef.fi\/stopdia\/kansalliset-artikkelit\/","name":"Kansalliset artikkelit - StopDia","isPartOf":{"@id":"https:\/\/sites.uef.fi\/stopdia\/#website"},"datePublished":"2020-06-26T14:28:19+00:00","dateModified":"2023-12-21T12:23:51+00:00","breadcrumb":{"@id":"https:\/\/sites.uef.fi\/stopdia\/kansalliset-artikkelit\/#breadcrumb"},"inLanguage":"fi","potentialAction":[{"@type":"ReadAction","target":["https:\/\/sites.uef.fi\/stopdia\/kansalliset-artikkelit\/"]}]},{"@type":"BreadcrumbList","@id":"https:\/\/sites.uef.fi\/stopdia\/kansalliset-artikkelit\/#breadcrumb","itemListElement":[{"@type":"ListItem","position":1,"name":"Home","item":"https:\/\/sites.uef.fi\/stopdia\/"},{"@type":"ListItem","position":2,"name":"Kansalliset artikkelit"}]},{"@type":"WebSite","@id":"https:\/\/sites.uef.fi\/stopdia\/#website","url":"https:\/\/sites.uef.fi\/stopdia\/","name":"StopDia","description":"","potentialAction":[{"@type":"SearchAction","target":{"@type":"EntryPoint","urlTemplate":"https:\/\/sites.uef.fi\/stopdia\/?s={search_term_string}"},"query-input":{"@type":"PropertyValueSpecification","valueRequired":true,"valueName":"search_term_string"}}],"inLanguage":"fi"}]}},"_links":{"self":[{"href":"https:\/\/sites.uef.fi\/stopdia\/wp-json\/wp\/v2\/pages\/1325","targetHints":{"allow":["GET"]}}],"collection":[{"href":"https:\/\/sites.uef.fi\/stopdia\/wp-json\/wp\/v2\/pages"}],"about":[{"href":"https:\/\/sites.uef.fi\/stopdia\/wp-json\/wp\/v2\/types\/page"}],"author":[{"embeddable":true,"href":"https:\/\/sites.uef.fi\/stopdia\/wp-json\/wp\/v2\/users\/187"}],"replies":[{"embeddable":true,"href":"https:\/\/sites.uef.fi\/stopdia\/wp-json\/wp\/v2\/comments?post=1325"}],"version-history":[{"count":2,"href":"https:\/\/sites.uef.fi\/stopdia\/wp-json\/wp\/v2\/pages\/1325\/revisions"}],"predecessor-version":[{"id":5099,"href":"https:\/\/sites.uef.fi\/stopdia\/wp-json\/wp\/v2\/pages\/1325\/revisions\/5099"}],"wp:attachment":[{"href":"https:\/\/sites.uef.fi\/stopdia\/wp-json\/wp\/v2\/media?parent=1325"}],"curies":[{"name":"wp","href":"https:\/\/api.w.org\/{rel}","templated":true}]}}