{"id":238,"date":"2020-06-16T17:17:15","date_gmt":"2020-06-16T14:17:15","guid":{"rendered":"https:\/\/sites.uef.fi\/stopdia\/?page_id=238"},"modified":"2023-12-21T13:32:49","modified_gmt":"2023-12-21T11:32:49","slug":"etusivu-2","status":"publish","type":"page","link":"https:\/\/sites.uef.fi\/stopdia\/etusivu-2\/","title":{"rendered":"StopDia-tutkimushanke"},"content":{"rendered":"\n<h2 class=\"wp-block-heading\">Digiteknologia ja elinymp\u00e4rist\u00f6n muutokset apuna tyypin 2 diabeteksen ehk\u00e4isyss\u00e4<\/h2>\n\n\n\n<p>StopDia-tutkimushankkeessa on luotu uusinta tutkimustietoa hy\u00f6dynt\u00e4m\u00e4ll\u00e4 toimintamalli tyypin 2 diabeteksen ehk\u00e4isyyn.<\/p>\n\n\n\n<p>Keskeist\u00e4 toimintamallissa on kohonneessa tyypin 2 diabetesriskiss\u00e4 olevien tehostettu tavoittaminen monikanavaisesti sek\u00e4 n\u00e4iden henkil\u00f6iden tunnistaminen hy\u00f6dynt\u00e4en <a href=\"http:\/\/www.stopdia.fi\/\" target=\"_blank\" rel=\"noopener noreferrer\">tyypin 2 diabeteksen riskitesti\u00e4<\/a>. Elintapamuutosten tukena toimintamallissa k\u00e4ytet\u00e4\u00e4n <a href=\"https:\/\/sites.uef.fi\/stopdia\/161-2\/\">digiteknologiaa<\/a> ja <a href=\"https:\/\/sites.uef.fi\/stopdia\/ryhmaohjausjasovellus\/\">ryhm\u00e4ohjausta<\/a>.<\/p>\n\n\n\n<p>StopDia-tutkimushankkeessa toteutettuun tutkimukseen on vuosien 2017-2019 aikana osallistunut noin 3 000 kohonneessa tyypin 2 diabetesriskiss\u00e4 olevaa henkil\u00f6\u00e4. Alustavien tulosten mukaan digisovelluksen k\u00e4ytt\u00f6 ja osallistuminen ryhm\u00e4ohjaukseen auttoivat muuttamaan elintapoja.<\/p>\n\n\n\n<h2 class=\"wp-block-heading\"><img decoding=\"async\" class=\"aligncenter\" src=\"https:\/\/www3.uef.fi\/documents\/1022624\/0\/StopDia+-malli\/247885b8-59b9-49ba-ac04-9de9a6c4e0bb?t=1580802299628\" alt=\"\"><\/h2>\n\n\n\n<h2 class=\"wp-block-heading\">Ymp\u00e4rist\u00f6 tukemaan hyvinvointia<\/h2>\n\n\n\n<p>StopDia-tutkimushankkeen ty\u00f6ymp\u00e4rist\u00f6ihin sijoittuvassa tutkimusosiossa tavoitteena on ollut selvitt\u00e4\u00e4 ymp\u00e4rist\u00f6n vaikutusmahdollisuuksia yksil\u00f6n k\u00e4ytt\u00e4ytymiseen. Osana t\u00e4t\u00e4 tutkimusosiota olemme kehitt\u00e4neet <a href=\"https:\/\/www.yksielama.fi\/documents\/10180\/908178\/StopDia+Tyokalupakki_THL+Tieda+ja+toimi_20191003\/b9ffb633-8104-4c23-b5a7-2bddfdb0fd80\">StopDia-tuuppauspakin<\/a>, joka sis\u00e4lt\u00e4\u00e4 kokoelman tieteellisuuteen, kirjallisuuteen ja ty\u00f6nantajahaastatteluihin pohjautuvia konkreettisia ty\u00f6ymp\u00e4rist\u00f6n muokkausehdotuksia. Alustavien tulosten mukaan muun muassa palauttavien taukoliikuntaliikkeiden tekeminen oli tutkimukseen osallistuvilla ty\u00f6paikoilla yleisemp\u00e4\u00e4 tutkimuksen lopussa kuin seurannan alussa. My\u00f6s ruokailutottumuksissa havaittiin edullisia muutoksia.<\/p>\n\n\n\n<h2 class=\"wp-block-heading\">Tyypin 2 diabeteksen ehk\u00e4isyn kustannusvaikuttavuus<\/h2>\n\n\n\n<p>StopDia-tutkimushankkeessa on kartoitettu terveystaloudellisia vaikutuksia ja rakennettu toimintamallia muutospoluista. P\u00e4\u00e4set testaamaan tutkimushankkeessa kehitetty\u00e4 StopDia-investointilaskuria <a href=\"https:\/\/esior.io\/stopdialaskuri1\/\">P\u00e4\u00e4set testaamaan tutkimushankkeessa kehitetty\u00e4 StopDia-investointilaskuria t\u00e4st\u00e4<\/a>.<\/p>\n\n\n\n<p>StopDia-tutkimushanke on toteutettu osana Suomen Akatemian strategisen tutkimuksen neuvoston Terveys, hyvinvointi ja el\u00e4m\u00e4ntavat -ohjelmaa. Hankkeen toteutuksesta ovat vastanneet It\u00e4-Suomen yliopisto, Terveyden ja hyvinvoinnin laitos sek\u00e4 Teknologian tutkimuskeskus VTT yhdess\u00e4 useiden sidosryhmien kanssa vuosina 2016\u20132019.<\/p>\n\n\n\n<figure class=\"wp-block-image aligncenter\"><img loading=\"lazy\" decoding=\"async\" width=\"300\" height=\"225\" src=\"https:\/\/sites.uef.fi\/stopdia\/wp-content\/uploads\/sites\/90\/2020\/06\/untitled-300x225.png\" alt=\"\" class=\"wp-image-313\" srcset=\"https:\/\/sites.uef.fi\/stopdia\/wp-content\/uploads\/sites\/90\/2020\/06\/untitled-300x225.png 300w, https:\/\/sites.uef.fi\/stopdia\/wp-content\/uploads\/sites\/90\/2020\/06\/untitled.png 480w\" sizes=\"auto, (max-width: 300px) 100vw, 300px\" \/><\/figure>\n\n\n    <div class=\"funders grid\">\n                        <div class=\"funders__item grid__item\">\n                            <div class=\"funders__image\">\n                    <img decoding=\"async\" src=\"https:\/\/sites.uef.fi\/stopdia\/wp-content\/uploads\/sites\/90\/2021\/01\/University_of_eastern_finland_logo.jpg\" alt=\"It\u00e4-Suomen yliopiston logo.\" \/>\n                <\/div>\n                                                <\/div>\n                        \n                        <div class=\"funders__item grid__item\">\n                            <div class=\"funders__image\">\n                    <img decoding=\"async\" src=\"https:\/\/sites.uef.fi\/stopdia\/wp-content\/uploads\/sites\/90\/2020\/07\/THL_tunnus_lyhyt_RGB_vihrea-1-1.jpg\" alt=\"Terveyden ja hyvinvoinnin laitoksen (THL) logo.\" \/>\n                <\/div>\n                                                <\/div>\n                        \n                        <div class=\"funders__item grid__item\">\n                            <div class=\"funders__image\">\n                    <img decoding=\"async\" src=\"https:\/\/sites.uef.fi\/stopdia\/wp-content\/uploads\/sites\/90\/2020\/07\/VTT_Orange_Logo-1.jpg\" alt=\"VTT:n logo.\" \/>\n                <\/div>\n                                                <\/div>\n                        \n            <\/div>\n\n\n    <div class=\"funders grid\">\n                        <div class=\"funders__item grid__item\">\n                            <div class=\"funders__image\">\n                    <img decoding=\"async\" src=\"https:\/\/sites.uef.fi\/stopdia\/wp-content\/uploads\/sites\/90\/2020\/08\/Suomen-Akatemia.jpg\" alt=\"Suomen Akatemia logo.\" \/>\n                <\/div>\n                                                <\/div>\n                        \n                        <div class=\"funders__item grid__item\">\n                            <div class=\"funders__image\">\n                    <img decoding=\"async\" src=\"https:\/\/sites.uef.fi\/stopdia\/wp-content\/uploads\/sites\/90\/2021\/01\/Suomen-akatemia_Strateginen-tutkimus_logo.jpg\" alt=\"Suomen Akatemia, strateginen tutkimus logo.\" \/>\n                <\/div>\n                                                <\/div>\n                        \n            <\/div>\n","protected":false},"excerpt":{"rendered":"<p>Digiteknologia ja elinymp\u00e4rist\u00f6n muutokset apuna tyypin 2 diabeteksen ehk\u00e4isyss\u00e4 StopDia-tutkimushankkeessa on luotu uusinta tutkimustietoa hy\u00f6dynt\u00e4m\u00e4ll\u00e4 toimintamalli tyypin 2 diabeteksen ehk\u00e4isyyn. Keskeist\u00e4 toimintamallissa on kohonneessa tyypin 2 diabetesriskiss\u00e4 olevien tehostettu tavoittaminen monikanavaisesti sek\u00e4 n\u00e4iden henkil\u00f6iden tunnistaminen hy\u00f6dynt\u00e4en tyypin 2 diabeteksen riskitesti\u00e4. Elintapamuutosten tukena toimintamallissa k\u00e4ytet\u00e4\u00e4n digiteknologiaa ja ryhm\u00e4ohjausta. StopDia-tutkimushankkeessa toteutettuun tutkimukseen on vuosien 2017-2019 aikana osallistunut [&hellip;]<\/p>\n","protected":false},"author":187,"featured_media":0,"parent":0,"menu_order":0,"comment_status":"closed","ping_status":"closed","template":"","meta":{"_acf_changed":false,"_monsterinsights_skip_tracking":false,"_monsterinsights_sitenote_active":false,"_monsterinsights_sitenote_note":"","_monsterinsights_sitenote_category":0,"footnotes":""},"class_list":["post-238","page","type-page","status-publish","hentry"],"acf":[],"yoast_head":"<!-- This site is optimized with the Yoast SEO plugin v27.1.1 - https:\/\/yoast.com\/product\/yoast-seo-wordpress\/ -->\n<title>StopDia-tutkimushanke - StopDia<\/title>\n<meta name=\"robots\" content=\"index, follow, max-snippet:-1, max-image-preview:large, max-video-preview:-1\" \/>\n<link rel=\"canonical\" href=\"https:\/\/sites.uef.fi\/stopdia\/etusivu-2\/\" \/>\n<meta property=\"og:locale\" content=\"fi_FI\" \/>\n<meta property=\"og:type\" content=\"article\" \/>\n<meta property=\"og:title\" content=\"StopDia-tutkimushanke - StopDia\" \/>\n<meta property=\"og:description\" content=\"Digiteknologia ja elinymp\u00e4rist\u00f6n muutokset apuna tyypin 2 diabeteksen ehk\u00e4isyss\u00e4 StopDia-tutkimushankkeessa on luotu uusinta tutkimustietoa hy\u00f6dynt\u00e4m\u00e4ll\u00e4 toimintamalli tyypin 2 diabeteksen ehk\u00e4isyyn. Keskeist\u00e4 toimintamallissa on kohonneessa tyypin 2 diabetesriskiss\u00e4 olevien tehostettu tavoittaminen monikanavaisesti sek\u00e4 n\u00e4iden henkil\u00f6iden tunnistaminen hy\u00f6dynt\u00e4en tyypin 2 diabeteksen riskitesti\u00e4. Elintapamuutosten tukena toimintamallissa k\u00e4ytet\u00e4\u00e4n digiteknologiaa ja ryhm\u00e4ohjausta. StopDia-tutkimushankkeessa toteutettuun tutkimukseen on vuosien 2017-2019 aikana osallistunut [&hellip;]\" \/>\n<meta property=\"og:url\" content=\"https:\/\/sites.uef.fi\/stopdia\/etusivu-2\/\" \/>\n<meta property=\"og:site_name\" content=\"StopDia\" \/>\n<meta property=\"article:modified_time\" content=\"2023-12-21T11:32:49+00:00\" \/>\n<meta property=\"og:image\" content=\"https:\/\/www3.uef.fi\/documents\/1022624\/0\/StopDia+-malli\/247885b8-59b9-49ba-ac04-9de9a6c4e0bb?t=1580802299628\" \/>\n<meta name=\"twitter:card\" content=\"summary_large_image\" \/>\n<meta name=\"twitter:label1\" content=\"Arvioitu lukuaika\" \/>\n\t<meta name=\"twitter:data1\" content=\"2 minuuttia\" \/>\n<script type=\"application\/ld+json\" class=\"yoast-schema-graph\">{\"@context\":\"https:\/\/schema.org\",\"@graph\":[{\"@type\":\"WebPage\",\"@id\":\"https:\/\/sites.uef.fi\/stopdia\/etusivu-2\/\",\"url\":\"https:\/\/sites.uef.fi\/stopdia\/etusivu-2\/\",\"name\":\"StopDia-tutkimushanke - StopDia\",\"isPartOf\":{\"@id\":\"https:\/\/sites.uef.fi\/stopdia\/?lang=en\/#website\"},\"primaryImageOfPage\":{\"@id\":\"https:\/\/sites.uef.fi\/stopdia\/etusivu-2\/#primaryimage\"},\"image\":{\"@id\":\"https:\/\/sites.uef.fi\/stopdia\/etusivu-2\/#primaryimage\"},\"thumbnailUrl\":\"https:\/\/www3.uef.fi\/documents\/1022624\/0\/StopDia+-malli\/247885b8-59b9-49ba-ac04-9de9a6c4e0bb?t=1580802299628\",\"datePublished\":\"2020-06-16T14:17:15+00:00\",\"dateModified\":\"2023-12-21T11:32:49+00:00\",\"breadcrumb\":{\"@id\":\"https:\/\/sites.uef.fi\/stopdia\/etusivu-2\/#breadcrumb\"},\"inLanguage\":\"fi\",\"potentialAction\":[{\"@type\":\"ReadAction\",\"target\":[\"https:\/\/sites.uef.fi\/stopdia\/etusivu-2\/\"]}]},{\"@type\":\"ImageObject\",\"inLanguage\":\"fi\",\"@id\":\"https:\/\/sites.uef.fi\/stopdia\/etusivu-2\/#primaryimage\",\"url\":\"https:\/\/www3.uef.fi\/documents\/1022624\/0\/StopDia+-malli\/247885b8-59b9-49ba-ac04-9de9a6c4e0bb?t=1580802299628\",\"contentUrl\":\"https:\/\/www3.uef.fi\/documents\/1022624\/0\/StopDia+-malli\/247885b8-59b9-49ba-ac04-9de9a6c4e0bb?t=1580802299628\"},{\"@type\":\"BreadcrumbList\",\"@id\":\"https:\/\/sites.uef.fi\/stopdia\/etusivu-2\/#breadcrumb\",\"itemListElement\":[{\"@type\":\"ListItem\",\"position\":1,\"name\":\"Home\",\"item\":\"https:\/\/sites.uef.fi\/stopdia\/\"},{\"@type\":\"ListItem\",\"position\":2,\"name\":\"StopDia-tutkimushanke\"}]},{\"@type\":\"WebSite\",\"@id\":\"https:\/\/sites.uef.fi\/stopdia\/?lang=en\/#website\",\"url\":\"https:\/\/sites.uef.fi\/stopdia\/?lang=en\/\",\"name\":\"StopDia\",\"description\":\"\",\"potentialAction\":[{\"@type\":\"SearchAction\",\"target\":{\"@type\":\"EntryPoint\",\"urlTemplate\":\"https:\/\/sites.uef.fi\/stopdia\/?lang=en\/?s={search_term_string}\"},\"query-input\":{\"@type\":\"PropertyValueSpecification\",\"valueRequired\":true,\"valueName\":\"search_term_string\"}}],\"inLanguage\":\"fi\"}]}<\/script>\n<!-- \/ Yoast SEO plugin. -->","yoast_head_json":{"title":"StopDia-tutkimushanke - StopDia","robots":{"index":"index","follow":"follow","max-snippet":"max-snippet:-1","max-image-preview":"max-image-preview:large","max-video-preview":"max-video-preview:-1"},"canonical":"https:\/\/sites.uef.fi\/stopdia\/etusivu-2\/","og_locale":"fi_FI","og_type":"article","og_title":"StopDia-tutkimushanke - StopDia","og_description":"Digiteknologia ja elinymp\u00e4rist\u00f6n muutokset apuna tyypin 2 diabeteksen ehk\u00e4isyss\u00e4 StopDia-tutkimushankkeessa on luotu uusinta tutkimustietoa hy\u00f6dynt\u00e4m\u00e4ll\u00e4 toimintamalli tyypin 2 diabeteksen ehk\u00e4isyyn. Keskeist\u00e4 toimintamallissa on kohonneessa tyypin 2 diabetesriskiss\u00e4 olevien tehostettu tavoittaminen monikanavaisesti sek\u00e4 n\u00e4iden henkil\u00f6iden tunnistaminen hy\u00f6dynt\u00e4en tyypin 2 diabeteksen riskitesti\u00e4. Elintapamuutosten tukena toimintamallissa k\u00e4ytet\u00e4\u00e4n digiteknologiaa ja ryhm\u00e4ohjausta. StopDia-tutkimushankkeessa toteutettuun tutkimukseen on vuosien 2017-2019 aikana osallistunut [&hellip;]","og_url":"https:\/\/sites.uef.fi\/stopdia\/etusivu-2\/","og_site_name":"StopDia","article_modified_time":"2023-12-21T11:32:49+00:00","og_image":[{"url":"https:\/\/www3.uef.fi\/documents\/1022624\/0\/StopDia+-malli\/247885b8-59b9-49ba-ac04-9de9a6c4e0bb?t=1580802299628","type":"","width":"","height":""}],"twitter_card":"summary_large_image","twitter_misc":{"Arvioitu lukuaika":"2 minuuttia"},"schema":{"@context":"https:\/\/schema.org","@graph":[{"@type":"WebPage","@id":"https:\/\/sites.uef.fi\/stopdia\/etusivu-2\/","url":"https:\/\/sites.uef.fi\/stopdia\/etusivu-2\/","name":"StopDia-tutkimushanke - StopDia","isPartOf":{"@id":"https:\/\/sites.uef.fi\/stopdia\/?lang=en\/#website"},"primaryImageOfPage":{"@id":"https:\/\/sites.uef.fi\/stopdia\/etusivu-2\/#primaryimage"},"image":{"@id":"https:\/\/sites.uef.fi\/stopdia\/etusivu-2\/#primaryimage"},"thumbnailUrl":"https:\/\/www3.uef.fi\/documents\/1022624\/0\/StopDia+-malli\/247885b8-59b9-49ba-ac04-9de9a6c4e0bb?t=1580802299628","datePublished":"2020-06-16T14:17:15+00:00","dateModified":"2023-12-21T11:32:49+00:00","breadcrumb":{"@id":"https:\/\/sites.uef.fi\/stopdia\/etusivu-2\/#breadcrumb"},"inLanguage":"fi","potentialAction":[{"@type":"ReadAction","target":["https:\/\/sites.uef.fi\/stopdia\/etusivu-2\/"]}]},{"@type":"ImageObject","inLanguage":"fi","@id":"https:\/\/sites.uef.fi\/stopdia\/etusivu-2\/#primaryimage","url":"https:\/\/www3.uef.fi\/documents\/1022624\/0\/StopDia+-malli\/247885b8-59b9-49ba-ac04-9de9a6c4e0bb?t=1580802299628","contentUrl":"https:\/\/www3.uef.fi\/documents\/1022624\/0\/StopDia+-malli\/247885b8-59b9-49ba-ac04-9de9a6c4e0bb?t=1580802299628"},{"@type":"BreadcrumbList","@id":"https:\/\/sites.uef.fi\/stopdia\/etusivu-2\/#breadcrumb","itemListElement":[{"@type":"ListItem","position":1,"name":"Home","item":"https:\/\/sites.uef.fi\/stopdia\/"},{"@type":"ListItem","position":2,"name":"StopDia-tutkimushanke"}]},{"@type":"WebSite","@id":"https:\/\/sites.uef.fi\/stopdia\/?lang=en\/#website","url":"https:\/\/sites.uef.fi\/stopdia\/?lang=en\/","name":"StopDia","description":"","potentialAction":[{"@type":"SearchAction","target":{"@type":"EntryPoint","urlTemplate":"https:\/\/sites.uef.fi\/stopdia\/?lang=en\/?s={search_term_string}"},"query-input":{"@type":"PropertyValueSpecification","valueRequired":true,"valueName":"search_term_string"}}],"inLanguage":"fi"}]}},"_links":{"self":[{"href":"https:\/\/sites.uef.fi\/stopdia\/wp-json\/wp\/v2\/pages\/238","targetHints":{"allow":["GET"]}}],"collection":[{"href":"https:\/\/sites.uef.fi\/stopdia\/wp-json\/wp\/v2\/pages"}],"about":[{"href":"https:\/\/sites.uef.fi\/stopdia\/wp-json\/wp\/v2\/types\/page"}],"author":[{"embeddable":true,"href":"https:\/\/sites.uef.fi\/stopdia\/wp-json\/wp\/v2\/users\/187"}],"replies":[{"embeddable":true,"href":"https:\/\/sites.uef.fi\/stopdia\/wp-json\/wp\/v2\/comments?post=238"}],"version-history":[{"count":2,"href":"https:\/\/sites.uef.fi\/stopdia\/wp-json\/wp\/v2\/pages\/238\/revisions"}],"predecessor-version":[{"id":5003,"href":"https:\/\/sites.uef.fi\/stopdia\/wp-json\/wp\/v2\/pages\/238\/revisions\/5003"}],"wp:attachment":[{"href":"https:\/\/sites.uef.fi\/stopdia\/wp-json\/wp\/v2\/media?parent=238"}],"curies":[{"name":"wp","href":"https:\/\/api.w.org\/{rel}","templated":true}]}}