{"id":415,"date":"2020-06-16T19:17:50","date_gmt":"2020-06-16T16:17:50","guid":{"rendered":"https:\/\/sites.uef.fi\/stopdia\/?page_id=415"},"modified":"2023-12-21T13:55:00","modified_gmt":"2023-12-21T11:55:00","slug":"yhteistyokumppanit","status":"publish","type":"page","link":"https:\/\/sites.uef.fi\/stopdia\/yhteistyokumppanit\/","title":{"rendered":"Yhteisty\u00f6kumppanimme"},"content":{"rendered":"\n<figure class=\"wp-block-image size-full is-resized\"><img loading=\"lazy\" decoding=\"async\" width=\"800\" height=\"255\" src=\"https:\/\/sites.uef.fi\/stopdia\/wp-content\/uploads\/sites\/90\/2020\/07\/StopDia_Logo_Vaaka-1.png\" alt=\"\" class=\"wp-image-1969\" style=\"width:508px;height:auto\" srcset=\"https:\/\/sites.uef.fi\/stopdia\/wp-content\/uploads\/sites\/90\/2020\/07\/StopDia_Logo_Vaaka-1.png 800w, https:\/\/sites.uef.fi\/stopdia\/wp-content\/uploads\/sites\/90\/2020\/07\/StopDia_Logo_Vaaka-1-300x96.png 300w, https:\/\/sites.uef.fi\/stopdia\/wp-content\/uploads\/sites\/90\/2020\/07\/StopDia_Logo_Vaaka-1-768x245.png 768w\" sizes=\"auto, (max-width: 800px) 100vw, 800px\" \/><\/figure>\n\n\n\n<h2 class=\"wp-block-heading\">Toiminnassa mukana<\/h2>\n\n\n\n<p>StopDia &#8211; tutkimushanketta on toteutettu tiiviiss\u00e4 yhteisty\u00f6ss\u00e4 laajan toimijaverkoston kanssa.<\/p>\n\n\n\n<ul class=\"wp-block-list\">\n<li><a href=\"http:\/\/www.eksote.fi\/Sivut\/default.aspx\" target=\"_blank\" rel=\"noopener noreferrer\">Etel\u00e4-Karjalan sairaanhoitopiiri<\/a>, <a href=\"http:\/\/www.phsotey.fi\/fi\/etusivu\/\" target=\"_blank\" rel=\"noopener noreferrer\">P\u00e4ij\u00e4t-H\u00e4meen sairaanhoitopiiri<\/a> ja <a href=\"https:\/\/www.psshp.fi\/\" target=\"_blank\" rel=\"noopener noreferrer\">Pohjois-Savon sairaanhoitopiiri<\/a><\/li>\n\n\n\n<li><a href=\"http:\/\/www.paijat-hame.fi\/\" target=\"_blank\" rel=\"noopener noreferrer\">P\u00e4ij\u00e4t-H\u00e4meen maakuntaliitto<\/a> ja <a href=\"http:\/\/www.pohjois-savo.fi\/\" target=\"_blank\" rel=\"noopener noreferrer\">Pohjois-Savon maakuntaliitto<\/a><\/li>\n\n\n\n<li><a href=\"https:\/\/www.kuopio.fi\/fi\/etusivu\" target=\"_blank\" rel=\"noopener noreferrer\">Kuopion kaupunki<\/a><\/li>\n\n\n\n<li><a href=\"http:\/\/www.varkaus.fi\/\" target=\"_blank\" rel=\"noopener noreferrer\">Varkauden kaupunki<\/a><\/li>\n\n\n\n<li><a href=\"http:\/\/www.siilinjarvi.fi\/\" target=\"_blank\" rel=\"noopener noreferrer\">Siilinj\u00e4rven kunta<\/a><\/li>\n\n\n\n<li><a href=\"http:\/\/www.ylasavonsote.fi\/\" target=\"_blank\" rel=\"noopener noreferrer\">Yl\u00e4-Savon SOTE (Iisalmi, Kiuruvesi, Sonkaj\u00e4rvi, Vierem\u00e4)<\/a><\/li>\n\n\n\n<li><a href=\"http:\/\/sydanliitto.fi\/\" target=\"_blank\" rel=\"noopener noreferrer\">Suomen Syd\u00e4nliitto<\/a><\/li>\n\n\n\n<li><a href=\"http:\/\/www.diabetes.fi\/diabetesliitto\" target=\"_blank\" rel=\"noopener noreferrer\">Suomen Diabetesliitto<\/a><\/li>\n\n\n\n<li><a href=\"http:\/\/www.vaestoliitto.fi\/\" target=\"_blank\" rel=\"noopener noreferrer\">V\u00e4est\u00f6liitto<\/a><\/li>\n\n\n\n<li><a href=\"https:\/\/www.kuluttajaliitto.fi\/\" target=\"_blank\" rel=\"noopener noreferrer\">Kuluttajaliitto<\/a><\/li>\n\n\n\n<li><a href=\"http:\/\/www.apteekkariliitto.fi\/\" target=\"_blank\" rel=\"noopener noreferrer\">Suomen Apteekkariliitto<\/a><\/li>\n\n\n\n<li>Omahoito ja Digitaaliset Arvopalvelut &nbsp;-hanke (ODA)<\/li>\n\n\n\n<li><a href=\"http:\/\/stm.fi\/etusivu\" target=\"_blank\" rel=\"noopener noreferrer\">Sosiaali- ja terveysministeri\u00f6, STM<\/a><\/li>\n\n\n\n<li><a href=\"http:\/\/www.kela.fi\/\" target=\"_blank\" rel=\"noopener noreferrer\">Kela<\/a><\/li>\n\n\n\n<li>Keskin\u00e4inen El\u00e4kevakuutusyhti\u00f6 Etera<\/li>\n\n\n\n<li>Maaseutuvirasto ja yhteisty\u00f6kumppanit (mm. <a href=\"https:\/\/www.kirkkopalvelut.fi\/\" target=\"_blank\" rel=\"noopener noreferrer\">Kirkkopalvelut ry<\/a> ja <a href=\"http:\/\/www.viadia.fi\/\" target=\"_blank\" rel=\"noopener noreferrer\">ViaDia ry<\/a>)<\/li>\n\n\n\n<li><a href=\"http:\/\/www.promeq.fi\/\" target=\"_blank\" rel=\"noopener noreferrer\">PROMEQ &#8211; tutkimushanke<\/a><\/li>\n\n\n\n<li><a href=\"https:\/\/www.terveystalo.com\/fi\/\" target=\"_blank\" rel=\"noopener noreferrer\">Terveystalo<\/a><\/li>\n<\/ul>\n\n\n    <div class=\"funders grid\">\n                        <div class=\"funders__item grid__item\">\n                            <div class=\"funders__image\">\n                    <img decoding=\"async\" src=\"https:\/\/sites.uef.fi\/stopdia\/wp-content\/uploads\/sites\/90\/2021\/01\/University_of_eastern_finland_logo.jpg\" alt=\"It\u00e4-Suomen yliopiston logo.\" \/>\n                <\/div>\n                                                <\/div>\n                        \n                        <div class=\"funders__item grid__item\">\n                            <div class=\"funders__image\">\n                    <img decoding=\"async\" src=\"https:\/\/sites.uef.fi\/stopdia\/wp-content\/uploads\/sites\/90\/2020\/07\/THL_tunnus_lyhyt_RGB_vihrea-1-1.jpg\" alt=\"Terveyden ja hyvinvoinnin laitoksen (THL) logo.\" \/>\n                <\/div>\n                                                <\/div>\n                        \n                        <div class=\"funders__item grid__item\">\n                            <div class=\"funders__image\">\n                    <img decoding=\"async\" src=\"https:\/\/sites.uef.fi\/stopdia\/wp-content\/uploads\/sites\/90\/2020\/07\/VTT_Orange_Logo-1.jpg\" alt=\"VTT:n logo.\" \/>\n                <\/div>\n                                                <\/div>\n                        \n            <\/div>\n\n\n    <div class=\"funders grid\">\n                        <div class=\"funders__item grid__item\">\n                            <div class=\"funders__image\">\n                    <img decoding=\"async\" src=\"https:\/\/sites.uef.fi\/stopdia\/wp-content\/uploads\/sites\/90\/2020\/08\/Suomen-Akatemia.jpg\" alt=\"Suomen Akatemia logo.\" \/>\n                <\/div>\n                                                <\/div>\n                        \n                        <div class=\"funders__item grid__item\">\n                            <div class=\"funders__image\">\n                    <img decoding=\"async\" src=\"https:\/\/sites.uef.fi\/stopdia\/wp-content\/uploads\/sites\/90\/2021\/01\/Suomen-akatemia_Strateginen-tutkimus_logo.jpg\" alt=\"Suomen Akatemia, strateginen tutkimus logo.\" \/>\n                <\/div>\n                                                <\/div>\n                        \n            <\/div>\n","protected":false},"excerpt":{"rendered":"<p>Toiminnassa mukana StopDia &#8211; tutkimushanketta on toteutettu tiiviiss\u00e4 yhteisty\u00f6ss\u00e4 laajan toimijaverkoston kanssa.<\/p>\n","protected":false},"author":187,"featured_media":0,"parent":0,"menu_order":0,"comment_status":"closed","ping_status":"closed","template":"","meta":{"_acf_changed":false,"_monsterinsights_skip_tracking":false,"_monsterinsights_sitenote_active":false,"_monsterinsights_sitenote_note":"","_monsterinsights_sitenote_category":0,"footnotes":""},"class_list":["post-415","page","type-page","status-publish","hentry"],"acf":[],"yoast_head":"<!-- This site is optimized with the Yoast SEO plugin v27.1.1 - https:\/\/yoast.com\/product\/yoast-seo-wordpress\/ -->\n<title>Yhteisty\u00f6kumppanimme - StopDia<\/title>\n<meta name=\"robots\" content=\"index, follow, max-snippet:-1, max-image-preview:large, max-video-preview:-1\" \/>\n<link rel=\"canonical\" href=\"https:\/\/sites.uef.fi\/stopdia\/yhteistyokumppanit\/\" \/>\n<meta property=\"og:locale\" content=\"fi_FI\" \/>\n<meta property=\"og:type\" content=\"article\" \/>\n<meta property=\"og:title\" content=\"Yhteisty\u00f6kumppanimme - StopDia\" \/>\n<meta property=\"og:description\" content=\"Toiminnassa mukana StopDia &#8211; tutkimushanketta on toteutettu tiiviiss\u00e4 yhteisty\u00f6ss\u00e4 laajan toimijaverkoston kanssa.\" \/>\n<meta property=\"og:url\" content=\"https:\/\/sites.uef.fi\/stopdia\/yhteistyokumppanit\/\" \/>\n<meta property=\"og:site_name\" content=\"StopDia\" \/>\n<meta property=\"article:modified_time\" content=\"2023-12-21T11:55:00+00:00\" \/>\n<meta property=\"og:image\" content=\"https:\/\/sites.uef.fi\/stopdia\/wp-content\/uploads\/sites\/90\/2020\/07\/StopDia_Logo_Vaaka-1.png\" \/>\n<meta name=\"twitter:card\" content=\"summary_large_image\" \/>\n<meta name=\"twitter:label1\" content=\"Arvioitu lukuaika\" \/>\n\t<meta name=\"twitter:data1\" content=\"1 minuutti\" \/>\n<script type=\"application\/ld+json\" class=\"yoast-schema-graph\">{\"@context\":\"https:\/\/schema.org\",\"@graph\":[{\"@type\":\"WebPage\",\"@id\":\"https:\/\/sites.uef.fi\/stopdia\/yhteistyokumppanit\/\",\"url\":\"https:\/\/sites.uef.fi\/stopdia\/yhteistyokumppanit\/\",\"name\":\"Yhteisty\u00f6kumppanimme - StopDia\",\"isPartOf\":{\"@id\":\"https:\/\/sites.uef.fi\/stopdia\/?lang=en\/#website\"},\"primaryImageOfPage\":{\"@id\":\"https:\/\/sites.uef.fi\/stopdia\/yhteistyokumppanit\/#primaryimage\"},\"image\":{\"@id\":\"https:\/\/sites.uef.fi\/stopdia\/yhteistyokumppanit\/#primaryimage\"},\"thumbnailUrl\":\"https:\/\/sites.uef.fi\/stopdia\/wp-content\/uploads\/sites\/90\/2020\/07\/StopDia_Logo_Vaaka-1.png\",\"datePublished\":\"2020-06-16T16:17:50+00:00\",\"dateModified\":\"2023-12-21T11:55:00+00:00\",\"breadcrumb\":{\"@id\":\"https:\/\/sites.uef.fi\/stopdia\/yhteistyokumppanit\/#breadcrumb\"},\"inLanguage\":\"fi\",\"potentialAction\":[{\"@type\":\"ReadAction\",\"target\":[\"https:\/\/sites.uef.fi\/stopdia\/yhteistyokumppanit\/\"]}]},{\"@type\":\"ImageObject\",\"inLanguage\":\"fi\",\"@id\":\"https:\/\/sites.uef.fi\/stopdia\/yhteistyokumppanit\/#primaryimage\",\"url\":\"https:\/\/sites.uef.fi\/stopdia\/wp-content\/uploads\/sites\/90\/2020\/07\/StopDia_Logo_Vaaka-1.png\",\"contentUrl\":\"https:\/\/sites.uef.fi\/stopdia\/wp-content\/uploads\/sites\/90\/2020\/07\/StopDia_Logo_Vaaka-1.png\",\"width\":800,\"height\":255},{\"@type\":\"BreadcrumbList\",\"@id\":\"https:\/\/sites.uef.fi\/stopdia\/yhteistyokumppanit\/#breadcrumb\",\"itemListElement\":[{\"@type\":\"ListItem\",\"position\":1,\"name\":\"Home\",\"item\":\"https:\/\/sites.uef.fi\/stopdia\/\"},{\"@type\":\"ListItem\",\"position\":2,\"name\":\"Yhteisty\u00f6kumppanimme\"}]},{\"@type\":\"WebSite\",\"@id\":\"https:\/\/sites.uef.fi\/stopdia\/?lang=en\/#website\",\"url\":\"https:\/\/sites.uef.fi\/stopdia\/?lang=en\/\",\"name\":\"StopDia\",\"description\":\"\",\"potentialAction\":[{\"@type\":\"SearchAction\",\"target\":{\"@type\":\"EntryPoint\",\"urlTemplate\":\"https:\/\/sites.uef.fi\/stopdia\/?lang=en\/?s={search_term_string}\"},\"query-input\":{\"@type\":\"PropertyValueSpecification\",\"valueRequired\":true,\"valueName\":\"search_term_string\"}}],\"inLanguage\":\"fi\"}]}<\/script>\n<!-- \/ Yoast SEO plugin. -->","yoast_head_json":{"title":"Yhteisty\u00f6kumppanimme - StopDia","robots":{"index":"index","follow":"follow","max-snippet":"max-snippet:-1","max-image-preview":"max-image-preview:large","max-video-preview":"max-video-preview:-1"},"canonical":"https:\/\/sites.uef.fi\/stopdia\/yhteistyokumppanit\/","og_locale":"fi_FI","og_type":"article","og_title":"Yhteisty\u00f6kumppanimme - StopDia","og_description":"Toiminnassa mukana StopDia &#8211; tutkimushanketta on toteutettu tiiviiss\u00e4 yhteisty\u00f6ss\u00e4 laajan toimijaverkoston kanssa.","og_url":"https:\/\/sites.uef.fi\/stopdia\/yhteistyokumppanit\/","og_site_name":"StopDia","article_modified_time":"2023-12-21T11:55:00+00:00","og_image":[{"url":"https:\/\/sites.uef.fi\/stopdia\/wp-content\/uploads\/sites\/90\/2020\/07\/StopDia_Logo_Vaaka-1.png","type":"","width":"","height":""}],"twitter_card":"summary_large_image","twitter_misc":{"Arvioitu lukuaika":"1 minuutti"},"schema":{"@context":"https:\/\/schema.org","@graph":[{"@type":"WebPage","@id":"https:\/\/sites.uef.fi\/stopdia\/yhteistyokumppanit\/","url":"https:\/\/sites.uef.fi\/stopdia\/yhteistyokumppanit\/","name":"Yhteisty\u00f6kumppanimme - StopDia","isPartOf":{"@id":"https:\/\/sites.uef.fi\/stopdia\/?lang=en\/#website"},"primaryImageOfPage":{"@id":"https:\/\/sites.uef.fi\/stopdia\/yhteistyokumppanit\/#primaryimage"},"image":{"@id":"https:\/\/sites.uef.fi\/stopdia\/yhteistyokumppanit\/#primaryimage"},"thumbnailUrl":"https:\/\/sites.uef.fi\/stopdia\/wp-content\/uploads\/sites\/90\/2020\/07\/StopDia_Logo_Vaaka-1.png","datePublished":"2020-06-16T16:17:50+00:00","dateModified":"2023-12-21T11:55:00+00:00","breadcrumb":{"@id":"https:\/\/sites.uef.fi\/stopdia\/yhteistyokumppanit\/#breadcrumb"},"inLanguage":"fi","potentialAction":[{"@type":"ReadAction","target":["https:\/\/sites.uef.fi\/stopdia\/yhteistyokumppanit\/"]}]},{"@type":"ImageObject","inLanguage":"fi","@id":"https:\/\/sites.uef.fi\/stopdia\/yhteistyokumppanit\/#primaryimage","url":"https:\/\/sites.uef.fi\/stopdia\/wp-content\/uploads\/sites\/90\/2020\/07\/StopDia_Logo_Vaaka-1.png","contentUrl":"https:\/\/sites.uef.fi\/stopdia\/wp-content\/uploads\/sites\/90\/2020\/07\/StopDia_Logo_Vaaka-1.png","width":800,"height":255},{"@type":"BreadcrumbList","@id":"https:\/\/sites.uef.fi\/stopdia\/yhteistyokumppanit\/#breadcrumb","itemListElement":[{"@type":"ListItem","position":1,"name":"Home","item":"https:\/\/sites.uef.fi\/stopdia\/"},{"@type":"ListItem","position":2,"name":"Yhteisty\u00f6kumppanimme"}]},{"@type":"WebSite","@id":"https:\/\/sites.uef.fi\/stopdia\/?lang=en\/#website","url":"https:\/\/sites.uef.fi\/stopdia\/?lang=en\/","name":"StopDia","description":"","potentialAction":[{"@type":"SearchAction","target":{"@type":"EntryPoint","urlTemplate":"https:\/\/sites.uef.fi\/stopdia\/?lang=en\/?s={search_term_string}"},"query-input":{"@type":"PropertyValueSpecification","valueRequired":true,"valueName":"search_term_string"}}],"inLanguage":"fi"}]}},"_links":{"self":[{"href":"https:\/\/sites.uef.fi\/stopdia\/wp-json\/wp\/v2\/pages\/415","targetHints":{"allow":["GET"]}}],"collection":[{"href":"https:\/\/sites.uef.fi\/stopdia\/wp-json\/wp\/v2\/pages"}],"about":[{"href":"https:\/\/sites.uef.fi\/stopdia\/wp-json\/wp\/v2\/types\/page"}],"author":[{"embeddable":true,"href":"https:\/\/sites.uef.fi\/stopdia\/wp-json\/wp\/v2\/users\/187"}],"replies":[{"embeddable":true,"href":"https:\/\/sites.uef.fi\/stopdia\/wp-json\/wp\/v2\/comments?post=415"}],"version-history":[{"count":1,"href":"https:\/\/sites.uef.fi\/stopdia\/wp-json\/wp\/v2\/pages\/415\/revisions"}],"predecessor-version":[{"id":5051,"href":"https:\/\/sites.uef.fi\/stopdia\/wp-json\/wp\/v2\/pages\/415\/revisions\/5051"}],"wp:attachment":[{"href":"https:\/\/sites.uef.fi\/stopdia\/wp-json\/wp\/v2\/media?parent=415"}],"curies":[{"name":"wp","href":"https:\/\/api.w.org\/{rel}","templated":true}]}}