{"id":114,"date":"2025-07-28T15:12:26","date_gmt":"2025-07-28T13:12:26","guid":{"rendered":"https:\/\/sites.uef.fi\/sttp2026\/?page_id=114"},"modified":"2026-02-08T22:00:42","modified_gmt":"2026-02-08T20:00:42","slug":"info","status":"publish","type":"page","link":"https:\/\/sites.uef.fi\/sttp2026\/info\/","title":{"rendered":"Info"},"content":{"rendered":"\n<p>Sosiaality\u00f6n tutkimuksen p\u00e4iv\u00e4t 2026 j\u00e4rjestet\u00e4\u00e4n Snellmania rakennuksessa ja osa ty\u00f6ryhmist\u00e4 Tietoteknialla ja Medistudiassa, It\u00e4-Suomen yliopiston Kuopion kampuksella, osoitteessa Yliopistonranta 8, 70210 Kuopio. T\u00e4lle sivulle on koottu yleist\u00e4 infoa liikkumisesta, majoittumisesta sek\u00e4 muusta Kuopion kaupungin tarjonnasta.<\/p>\n\n\n\n<div class=\"links-block\">\n\n    \n    <ul class=\"link-list\">\n        \n            \n            <li class=\"link-list-item\">\n                <a href=\"https:\/\/www.uef.fi\/fi\/kuopion-kampus\" class=\"link-reset link hover-scale-down\">\n                    <svg\n        width=\"43\" height=\"25\"\n        viewBox=\"0 0 43 25\"\n        xmlns=\"http:\/\/www.w3.org\/2000\/svg\">\n    <path\n        d=\"M30.027 0 43 12.5 30.027 25 27 22.083 34.351 15H0v-5h34.351L27 2.917z\"\n        fill=\"currentColor\"\n        fill-rule=\"evenodd\"\/>\n<\/svg>                    <div>Tutustu saapumisohjeisiin, kampuskarttaan ja ravintoloihin Kuopion kampuksella<\/div>\n                <\/a>\n                <div class=\"link-info\">\n                                    <\/div>\n            <\/li>\n\n                <\/ul>\n<\/div>\n\n\n<h4 class=\"wp-block-heading\">Majoittuminen<\/h4>\n\n\n\n<h5 class=\"wp-block-heading\"><a href=\"https:\/\/www.scandichotels.fi\/varaa-hotelli\/select-rate?fromDate=2022-08-31&amp;toDate=2022-09-1&amp;room%5b0%5d.adults=1&amp;hotel=609&amp;tr=485ad0baa65f4a8eb772979c97a79245\">Scandic Kuopio<\/a> Satamakatu 1, 70100 Kuopio, tel. +358 17 195111 | e-mail: kuopio@scandichotels.com<\/h5>\n\n\n\n<h5 class=\"wp-block-heading\"><a href=\"https:\/\/www.scandichotels.fi\/varaa-hotelli\/select-rate?fromDate=2022-08-31&amp;toDate=2022-09-1&amp;room%5b0%5d.adults=1&amp;hotel=689&amp;tr=485ad0baa65f4a8eb772979c97a79245\">Scandic Atlas<\/a> Haapaniemenkatu 22, 70110 Kuopio, tel. +358&nbsp;300&nbsp;870&nbsp;423 | e-mail: atlas@scandichotels<\/h5>\n\n\n\n<p>Tarjoamme tapahtuman osallistujille alennuksen huonevarauksista Kuopion Scandic hotelleissa. Majoituksen voi varata helposti Scandicin verkkosivuilta osoitteessa <a href=\"http:\/\/www.scandichotels.fi\">www.scandichotels.fi<\/a> k\u00e4ytt\u00e4m\u00e4ll\u00e4 varauskoodia CGRO<\/p>\n\n\n\n<ul class=\"wp-block-list\">\n<li>Valitse mieleisesi huonetyyppi<\/li>\n\n\n\n<li>Saat lis\u00e4alennusta, kun maksat heti varauksen yhteydess\u00e4<\/li>\n\n\n\n<li>Huoneet varattavissa saatavuuden mukaan viimeist\u00e4\u00e4n 10 p\u00e4iv\u00e4\u00e4 ennen saapumista<\/li>\n<\/ul>\n\n\n\n<p>Huomioithan, ett\u00e4 peruutusehdot riippuvat valitsemastasi varaustyypist\u00e4. Varaus vahvistetaan antamalla voimassa olevat luottokorttitiedot.<\/p>\n\n\n\n<p><br>Scandic Friends -j\u00e4senet: Muistathan tarkistaa my\u00f6s kanta-asiakastarjoukset ja mahdolliset yrityssopimushinnat!<br>Koodi CGRO on voimassa molemmissa Kuopion Scandic-hotelleissa.<\/p>\n\n\n\n<h5 class=\"wp-block-heading\"><a href=\"https:\/\/www.sokoshotels.fi\/\">Original Sokos Hotel Puijonsarvi<\/a> osoite: Minna Canthin katu 16, 70100 Kuopio, tel. +358 10 762 9500 | e-mail: &nbsp;sales.peeassa@sok.fi<\/h5>\n\n\n\n<p>Tarjoamme tapahtuman osallistujille alennuksen huonevarauksista Sokos hotel Puijonsarvesta. Majoituksen voi varata helposti verkkosivuilta osoitteessa www.sokoshotels.fi k\u00e4ytt\u00e4m\u00e4ll\u00e4 varauskoodia BSTTP2026<\/p>\n\n\n\n<ul class=\"wp-block-list\">\n<li>Huomioithan, ett\u00e4 peruutusehdot riippuvat valitsemastasi varaustyypist\u00e4. Varaus vahvistetaan antamalla voimassa olevat luottokorttitiedot.<\/li>\n\n\n\n<li>Hintatarjous voimassa 28.01.2026 saakka hotellin huonesaatavuuden mukaan.<\/li>\n\n\n\n<li>Hintaan sis\u00e4ltyy kuntosalin vapaak\u00e4ytt\u00f6, asiakassauna sek\u00e4 runsas aamiainen.<\/li>\n\n\n\n<li>Tarjoushinnasta my\u00f6nnet\u00e4\u00e4n S-Card palveluedut, ei S-Etukortille bonuksia.<\/li>\n<\/ul>\n\n\n\n<h4 class=\"wp-block-heading\">Liikenne<\/h4>\n\n\n\n<ul class=\"wp-block-list\">\n<li><a href=\"https:\/\/www.vr.fi\/rautatieasemat-ja-reitit\/kuopio?gclid=Cj0KCQjwjbyYBhCdARIsAArC6LKygXI_koNtooZpeXZ71fCbEKAO865DasisbuslKijPLD9he8MX5OAaAkrpEALw_wcB\">Kuopion rautatieasema<\/a>, osoite: Asemakatu 1, 70100 Kuopio<\/li>\n\n\n\n<li><a href=\"https:\/\/www.kuopiotahko.fi\/paikat\/kuopion-matkakeskus\/\">Kuopion linja-autoasema <\/a>(matkakeskus), osoite: Puutarhakatu 3, 70300 Kuopio<\/li>\n\n\n\n<li><a href=\"https:\/\/vilkku.kuopio.fi\/\">Kuopio paikallisliikenne<\/a> (vilkku.kuopio.fi) <a href=\"https:\/\/vilkku.kuopio.fi\/40-siilinjarvi-lentoasema-kuopio-savilahti\">Bussi nro 40 <\/a>liikkuu Lentoaseman ja Savilahden v\u00e4lill\u00e4.<\/li>\n<\/ul>\n\n\n\n<p><strong>Taksit<\/strong><\/p>\n\n\n\n<ul class=\"wp-block-list\">\n<li><a href=\"https:\/\/taksi1.fi\/\">Taksi1 Kuopio <\/a>(taksi1.fi)<\/li>\n\n\n\n<li><a href=\"https:\/\/www.vievie.fi\/\">VieVie<\/a> (vievie.fi)<\/li>\n\n\n\n<li><a href=\"https:\/\/meneva.fi\/fi\/palvelualueet\/pohjois-savo\/kuopio\">Menev\u00e4<\/a> (meneva.fi)<\/li>\n<\/ul>\n\n\n\n<h4 class=\"wp-block-heading\">Kuopion kaupunki<\/h4>\n\n\n\n<ul class=\"wp-block-list\">\n<li><a href=\"https:\/\/www.kuopio.fi\/fi\/etusivu\">Kuopion kaupunki<\/a> (kuopio.fi)<\/li>\n\n\n\n<li><a href=\"https:\/\/www.google.fi\/maps\/place\/Kuopio\/@62.9109586,27.66336,13.12z\/data=!4m15!1m8!3m7!1s0x4684b08aaffec4f3:0xe7b6f77d9edff6c0!2sKuopio!3b1!8m2!3d62.8965859!4d27.6785574!16zL20vMDFzaGt2!3m5!1s0x4684b08aaffec4f3:0xe7b6f77d9edff6c0!8m2!3d62.8965859!4d27.6785574!16zL20vMDFzaGt2?entry=ttu\">Kuopion kartta<\/a> (Google maps)<\/li>\n\n\n\n<li><a href=\"https:\/\/www.hellokuopio.fi\/\">Hello Kuopio<\/a> (hellokuopio.fi)<\/li>\n<\/ul>\n\n\n\n<h4 class=\"wp-block-heading\">Ravintolat<\/h4>\n\n\n\n<ul class=\"wp-block-list\">\n<li><a href=\"https:\/\/eat.fi\/fi\/kuopio\">Ravintola Kuopiossa<\/a> (eat.fi)<\/li>\n<\/ul>\n","protected":false},"excerpt":{"rendered":"<p>Sosiaality\u00f6n tutkimuksen p\u00e4iv\u00e4t 2026 j\u00e4rjestet\u00e4\u00e4n Snellmania rakennuksessa ja osa ty\u00f6ryhmist\u00e4 Tietoteknialla ja Medistudiassa, It\u00e4-Suomen yliopiston Kuopion kampuksella, osoitteessa Yliopistonranta 8, 70210 Kuopio. T\u00e4lle sivulle on koottu yleist\u00e4 infoa liikkumisesta, majoittumisesta sek\u00e4 muusta Kuopion kaupungin tarjonnasta. Majoittuminen Scandic Kuopio Satamakatu 1, 70100 Kuopio, tel. +358 17 195111 | e-mail: kuopio@scandichotels.com Scandic Atlas Haapaniemenkatu 22, 70110 Kuopio, [&hellip;]<\/p>\n","protected":false},"author":1326,"featured_media":0,"parent":0,"menu_order":6,"comment_status":"closed","ping_status":"closed","template":"","meta":{"_acf_changed":false,"footnotes":""},"class_list":["post-114","page","type-page","status-publish","hentry"],"acf":[],"yoast_head":"<!-- This site is optimized with the Yoast SEO plugin v27.3 - https:\/\/yoast.com\/product\/yoast-seo-wordpress\/ -->\n<title>Info - Sosiaality\u00f6n tutkimuksen p\u00e4iv\u00e4t 2026<\/title>\n<meta name=\"robots\" content=\"index, follow, max-snippet:-1, max-image-preview:large, max-video-preview:-1\" \/>\n<link rel=\"canonical\" href=\"https:\/\/sites.uef.fi\/sttp2026\/info\/\" \/>\n<meta property=\"og:locale\" content=\"fi_FI\" \/>\n<meta property=\"og:type\" content=\"article\" \/>\n<meta property=\"og:title\" content=\"Info - Sosiaality\u00f6n tutkimuksen p\u00e4iv\u00e4t 2026\" \/>\n<meta property=\"og:description\" content=\"Sosiaality\u00f6n tutkimuksen p\u00e4iv\u00e4t 2026 j\u00e4rjestet\u00e4\u00e4n Snellmania rakennuksessa ja osa ty\u00f6ryhmist\u00e4 Tietoteknialla ja Medistudiassa, It\u00e4-Suomen yliopiston Kuopion kampuksella, osoitteessa Yliopistonranta 8, 70210 Kuopio. T\u00e4lle sivulle on koottu yleist\u00e4 infoa liikkumisesta, majoittumisesta sek\u00e4 muusta Kuopion kaupungin tarjonnasta. Majoittuminen Scandic Kuopio Satamakatu 1, 70100 Kuopio, tel. +358 17 195111 | e-mail: kuopio@scandichotels.com Scandic Atlas Haapaniemenkatu 22, 70110 Kuopio, [&hellip;]\" \/>\n<meta property=\"og:url\" content=\"https:\/\/sites.uef.fi\/sttp2026\/info\/\" \/>\n<meta property=\"og:site_name\" content=\"Sosiaality\u00f6n tutkimuksen p\u00e4iv\u00e4t 2026\" \/>\n<meta property=\"article:modified_time\" content=\"2026-02-08T20:00:42+00:00\" \/>\n<meta name=\"twitter:card\" content=\"summary_large_image\" \/>\n<meta name=\"twitter:label1\" content=\"Arvioitu lukuaika\" \/>\n\t<meta name=\"twitter:data1\" content=\"2 minuuttia\" \/>\n<script type=\"application\/ld+json\" class=\"yoast-schema-graph\">{\"@context\":\"https:\\\/\\\/schema.org\",\"@graph\":[{\"@type\":\"WebPage\",\"@id\":\"https:\\\/\\\/sites.uef.fi\\\/sttp2026\\\/info\\\/\",\"url\":\"https:\\\/\\\/sites.uef.fi\\\/sttp2026\\\/info\\\/\",\"name\":\"Info - Sosiaality\u00f6n tutkimuksen p\u00e4iv\u00e4t 2026\",\"isPartOf\":{\"@id\":\"https:\\\/\\\/sites.uef.fi\\\/sttp2026\\\/#website\"},\"datePublished\":\"2025-07-28T13:12:26+00:00\",\"dateModified\":\"2026-02-08T20:00:42+00:00\",\"breadcrumb\":{\"@id\":\"https:\\\/\\\/sites.uef.fi\\\/sttp2026\\\/info\\\/#breadcrumb\"},\"inLanguage\":\"fi\",\"potentialAction\":[{\"@type\":\"ReadAction\",\"target\":[\"https:\\\/\\\/sites.uef.fi\\\/sttp2026\\\/info\\\/\"]}]},{\"@type\":\"BreadcrumbList\",\"@id\":\"https:\\\/\\\/sites.uef.fi\\\/sttp2026\\\/info\\\/#breadcrumb\",\"itemListElement\":[{\"@type\":\"ListItem\",\"position\":1,\"name\":\"Home\",\"item\":\"https:\\\/\\\/sites.uef.fi\\\/sttp2026\\\/\"},{\"@type\":\"ListItem\",\"position\":2,\"name\":\"Info\"}]},{\"@type\":\"WebSite\",\"@id\":\"https:\\\/\\\/sites.uef.fi\\\/sttp2026\\\/#website\",\"url\":\"https:\\\/\\\/sites.uef.fi\\\/sttp2026\\\/\",\"name\":\"Sosiaality\u00f6n tutkimuksen p\u00e4iv\u00e4t 2026\",\"description\":\"\",\"potentialAction\":[{\"@type\":\"SearchAction\",\"target\":{\"@type\":\"EntryPoint\",\"urlTemplate\":\"https:\\\/\\\/sites.uef.fi\\\/sttp2026\\\/?s={search_term_string}\"},\"query-input\":{\"@type\":\"PropertyValueSpecification\",\"valueRequired\":true,\"valueName\":\"search_term_string\"}}],\"inLanguage\":\"fi\"}]}<\/script>\n<!-- \/ Yoast SEO plugin. -->","yoast_head_json":{"title":"Info - Sosiaality\u00f6n tutkimuksen p\u00e4iv\u00e4t 2026","robots":{"index":"index","follow":"follow","max-snippet":"max-snippet:-1","max-image-preview":"max-image-preview:large","max-video-preview":"max-video-preview:-1"},"canonical":"https:\/\/sites.uef.fi\/sttp2026\/info\/","og_locale":"fi_FI","og_type":"article","og_title":"Info - Sosiaality\u00f6n tutkimuksen p\u00e4iv\u00e4t 2026","og_description":"Sosiaality\u00f6n tutkimuksen p\u00e4iv\u00e4t 2026 j\u00e4rjestet\u00e4\u00e4n Snellmania rakennuksessa ja osa ty\u00f6ryhmist\u00e4 Tietoteknialla ja Medistudiassa, It\u00e4-Suomen yliopiston Kuopion kampuksella, osoitteessa Yliopistonranta 8, 70210 Kuopio. T\u00e4lle sivulle on koottu yleist\u00e4 infoa liikkumisesta, majoittumisesta sek\u00e4 muusta Kuopion kaupungin tarjonnasta. Majoittuminen Scandic Kuopio Satamakatu 1, 70100 Kuopio, tel. +358 17 195111 | e-mail: kuopio@scandichotels.com Scandic Atlas Haapaniemenkatu 22, 70110 Kuopio, [&hellip;]","og_url":"https:\/\/sites.uef.fi\/sttp2026\/info\/","og_site_name":"Sosiaality\u00f6n tutkimuksen p\u00e4iv\u00e4t 2026","article_modified_time":"2026-02-08T20:00:42+00:00","twitter_card":"summary_large_image","twitter_misc":{"Arvioitu lukuaika":"2 minuuttia"},"schema":{"@context":"https:\/\/schema.org","@graph":[{"@type":"WebPage","@id":"https:\/\/sites.uef.fi\/sttp2026\/info\/","url":"https:\/\/sites.uef.fi\/sttp2026\/info\/","name":"Info - Sosiaality\u00f6n tutkimuksen p\u00e4iv\u00e4t 2026","isPartOf":{"@id":"https:\/\/sites.uef.fi\/sttp2026\/#website"},"datePublished":"2025-07-28T13:12:26+00:00","dateModified":"2026-02-08T20:00:42+00:00","breadcrumb":{"@id":"https:\/\/sites.uef.fi\/sttp2026\/info\/#breadcrumb"},"inLanguage":"fi","potentialAction":[{"@type":"ReadAction","target":["https:\/\/sites.uef.fi\/sttp2026\/info\/"]}]},{"@type":"BreadcrumbList","@id":"https:\/\/sites.uef.fi\/sttp2026\/info\/#breadcrumb","itemListElement":[{"@type":"ListItem","position":1,"name":"Home","item":"https:\/\/sites.uef.fi\/sttp2026\/"},{"@type":"ListItem","position":2,"name":"Info"}]},{"@type":"WebSite","@id":"https:\/\/sites.uef.fi\/sttp2026\/#website","url":"https:\/\/sites.uef.fi\/sttp2026\/","name":"Sosiaality\u00f6n tutkimuksen p\u00e4iv\u00e4t 2026","description":"","potentialAction":[{"@type":"SearchAction","target":{"@type":"EntryPoint","urlTemplate":"https:\/\/sites.uef.fi\/sttp2026\/?s={search_term_string}"},"query-input":{"@type":"PropertyValueSpecification","valueRequired":true,"valueName":"search_term_string"}}],"inLanguage":"fi"}]}},"_links":{"self":[{"href":"https:\/\/sites.uef.fi\/sttp2026\/wp-json\/wp\/v2\/pages\/114","targetHints":{"allow":["GET"]}}],"collection":[{"href":"https:\/\/sites.uef.fi\/sttp2026\/wp-json\/wp\/v2\/pages"}],"about":[{"href":"https:\/\/sites.uef.fi\/sttp2026\/wp-json\/wp\/v2\/types\/page"}],"author":[{"embeddable":true,"href":"https:\/\/sites.uef.fi\/sttp2026\/wp-json\/wp\/v2\/users\/1326"}],"replies":[{"embeddable":true,"href":"https:\/\/sites.uef.fi\/sttp2026\/wp-json\/wp\/v2\/comments?post=114"}],"version-history":[{"count":2,"href":"https:\/\/sites.uef.fi\/sttp2026\/wp-json\/wp\/v2\/pages\/114\/revisions"}],"predecessor-version":[{"id":809,"href":"https:\/\/sites.uef.fi\/sttp2026\/wp-json\/wp\/v2\/pages\/114\/revisions\/809"}],"wp:attachment":[{"href":"https:\/\/sites.uef.fi\/sttp2026\/wp-json\/wp\/v2\/media?parent=114"}],"curies":[{"name":"wp","href":"https:\/\/api.w.org\/{rel}","templated":true}]}}