{"id":259,"date":"2024-08-30T14:15:25","date_gmt":"2024-08-30T12:15:25","guid":{"rendered":"https:\/\/sites.uef.fi\/sustra\/?page_id=259"},"modified":"2025-02-24T13:49:08","modified_gmt":"2025-02-24T11:49:08","slug":"teemat","status":"publish","type":"page","link":"https:\/\/sites.uef.fi\/sustra\/teemat\/","title":{"rendered":"Teemat"},"content":{"rendered":"\n<p>Kest\u00e4vyysmurroksen tutkimus kohdentuu monitieteisesti ja ratkaisul\u00e4ht\u00f6isesti ilmastonmuutokseen, luonnon monimuotoisuuden k\u00f6yhtymiseen ja luonnonvarojen hupenemiseen. Tutkimuskohteina ovat esimerkiksi kansalaisten el\u00e4m\u00e4ntavat, planetaarinen hyvinvointi ja terveys, tuotanto ja kulutus, hallinta ja oikeus sek\u00e4 kulttuurinen muutos.&nbsp;<\/p>\n\n\n\n<p><strong>Poikkileikkaavia, tieteidenv\u00e4lisi\u00e4 teemoja<\/strong><\/p>\n\n\n\n<ul class=\"wp-block-list\">\n<li>Tulevaisuuden taidot ja osaaminen<\/li>\n\n\n\n<li>Kest\u00e4v\u00e4 liiketoiminta ja ty\u00f6el\u00e4m\u00e4<\/li>\n\n\n\n<li>Johtaminen (yhteiskunnallisessa muutoksessa)<\/li>\n\n\n\n<li>Kulttuuriset muutokset (ja sosiaalinen mielikuvitus)<\/li>\n\n\n\n<li>Politiikat, oikeusj\u00e4rjestelm\u00e4t ja s\u00e4\u00e4ntelykeinot<\/li>\n\n\n\n<li>Ekosysteemit, planeetan terveys ja planeetan hyvinvointi<\/li>\n\n\n\n<li>Kansalaisyhteiskunta ja demokraattinen kehitys<\/li>\n<\/ul>\n\n\n\n<p><strong>Uudet l\u00e4hestymistavat<\/strong><\/p>\n\n\n\n<p>Tutkimme kest\u00e4vyysmurroksen ilmi\u00f6it\u00e4 uusien l\u00e4hestymistapojen kautta:<\/p>\n\n\n\n<ul class=\"wp-block-list\">\n<li>Yhteisvaurauden uudelleenajattelu<\/li>\n\n\n\n<li>Oikeudenmukaisuuden uudelleenajattelu<\/li>\n\n\n\n<li>Tehokkuuden uudelleenajattelu<\/li>\n\n\n\n<li>Liiketoiminnan ja talouden uudelleenajattelu<\/li>\n<\/ul>\n","protected":false},"excerpt":{"rendered":"<p>Kest\u00e4vyysmurroksen tutkimus kohdentuu monitieteisesti ja ratkaisul\u00e4ht\u00f6isesti ilmastonmuutokseen, luonnon monimuotoisuuden k\u00f6yhtymiseen ja luonnonvarojen hupenemiseen. Tutkimuskohteina ovat esimerkiksi kansalaisten el\u00e4m\u00e4ntavat, planetaarinen hyvinvointi ja terveys, tuotanto ja kulutus, hallinta ja oikeus sek\u00e4 kulttuurinen muutos.&nbsp; Poikkileikkaavia, tieteidenv\u00e4lisi\u00e4 teemoja Uudet l\u00e4hestymistavat Tutkimme kest\u00e4vyysmurroksen ilmi\u00f6it\u00e4 uusien l\u00e4hestymistapojen kautta:<\/p>\n","protected":false},"author":1173,"featured_media":0,"parent":0,"menu_order":0,"comment_status":"closed","ping_status":"closed","template":"","meta":{"_acf_changed":false,"footnotes":""},"class_list":["post-259","page","type-page","status-publish","hentry"],"acf":[],"yoast_head":"<!-- This site is optimized with the Yoast SEO plugin v27.1.1 - https:\/\/yoast.com\/product\/yoast-seo-wordpress\/ -->\n<title>Teemat - Kest\u00e4vyysmurros-tohtorikoulutuspilotti<\/title>\n<meta name=\"robots\" content=\"index, follow, max-snippet:-1, max-image-preview:large, max-video-preview:-1\" \/>\n<link rel=\"canonical\" href=\"https:\/\/sites.uef.fi\/sustra\/teemat\/\" \/>\n<meta property=\"og:locale\" content=\"fi_FI\" \/>\n<meta property=\"og:type\" content=\"article\" \/>\n<meta property=\"og:title\" content=\"Teemat - Kest\u00e4vyysmurros-tohtorikoulutuspilotti\" \/>\n<meta property=\"og:description\" content=\"Kest\u00e4vyysmurroksen tutkimus kohdentuu monitieteisesti ja ratkaisul\u00e4ht\u00f6isesti ilmastonmuutokseen, luonnon monimuotoisuuden k\u00f6yhtymiseen ja luonnonvarojen hupenemiseen. Tutkimuskohteina ovat esimerkiksi kansalaisten el\u00e4m\u00e4ntavat, planetaarinen hyvinvointi ja terveys, tuotanto ja kulutus, hallinta ja oikeus sek\u00e4 kulttuurinen muutos.&nbsp; Poikkileikkaavia, tieteidenv\u00e4lisi\u00e4 teemoja Uudet l\u00e4hestymistavat Tutkimme kest\u00e4vyysmurroksen ilmi\u00f6it\u00e4 uusien l\u00e4hestymistapojen kautta:\" \/>\n<meta property=\"og:url\" content=\"https:\/\/sites.uef.fi\/sustra\/teemat\/\" \/>\n<meta property=\"og:site_name\" content=\"Kest\u00e4vyysmurros-tohtorikoulutuspilotti\" \/>\n<meta property=\"article:modified_time\" content=\"2025-02-24T11:49:08+00:00\" \/>\n<meta name=\"twitter:card\" content=\"summary_large_image\" \/>\n<meta name=\"twitter:label1\" content=\"Arvioitu lukuaika\" \/>\n\t<meta name=\"twitter:data1\" content=\"1 minuutti\" \/>\n<script type=\"application\/ld+json\" class=\"yoast-schema-graph\">{\"@context\":\"https:\/\/schema.org\",\"@graph\":[{\"@type\":\"WebPage\",\"@id\":\"https:\/\/sites.uef.fi\/sustra\/teemat\/\",\"url\":\"https:\/\/sites.uef.fi\/sustra\/teemat\/\",\"name\":\"Teemat - Kest\u00e4vyysmurros-tohtorikoulutuspilotti\",\"isPartOf\":{\"@id\":\"https:\/\/sites.uef.fi\/sustra\/#website\"},\"datePublished\":\"2024-08-30T12:15:25+00:00\",\"dateModified\":\"2025-02-24T11:49:08+00:00\",\"breadcrumb\":{\"@id\":\"https:\/\/sites.uef.fi\/sustra\/teemat\/#breadcrumb\"},\"inLanguage\":\"fi\",\"potentialAction\":[{\"@type\":\"ReadAction\",\"target\":[\"https:\/\/sites.uef.fi\/sustra\/teemat\/\"]}]},{\"@type\":\"BreadcrumbList\",\"@id\":\"https:\/\/sites.uef.fi\/sustra\/teemat\/#breadcrumb\",\"itemListElement\":[{\"@type\":\"ListItem\",\"position\":1,\"name\":\"Home\",\"item\":\"https:\/\/sites.uef.fi\/sustra\/\"},{\"@type\":\"ListItem\",\"position\":2,\"name\":\"Teemat\"}]},{\"@type\":\"WebSite\",\"@id\":\"https:\/\/sites.uef.fi\/sustra\/#website\",\"url\":\"https:\/\/sites.uef.fi\/sustra\/\",\"name\":\"Kest\u00e4vyysmurros-tohtorikoulutuspilotti\",\"description\":\"\",\"potentialAction\":[{\"@type\":\"SearchAction\",\"target\":{\"@type\":\"EntryPoint\",\"urlTemplate\":\"https:\/\/sites.uef.fi\/sustra\/?s={search_term_string}\"},\"query-input\":{\"@type\":\"PropertyValueSpecification\",\"valueRequired\":true,\"valueName\":\"search_term_string\"}}],\"inLanguage\":\"fi\"}]}<\/script>\n<!-- \/ Yoast SEO plugin. -->","yoast_head_json":{"title":"Teemat - Kest\u00e4vyysmurros-tohtorikoulutuspilotti","robots":{"index":"index","follow":"follow","max-snippet":"max-snippet:-1","max-image-preview":"max-image-preview:large","max-video-preview":"max-video-preview:-1"},"canonical":"https:\/\/sites.uef.fi\/sustra\/teemat\/","og_locale":"fi_FI","og_type":"article","og_title":"Teemat - Kest\u00e4vyysmurros-tohtorikoulutuspilotti","og_description":"Kest\u00e4vyysmurroksen tutkimus kohdentuu monitieteisesti ja ratkaisul\u00e4ht\u00f6isesti ilmastonmuutokseen, luonnon monimuotoisuuden k\u00f6yhtymiseen ja luonnonvarojen hupenemiseen. Tutkimuskohteina ovat esimerkiksi kansalaisten el\u00e4m\u00e4ntavat, planetaarinen hyvinvointi ja terveys, tuotanto ja kulutus, hallinta ja oikeus sek\u00e4 kulttuurinen muutos.&nbsp; Poikkileikkaavia, tieteidenv\u00e4lisi\u00e4 teemoja Uudet l\u00e4hestymistavat Tutkimme kest\u00e4vyysmurroksen ilmi\u00f6it\u00e4 uusien l\u00e4hestymistapojen kautta:","og_url":"https:\/\/sites.uef.fi\/sustra\/teemat\/","og_site_name":"Kest\u00e4vyysmurros-tohtorikoulutuspilotti","article_modified_time":"2025-02-24T11:49:08+00:00","twitter_card":"summary_large_image","twitter_misc":{"Arvioitu lukuaika":"1 minuutti"},"schema":{"@context":"https:\/\/schema.org","@graph":[{"@type":"WebPage","@id":"https:\/\/sites.uef.fi\/sustra\/teemat\/","url":"https:\/\/sites.uef.fi\/sustra\/teemat\/","name":"Teemat - Kest\u00e4vyysmurros-tohtorikoulutuspilotti","isPartOf":{"@id":"https:\/\/sites.uef.fi\/sustra\/#website"},"datePublished":"2024-08-30T12:15:25+00:00","dateModified":"2025-02-24T11:49:08+00:00","breadcrumb":{"@id":"https:\/\/sites.uef.fi\/sustra\/teemat\/#breadcrumb"},"inLanguage":"fi","potentialAction":[{"@type":"ReadAction","target":["https:\/\/sites.uef.fi\/sustra\/teemat\/"]}]},{"@type":"BreadcrumbList","@id":"https:\/\/sites.uef.fi\/sustra\/teemat\/#breadcrumb","itemListElement":[{"@type":"ListItem","position":1,"name":"Home","item":"https:\/\/sites.uef.fi\/sustra\/"},{"@type":"ListItem","position":2,"name":"Teemat"}]},{"@type":"WebSite","@id":"https:\/\/sites.uef.fi\/sustra\/#website","url":"https:\/\/sites.uef.fi\/sustra\/","name":"Kest\u00e4vyysmurros-tohtorikoulutuspilotti","description":"","potentialAction":[{"@type":"SearchAction","target":{"@type":"EntryPoint","urlTemplate":"https:\/\/sites.uef.fi\/sustra\/?s={search_term_string}"},"query-input":{"@type":"PropertyValueSpecification","valueRequired":true,"valueName":"search_term_string"}}],"inLanguage":"fi"}]}},"_links":{"self":[{"href":"https:\/\/sites.uef.fi\/sustra\/wp-json\/wp\/v2\/pages\/259","targetHints":{"allow":["GET"]}}],"collection":[{"href":"https:\/\/sites.uef.fi\/sustra\/wp-json\/wp\/v2\/pages"}],"about":[{"href":"https:\/\/sites.uef.fi\/sustra\/wp-json\/wp\/v2\/types\/page"}],"author":[{"embeddable":true,"href":"https:\/\/sites.uef.fi\/sustra\/wp-json\/wp\/v2\/users\/1173"}],"replies":[{"embeddable":true,"href":"https:\/\/sites.uef.fi\/sustra\/wp-json\/wp\/v2\/comments?post=259"}],"version-history":[{"count":1,"href":"https:\/\/sites.uef.fi\/sustra\/wp-json\/wp\/v2\/pages\/259\/revisions"}],"predecessor-version":[{"id":978,"href":"https:\/\/sites.uef.fi\/sustra\/wp-json\/wp\/v2\/pages\/259\/revisions\/978"}],"wp:attachment":[{"href":"https:\/\/sites.uef.fi\/sustra\/wp-json\/wp\/v2\/media?parent=259"}],"curies":[{"name":"wp","href":"https:\/\/api.w.org\/{rel}","templated":true}]}}