{"id":498,"date":"2024-09-03T13:16:43","date_gmt":"2024-09-03T11:16:43","guid":{"rendered":"https:\/\/sites.uef.fi\/sustra\/news\/"},"modified":"2026-03-31T14:02:29","modified_gmt":"2026-03-31T12:02:29","slug":"news","status":"publish","type":"page","link":"https:\/\/sites.uef.fi\/sustra\/news\/?lang=en","title":{"rendered":"News, articles"},"content":{"rendered":"\n<p>Send us an <a href=\"mailto:meri.loyttyniemi@uef.fi\">email<\/a> if you want to follow the news about the Sustainability Transformation doctoral education pilot or if you want to receive information about upcoming events.<\/p>\n\n\n\n<p>March 2026 <strong>Kaisa Kurki <\/strong>(LUT) and Syke, UH: \u00a0<a href=\"https:\/\/eur03.safelinks.protection.outlook.com\/?url=https%3A%2F%2Fwww.helsinki.fi%2Fen%2Fresearchgroups%2Fagroecology%2Fplanetary-plate-puzzle&amp;data=05%7C02%7Cmeri.loyttyniemi%40uef.fi%7C642fb86d857e42c2250708de8e586db3%7C87879f2e73044bf2baf263e7f83f3c34%7C0%7C0%7C639104707607559731%7CUnknown%7CTWFpbGZsb3d8eyJFbXB0eU1hcGkiOnRydWUsIlYiOiIwLjAuMDAwMCIsIlAiOiJXaW4zMiIsIkFOIjoiTWFpbCIsIldUIjoyfQ%3D%3D%7C0%7C%7C%7C&amp;sdata=d38SZeHY9DKOsXJH9cKRfpxrk83OOR1HGXnqjbdI74g%3D&amp;reserved=0\">Planetary Plate\u00a0Puzzle\u00a0| Agroecology | University of Helsinki<\/a><\/p>\n\n\n\n<p>17.3.2026 Article by <strong>Myele Rouxel<\/strong>: <a href=\"https:\/\/www.cambridge.org\/core\/journals\/international-and-comparative-law-quarterly\/article\/growth-dependence-in-the-european-union-do-the-treaties-prevent-transformational-change\/817F9373DDEFBB9D6310A769CF558B48\">Growth Dependence in the European Union: Do the Treaties Prevent Transformational Change? | International &amp; Comparative Law Quarterly | Cambridge Core<\/a> <\/p>\n\n\n\n<p>13.3.2026 Column by <strong>Lotta Staffans <\/strong>i Ny Tid, in Swedish: <a href=\"https:\/\/www.nytid.fi\/2026\/02\/den-goda-kapitalisten-finns-hen\/\">Den goda kapitalisten \u2013 finns hen? | nytid.fi<\/a><\/p>\n\n\n\n<p>12.3.2026 <strong>Lotta Staffans<\/strong> in a 45min podcast with other researchers:&nbsp;<a href=\"https:\/\/open.spotify.com\/episode\/4IORn1eUGUkn1ryZYIkB0d?si=RAuyf2bjSAKPnsNzgA2oaw&amp;nd=1&amp;dlsi=0067b30462c1431c\">Jakso 2: Planeetta tuhoutuu &#8211; joko bunkkeri on rakennettu? vieraana Tuuli Hirvilammi \u2022 Miljon\u00e4\u00e4rien tasavalta<\/a><\/p>\n\n\n\n<p>4.3.2026 Blog by <strong>Kukka-Maaria Vuorikoski <\/strong>(in Finnish on Mindfulness skills and contemplative methods, for access register to EU EPALE website): <a href=\"https:\/\/epale.ec.europa.eu\/fi\/content\/epale-blog-post\">EPALE Blog: Latest Adult Learning Insights\/Updates &#8211; page 1<\/a><\/p>\n\n\n\n<p>22.1.2026 FIBS blog by Heli Karhi (in Finnish): <a href=\"https:\/\/fibsry.fi\/uutishuone\/blogit\/yhteistyo-tutkijoiden-kanssa-avaa-yrityksille-uusia-polkuja-kohti-kestavyysmurrosta\/\">Yhteisty\u00f6 tutkijoiden kanssa avaa yrityksille uusia polkuja kohti kest\u00e4vyysmurrosta &#8211; FIBS<\/a><\/p>\n\n\n\n<p>15.1.2026 <a href=\"https:\/\/www.uef.fi\/en\/article\/young-environmental-activists-activist-identities-are-multidimensional-and-partly-contradictory\">Young environmental activists\u2019 activist identities are multidimensional and partly contradictory | University of Eastern Finland<\/a><\/p>\n\n\n\n<p>5.1.2026 <strong>Ehrmann, Charlotte<\/strong> and Vesa, Seita (2026) <a href=\"https:\/\/doi.org\/10.1080\/02646811.2025.2598237\">Legal coherence in the European Green Deal: the relationship between the Critical Raw Materials Act and the EU biodiversity law<\/a> <em>Journal of Energy &amp; Natural Resources Law, <\/em>1-28.<\/p>\n\n\n\n<p><strong>Holma, Silja<\/strong>&nbsp;(2025) In search of planetary inclusion. Guided mindfulness exercise in the built environment. <a href=\"https:\/\/journal.fi\/sosiaalipedagogiikka\/article\/view\/161707\/120323\">Article <\/a>in Finnish. <em>Sosiaalipedagogiikka <\/em>vol. 26, p. 141-154.<\/p>\n\n\n\n<p>13.12.2025 Hyv\u00e4\u00e4n&nbsp;kiinnittyminen kannattelee el\u00e4m\u00e4\u00e4&nbsp;<a href=\"https:\/\/snellmanedu.fi\/snellmanedun-lauantaiseuran-blogi-arto-o-salonen\/\">SnellmanEDUn&nbsp;lauantaiseuran blogi:&nbsp;Arto O. Salonen&nbsp; &#8211; SnellmanEDU<\/a><\/p>\n\n\n\n<p>19.11.2025 <strong>Sinkkonen, Juni<\/strong> and Mustalahti, Irmeli (2025): <a href=\"https:\/\/brill.com\/view\/journals\/yogo\/aop\/article-10.1163-25895745-bja10050\/article-10.1163-25895745-bja10050.xml\">Narrative Construction of Activist Identities Among Young Finnish Environmental Activists<\/a>. <a href=\"https:\/\/brill.com\/view\/journals\/yogo\/yogo-overview.xml\"><em>Youth and Globalization<\/em><\/a>, special edition.<\/p>\n\n\n\n<p><strong>Nesterinen, Niko&nbsp;<\/strong>(2025): <a href=\"https:\/\/aluejaymparisto.journal.fi\/article\/view\/161636\/119877\">Citizen Actors as Participants in Collaborative Watershed Governance in the Koitajoki Catchment Area<\/a> (article in Finnish),&nbsp;<em>Alue ja Ymp\u00e4rist\u00f6 theme journal <\/em>&#8221;Pohjoinen H20 antroposeenin aikakaudella&#8221;, 54:2<\/p>\n\n\n\n<p>4.12.2025 <a href=\"https:\/\/eur03.safelinks.protection.outlook.com\/?url=https%3A%2F%2Fwww.kudelmaosuuskunta.fi%2Fpodcast%2F&amp;data=05%7C02%7Cmeri.loyttyniemi%40uef.fi%7Cae3d4d100ffd42bc0fbf08de3308d09a%7C87879f2e73044bf2baf263e7f83f3c34%7C0%7C0%7C639004310120652761%7CUnknown%7CTWFpbGZsb3d8eyJFbXB0eU1hcGkiOnRydWUsIlYiOiIwLjAuMDAwMCIsIlAiOiJXaW4zMiIsIkFOIjoiTWFpbCIsIldUIjoyfQ%3D%3D%7C0%7C%7C%7C&amp;sdata=RL7Kz0n%2B%2FmsGxoMU%2FiXlfoJn29srnTjymjFTX8WCIVM%3D&amp;reserved=0\">Podcast \u2013 Kudelma<\/a> (jakso 3, in Finnish) Satu Aavanranta &amp; co., &#8221;Ketk\u00e4 kaikki ovat kunnan asukkaita?&#8221;<\/p>\n\n\n\n<p>19.11.2025 <strong><a href=\"https:\/\/erepo.uef.fi\/browse\/author?startsWith=Holma,%20Silja\">Holma, Silja,&nbsp;<\/a><\/strong><a href=\"https:\/\/erepo.uef.fi\/browse\/author?startsWith=Laininen,%20Erkka\">Laininen, E. &amp;&nbsp;<\/a><a href=\"https:\/\/erepo.uef.fi\/browse\/author?startsWith=Joutsenvirta,%20Maria\">Joutsenvirta, M.:<\/a>&nbsp;<a href=\"https:\/\/erepo.uef.fi\/items\/2ad6d201-2470-49de-bf94-87d6454a8de7\">Planetaarinen opettajuus ja oppiminen : ty\u00f6kirja kest\u00e4v\u00e4n tulevaisuuden rakentajille<\/a> (A workbook in Finnish on <em>Planetary Leadership and Learning<\/em>)<\/p>\n\n\n\n<p>28.10.2025 Toikka, Miia and Autioniemi, Jari. <a href=\"https:\/\/politiikasta.fi\/voiko-virkamies-olla-kestavyystoimija\/\">Voiko virkamies olla kest\u00e4vyystoimija? \u2013 Politiikasta<\/a> &#8211;<a href=\"https:\/\/politiikasta.fi\/en\/about-politiikasta\/\">tiedeverkkolehti&nbsp;<\/a>(webjournal of the Finnish Political Science Association with the aim of popularizing social science and political science)<\/p>\n\n\n\n<p>28.9.2025  Taloussanomat, interview of Arto O. Salonen in Finnish:<a href=\"https:\/\/www.is.fi\/taloussanomat\/art-2000011509840.html\"> Professori n\u00e4kee, miten ihmiset suorittavat ja suorittavat, vaikka nyt tarvittaisiin jotain ihan muuta <\/a><\/p>\n\n\n\n<p>22.9.2025 Blog by Kristiina Tolvanen and other researchers from Univ. of Turku \/ Biodiful: <a href=\"https:\/\/biodiful.fi\/blogi\/kurkistus-metsiemme-menneisyyteen-ja-tulevaisuuteen\/\">Kurkistus metsiemme menneisyyteen \u2013 ja tulevaisuuteen? &#8211; Biodiful<\/a><\/p>\n\n\n\n<p>18.8.2025: Blog by Vilma Ristikangas: The OSCE\u00b4s resilience to what? <a href=\"https:\/\/www.widersecurity.fi\/blogit\/archives\/08-2025\">Blogiarkistot &#8211; Wider Security Network<\/a><\/p>\n\n\n\n<p>5.6.2025 A joint PhD course &#8221;Sopuli&#8221; by SusTra, the online lectures can be followed also as #StudiaGeneralia, <a href=\"https:\/\/www.uef.fi\/en\/article\/sustainability-transformations-by-the-best-experts-an-open-lecture-series-and-doctoral-course-in-the\">Sustainability transformations by the best experts \u2013 an open lecture series and doctoral course in the autumn | University of Eastern Finland<\/a><\/p>\n\n\n\n<p>15.5.2025 Mazac, R., Kaljonen, M., <strong>Kurki, Kaisa,<\/strong> R\u00e4ty, N., Tuovila, S., &amp; Herzon, I. (2025).&nbsp;<a href=\"https:\/\/www.tandfonline.com\/doi\/full\/10.1080\/15710882.2025.2501067\">Full article: Planetary plate puzzle: a serious game for deliberating sufficient future diets<\/a> <em>CoDesign<\/em>, 1\u201325. <\/p>\n\n\n\n<p>25.2.2025 <a href=\"https:\/\/www.uef.fi\/en\/article\/sustainability-transformations-team-wins-uefs-first-ever-impact-award\">Sustainability Transformations Team wins UEF\u2019s first-ever Impact Award | University of Eastern Finland<\/a><\/p>\n\n\n\n<p>16.2.2025 (in Finnish): <a href=\"https:\/\/yle.fi\/a\/74-20143484\">Mets\u00e4suru on Suomessa kielletty tunne, sanoo psykologi Juni Sinkkonen | Kotimaa | Yle<\/a><\/p>\n\n\n\n<p>4.2.2025 SusTra committed to support the statement of Finnish Academy of Science and Letters: <a href=\"https:\/\/acadsci.fi\/en\/news\/scientific-community-and-science-funding-agencies-commit-to-cooperation-on-accelerating-the-sustainability-transformation\/\">Scientific community and science funding agencies commit to cooperation on accelerating the sustainability transformation &#8211; Tiedeakatemia<\/a><\/p>\n\n\n\n<p>9.12.2024 Article in Finnish by Kaisa Kurki and Niko R\u00e4ty: <a href=\"https:\/\/kehittyvaelintarvike.fi\/artikkelit\/teemajutut\/tiede-tutkimus\/peli-tutkimusmenetelmana-luo-avoimen-keskusteluilmapiirin\/\">Peli tutkimusmenetelm\u00e4n\u00e4 luo avoimen keskusteluilmapiirin&nbsp; &#8211; Kehittyv\u00e4 Elintarvike<\/a><\/p>\n\n\n\n<p>9.12.2024: Feature story about SusTra doctoral researcher Juni Sinkkonen (in Finnish)<a href=\"https:\/\/sites.uef.fi\/sustra\/news\/?lang=en\">&nbsp;<\/a><a href=\"https:\/\/www.uef.fi\/fi\/artikkeli\/kestavyyskriisi-haastaa-myos-psykologian\">Kest\u00e4vyyskriisi haastaa my\u00f6s psykologian | It\u00e4-Suomen yliopisto<\/a><\/p>\n\n\n\n<p>11.11.2024: UEF blog, in Finnish <em><a href=\"https:\/\/blogs.uef.fi\/puheenvuoroja\/2024\/11\/11\/kestavyysmurros-tohtoripilotti-suuntaa-yhteistyohon-tyoelaman-kanssa\/\">Kest\u00e4vyysmurros-tohtoripilotti suuntaa yhteisty\u00f6h\u00f6n ty\u00f6el\u00e4m\u00e4n kanssa<\/a><\/em><\/p>\n\n\n\n<p>6.9.2024 <a href=\"https:\/\/oulunyliopisto.varbi.com\/what:job\/jobID:742741\/\">Two open SusTra Doctoral Researcher positions at Oulu University \u2013 apply by 6.10.24: Planetary Health, Sustainability Transformations Doctoral Education Pilot<\/a><\/p>\n\n\n\n<p>5.8.2024 Through gaming towards open and meaningful food, a blog in Finnish: <a href=\"https:\/\/www.syke.fi\/fi\/tietoa-meista\/blogit-ja-podcastit\/kaisa-kurki-ja-niko-raty-pelin-avulla-kohti-avointa-ja-mielekasta-ruokakeskustelua\">Kaisa Kurki ja Niko R\u00e4ty: Pelin avulla kohti avointa ja mielek\u00e4st\u00e4 ruokakeskustelua<\/a><\/p>\n\n\n\n<p>7.6.2024 <a href=\"https:\/\/nessling.fi\/en\/nessling-foundation-collaboration-sustainability-transformations-doctoral-education-pilot\/\">The Nessling Foundation starts a collaboration with the Sustainability Transformations Doctoral Education Pilot \u2013 \u201cWe are in a hurry to overcome the eco-crisis\u201d \u2013 Maj and Tor Nessling Foundation<\/a><\/p>\n\n\n\n<p>27.5.2024 <a href=\"https:\/\/www.uef.fi\/en\/article\/meri-loyttyniemi-appointed-as-the-research-manager-of-the-sustainability-transformations-doctoral\">Meri L\u00f6yttyniemi appointed as the Research Manager of the Sustainability Transformations Doctoral Education Pilot | University of Eastern Finland (uef.fi)<\/a><\/p>\n\n\n\n<p>25.4.2024 <a href=\"https:\/\/www.jyu.fi\/en\/news\/recruitment-for-the-doctoral-education-pilot-draws-extensive-interest\">Recruitment for the doctoral education pilot draws extensive interest | University of Jyv\u00e4skyl\u00e4 (jyu.fi)<\/a><\/p>\n\n\n\n<p>1.3.2024 <a href=\"https:\/\/www.uef.fi\/en\/article\/doctoral-education-addressing-sustainability-transformations-will-start-in-finland\">Doctoral education addressing sustainability transformations will start in Finland | University of Eastern Finland (uef.fi)<\/a><\/p>\n\n\n\n<p>7.2.2024 <a href=\"https:\/\/okm.fi\/-\/yliopistoille-lisarahoitus-tuhannen-uuden-tohtorin-kouluttamiseen?languageId=en_US\">Universities receive additional funding for training a thousand new doctoral graduates &#8211; Ministry of Education and Culture<\/a><\/p>\n","protected":false},"excerpt":{"rendered":"<p>Send us an email if you want to follow the news about the Sustainability Transformation doctoral education pilot or if you want to receive information about upcoming events. March 2026 Kaisa Kurki (LUT) and Syke, UH: \u00a0Planetary Plate\u00a0Puzzle\u00a0| Agroecology | University of Helsinki 17.3.2026 Article by Myele Rouxel: Growth Dependence in the European Union: Do [&hellip;]<\/p>\n","protected":false},"author":1173,"featured_media":0,"parent":0,"menu_order":0,"comment_status":"closed","ping_status":"closed","template":"","meta":{"_acf_changed":false,"footnotes":""},"class_list":["post-498","page","type-page","status-publish","hentry"],"acf":[],"yoast_head":"<!-- This site is optimized with the Yoast SEO plugin v27.1.1 - https:\/\/yoast.com\/product\/yoast-seo-wordpress\/ -->\n<title>News, articles - Kest\u00e4vyysmurros-tohtorikoulutuspilotti<\/title>\n<meta name=\"robots\" content=\"index, follow, max-snippet:-1, max-image-preview:large, max-video-preview:-1\" \/>\n<link rel=\"canonical\" href=\"https:\/\/sites.uef.fi\/sustra\/news\/\" \/>\n<meta property=\"og:locale\" content=\"fi_FI\" \/>\n<meta property=\"og:type\" content=\"article\" \/>\n<meta property=\"og:title\" content=\"News, articles - Kest\u00e4vyysmurros-tohtorikoulutuspilotti\" \/>\n<meta property=\"og:description\" content=\"Send us an email if you want to follow the news about the Sustainability Transformation doctoral education pilot or if you want to receive information about upcoming events. March 2026 Kaisa Kurki (LUT) and Syke, UH: \u00a0Planetary Plate\u00a0Puzzle\u00a0| Agroecology | University of Helsinki 17.3.2026 Article by Myele Rouxel: Growth Dependence in the European Union: Do [&hellip;]\" \/>\n<meta property=\"og:url\" content=\"https:\/\/sites.uef.fi\/sustra\/news\/?lang=en\" \/>\n<meta property=\"og:site_name\" content=\"Kest\u00e4vyysmurros-tohtorikoulutuspilotti\" \/>\n<meta property=\"article:modified_time\" content=\"2026-03-31T12:02:29+00:00\" \/>\n<meta name=\"twitter:card\" content=\"summary_large_image\" \/>\n<meta name=\"twitter:label1\" content=\"Arvioitu lukuaika\" \/>\n\t<meta name=\"twitter:data1\" content=\"5 minuuttia\" \/>\n<script type=\"application\/ld+json\" class=\"yoast-schema-graph\">{\"@context\":\"https:\/\/schema.org\",\"@graph\":[{\"@type\":\"WebPage\",\"@id\":\"https:\/\/sites.uef.fi\/sustra\/news\/?lang=en\",\"url\":\"https:\/\/sites.uef.fi\/sustra\/news\/?lang=en\",\"name\":\"News, articles - Kest\u00e4vyysmurros-tohtorikoulutuspilotti\",\"isPartOf\":{\"@id\":\"https:\/\/sites.uef.fi\/sustra\/#website\"},\"datePublished\":\"2024-09-03T11:16:43+00:00\",\"dateModified\":\"2026-03-31T12:02:29+00:00\",\"breadcrumb\":{\"@id\":\"https:\/\/sites.uef.fi\/sustra\/news\/?lang=en#breadcrumb\"},\"inLanguage\":\"fi\",\"potentialAction\":[{\"@type\":\"ReadAction\",\"target\":[\"https:\/\/sites.uef.fi\/sustra\/news\/?lang=en\"]}]},{\"@type\":\"BreadcrumbList\",\"@id\":\"https:\/\/sites.uef.fi\/sustra\/news\/?lang=en#breadcrumb\",\"itemListElement\":[{\"@type\":\"ListItem\",\"position\":1,\"name\":\"Home\",\"item\":\"https:\/\/sites.uef.fi\/sustra\/\"},{\"@type\":\"ListItem\",\"position\":2,\"name\":\"News, articles\"}]},{\"@type\":\"WebSite\",\"@id\":\"https:\/\/sites.uef.fi\/sustra\/#website\",\"url\":\"https:\/\/sites.uef.fi\/sustra\/\",\"name\":\"Kest\u00e4vyysmurros-tohtorikoulutuspilotti\",\"description\":\"\",\"potentialAction\":[{\"@type\":\"SearchAction\",\"target\":{\"@type\":\"EntryPoint\",\"urlTemplate\":\"https:\/\/sites.uef.fi\/sustra\/?s={search_term_string}\"},\"query-input\":{\"@type\":\"PropertyValueSpecification\",\"valueRequired\":true,\"valueName\":\"search_term_string\"}}],\"inLanguage\":\"fi\"}]}<\/script>\n<!-- \/ Yoast SEO plugin. -->","yoast_head_json":{"title":"News, articles - Kest\u00e4vyysmurros-tohtorikoulutuspilotti","robots":{"index":"index","follow":"follow","max-snippet":"max-snippet:-1","max-image-preview":"max-image-preview:large","max-video-preview":"max-video-preview:-1"},"canonical":"https:\/\/sites.uef.fi\/sustra\/news\/","og_locale":"fi_FI","og_type":"article","og_title":"News, articles - Kest\u00e4vyysmurros-tohtorikoulutuspilotti","og_description":"Send us an email if you want to follow the news about the Sustainability Transformation doctoral education pilot or if you want to receive information about upcoming events. March 2026 Kaisa Kurki (LUT) and Syke, UH: \u00a0Planetary Plate\u00a0Puzzle\u00a0| Agroecology | University of Helsinki 17.3.2026 Article by Myele Rouxel: Growth Dependence in the European Union: Do [&hellip;]","og_url":"https:\/\/sites.uef.fi\/sustra\/news\/?lang=en","og_site_name":"Kest\u00e4vyysmurros-tohtorikoulutuspilotti","article_modified_time":"2026-03-31T12:02:29+00:00","twitter_card":"summary_large_image","twitter_misc":{"Arvioitu lukuaika":"5 minuuttia"},"schema":{"@context":"https:\/\/schema.org","@graph":[{"@type":"WebPage","@id":"https:\/\/sites.uef.fi\/sustra\/news\/?lang=en","url":"https:\/\/sites.uef.fi\/sustra\/news\/?lang=en","name":"News, articles - Kest\u00e4vyysmurros-tohtorikoulutuspilotti","isPartOf":{"@id":"https:\/\/sites.uef.fi\/sustra\/#website"},"datePublished":"2024-09-03T11:16:43+00:00","dateModified":"2026-03-31T12:02:29+00:00","breadcrumb":{"@id":"https:\/\/sites.uef.fi\/sustra\/news\/?lang=en#breadcrumb"},"inLanguage":"fi","potentialAction":[{"@type":"ReadAction","target":["https:\/\/sites.uef.fi\/sustra\/news\/?lang=en"]}]},{"@type":"BreadcrumbList","@id":"https:\/\/sites.uef.fi\/sustra\/news\/?lang=en#breadcrumb","itemListElement":[{"@type":"ListItem","position":1,"name":"Home","item":"https:\/\/sites.uef.fi\/sustra\/"},{"@type":"ListItem","position":2,"name":"News, articles"}]},{"@type":"WebSite","@id":"https:\/\/sites.uef.fi\/sustra\/#website","url":"https:\/\/sites.uef.fi\/sustra\/","name":"Kest\u00e4vyysmurros-tohtorikoulutuspilotti","description":"","potentialAction":[{"@type":"SearchAction","target":{"@type":"EntryPoint","urlTemplate":"https:\/\/sites.uef.fi\/sustra\/?s={search_term_string}"},"query-input":{"@type":"PropertyValueSpecification","valueRequired":true,"valueName":"search_term_string"}}],"inLanguage":"fi"}]}},"_links":{"self":[{"href":"https:\/\/sites.uef.fi\/sustra\/wp-json\/wp\/v2\/pages\/498","targetHints":{"allow":["GET"]}}],"collection":[{"href":"https:\/\/sites.uef.fi\/sustra\/wp-json\/wp\/v2\/pages"}],"about":[{"href":"https:\/\/sites.uef.fi\/sustra\/wp-json\/wp\/v2\/types\/page"}],"author":[{"embeddable":true,"href":"https:\/\/sites.uef.fi\/sustra\/wp-json\/wp\/v2\/users\/1173"}],"replies":[{"embeddable":true,"href":"https:\/\/sites.uef.fi\/sustra\/wp-json\/wp\/v2\/comments?post=498"}],"version-history":[{"count":2,"href":"https:\/\/sites.uef.fi\/sustra\/wp-json\/wp\/v2\/pages\/498\/revisions"}],"predecessor-version":[{"id":1443,"href":"https:\/\/sites.uef.fi\/sustra\/wp-json\/wp\/v2\/pages\/498\/revisions\/1443"}],"wp:attachment":[{"href":"https:\/\/sites.uef.fi\/sustra\/wp-json\/wp\/v2\/media?parent=498"}],"curies":[{"name":"wp","href":"https:\/\/api.w.org\/{rel}","templated":true}]}}