{"id":81,"date":"2022-11-14T20:00:54","date_gmt":"2022-11-14T18:00:54","guid":{"rendered":"https:\/\/sites.uef.fi\/tehekop\/?page_id=81"},"modified":"2026-03-13T12:57:57","modified_gmt":"2026-03-13T10:57:57","slug":"tapahtumat","status":"publish","type":"page","link":"https:\/\/sites.uef.fi\/tehekop\/tapahtumat\/","title":{"rendered":"TAPAHTUMAT"},"content":{"rendered":"\n<h2 class=\"wp-block-heading\">Hankkeen p\u00e4\u00e4t\u00f6sseminaari <\/h2>\n\n\n\n<p><strong>Tervetuloa&nbsp;<\/strong><strong><em>Tehostettu oppilaanohjaus k\u00e4yt\u00e4nn\u00f6ss\u00e4<\/em><\/strong><strong>&nbsp;-seminaariin perjantaina 8.5.2026 klo 12\u201315.15!<\/strong>&nbsp;<\/p>\n\n\n\n<p>Seminaarissa esitell\u00e4\u00e4n&nbsp;It\u00e4-Suomen yliopiston ohjauksen koulutuksen&nbsp;tehostettua henkil\u00f6kohtaista oppilaanohjausta tarkastelleen&nbsp;TEHEKOP-tutkimushankkeen tuloksia&nbsp;(rahoitus OKM).&nbsp;Hankkeessa on paitsi havainnoitu ohjauksen arkea peruskouluissa my\u00f6s haastateltu oppilaita, oppilaanohjaajia, rehtoreita sek\u00e4 muita koulun ammattilaisia tehostetun ohjauksen toimeenpanosta ja toteuttamisesta.&nbsp;Seminaarin puheenvuoroissa pohditaan muun muassa seuraavia kysymyksi\u00e4:&nbsp;<\/p>\n\n\n\n<ul class=\"wp-block-list\">\n<li>Miten tehostettu ohjaus k\u00e4yt\u00e4nn\u00f6ss\u00e4 toteutuu?\u202f&nbsp;<\/li>\n<\/ul>\n\n\n\n<ul class=\"wp-block-list\">\n<li>Miten ja mill\u00e4 keinoin ohjauksen tehostaminen on onnistunut tukemaan nuorten koulutusvalinnan prosessointia?&nbsp;<\/li>\n<\/ul>\n\n\n\n<ul class=\"wp-block-list\">\n<li>Mit\u00e4 tehostettu ohjaus kertoo ohjauksen asemasta peruskouluissa?&nbsp;<\/li>\n<\/ul>\n\n\n\n<p>Ohjelma:&nbsp;<\/p>\n\n\n\n<p><strong>12.00\u201312.10 Tervetuloa \u2013 avauspuheenvuoro,&nbsp;<\/strong>Opetusneuvos Heli&nbsp;Nederstr\u00f6m,&nbsp;OKM&nbsp;<\/p>\n\n\n\n<p><strong>12.10\u201312.45<\/strong>&nbsp;<strong>Mit\u00e4 on tutkittu? TEHEKOP-hanke p\u00e4hkin\u00e4nkuoressa<\/strong>\u202fsek\u00e4&nbsp;<strong>Tehostetun ohjauksen vaihtelevat kohteet ja k\u00e4yt\u00e4nteet,&nbsp;<\/strong>Opinto- ja uraohjauksen professori (ma.) Anne-Mari Souto, UEF&nbsp;<\/p>\n\n\n\n<p><strong>12.45\u201313.05<\/strong>&nbsp;<strong>Suorasukaisuus, auktoriteetti ja ongelmallisten asioiden puheeksi ottaminen ohjauskeskusteluissa.&nbsp;<\/strong>Yliopistotutkija Liisa Voutilainen, UEF&nbsp;<\/p>\n\n\n\n<p><strong>Keskustelua<\/strong>&nbsp;<\/p>\n\n\n\n<p>13.15\u201313.35 Kahvitauko&nbsp;<\/p>\n\n\n\n<p><strong>13.35\u201314.05<\/strong>&nbsp;<strong>Mitk\u00e4 nuorten tarpeet tulevat&nbsp;tunnistetuiksi, mitk\u00e4 taas sivuutetuiksi tehostetussa ohjauksessa?&nbsp;<\/strong>V\u00e4it\u00f6skirjatutkija Hanna Lonka, UEF&nbsp;<\/p>\n\n\n\n<p><strong>14.05\u201314.35<\/strong>&nbsp;<strong>Mik\u00e4 tukee kouluyhteis\u00f6n ohjaustoimijuutta?&nbsp;<\/strong>Tutkimusjohtaja Sanna&nbsp;Vehvil\u00e4inen,UEF&nbsp;\u202f\u202f\u202f\u202f\u202f\u202f\u202f\u202f&nbsp;<\/p>\n\n\n\n<p><strong>14.35\u202f\u202f\u202f\u202f\u202f\u202f\u202f\u202f\u202f\u202f\u202f&nbsp;Kommenttipuheenvuorot<\/strong>&nbsp;<\/p>\n\n\n\n<p>Opinto-ohjaaja Suvi Niemel\u00e4inen, puheenjohtaja SOPO ry.\u202f&nbsp;<\/p>\n\n\n\n<p>Oppilaanohjaaja Pia Kummola, Nurmij\u00e4rvi Urheilupuiston koulu&nbsp;<\/p>\n\n\n\n<p><strong>Keskustelua<\/strong>\u202f\u202f\u202f&nbsp;<\/p>\n\n\n\n<p><strong>15.15 Tilaisuus p\u00e4\u00e4ttyy<\/strong>&nbsp;<\/p>\n\n\n\n<p>Tilaisuus toteutetaan hybridin\u00e4 Helsingin keskustakirjasto Oodissa (Kuutio-seminaarisali, 2. krs.) ja Zoomissa.&nbsp;<\/p>\n\n\n\n<p>Ilmoittautumiset 24.4.&nbsp;klo 16 menness\u00e4&nbsp;<a href=\"https:\/\/forms.office.com\/Pages\/ResponsePage.aspx?id=Lp-HhwRz8ku68mPn-D88NFQYdG19VlNFmjeei3LGkKZUNjZYQU5LNUtSN1ZLSVQ3WUtHVTVCMFFQMS4u\" target=\"_blank\" rel=\"noreferrer noopener\">TEHEKOP-hankkeen loppuseminaari \u2013 Ilmoittautuminen \u2013&nbsp;Fill&nbsp;out&nbsp;form<\/a>. Paikan p\u00e4\u00e4lle mahtuu 50 osallistujaa.\u202fLinkki et\u00e4osallistujille l\u00e4hetet\u00e4\u00e4n my\u00f6hemmin s\u00e4hk\u00f6postitse.&nbsp;<\/p>\n\n\n\n<p>Lis\u00e4tietoja: opinto- ja uraohjauksen professori (ma.) Anne-Mari Souto&nbsp;<a href=\"mailto:anne-mari.souto@uef.fi\" target=\"_blank\" rel=\"noreferrer noopener\">anne-mari.souto@uef.fi<\/a>\u202fsek\u00e4 v\u00e4it\u00f6skirjatutkija Hanna Lonka&nbsp;<a href=\"mailto:hanna.lonka@uef.fi\" target=\"_blank\" rel=\"noreferrer noopener\">hanna.lonka@uef.fi<\/a>&nbsp;<\/p>\n\n\n\n<figure class=\"wp-block-image size-full\"><img loading=\"lazy\" decoding=\"async\" width=\"243\" height=\"81\" src=\"https:\/\/sites.uef.fi\/tehekop\/wp-content\/uploads\/sites\/398\/2026\/03\/image.png\" alt=\"\" class=\"wp-image-450\" \/><\/figure>\n\n\n\n<figure class=\"wp-block-image size-full\"><img loading=\"lazy\" decoding=\"async\" width=\"270\" height=\"66\" src=\"https:\/\/sites.uef.fi\/tehekop\/wp-content\/uploads\/sites\/398\/2026\/03\/image-2.png\" alt=\"\" class=\"wp-image-451\" \/><\/figure>\n\n\n\n<figure class=\"wp-block-image size-full\"><img loading=\"lazy\" decoding=\"async\" width=\"132\" height=\"126\" src=\"https:\/\/sites.uef.fi\/tehekop\/wp-content\/uploads\/sites\/398\/2026\/03\/image-1.png\" alt=\"\" class=\"wp-image-449\" \/><\/figure>\n\n\n\n<p><\/p>\n\n\n\n<p><\/p>\n\n\n\n<p><\/p>\n\n\n\n<p><\/p>\n\n\n\n<h2 class=\"wp-block-heading\">Aineistonkeruu on k\u00e4ynnistynyt! <\/h2>\n\n\n\n<p>Tutkimuksemme on k\u00e4ynnistynyt ja aineistonkeruu on k\u00e4ynniss\u00e4. Lis\u00e4ksi tutkimusprojektiimme on liittynyt enn\u00e4tysm\u00e4\u00e4r\u00e4 pro gradu -tutkielman tekij\u00f6it\u00e4, mist\u00e4 olemme hyvin iloisia!<\/p>\n","protected":false},"excerpt":{"rendered":"<p>Hankkeen p\u00e4\u00e4t\u00f6sseminaari Tervetuloa&nbsp;Tehostettu oppilaanohjaus k\u00e4yt\u00e4nn\u00f6ss\u00e4&nbsp;-seminaariin perjantaina 8.5.2026 klo 12\u201315.15!&nbsp; Seminaarissa esitell\u00e4\u00e4n&nbsp;It\u00e4-Suomen yliopiston ohjauksen koulutuksen&nbsp;tehostettua henkil\u00f6kohtaista oppilaanohjausta tarkastelleen&nbsp;TEHEKOP-tutkimushankkeen tuloksia&nbsp;(rahoitus OKM).&nbsp;Hankkeessa on paitsi havainnoitu ohjauksen arkea peruskouluissa my\u00f6s haastateltu oppilaita, oppilaanohjaajia, rehtoreita sek\u00e4 muita koulun ammattilaisia tehostetun ohjauksen toimeenpanosta ja toteuttamisesta.&nbsp;Seminaarin puheenvuoroissa pohditaan muun muassa seuraavia kysymyksi\u00e4:&nbsp; Ohjelma:&nbsp; 12.00\u201312.10 Tervetuloa \u2013 avauspuheenvuoro,&nbsp;Opetusneuvos Heli&nbsp;Nederstr\u00f6m,&nbsp;OKM&nbsp; 12.10\u201312.45&nbsp;Mit\u00e4 on tutkittu? TEHEKOP-hanke [&hellip;]<\/p>\n","protected":false},"author":700,"featured_media":0,"parent":0,"menu_order":0,"comment_status":"closed","ping_status":"closed","template":"","meta":{"_acf_changed":false,"footnotes":""},"class_list":["post-81","page","type-page","status-publish","hentry"],"acf":[],"yoast_head":"<!-- This site is optimized with the Yoast SEO plugin v27.3 - https:\/\/yoast.com\/product\/yoast-seo-wordpress\/ -->\n<title>TAPAHTUMAT - Tehostettu henkil\u00f6kohtainen oppilaanohjaus \u2013 ty\u00f6prosessit, kohtaamiset ja oppilaan toimijuus (TEHEKOP)<\/title>\n<meta name=\"robots\" content=\"index, follow, max-snippet:-1, max-image-preview:large, max-video-preview:-1\" \/>\n<link rel=\"canonical\" href=\"https:\/\/sites.uef.fi\/tehekop\/tapahtumat\/\" \/>\n<meta property=\"og:locale\" content=\"fi_FI\" \/>\n<meta property=\"og:type\" content=\"article\" \/>\n<meta property=\"og:title\" content=\"TAPAHTUMAT - Tehostettu henkil\u00f6kohtainen oppilaanohjaus \u2013 ty\u00f6prosessit, kohtaamiset ja oppilaan toimijuus (TEHEKOP)\" \/>\n<meta property=\"og:description\" content=\"Hankkeen p\u00e4\u00e4t\u00f6sseminaari Tervetuloa&nbsp;Tehostettu oppilaanohjaus k\u00e4yt\u00e4nn\u00f6ss\u00e4&nbsp;-seminaariin perjantaina 8.5.2026 klo 12\u201315.15!&nbsp; Seminaarissa esitell\u00e4\u00e4n&nbsp;It\u00e4-Suomen yliopiston ohjauksen koulutuksen&nbsp;tehostettua henkil\u00f6kohtaista oppilaanohjausta tarkastelleen&nbsp;TEHEKOP-tutkimushankkeen tuloksia&nbsp;(rahoitus OKM).&nbsp;Hankkeessa on paitsi havainnoitu ohjauksen arkea peruskouluissa my\u00f6s haastateltu oppilaita, oppilaanohjaajia, rehtoreita sek\u00e4 muita koulun ammattilaisia tehostetun ohjauksen toimeenpanosta ja toteuttamisesta.&nbsp;Seminaarin puheenvuoroissa pohditaan muun muassa seuraavia kysymyksi\u00e4:&nbsp; Ohjelma:&nbsp; 12.00\u201312.10 Tervetuloa \u2013 avauspuheenvuoro,&nbsp;Opetusneuvos Heli&nbsp;Nederstr\u00f6m,&nbsp;OKM&nbsp; 12.10\u201312.45&nbsp;Mit\u00e4 on tutkittu? TEHEKOP-hanke [&hellip;]\" \/>\n<meta property=\"og:url\" content=\"https:\/\/sites.uef.fi\/tehekop\/tapahtumat\/\" \/>\n<meta property=\"og:site_name\" content=\"Tehostettu henkil\u00f6kohtainen oppilaanohjaus \u2013 ty\u00f6prosessit, kohtaamiset ja oppilaan toimijuus (TEHEKOP)\" \/>\n<meta property=\"article:modified_time\" content=\"2026-03-13T10:57:57+00:00\" \/>\n<meta property=\"og:image\" content=\"https:\/\/sites.uef.fi\/tehekop\/wp-content\/uploads\/sites\/398\/2026\/03\/image.png\" \/>\n\t<meta property=\"og:image:width\" content=\"243\" \/>\n\t<meta property=\"og:image:height\" content=\"81\" \/>\n\t<meta property=\"og:image:type\" content=\"image\/png\" \/>\n<meta name=\"twitter:card\" content=\"summary_large_image\" \/>\n<meta name=\"twitter:label1\" content=\"Arvioitu lukuaika\" \/>\n\t<meta name=\"twitter:data1\" content=\"3 minuuttia\" \/>\n<script type=\"application\/ld+json\" class=\"yoast-schema-graph\">{\"@context\":\"https:\\\/\\\/schema.org\",\"@graph\":[{\"@type\":\"WebPage\",\"@id\":\"https:\\\/\\\/sites.uef.fi\\\/tehekop\\\/tapahtumat\\\/\",\"url\":\"https:\\\/\\\/sites.uef.fi\\\/tehekop\\\/tapahtumat\\\/\",\"name\":\"TAPAHTUMAT - Tehostettu henkil\u00f6kohtainen oppilaanohjaus \u2013 ty\u00f6prosessit, kohtaamiset ja oppilaan toimijuus (TEHEKOP)\",\"isPartOf\":{\"@id\":\"https:\\\/\\\/sites.uef.fi\\\/tehekop\\\/#website\"},\"primaryImageOfPage\":{\"@id\":\"https:\\\/\\\/sites.uef.fi\\\/tehekop\\\/tapahtumat\\\/#primaryimage\"},\"image\":{\"@id\":\"https:\\\/\\\/sites.uef.fi\\\/tehekop\\\/tapahtumat\\\/#primaryimage\"},\"thumbnailUrl\":\"https:\\\/\\\/sites.uef.fi\\\/tehekop\\\/wp-content\\\/uploads\\\/sites\\\/398\\\/2026\\\/03\\\/image.png\",\"datePublished\":\"2022-11-14T18:00:54+00:00\",\"dateModified\":\"2026-03-13T10:57:57+00:00\",\"breadcrumb\":{\"@id\":\"https:\\\/\\\/sites.uef.fi\\\/tehekop\\\/tapahtumat\\\/#breadcrumb\"},\"inLanguage\":\"fi\",\"potentialAction\":[{\"@type\":\"ReadAction\",\"target\":[\"https:\\\/\\\/sites.uef.fi\\\/tehekop\\\/tapahtumat\\\/\"]}]},{\"@type\":\"ImageObject\",\"inLanguage\":\"fi\",\"@id\":\"https:\\\/\\\/sites.uef.fi\\\/tehekop\\\/tapahtumat\\\/#primaryimage\",\"url\":\"https:\\\/\\\/sites.uef.fi\\\/tehekop\\\/wp-content\\\/uploads\\\/sites\\\/398\\\/2026\\\/03\\\/image.png\",\"contentUrl\":\"https:\\\/\\\/sites.uef.fi\\\/tehekop\\\/wp-content\\\/uploads\\\/sites\\\/398\\\/2026\\\/03\\\/image.png\",\"width\":243,\"height\":81},{\"@type\":\"BreadcrumbList\",\"@id\":\"https:\\\/\\\/sites.uef.fi\\\/tehekop\\\/tapahtumat\\\/#breadcrumb\",\"itemListElement\":[{\"@type\":\"ListItem\",\"position\":1,\"name\":\"Home\",\"item\":\"https:\\\/\\\/sites.uef.fi\\\/tehekop\\\/\"},{\"@type\":\"ListItem\",\"position\":2,\"name\":\"TAPAHTUMAT\"}]},{\"@type\":\"WebSite\",\"@id\":\"https:\\\/\\\/sites.uef.fi\\\/tehekop\\\/#website\",\"url\":\"https:\\\/\\\/sites.uef.fi\\\/tehekop\\\/\",\"name\":\"Tehostettu henkil\u00f6kohtainen oppilaanohjaus \u2013 ty\u00f6prosessit, kohtaamiset ja oppilaan toimijuus (TEHEKOP)\",\"description\":\"\",\"publisher\":{\"@id\":\"https:\\\/\\\/sites.uef.fi\\\/tehekop\\\/#organization\"},\"potentialAction\":[{\"@type\":\"SearchAction\",\"target\":{\"@type\":\"EntryPoint\",\"urlTemplate\":\"https:\\\/\\\/sites.uef.fi\\\/tehekop\\\/?s={search_term_string}\"},\"query-input\":{\"@type\":\"PropertyValueSpecification\",\"valueRequired\":true,\"valueName\":\"search_term_string\"}}],\"inLanguage\":\"fi\"},{\"@type\":\"Organization\",\"@id\":\"https:\\\/\\\/sites.uef.fi\\\/tehekop\\\/#organization\",\"name\":\"Tehostettu henkil\u00f6kohtainen oppilaanohjaus \u2013 ty\u00f6prosessit, kohtaamiset ja oppilaan toimijuus (TEHEKOP)\",\"url\":\"https:\\\/\\\/sites.uef.fi\\\/tehekop\\\/\",\"logo\":{\"@type\":\"ImageObject\",\"inLanguage\":\"fi\",\"@id\":\"https:\\\/\\\/sites.uef.fi\\\/tehekop\\\/#\\\/schema\\\/logo\\\/image\\\/\",\"url\":\"https:\\\/\\\/sites.uef.fi\\\/tehekop\\\/wp-content\\\/uploads\\\/sites\\\/398\\\/2022\\\/10\\\/cropped-UEF_wordpress_white.png\",\"contentUrl\":\"https:\\\/\\\/sites.uef.fi\\\/tehekop\\\/wp-content\\\/uploads\\\/sites\\\/398\\\/2022\\\/10\\\/cropped-UEF_wordpress_white.png\",\"width\":250,\"height\":250,\"caption\":\"Tehostettu henkil\u00f6kohtainen oppilaanohjaus \u2013 ty\u00f6prosessit, kohtaamiset ja oppilaan toimijuus (TEHEKOP)\"},\"image\":{\"@id\":\"https:\\\/\\\/sites.uef.fi\\\/tehekop\\\/#\\\/schema\\\/logo\\\/image\\\/\"}}]}<\/script>\n<!-- \/ Yoast SEO plugin. -->","yoast_head_json":{"title":"TAPAHTUMAT - Tehostettu henkil\u00f6kohtainen oppilaanohjaus \u2013 ty\u00f6prosessit, kohtaamiset ja oppilaan toimijuus (TEHEKOP)","robots":{"index":"index","follow":"follow","max-snippet":"max-snippet:-1","max-image-preview":"max-image-preview:large","max-video-preview":"max-video-preview:-1"},"canonical":"https:\/\/sites.uef.fi\/tehekop\/tapahtumat\/","og_locale":"fi_FI","og_type":"article","og_title":"TAPAHTUMAT - Tehostettu henkil\u00f6kohtainen oppilaanohjaus \u2013 ty\u00f6prosessit, kohtaamiset ja oppilaan toimijuus (TEHEKOP)","og_description":"Hankkeen p\u00e4\u00e4t\u00f6sseminaari Tervetuloa&nbsp;Tehostettu oppilaanohjaus k\u00e4yt\u00e4nn\u00f6ss\u00e4&nbsp;-seminaariin perjantaina 8.5.2026 klo 12\u201315.15!&nbsp; Seminaarissa esitell\u00e4\u00e4n&nbsp;It\u00e4-Suomen yliopiston ohjauksen koulutuksen&nbsp;tehostettua henkil\u00f6kohtaista oppilaanohjausta tarkastelleen&nbsp;TEHEKOP-tutkimushankkeen tuloksia&nbsp;(rahoitus OKM).&nbsp;Hankkeessa on paitsi havainnoitu ohjauksen arkea peruskouluissa my\u00f6s haastateltu oppilaita, oppilaanohjaajia, rehtoreita sek\u00e4 muita koulun ammattilaisia tehostetun ohjauksen toimeenpanosta ja toteuttamisesta.&nbsp;Seminaarin puheenvuoroissa pohditaan muun muassa seuraavia kysymyksi\u00e4:&nbsp; Ohjelma:&nbsp; 12.00\u201312.10 Tervetuloa \u2013 avauspuheenvuoro,&nbsp;Opetusneuvos Heli&nbsp;Nederstr\u00f6m,&nbsp;OKM&nbsp; 12.10\u201312.45&nbsp;Mit\u00e4 on tutkittu? TEHEKOP-hanke [&hellip;]","og_url":"https:\/\/sites.uef.fi\/tehekop\/tapahtumat\/","og_site_name":"Tehostettu henkil\u00f6kohtainen oppilaanohjaus \u2013 ty\u00f6prosessit, kohtaamiset ja oppilaan toimijuus (TEHEKOP)","article_modified_time":"2026-03-13T10:57:57+00:00","og_image":[{"width":243,"height":81,"url":"https:\/\/sites.uef.fi\/tehekop\/wp-content\/uploads\/sites\/398\/2026\/03\/image.png","type":"image\/png"}],"twitter_card":"summary_large_image","twitter_misc":{"Arvioitu lukuaika":"3 minuuttia"},"schema":{"@context":"https:\/\/schema.org","@graph":[{"@type":"WebPage","@id":"https:\/\/sites.uef.fi\/tehekop\/tapahtumat\/","url":"https:\/\/sites.uef.fi\/tehekop\/tapahtumat\/","name":"TAPAHTUMAT - Tehostettu henkil\u00f6kohtainen oppilaanohjaus \u2013 ty\u00f6prosessit, kohtaamiset ja oppilaan toimijuus (TEHEKOP)","isPartOf":{"@id":"https:\/\/sites.uef.fi\/tehekop\/#website"},"primaryImageOfPage":{"@id":"https:\/\/sites.uef.fi\/tehekop\/tapahtumat\/#primaryimage"},"image":{"@id":"https:\/\/sites.uef.fi\/tehekop\/tapahtumat\/#primaryimage"},"thumbnailUrl":"https:\/\/sites.uef.fi\/tehekop\/wp-content\/uploads\/sites\/398\/2026\/03\/image.png","datePublished":"2022-11-14T18:00:54+00:00","dateModified":"2026-03-13T10:57:57+00:00","breadcrumb":{"@id":"https:\/\/sites.uef.fi\/tehekop\/tapahtumat\/#breadcrumb"},"inLanguage":"fi","potentialAction":[{"@type":"ReadAction","target":["https:\/\/sites.uef.fi\/tehekop\/tapahtumat\/"]}]},{"@type":"ImageObject","inLanguage":"fi","@id":"https:\/\/sites.uef.fi\/tehekop\/tapahtumat\/#primaryimage","url":"https:\/\/sites.uef.fi\/tehekop\/wp-content\/uploads\/sites\/398\/2026\/03\/image.png","contentUrl":"https:\/\/sites.uef.fi\/tehekop\/wp-content\/uploads\/sites\/398\/2026\/03\/image.png","width":243,"height":81},{"@type":"BreadcrumbList","@id":"https:\/\/sites.uef.fi\/tehekop\/tapahtumat\/#breadcrumb","itemListElement":[{"@type":"ListItem","position":1,"name":"Home","item":"https:\/\/sites.uef.fi\/tehekop\/"},{"@type":"ListItem","position":2,"name":"TAPAHTUMAT"}]},{"@type":"WebSite","@id":"https:\/\/sites.uef.fi\/tehekop\/#website","url":"https:\/\/sites.uef.fi\/tehekop\/","name":"Tehostettu henkil\u00f6kohtainen oppilaanohjaus \u2013 ty\u00f6prosessit, kohtaamiset ja oppilaan toimijuus (TEHEKOP)","description":"","publisher":{"@id":"https:\/\/sites.uef.fi\/tehekop\/#organization"},"potentialAction":[{"@type":"SearchAction","target":{"@type":"EntryPoint","urlTemplate":"https:\/\/sites.uef.fi\/tehekop\/?s={search_term_string}"},"query-input":{"@type":"PropertyValueSpecification","valueRequired":true,"valueName":"search_term_string"}}],"inLanguage":"fi"},{"@type":"Organization","@id":"https:\/\/sites.uef.fi\/tehekop\/#organization","name":"Tehostettu henkil\u00f6kohtainen oppilaanohjaus \u2013 ty\u00f6prosessit, kohtaamiset ja oppilaan toimijuus (TEHEKOP)","url":"https:\/\/sites.uef.fi\/tehekop\/","logo":{"@type":"ImageObject","inLanguage":"fi","@id":"https:\/\/sites.uef.fi\/tehekop\/#\/schema\/logo\/image\/","url":"https:\/\/sites.uef.fi\/tehekop\/wp-content\/uploads\/sites\/398\/2022\/10\/cropped-UEF_wordpress_white.png","contentUrl":"https:\/\/sites.uef.fi\/tehekop\/wp-content\/uploads\/sites\/398\/2022\/10\/cropped-UEF_wordpress_white.png","width":250,"height":250,"caption":"Tehostettu henkil\u00f6kohtainen oppilaanohjaus \u2013 ty\u00f6prosessit, kohtaamiset ja oppilaan toimijuus (TEHEKOP)"},"image":{"@id":"https:\/\/sites.uef.fi\/tehekop\/#\/schema\/logo\/image\/"}}]}},"_links":{"self":[{"href":"https:\/\/sites.uef.fi\/tehekop\/wp-json\/wp\/v2\/pages\/81","targetHints":{"allow":["GET"]}}],"collection":[{"href":"https:\/\/sites.uef.fi\/tehekop\/wp-json\/wp\/v2\/pages"}],"about":[{"href":"https:\/\/sites.uef.fi\/tehekop\/wp-json\/wp\/v2\/types\/page"}],"author":[{"embeddable":true,"href":"https:\/\/sites.uef.fi\/tehekop\/wp-json\/wp\/v2\/users\/700"}],"replies":[{"embeddable":true,"href":"https:\/\/sites.uef.fi\/tehekop\/wp-json\/wp\/v2\/comments?post=81"}],"version-history":[{"count":1,"href":"https:\/\/sites.uef.fi\/tehekop\/wp-json\/wp\/v2\/pages\/81\/revisions"}],"predecessor-version":[{"id":455,"href":"https:\/\/sites.uef.fi\/tehekop\/wp-json\/wp\/v2\/pages\/81\/revisions\/455"}],"wp:attachment":[{"href":"https:\/\/sites.uef.fi\/tehekop\/wp-json\/wp\/v2\/media?parent=81"}],"curies":[{"name":"wp","href":"https:\/\/api.w.org\/{rel}","templated":true}]}}