{"id":107,"date":"2021-11-10T10:43:08","date_gmt":"2021-11-10T10:43:08","guid":{"rendered":"https:\/\/sites.uef.fi\/telab\/?page_id=107"},"modified":"2023-10-31T11:09:58","modified_gmt":"2023-10-31T11:09:58","slug":"yhteystiedot","status":"publish","type":"page","link":"https:\/\/sites.uef.fi\/telab\/yhteystiedot\/","title":{"rendered":"Yhteystiedot"},"content":{"rendered":"\n<div class=\"person-card\">\n    \n    <\/div>\n\n\n\n<div class=\"person-card\">\n        <h2>Jos kiinnostuit toiminnastamme, ota yhteytt\u00e4:<\/h2>\n    \n                    <a href=\"https:\/\/uefconnect.uef.fi\/henkilo\/kirsi.ikonen\/\" class=\"person-card-link hover-scale-down\">\n                            <div class=\"person-card-item\">\n                    <div class=\"person-card-column-left\">\n                                                    <img decoding=\"async\" class=\"person-card-image\" src=\"https:\/\/sites.uef.fi\/telab\/wp-content\/uploads\/sites\/325\/2023\/10\/connect_kirsi_ikonen_nj-2.jpg\" alt=\"Kirsi Ikonen\" \/>\n                                            <\/div>\n\n                    <div class=\"person-card-column-right\">\n                                                <p class=\"person-card-name\">Kirsi Ikonen<\/p>\n                        \n                                                <p class=\"person-card-position\">Hankekoordinaattori<\/p>\n                        \n                                                <p class=\"person-card-organisation\">It\u00e4-Suomen yliopisto <\/p>\n                        \n                        \n                                                    <div>\n\t\t\t\t\t\t\t<svg xmlns=\"http:\/\/www.w3.org\/2000\/svg\" height=\"25px\" viewBox=\"0 -960 960 960\" width=\"24px\" ><path fill=\"currentColor\" d=\"M200-120q-33 0-56.5-23.5T120-200v-560q0-33 23.5-56.5T200-840h280v80H200v560h560v-280h80v280q0 33-23.5 56.5T760-120H200Zm188-212-56-56 372-372H560v-80h280v280h-80v-144L388-332Z\"\/><\/svg>\t\t\t\t\t\t\t<\/div>\n                                            <\/div>\n                <\/div>\n                            <\/a>\n                            <\/div>\n","protected":false},"excerpt":{"rendered":"","protected":false},"author":642,"featured_media":0,"parent":0,"menu_order":0,"comment_status":"closed","ping_status":"closed","template":"","meta":{"_acf_changed":false,"footnotes":""},"class_list":["post-107","page","type-page","status-publish","hentry"],"acf":[],"yoast_head":"<!-- This site is optimized with the Yoast SEO plugin v27.3 - https:\/\/yoast.com\/product\/yoast-seo-wordpress\/ -->\n<title>Yhteystiedot - Ty\u00f6el\u00e4m\u00e4l\u00e4ht\u00f6inen laboratorioty\u00f6skentely korkeakoulutuksessa - TE-Lab<\/title>\n<meta name=\"robots\" content=\"index, follow, max-snippet:-1, max-image-preview:large, max-video-preview:-1\" \/>\n<link rel=\"canonical\" href=\"https:\/\/sites.uef.fi\/telab\/yhteystiedot\/\" \/>\n<meta property=\"og:locale\" content=\"fi_FI\" \/>\n<meta property=\"og:type\" content=\"article\" \/>\n<meta property=\"og:title\" content=\"Yhteystiedot - Ty\u00f6el\u00e4m\u00e4l\u00e4ht\u00f6inen laboratorioty\u00f6skentely korkeakoulutuksessa - TE-Lab\" \/>\n<meta property=\"og:url\" content=\"https:\/\/sites.uef.fi\/telab\/yhteystiedot\/\" \/>\n<meta property=\"og:site_name\" content=\"Ty\u00f6el\u00e4m\u00e4l\u00e4ht\u00f6inen laboratorioty\u00f6skentely korkeakoulutuksessa - TE-Lab\" \/>\n<meta property=\"article:modified_time\" content=\"2023-10-31T11:09:58+00:00\" \/>\n<meta name=\"twitter:card\" content=\"summary_large_image\" \/>\n<script type=\"application\/ld+json\" class=\"yoast-schema-graph\">{\"@context\":\"https:\\\/\\\/schema.org\",\"@graph\":[{\"@type\":\"WebPage\",\"@id\":\"https:\\\/\\\/sites.uef.fi\\\/telab\\\/yhteystiedot\\\/\",\"url\":\"https:\\\/\\\/sites.uef.fi\\\/telab\\\/yhteystiedot\\\/\",\"name\":\"Yhteystiedot - Ty\u00f6el\u00e4m\u00e4l\u00e4ht\u00f6inen laboratorioty\u00f6skentely korkeakoulutuksessa - TE-Lab\",\"isPartOf\":{\"@id\":\"https:\\\/\\\/sites.uef.fi\\\/telab\\\/#website\"},\"datePublished\":\"2021-11-10T10:43:08+00:00\",\"dateModified\":\"2023-10-31T11:09:58+00:00\",\"breadcrumb\":{\"@id\":\"https:\\\/\\\/sites.uef.fi\\\/telab\\\/yhteystiedot\\\/#breadcrumb\"},\"inLanguage\":\"fi\",\"potentialAction\":[{\"@type\":\"ReadAction\",\"target\":[\"https:\\\/\\\/sites.uef.fi\\\/telab\\\/yhteystiedot\\\/\"]}]},{\"@type\":\"BreadcrumbList\",\"@id\":\"https:\\\/\\\/sites.uef.fi\\\/telab\\\/yhteystiedot\\\/#breadcrumb\",\"itemListElement\":[{\"@type\":\"ListItem\",\"position\":1,\"name\":\"Home\",\"item\":\"https:\\\/\\\/sites.uef.fi\\\/telab\\\/\"},{\"@type\":\"ListItem\",\"position\":2,\"name\":\"Yhteystiedot\"}]},{\"@type\":\"WebSite\",\"@id\":\"https:\\\/\\\/sites.uef.fi\\\/telab\\\/#website\",\"url\":\"https:\\\/\\\/sites.uef.fi\\\/telab\\\/\",\"name\":\"Ty\u00f6el\u00e4m\u00e4l\u00e4ht\u00f6inen laboratorioty\u00f6skentely korkeakoulutuksessa - TE-Lab\",\"description\":\"\",\"potentialAction\":[{\"@type\":\"SearchAction\",\"target\":{\"@type\":\"EntryPoint\",\"urlTemplate\":\"https:\\\/\\\/sites.uef.fi\\\/telab\\\/?s={search_term_string}\"},\"query-input\":{\"@type\":\"PropertyValueSpecification\",\"valueRequired\":true,\"valueName\":\"search_term_string\"}}],\"inLanguage\":\"fi\"}]}<\/script>\n<!-- \/ Yoast SEO plugin. -->","yoast_head_json":{"title":"Yhteystiedot - Ty\u00f6el\u00e4m\u00e4l\u00e4ht\u00f6inen laboratorioty\u00f6skentely korkeakoulutuksessa - TE-Lab","robots":{"index":"index","follow":"follow","max-snippet":"max-snippet:-1","max-image-preview":"max-image-preview:large","max-video-preview":"max-video-preview:-1"},"canonical":"https:\/\/sites.uef.fi\/telab\/yhteystiedot\/","og_locale":"fi_FI","og_type":"article","og_title":"Yhteystiedot - Ty\u00f6el\u00e4m\u00e4l\u00e4ht\u00f6inen laboratorioty\u00f6skentely korkeakoulutuksessa - TE-Lab","og_url":"https:\/\/sites.uef.fi\/telab\/yhteystiedot\/","og_site_name":"Ty\u00f6el\u00e4m\u00e4l\u00e4ht\u00f6inen laboratorioty\u00f6skentely korkeakoulutuksessa - TE-Lab","article_modified_time":"2023-10-31T11:09:58+00:00","twitter_card":"summary_large_image","schema":{"@context":"https:\/\/schema.org","@graph":[{"@type":"WebPage","@id":"https:\/\/sites.uef.fi\/telab\/yhteystiedot\/","url":"https:\/\/sites.uef.fi\/telab\/yhteystiedot\/","name":"Yhteystiedot - Ty\u00f6el\u00e4m\u00e4l\u00e4ht\u00f6inen laboratorioty\u00f6skentely korkeakoulutuksessa - TE-Lab","isPartOf":{"@id":"https:\/\/sites.uef.fi\/telab\/#website"},"datePublished":"2021-11-10T10:43:08+00:00","dateModified":"2023-10-31T11:09:58+00:00","breadcrumb":{"@id":"https:\/\/sites.uef.fi\/telab\/yhteystiedot\/#breadcrumb"},"inLanguage":"fi","potentialAction":[{"@type":"ReadAction","target":["https:\/\/sites.uef.fi\/telab\/yhteystiedot\/"]}]},{"@type":"BreadcrumbList","@id":"https:\/\/sites.uef.fi\/telab\/yhteystiedot\/#breadcrumb","itemListElement":[{"@type":"ListItem","position":1,"name":"Home","item":"https:\/\/sites.uef.fi\/telab\/"},{"@type":"ListItem","position":2,"name":"Yhteystiedot"}]},{"@type":"WebSite","@id":"https:\/\/sites.uef.fi\/telab\/#website","url":"https:\/\/sites.uef.fi\/telab\/","name":"Ty\u00f6el\u00e4m\u00e4l\u00e4ht\u00f6inen laboratorioty\u00f6skentely korkeakoulutuksessa - TE-Lab","description":"","potentialAction":[{"@type":"SearchAction","target":{"@type":"EntryPoint","urlTemplate":"https:\/\/sites.uef.fi\/telab\/?s={search_term_string}"},"query-input":{"@type":"PropertyValueSpecification","valueRequired":true,"valueName":"search_term_string"}}],"inLanguage":"fi"}]}},"_links":{"self":[{"href":"https:\/\/sites.uef.fi\/telab\/wp-json\/wp\/v2\/pages\/107","targetHints":{"allow":["GET"]}}],"collection":[{"href":"https:\/\/sites.uef.fi\/telab\/wp-json\/wp\/v2\/pages"}],"about":[{"href":"https:\/\/sites.uef.fi\/telab\/wp-json\/wp\/v2\/types\/page"}],"author":[{"embeddable":true,"href":"https:\/\/sites.uef.fi\/telab\/wp-json\/wp\/v2\/users\/642"}],"replies":[{"embeddable":true,"href":"https:\/\/sites.uef.fi\/telab\/wp-json\/wp\/v2\/comments?post=107"}],"version-history":[{"count":2,"href":"https:\/\/sites.uef.fi\/telab\/wp-json\/wp\/v2\/pages\/107\/revisions"}],"predecessor-version":[{"id":1740,"href":"https:\/\/sites.uef.fi\/telab\/wp-json\/wp\/v2\/pages\/107\/revisions\/1740"}],"wp:attachment":[{"href":"https:\/\/sites.uef.fi\/telab\/wp-json\/wp\/v2\/media?parent=107"}],"curies":[{"name":"wp","href":"https:\/\/api.w.org\/{rel}","templated":true}]}}