{"id":42,"date":"2020-12-08T07:26:00","date_gmt":"2020-12-08T07:26:00","guid":{"rendered":"https:\/\/sites.uef.fi\/themayaforest\/?page_id=42"},"modified":"2026-01-13T13:35:54","modified_gmt":"2026-01-13T13:35:54","slug":"etusivu","status":"publish","type":"page","link":"https:\/\/sites.uef.fi\/themayaforest\/etusivu\/?lang=fi","title":{"rendered":"Etusivu"},"content":{"rendered":"\n<h2 class=\"wp-block-heading\">Tervetuloa tutustumaan hankkeeseen, jossa tutkitaan kansainv\u00e4lisi\u00e4 suhteita ja toisenlaista poliittista maantiedett\u00e4 Mayojen mets\u00e4ss\u00e4 (2019-2028)<\/h2>\n\n\n\n<p>&#8220;Poliittiset mets\u00e4t &#8211; Mayojen mets\u00e4&#8221;-tutkimushanke alkoi vuonna 2020. Hanke tutki luonnonsuojelupolitiikkaa ja kansainv\u00e4lisi\u00e4 suhteita rajamailla. Hanketta rahoitti Koneen s\u00e4\u00e4ti\u00f6, ja sit\u00e4 toteutettiin It\u00e4-Suomen yliopiston historia- ja maantieteen laitoksella. Hankkeen tavoitteena oli tutkia sit\u00e4, miten ylirajainen luonnonsuojelu muokkaa kansainv\u00e4lisi\u00e4 suhteita rajamailla, joista oli tullut ekologisten huolien kohteita. N\u00e4m\u00e4 ovat niin sanottuja poliittisia metsi\u00e4, joista yht\u00e4 &#8211; Mesoamerikan Mayojen Mets\u00e4\u00e4 &#8211; t\u00e4m\u00e4 hanke on tutkinut tapauksenaan.<\/p>\n\n\n\n<p>T\u00e4ll\u00e4 hetkell\u00e4 tutkimus jatkuu sen johtavan tutkijan omassa hankkeessa yliopistotutkijan tutkimusorientoituneessa teht\u00e4v\u00e4ss\u00e4, joka sijoittuu It\u00e4-Suomen yliopiston yhteiskuntatieteiden laitokselle (2023-2028). Tutkimus suuntautuu kohti toisenlaisen diplomatian ja geopolitiikan tutkimusta, ja sis\u00e4lt\u00e4\u00e4 uusia tutkimuslinjoja avaavaa tutkimusta liittyen my\u00f6s alkuper\u00e4iskansojen geopolitiikkaan, tiedediplomatiaan, pienten maiden politiikkaan ja rajamaihin. Ylirajaisuus, erilaiset tilaan ja territorioon liittyv\u00e4t ulottuvuudet ja valtasuhteiden kehitys ovat edelleen t\u00e4m\u00e4n tutkimuksen keski\u00f6ss\u00e4.<\/p>\n\n\n\n<p>T\u00e4ll\u00e4 sivustolla voit lukea tutkimushankkeesta eri vaiheissaan, julkaisuista ja uutisista. P\u00e4ivitetyt tiedot l\u00f6ytyv\u00e4t englanninkielisilt\u00e4 sivuilta. <\/p>\n\n\n\n<p>Hankkeessa on tuotettu my\u00f6s dokumenttifilmi \u201dSakbe \u2013 El\u00e4m\u00e4npolkuja Mayojen mets\u00e4ss\u00e4\u201d, joka kuvaa Mayojen mets\u00e4\u00e4 Jukatanin niemimalla megahankkeiden ja luonnonsuojelun risteyskohdassa (Matinpuro &amp; Laako 2025). Katso elokuva suomenkielisill\u00e4 tekstityksill\u00e4 Youtube-kanavalla @SakbeMayaForest:<\/p>\n\n\n<div class=\"embed-container\">\n    <iframe loading=\"lazy\" title=\"Sakbe - El\u00e4m\u00e4npolkuja Mayojen mets\u00e4ss\u00e4\" width=\"640\" height=\"360\" src=\"https:\/\/www.youtube.com\/embed\/v_P2yALsKW8?feature=oembed&#038;controls=1&#038;hd=1&#038;autohide=1\" frameborder=\"0\" allow=\"accelerometer; autoplay; clipboard-write; encrypted-media; gyroscope; picture-in-picture; web-share\" referrerpolicy=\"strict-origin-when-cross-origin\" allowfullscreen frameborder=\"0\"><\/iframe><\/div>\n\n\n<figure class=\"wp-block-image size-large\"><img loading=\"lazy\" decoding=\"async\" width=\"1024\" height=\"682\" src=\"https:\/\/sites.uef.fi\/themayaforest\/wp-content\/uploads\/sites\/252\/2020\/12\/Tabasco1-1024x682.png\" alt=\"San Pedro River\" class=\"wp-image-361\" srcset=\"https:\/\/sites.uef.fi\/themayaforest\/wp-content\/uploads\/sites\/252\/2020\/12\/Tabasco1-1024x682.png 1024w, https:\/\/sites.uef.fi\/themayaforest\/wp-content\/uploads\/sites\/252\/2020\/12\/Tabasco1-300x200.png 300w, https:\/\/sites.uef.fi\/themayaforest\/wp-content\/uploads\/sites\/252\/2020\/12\/Tabasco1-768x512.png 768w, https:\/\/sites.uef.fi\/themayaforest\/wp-content\/uploads\/sites\/252\/2020\/12\/Tabasco1-1536x1023.png 1536w, https:\/\/sites.uef.fi\/themayaforest\/wp-content\/uploads\/sites\/252\/2020\/12\/Tabasco1-2048x1365.png 2048w\" sizes=\"auto, (max-width: 1024px) 100vw, 1024px\" \/><figcaption class=\"wp-element-caption\"><em>Ylirajallinen San Pedro-joki Tabascossa (Hanna Laako)<\/em><\/figcaption><\/figure>\n","protected":false},"excerpt":{"rendered":"<p>Tervetuloa tutustumaan hankkeeseen, jossa tutkitaan kansainv\u00e4lisi\u00e4 suhteita ja toisenlaista poliittista maantiedett\u00e4 Mayojen mets\u00e4ss\u00e4 (2019-2028) &#8220;Poliittiset mets\u00e4t &#8211; Mayojen mets\u00e4&#8221;-tutkimushanke alkoi vuonna 2020. Hanke tutki luonnonsuojelupolitiikkaa ja kansainv\u00e4lisi\u00e4 suhteita rajamailla. Hanketta rahoitti Koneen s\u00e4\u00e4ti\u00f6, ja sit\u00e4 toteutettiin It\u00e4-Suomen yliopiston historia- ja maantieteen laitoksella. Hankkeen tavoitteena oli tutkia sit\u00e4, miten ylirajainen luonnonsuojelu muokkaa kansainv\u00e4lisi\u00e4 suhteita rajamailla, joista [&hellip;]<\/p>\n","protected":false},"author":2,"featured_media":0,"parent":0,"menu_order":0,"comment_status":"closed","ping_status":"closed","template":"","meta":{"_acf_changed":false,"footnotes":""},"class_list":["post-42","page","type-page","status-publish","hentry"],"acf":[],"yoast_head":"<!-- This site is optimized with the Yoast SEO plugin v27.3 - https:\/\/yoast.com\/product\/yoast-seo-wordpress\/ -->\n<title>Etusivu - Political Forests - the Maya Forest. International Relations and Political Geographies Otherwise in Mesoamerica<\/title>\n<meta name=\"robots\" content=\"index, follow, max-snippet:-1, max-image-preview:large, max-video-preview:-1\" \/>\n<link rel=\"canonical\" href=\"https:\/\/sites.uef.fi\/themayaforest\/?lang=fi\" \/>\n<meta property=\"og:locale\" content=\"en_US\" \/>\n<meta property=\"og:type\" content=\"article\" \/>\n<meta property=\"og:title\" content=\"Etusivu - Political Forests - the Maya Forest. International Relations and Political Geographies Otherwise in Mesoamerica\" \/>\n<meta property=\"og:description\" content=\"Tervetuloa tutustumaan hankkeeseen, jossa tutkitaan kansainv\u00e4lisi\u00e4 suhteita ja toisenlaista poliittista maantiedett\u00e4 Mayojen mets\u00e4ss\u00e4 (2019-2028) &#8220;Poliittiset mets\u00e4t &#8211; Mayojen mets\u00e4&#8221;-tutkimushanke alkoi vuonna 2020. Hanke tutki luonnonsuojelupolitiikkaa ja kansainv\u00e4lisi\u00e4 suhteita rajamailla. Hanketta rahoitti Koneen s\u00e4\u00e4ti\u00f6, ja sit\u00e4 toteutettiin It\u00e4-Suomen yliopiston historia- ja maantieteen laitoksella. Hankkeen tavoitteena oli tutkia sit\u00e4, miten ylirajainen luonnonsuojelu muokkaa kansainv\u00e4lisi\u00e4 suhteita rajamailla, joista [&hellip;]\" \/>\n<meta property=\"og:url\" content=\"https:\/\/sites.uef.fi\/themayaforest\/?lang=fi\" \/>\n<meta property=\"og:site_name\" content=\"Political Forests - the Maya Forest. International Relations and Political Geographies Otherwise in Mesoamerica\" \/>\n<meta property=\"article:modified_time\" content=\"2026-01-13T13:35:54+00:00\" \/>\n<meta property=\"og:image\" content=\"https:\/\/sites.uef.fi\/themayaforest\/wp-content\/uploads\/sites\/252\/2020\/12\/Tabasco1-1024x682.png\" \/>\n\t<meta property=\"og:image:width\" content=\"1024\" \/>\n\t<meta property=\"og:image:height\" content=\"682\" \/>\n\t<meta property=\"og:image:type\" content=\"image\/png\" \/>\n<meta name=\"twitter:card\" content=\"summary_large_image\" \/>\n<meta name=\"twitter:label1\" content=\"Est. reading time\" \/>\n\t<meta name=\"twitter:data1\" content=\"1 minute\" \/>\n<script type=\"application\/ld+json\" class=\"yoast-schema-graph\">{\"@context\":\"https:\\\/\\\/schema.org\",\"@graph\":[{\"@type\":\"WebPage\",\"@id\":\"https:\\\/\\\/sites.uef.fi\\\/themayaforest\\\/?lang=fi\",\"url\":\"https:\\\/\\\/sites.uef.fi\\\/themayaforest\\\/?lang=fi\",\"name\":\"Etusivu - Political Forests - the Maya Forest. International Relations and Political Geographies Otherwise in Mesoamerica\",\"isPartOf\":{\"@id\":\"https:\\\/\\\/sites.uef.fi\\\/themayaforest\\\/#website\"},\"primaryImageOfPage\":{\"@id\":\"https:\\\/\\\/sites.uef.fi\\\/themayaforest\\\/?lang=fi#primaryimage\"},\"image\":{\"@id\":\"https:\\\/\\\/sites.uef.fi\\\/themayaforest\\\/?lang=fi#primaryimage\"},\"thumbnailUrl\":\"https:\\\/\\\/sites.uef.fi\\\/themayaforest\\\/wp-content\\\/uploads\\\/sites\\\/252\\\/2020\\\/12\\\/Tabasco1-1024x682.png\",\"datePublished\":\"2020-12-08T07:26:00+00:00\",\"dateModified\":\"2026-01-13T13:35:54+00:00\",\"breadcrumb\":{\"@id\":\"https:\\\/\\\/sites.uef.fi\\\/themayaforest\\\/?lang=fi#breadcrumb\"},\"inLanguage\":\"en-US\",\"potentialAction\":[{\"@type\":\"ReadAction\",\"target\":[\"https:\\\/\\\/sites.uef.fi\\\/themayaforest\\\/?lang=fi\"]}]},{\"@type\":\"ImageObject\",\"inLanguage\":\"en-US\",\"@id\":\"https:\\\/\\\/sites.uef.fi\\\/themayaforest\\\/?lang=fi#primaryimage\",\"url\":\"https:\\\/\\\/sites.uef.fi\\\/themayaforest\\\/wp-content\\\/uploads\\\/sites\\\/252\\\/2020\\\/12\\\/Tabasco1.png\",\"contentUrl\":\"https:\\\/\\\/sites.uef.fi\\\/themayaforest\\\/wp-content\\\/uploads\\\/sites\\\/252\\\/2020\\\/12\\\/Tabasco1.png\",\"width\":3000,\"height\":1999,\"caption\":\"San Pedro Transboundary River, Tabasco (Hanna Laako)\"},{\"@type\":\"BreadcrumbList\",\"@id\":\"https:\\\/\\\/sites.uef.fi\\\/themayaforest\\\/?lang=fi#breadcrumb\",\"itemListElement\":[{\"@type\":\"ListItem\",\"position\":1,\"name\":\"Home\",\"item\":\"https:\\\/\\\/sites.uef.fi\\\/themayaforest\\\/\"},{\"@type\":\"ListItem\",\"position\":2,\"name\":\"Etusivu\"}]},{\"@type\":\"WebSite\",\"@id\":\"https:\\\/\\\/sites.uef.fi\\\/themayaforest\\\/#website\",\"url\":\"https:\\\/\\\/sites.uef.fi\\\/themayaforest\\\/\",\"name\":\"Political Forests - the Maya Forest. International Relations and Political Geographies Otherwise in Mesoamerica\",\"description\":\"\",\"potentialAction\":[{\"@type\":\"SearchAction\",\"target\":{\"@type\":\"EntryPoint\",\"urlTemplate\":\"https:\\\/\\\/sites.uef.fi\\\/themayaforest\\\/?s={search_term_string}\"},\"query-input\":{\"@type\":\"PropertyValueSpecification\",\"valueRequired\":true,\"valueName\":\"search_term_string\"}}],\"inLanguage\":\"en-US\"}]}<\/script>\n<!-- \/ Yoast SEO plugin. -->","yoast_head_json":{"title":"Etusivu - Political Forests - the Maya Forest. International Relations and Political Geographies Otherwise in Mesoamerica","robots":{"index":"index","follow":"follow","max-snippet":"max-snippet:-1","max-image-preview":"max-image-preview:large","max-video-preview":"max-video-preview:-1"},"canonical":"https:\/\/sites.uef.fi\/themayaforest\/?lang=fi","og_locale":"en_US","og_type":"article","og_title":"Etusivu - Political Forests - the Maya Forest. International Relations and Political Geographies Otherwise in Mesoamerica","og_description":"Tervetuloa tutustumaan hankkeeseen, jossa tutkitaan kansainv\u00e4lisi\u00e4 suhteita ja toisenlaista poliittista maantiedett\u00e4 Mayojen mets\u00e4ss\u00e4 (2019-2028) &#8220;Poliittiset mets\u00e4t &#8211; Mayojen mets\u00e4&#8221;-tutkimushanke alkoi vuonna 2020. Hanke tutki luonnonsuojelupolitiikkaa ja kansainv\u00e4lisi\u00e4 suhteita rajamailla. Hanketta rahoitti Koneen s\u00e4\u00e4ti\u00f6, ja sit\u00e4 toteutettiin It\u00e4-Suomen yliopiston historia- ja maantieteen laitoksella. Hankkeen tavoitteena oli tutkia sit\u00e4, miten ylirajainen luonnonsuojelu muokkaa kansainv\u00e4lisi\u00e4 suhteita rajamailla, joista [&hellip;]","og_url":"https:\/\/sites.uef.fi\/themayaforest\/?lang=fi","og_site_name":"Political Forests - the Maya Forest. International Relations and Political Geographies Otherwise in Mesoamerica","article_modified_time":"2026-01-13T13:35:54+00:00","og_image":[{"width":1024,"height":682,"url":"https:\/\/sites.uef.fi\/themayaforest\/wp-content\/uploads\/sites\/252\/2020\/12\/Tabasco1-1024x682.png","type":"image\/png"}],"twitter_card":"summary_large_image","twitter_misc":{"Est. reading time":"1 minute"},"schema":{"@context":"https:\/\/schema.org","@graph":[{"@type":"WebPage","@id":"https:\/\/sites.uef.fi\/themayaforest\/?lang=fi","url":"https:\/\/sites.uef.fi\/themayaforest\/?lang=fi","name":"Etusivu - Political Forests - the Maya Forest. International Relations and Political Geographies Otherwise in Mesoamerica","isPartOf":{"@id":"https:\/\/sites.uef.fi\/themayaforest\/#website"},"primaryImageOfPage":{"@id":"https:\/\/sites.uef.fi\/themayaforest\/?lang=fi#primaryimage"},"image":{"@id":"https:\/\/sites.uef.fi\/themayaforest\/?lang=fi#primaryimage"},"thumbnailUrl":"https:\/\/sites.uef.fi\/themayaforest\/wp-content\/uploads\/sites\/252\/2020\/12\/Tabasco1-1024x682.png","datePublished":"2020-12-08T07:26:00+00:00","dateModified":"2026-01-13T13:35:54+00:00","breadcrumb":{"@id":"https:\/\/sites.uef.fi\/themayaforest\/?lang=fi#breadcrumb"},"inLanguage":"en-US","potentialAction":[{"@type":"ReadAction","target":["https:\/\/sites.uef.fi\/themayaforest\/?lang=fi"]}]},{"@type":"ImageObject","inLanguage":"en-US","@id":"https:\/\/sites.uef.fi\/themayaforest\/?lang=fi#primaryimage","url":"https:\/\/sites.uef.fi\/themayaforest\/wp-content\/uploads\/sites\/252\/2020\/12\/Tabasco1.png","contentUrl":"https:\/\/sites.uef.fi\/themayaforest\/wp-content\/uploads\/sites\/252\/2020\/12\/Tabasco1.png","width":3000,"height":1999,"caption":"San Pedro Transboundary River, Tabasco (Hanna Laako)"},{"@type":"BreadcrumbList","@id":"https:\/\/sites.uef.fi\/themayaforest\/?lang=fi#breadcrumb","itemListElement":[{"@type":"ListItem","position":1,"name":"Home","item":"https:\/\/sites.uef.fi\/themayaforest\/"},{"@type":"ListItem","position":2,"name":"Etusivu"}]},{"@type":"WebSite","@id":"https:\/\/sites.uef.fi\/themayaforest\/#website","url":"https:\/\/sites.uef.fi\/themayaforest\/","name":"Political Forests - the Maya Forest. International Relations and Political Geographies Otherwise in Mesoamerica","description":"","potentialAction":[{"@type":"SearchAction","target":{"@type":"EntryPoint","urlTemplate":"https:\/\/sites.uef.fi\/themayaforest\/?s={search_term_string}"},"query-input":{"@type":"PropertyValueSpecification","valueRequired":true,"valueName":"search_term_string"}}],"inLanguage":"en-US"}]}},"_links":{"self":[{"href":"https:\/\/sites.uef.fi\/themayaforest\/wp-json\/wp\/v2\/pages\/42","targetHints":{"allow":["GET"]}}],"collection":[{"href":"https:\/\/sites.uef.fi\/themayaforest\/wp-json\/wp\/v2\/pages"}],"about":[{"href":"https:\/\/sites.uef.fi\/themayaforest\/wp-json\/wp\/v2\/types\/page"}],"author":[{"embeddable":true,"href":"https:\/\/sites.uef.fi\/themayaforest\/wp-json\/wp\/v2\/users\/2"}],"replies":[{"embeddable":true,"href":"https:\/\/sites.uef.fi\/themayaforest\/wp-json\/wp\/v2\/comments?post=42"}],"version-history":[{"count":2,"href":"https:\/\/sites.uef.fi\/themayaforest\/wp-json\/wp\/v2\/pages\/42\/revisions"}],"predecessor-version":[{"id":1122,"href":"https:\/\/sites.uef.fi\/themayaforest\/wp-json\/wp\/v2\/pages\/42\/revisions\/1122"}],"wp:attachment":[{"href":"https:\/\/sites.uef.fi\/themayaforest\/wp-json\/wp\/v2\/media?parent=42"}],"curies":[{"name":"wp","href":"https:\/\/api.w.org\/{rel}","templated":true}]}}