{"id":174,"date":"2020-06-23T15:19:59","date_gmt":"2020-06-23T12:19:59","guid":{"rendered":"https:\/\/sites.uef.fi\/tiedonhaku-kasvatus\/?page_id=174"},"modified":"2024-06-26T10:11:36","modified_gmt":"2024-06-26T07:11:36","slug":"kirjat-sarjat-ja-julkaisuraportit","status":"publish","type":"page","link":"https:\/\/sites.uef.fi\/tiedonhaku-kasvatus\/tieteelliset-julkaisut\/kirjat-sarjat-ja-julkaisuraportit\/","title":{"rendered":"Kirjat, sarjat ja julkaisuraportit"},"content":{"rendered":"\n<p>T\u00e4ss\u00e4 osiossa kerrotaan  <\/p>\n\n\n\n<ul class=\"wp-block-list\">\n<li>miten m\u00e4\u00e4ritell\u00e4\u00e4n kirja, sarja, kokoomateos ja konferenssijulkaisu<\/li>\n\n\n\n<li>vapaakappaleista, ja miten niit\u00e4 saa UEF-kirjastossa lukusalik\u00e4ytt\u00f6\u00f6n<\/li>\n<\/ul>\n\n\n\n<h2 class=\"wp-block-heading\"><strong>Kirja eli ns. monografia on kasvatustieteellisen tiedon perinteisin julkaisumuoto<\/strong><\/h2>\n\n\n\n<p>Humanistisilla ja yhteiskuntatieteen aloilla  kirjat ja kotimaisten kustantajien kautta julkaiseminen ovat tavallisempaa, kuin aloilla, joilla suositaan artikkelimuotoista julkaisemista, kuten luonnon- ja l\u00e4\u00e4ketieteess\u00e4 sek\u00e4 tekniikassa. Kasvatustieteellisenkin tutkimuksen julkaisemisen painopiste on viime vuosina siirtynyt yh\u00e4 enemm\u00e4n kansainv\u00e4liseen julkaisemiseen sek\u00e4 julkaisemiseen <strong>tieteellisiss\u00e4 lehdiss\u00e4<\/strong>. Lis\u00e4ksi alan oppi- ja tutkimuslaitokset, virastot ja laitokset julkaisevat runsaasti tutkimusraportteja, selvityksi\u00e4, katsauksia, oppimateriaaleja jne., joita julkaistaan niiden omissa julkaisusarjoissa. Nekin ovat nyky\u00e4\u00e4n usein s\u00e4hk\u00f6isess\u00e4 muodossa. <\/p>\n\n\n\n<p>Kirjoista saa vakiintuneen ja yleisesti hyv\u00e4ksytyn kokonaiskuvan ja taustatietoa aiheestaan. Aivan uusin tieto ei niist\u00e4 kuitenkaan l\u00f6ydy, koska tietokirjan julkaisuprosessi on melko hidas. Muutakin kirjallisuutta toki julkaistaan: esimerkiksi mielipidekirjoja, ja pamfletteja, jotka eiv\u00e4t v\u00e4ltt\u00e4m\u00e4tt\u00e4 sellaisenaan sovi tutkimuksen l\u00e4hteiksi, mutta sis\u00e4lt\u00e4v\u00e4t merkillepantavaa valtavirran kritiikki\u00e4. Kirjojen m\u00e4\u00e4r\u00e4 v\u00e4henee sit\u00e4 mukaa kuin lehtiartikkeleiden m\u00e4\u00e4r\u00e4 lis\u00e4\u00e4ntyy.<\/p>\n\n\n\n<p>Erikseen on muistettava UEF-Primon kautta k\u00e4ytett\u00e4v\u00e4t <strong>verkkokirjakokoelmat<\/strong>. Kirjojen tiedot linkkeineen l\u00f6ytyv\u00e4t UEF-Primosta. Kasvatusalan kannalta merkitt\u00e4vi\u00e4 e-kirjakokoelmia ovat <a href=\"https:\/\/primo.uef.fi\/discovery\/dbsearch?query=any,contains,Ebook%20Central.&amp;tab=jsearch_slot&amp;vid=358FIN_UOEF:VU1&amp;lang=fi&amp;offset=0&amp;databases=any,Ebook%20Central.\" target=\"_blank\" rel=\"noreferrer noopener\">Ebook Central<\/a> (linkki avautuu uuteen v\u00e4lilehteen) ja <a href=\"https:\/\/primo.uef.fi\/discovery\/dbsearch?query=any,contains,EBSCO%20eBook%20Collection.&amp;tab=jsearch_slot&amp;vid=358FIN_UOEF:VU1&amp;lang=fi&amp;offset=0&amp;databases=any,EBSCO%20eBook%20Collection.\" target=\"_blank\" rel=\"noreferrer noopener\">EBSCO eBook Collection<\/a> (linkki avautuu uuteen v\u00e4lilehteen). <a href=\"https:\/\/primo.uef.fi\/discovery\/dbfulldisplay?context=L&amp;vid=358FIN_UOEF:VU1&amp;docid=alma9911697683705966\" target=\"_blank\" rel=\"noreferrer noopener\">Ellibs<\/a> (linkki avautuu uuteen v\u00e4lilehteen) sis\u00e4lt\u00e4\u00e4 suomalaisia kirjoja, my\u00f6s kurssikirjoja.<\/p>\n\n\n\n<h2 class=\"wp-block-heading\">Kokoomateokset koostuvat artikkelityyppisist\u00e4 kirjoituksista<\/h2>\n\n\n\n<p>Osa kirjoista on ns. <strong>kokoomateoksia<\/strong>: ne koostuvat artikkelityypisist\u00e4 kirjoituksista, joilla jokaisella on oma kirjoittajansa. Kirjoituksilla on jokin yhteinen teema, jonka mukaan ne on koottu yhdeksi kirjaksi. Kokoomateoksella on aina toimittaja, joka ei v\u00e4ltt\u00e4m\u00e4tt\u00e4 ole kirjoittanut itse mit\u00e4\u00e4n, mutta joka on koonnut artikkelit yhteen kirjaksi.<\/p>\n\n\n\n<h2 class=\"wp-block-heading\">Sarjajulkaisut ovat tavallisia tutkimuslaitoksissa ja korkeakouluissa<\/h2>\n\n\n\n<p>Tutkimuslaitokset ja muut julkisorganisaatiot julkistavat ty\u00f6ns\u00e4 tulokset yleens\u00e4 julkaisusarjoissa. Esimerkiksi v\u00e4it\u00f6skirjat julkaistaan Suomessa yliopistojen sarjoissa l\u00e4hes poikkeuksetta. Siksi julkaisusarjat ovat t\u00e4rkeit\u00e4 tiedonl\u00e4hteit\u00e4.<\/p>\n\n\n\n<p>Sarjajulkaisu voi olla yksitt\u00e4inen kirja tai kokoomateos. Sarja ilmestyy tietyll\u00e4 nimell\u00e4 ja toistuvina osina aivan kuten lehtikin. Sarjat ja lehdet ovatkin yhteiselt\u00e4 nimelt\u00e4\u00e4n kausijulkaisut.<\/p>\n\n\n\n<p>Yleens\u00e4 sarjan eri osilla on omat teemansa tai aiheensa, kirjojen ja joskus lehtienkin tapaan. Sarjan osat eiv\u00e4t kuitenkaan ilmesty s\u00e4\u00e4nn\u00f6llisin v\u00e4lein kuten lehtien numerot. Sarjan osa ilmestyy, kun julkaisu on valmis. Osien vuosittainen m\u00e4\u00e4r\u00e4 voi sekin vaihdella.<\/p>\n\n\n\n<p>Kaikkein \u201dtieteellisimm\u00e4t\u201d uudet tulokset julkaistaan nykyisin mieluiten artikkelina vertaisarvioiduissa lehdiss\u00e4, mutta sarjajulkaisujen kautta v\u00e4litet\u00e4\u00e4n edelleenkin runsaasti raportti-, selvitys- ja tapaustutkimustyyppist\u00e4 tietoa.<\/p>\n\n\n\n<p>Vaikka sarjajulkaisu ei useinkaan ole vertaisarvioitu teos, se voi silti sopia l\u00e4hteeksi. Vertaisarvioimattomien sarjajulkaisujen soveltuminen tutkielman tai opinn\u00e4ytteen l\u00e4hteeksi riippuu kuitenkin tieteenalan k\u00e4yt\u00e4nn\u00f6ist\u00e4 ja siit\u00e4, kuinka tutkielman tekij\u00e4 tulkitsee ja k\u00e4ytt\u00e4\u00e4 l\u00e4hdett\u00e4 omassa ty\u00f6ss\u00e4\u00e4n.<\/p>\n\n\n\n<p>Viime vuosina paljon sarjajulkaisuja on siirtynyt vain verkossa julkaistaviksi, mik\u00e4 on heikent\u00e4nyt niiden l\u00f6ytyvyytt\u00e4 esim. kirjastotietokannoista. Sarjoja l\u00f6yt\u00e4\u00e4 paremmin eri organisaatioiden omista verkkojulkaisuj\u00e4rjestelmist\u00e4. Hakukoneiden tuloksiin voi my\u00f6s tarttua sarjajulkaisuja.<\/p>\n\n\n\n<figure class=\"wp-block-image alignleft wp-image-1805 size-full\"><img loading=\"lazy\" decoding=\"async\" width=\"1180\" height=\"513\" src=\"https:\/\/sites.uef.fi\/tiedonhaku-kasvatus\/wp-content\/uploads\/sites\/80\/2021\/06\/Screenshot_Kettukangas.png\" alt=\"Sama sarjajulkaisu on saatavilla sek\u00e4 verkossa ett\u00e4 painettuna sijainnissa P 0s. Ymp\u00e4r\u00f6ityin\u00e4 tekstiss\u00e4 on sinisell\u00e4 saatavuustiedot, punaisella ympyr\u00f6ityn\u00e4 sijaintimerkki P L 0s sek\u00e4 sarjan julkaisunumero 110.\" class=\"wp-image-1805\" srcset=\"https:\/\/sites.uef.fi\/tiedonhaku-kasvatus\/wp-content\/uploads\/sites\/80\/2021\/06\/Screenshot_Kettukangas.png 1180w, https:\/\/sites.uef.fi\/tiedonhaku-kasvatus\/wp-content\/uploads\/sites\/80\/2021\/06\/Screenshot_Kettukangas-300x130.png 300w, https:\/\/sites.uef.fi\/tiedonhaku-kasvatus\/wp-content\/uploads\/sites\/80\/2021\/06\/Screenshot_Kettukangas-1024x445.png 1024w, https:\/\/sites.uef.fi\/tiedonhaku-kasvatus\/wp-content\/uploads\/sites\/80\/2021\/06\/Screenshot_Kettukangas-768x334.png 768w\" sizes=\"auto, (max-width: 1180px) 100vw, 1180px\" \/><figcaption class=\"wp-element-caption\">Kuva: Sama sarjajulkaisu on saatavilla sek\u00e4 verkossa ett\u00e4 painettuna sijainnissa P L 0s. Kun haet kirjan hyllyst\u00e4, ota talteen sijainti, sarjan nimi sek\u00e4 julkaisunumero.<\/figcaption><\/figure>\n\n\n\n<p><\/p>\n\n\n\n<h2 class=\"wp-block-heading\">Konferenssijulkaisuissa esitell\u00e4\u00e4n uusimpia tutkimustuloksia<\/h2>\n\n\n\n<p>Uusia tutkimustuloksia esitell\u00e4\u00e4n aluksi tieteellisiss\u00e4 kokouksissa. Kokouksessa pidetyt esitelm\u00e4t tai niiden lyhennelm\u00e4t sek\u00e4 mahdollisesti posterit kootaan yleens\u00e4 kokousjulkaisun muotoon. T\u00e4m\u00e4 pyrit\u00e4\u00e4n tekem\u00e4\u00e4n mahdollisimman nopeasti, usein jopa ennen kokouksen alkua.<\/p>\n\n\n\n<p>Kansainv\u00e4listen kokousten julkaisut tunnistaa usein siit\u00e4, ett\u00e4 niiden nimess\u00e4 esiintyy sana \u201cproceedings\u201d. On kuitenkin hyv\u00e4 pit\u00e4\u00e4 mieless\u00e4, ett\u00e4 joskus sana proceedings voi esiinty\u00e4 my\u00f6s \u201ctavallisen\u201d lehden nimess\u00e4.<\/p>\n\n\n\t<div id=\"accordion-block_94637dc692974c63b95c269b2e7e3842\" class=\"accordions\">\n\t\t\t\t\t<div class=\"accordion accordion-js\">\n\t\t\t\t<button class=\"accordion__button\" aria-controls=\"content-2896\" aria-expanded=\"false\" id=\"accordion-control-2896\">\n\t\t\t\t\t<h3 class=\"accordion__heading\" >\n\t\t\t\t\t\tKirjojen arviointi\t\t\t\t\t<\/h3>\n\t\t\t\t<\/button>\n\t\t\t\t<div class=\"accordion__content\" role=\"region\" aria-labelledby=\"accordion-control-2896\" aria-hidden=\"true\" id=\"content-2896\">\n\t\t\t\t\t<p>Kirjojen laaduntarkkailu on kustantajien, kustannustoimittajien ja n\u00e4iden k\u00e4ytt\u00e4mien asiantuntijoiden vastuulla. Julkaisufoorumista voit hakea my\u00f6s kustantajan\/julkaisijan tieteellisyytt\u00e4. Tieteellisi\u00e4 kustantajia ovat mm. tieteelliset kaupalliset kustantajat, yliopistot, kotimaiset ja ulkomaiset tieteelliset seurat ja tietyt tutkimuslaitokset.<\/p>\n<p>Useilla aloilla julkaistaan paljon my\u00f6s alan ammattilaisille, yrityksille ja viranomaisille. Julkaisut eiv\u00e4t useinkaan t\u00e4yt\u00e4 tieteellisyyden kriteereit\u00e4. Ministeri\u00f6t, kunnat sek\u00e4 erilaiset j\u00e4rjest\u00f6t, seurat ja liitot julkaisevat selvitys- tai raporttityyppist\u00e4 kirjallisuutta ja my\u00f6s ammattilehdiss\u00e4 julkaistaan artikkeleita.<\/p>\n<p>Yleens\u00e4 neuvotaan suhtautumaan kriittisesti ammattilehtiin ja j\u00e4rjest\u00f6jen julkaisuihin, sanomalehtiin, hallinnon selvityksiin, pro gradu -t\u00f6ihin ja amk-opinn\u00e4ytet\u00f6ihin ja kirjallisuuteen, jossa ei ole laadukasta sis\u00e4llysluetteloa.<\/p>\n\t\t\t\t<\/div>\n\t\t\t<\/div>\n\t\t\t<\/div>\n\t\n\n\n<h2 class=\"wp-block-heading\">Vapaakappaleita voi k\u00e4ytt\u00e4\u00e4 kirjaston tiloissa<\/h2>\n\n\n\n<p>It\u00e4-Suomen yliopisto on yksi Suomen kuudesta ns. vapaakappalekirjastosta. <strong>Vapaakappalelakiin<\/strong> (<a href=\"http:\/\/www.finlex.fi\/fi\/laki\/alkup\/2007\/20071433\" target=\"_blank\" rel=\"noopener noreferrer\">Laki kulttuuriaineistojen tallettamisesta ja s\u00e4ilytt\u00e4misest\u00e4 1433\/2007,<\/a> linkki avautuu uuteen v\u00e4lilehteen) perustuen It\u00e4-Suomen yliopiston kirjasto on saanut kotimaisen aineiston vuodesta 1981 l\u00e4htien. Kokoelmaan kuuluu kirjoja, lehti\u00e4 ja karttoja. Aineistot ovat pyynn\u00f6st\u00e4 saatavilla lukusalik\u00e4ytt\u00f6\u00f6n kaikkiin It\u00e4-Suomen yliopiston kampuskirjastoihin.<\/p>\n\n\n\n<p>Vapaakappalekokoelma on lakis\u00e4\u00e4teisesti karttuva kotimaisten painettujen ja s\u00e4hk\u00f6isten aineistojen kokoelma (<a href=\"http:\/\/www.finlex.fi\/fi\/laki\/alkup\/2007\/20071433\" target=\"_blank\" rel=\"noreferrer noopener\">Laki kulttuuriaineistojen tallettamisesta ja s\u00e4ilytt\u00e4misest\u00e4 1433\/2007,<\/a> linkki avautuu uuteen v\u00e4lilehteen). Se sis\u00e4lt\u00e4\u00e4 Suomessa julkaistuja kirjoja, lehti\u00e4, nuotteja ja karttoja, verkkosivuja, tv- ja radio-ohjelmia sek\u00e4 pelej\u00e4, \u00e4\u00e4nitteit\u00e4 ja tallenteita. Vapaakappaleita voivat k\u00e4ytt\u00e4\u00e4 kirjaston tiloissa kaikki tietoa tarvitsevat. Aineistoa ei saa kotilainaksi.<\/p>\n\n\n\n<p>Kirjasto on saanut <strong>painetun<\/strong> kotimaisen aineiston vuodesta 1981 l\u00e4htien. Vapaakappalekokoelman tiedot&nbsp; n\u00e4kyv\u00e4t UEF-Primossa osittain vuodesta 2008 alkaen. Tietoja kotimaisista aineistoista voi hakea my\u00f6s <a href=\"https:\/\/kansalliskirjasto.finna.fi\/Search\/Results?limit=100&amp;type=AllFields&amp;filter%5B%5D=%7Ecollection%3A%22FEN%22\" target=\"_blank\" rel=\"noreferrer noopener\">Kansalliskirjaston tietokannasta<\/a> (linkki avautuu uuteen v\u00e4lilehteen). Linkiss\u00e4 on valmiina rajaus kansalliskokoelma Fennicaan).<\/p>\n\n\n\n<p>Maksuttoman pyynn\u00f6n voit tehd\u00e4 UEF-Primon kautta (kirjaudu omiin tietoihisi, niin saat varauslinkin n\u00e4kyviin) tai <a href=\"https:\/\/www.uef.fi\/fi\/kirjasto\/lomakkeet#paragraph-17157\" target=\"_blank\" rel=\"noreferrer noopener\">s\u00e4hk\u00f6isell\u00e4 lomakkeella<\/a> (linkki avautuu uuteen v\u00e4lilehteen). Saat ilmoituksen, kun aineisto on k\u00e4ytett\u00e4viss\u00e4.<\/p>\n\n\n\n<figure class=\"wp-block-image size-full\"><img loading=\"lazy\" decoding=\"async\" width=\"911\" height=\"344\" src=\"https:\/\/sites.uef.fi\/tiedonhaku-kasvatus\/wp-content\/uploads\/sites\/80\/2023\/07\/Vapaakappale_streetfood.png\" alt=\"Saatavilla kirjastossa-kohdassa on kampuskirjastokohtaisten saatavuustietojen lis\u00e4ksi Vapaakappalepyynt\u00f6, josta p\u00e4\u00e4see tekem\u00e4\u00e4n tilauspyynn\u00f6n vapaakappaleesta kampuskirjastolle.\" class=\"wp-image-3917\" srcset=\"https:\/\/sites.uef.fi\/tiedonhaku-kasvatus\/wp-content\/uploads\/sites\/80\/2023\/07\/Vapaakappale_streetfood.png 911w, https:\/\/sites.uef.fi\/tiedonhaku-kasvatus\/wp-content\/uploads\/sites\/80\/2023\/07\/Vapaakappale_streetfood-300x113.png 300w, https:\/\/sites.uef.fi\/tiedonhaku-kasvatus\/wp-content\/uploads\/sites\/80\/2023\/07\/Vapaakappale_streetfood-768x290.png 768w\" sizes=\"auto, (max-width: 911px) 100vw, 911px\" \/><figcaption class=\"wp-element-caption\">Kuva: Vapaakappale ei l\u00f6ydy kirjaston hyllyst\u00e4, vaan se on tilattava lukusalik\u00e4ytt\u00f6\u00f6n<\/figcaption><\/figure>\n\n\n\n<p><strong>Digitaalinen aineisto<\/strong> on k\u00e4ytett\u00e4viss\u00e4 kirjaston vapaakappalety\u00f6asemilla. Lis\u00e4tietoja vapaakappalekokoelmasta ja sen k\u00e4yt\u00f6st\u00e4 l\u00f6yd\u00e4t <a href=\"https:\/\/www.uef.fi\/fi\/kirjasto\/vapaakappaleet\" target=\"_blank\" rel=\"noreferrer noopener\">UEF-kirjaston verkkosivuilta<\/a> (linkki avautuu uuteen v\u00e4lilehteen).<\/p>\n\n\n\n<div class=\"links-block\">\n\n            <h3>Siirry seuraavaan osioon:<\/h3>\n    \n    <ul class=\"link-list\">\n        \n            \n            <li class=\"link-list-item\">\n                <a href=\"https:\/\/sites.uef.fi\/tiedonhaku-kasvatus\/lehdet\/\" class=\"link-reset link hover-scale-down\">\n                    <svg\n        width=\"43\" height=\"25\"\n        viewBox=\"0 0 43 25\"\n        xmlns=\"http:\/\/www.w3.org\/2000\/svg\">\n    <path\n        d=\"M30.027 0 43 12.5 30.027 25 27 22.083 34.351 15H0v-5h34.351L27 2.917z\"\n        fill=\"currentColor\"\n        fill-rule=\"evenodd\"\/>\n<\/svg>                    <div>Lehdet<\/div>\n                <\/a>\n                <div class=\"link-info\">\n                                    <\/div>\n            <\/li>\n\n                <\/ul>\n<\/div>","protected":false},"excerpt":{"rendered":"<p>T\u00e4ss\u00e4 osiossa kerrotaan Kirja eli ns. monografia on kasvatustieteellisen tiedon perinteisin julkaisumuoto Humanistisilla ja yhteiskuntatieteen aloilla kirjat ja kotimaisten kustantajien kautta julkaiseminen ovat tavallisempaa, kuin aloilla, joilla suositaan artikkelimuotoista julkaisemista, kuten luonnon- ja l\u00e4\u00e4ketieteess\u00e4 sek\u00e4 tekniikassa. Kasvatustieteellisenkin tutkimuksen julkaisemisen painopiste on viime vuosina siirtynyt yh\u00e4 enemm\u00e4n kansainv\u00e4liseen julkaisemiseen sek\u00e4 julkaisemiseen tieteellisiss\u00e4 lehdiss\u00e4. Lis\u00e4ksi alan oppi- [&hellip;]<\/p>\n","protected":false},"author":171,"featured_media":0,"parent":94,"menu_order":2,"comment_status":"closed","ping_status":"closed","template":"","meta":{"_acf_changed":false,"_monsterinsights_skip_tracking":false,"_monsterinsights_sitenote_active":false,"_monsterinsights_sitenote_note":"","_monsterinsights_sitenote_category":0,"footnotes":""},"class_list":["post-174","page","type-page","status-publish","hentry"],"acf":[],"yoast_head":"<!-- This site is optimized with the Yoast SEO plugin v27.1.1 - https:\/\/yoast.com\/product\/yoast-seo-wordpress\/ -->\n<title>Kirjat, sarjat ja julkaisuraportit - Kasvatustieteiden tiedonhaku \/\/ UEF-kirjasto<\/title>\n<meta name=\"robots\" content=\"index, follow, max-snippet:-1, max-image-preview:large, max-video-preview:-1\" \/>\n<link rel=\"canonical\" href=\"https:\/\/sites.uef.fi\/tiedonhaku-kasvatus\/tieteelliset-julkaisut\/kirjat-sarjat-ja-julkaisuraportit\/\" \/>\n<meta property=\"og:locale\" content=\"fi_FI\" \/>\n<meta property=\"og:type\" content=\"article\" \/>\n<meta property=\"og:title\" content=\"Kirjat, sarjat ja julkaisuraportit - Kasvatustieteiden tiedonhaku \/\/ UEF-kirjasto\" \/>\n<meta property=\"og:description\" content=\"T\u00e4ss\u00e4 osiossa kerrotaan Kirja eli ns. monografia on kasvatustieteellisen tiedon perinteisin julkaisumuoto Humanistisilla ja yhteiskuntatieteen aloilla kirjat ja kotimaisten kustantajien kautta julkaiseminen ovat tavallisempaa, kuin aloilla, joilla suositaan artikkelimuotoista julkaisemista, kuten luonnon- ja l\u00e4\u00e4ketieteess\u00e4 sek\u00e4 tekniikassa. Kasvatustieteellisenkin tutkimuksen julkaisemisen painopiste on viime vuosina siirtynyt yh\u00e4 enemm\u00e4n kansainv\u00e4liseen julkaisemiseen sek\u00e4 julkaisemiseen tieteellisiss\u00e4 lehdiss\u00e4. Lis\u00e4ksi alan oppi- [&hellip;]\" \/>\n<meta property=\"og:url\" content=\"https:\/\/sites.uef.fi\/tiedonhaku-kasvatus\/tieteelliset-julkaisut\/kirjat-sarjat-ja-julkaisuraportit\/\" \/>\n<meta property=\"og:site_name\" content=\"Kasvatustieteiden tiedonhaku \/\/ UEF-kirjasto\" \/>\n<meta property=\"article:modified_time\" content=\"2024-06-26T07:11:36+00:00\" \/>\n<meta property=\"og:image\" content=\"https:\/\/sites.uef.fi\/tiedonhaku-kasvatus\/wp-content\/uploads\/sites\/80\/2021\/06\/Screenshot_Kettukangas.png\" \/>\n<meta name=\"twitter:card\" content=\"summary_large_image\" \/>\n<meta name=\"twitter:label1\" content=\"Arvioitu lukuaika\" \/>\n\t<meta name=\"twitter:data1\" content=\"5 minuuttia\" \/>\n<script type=\"application\/ld+json\" class=\"yoast-schema-graph\">{\"@context\":\"https:\/\/schema.org\",\"@graph\":[{\"@type\":\"WebPage\",\"@id\":\"https:\/\/sites.uef.fi\/tiedonhaku-kasvatus\/tieteelliset-julkaisut\/kirjat-sarjat-ja-julkaisuraportit\/\",\"url\":\"https:\/\/sites.uef.fi\/tiedonhaku-kasvatus\/tieteelliset-julkaisut\/kirjat-sarjat-ja-julkaisuraportit\/\",\"name\":\"Kirjat, sarjat ja julkaisuraportit - Kasvatustieteiden tiedonhaku \/\/ UEF-kirjasto\",\"isPartOf\":{\"@id\":\"https:\/\/sites.uef.fi\/tiedonhaku-kasvatus\/#website\"},\"primaryImageOfPage\":{\"@id\":\"https:\/\/sites.uef.fi\/tiedonhaku-kasvatus\/tieteelliset-julkaisut\/kirjat-sarjat-ja-julkaisuraportit\/#primaryimage\"},\"image\":{\"@id\":\"https:\/\/sites.uef.fi\/tiedonhaku-kasvatus\/tieteelliset-julkaisut\/kirjat-sarjat-ja-julkaisuraportit\/#primaryimage\"},\"thumbnailUrl\":\"https:\/\/sites.uef.fi\/tiedonhaku-kasvatus\/wp-content\/uploads\/sites\/80\/2021\/06\/Screenshot_Kettukangas.png\",\"datePublished\":\"2020-06-23T12:19:59+00:00\",\"dateModified\":\"2024-06-26T07:11:36+00:00\",\"breadcrumb\":{\"@id\":\"https:\/\/sites.uef.fi\/tiedonhaku-kasvatus\/tieteelliset-julkaisut\/kirjat-sarjat-ja-julkaisuraportit\/#breadcrumb\"},\"inLanguage\":\"fi\",\"potentialAction\":[{\"@type\":\"ReadAction\",\"target\":[\"https:\/\/sites.uef.fi\/tiedonhaku-kasvatus\/tieteelliset-julkaisut\/kirjat-sarjat-ja-julkaisuraportit\/\"]}]},{\"@type\":\"ImageObject\",\"inLanguage\":\"fi\",\"@id\":\"https:\/\/sites.uef.fi\/tiedonhaku-kasvatus\/tieteelliset-julkaisut\/kirjat-sarjat-ja-julkaisuraportit\/#primaryimage\",\"url\":\"https:\/\/sites.uef.fi\/tiedonhaku-kasvatus\/wp-content\/uploads\/sites\/80\/2021\/06\/Screenshot_Kettukangas.png\",\"contentUrl\":\"https:\/\/sites.uef.fi\/tiedonhaku-kasvatus\/wp-content\/uploads\/sites\/80\/2021\/06\/Screenshot_Kettukangas.png\",\"width\":1180,\"height\":513,\"caption\":\"Sama sarjajulkaisu on saatavilla sek\u00e4 verkossa ett\u00e4 painettuna sijainnissa P L 0s. Kun haet kirjan hyllyst\u00e4, ota talteen sijainti, sarjan nimi sek\u00e4 julkaisunumero.\"},{\"@type\":\"BreadcrumbList\",\"@id\":\"https:\/\/sites.uef.fi\/tiedonhaku-kasvatus\/tieteelliset-julkaisut\/kirjat-sarjat-ja-julkaisuraportit\/#breadcrumb\",\"itemListElement\":[{\"@type\":\"ListItem\",\"position\":1,\"name\":\"Home\",\"item\":\"https:\/\/sites.uef.fi\/tiedonhaku-kasvatus\/\"},{\"@type\":\"ListItem\",\"position\":2,\"name\":\"Tieteelliset julkaisut\",\"item\":\"https:\/\/sites.uef.fi\/tiedonhaku-kasvatus\/tieteelliset-julkaisut\/\"},{\"@type\":\"ListItem\",\"position\":3,\"name\":\"Kirjat, sarjat ja julkaisuraportit\"}]},{\"@type\":\"WebSite\",\"@id\":\"https:\/\/sites.uef.fi\/tiedonhaku-kasvatus\/#website\",\"url\":\"https:\/\/sites.uef.fi\/tiedonhaku-kasvatus\/\",\"name\":\"Kasvatustieteiden tiedonhaku \/\/ UEF-kirjasto\",\"description\":\"\",\"potentialAction\":[{\"@type\":\"SearchAction\",\"target\":{\"@type\":\"EntryPoint\",\"urlTemplate\":\"https:\/\/sites.uef.fi\/tiedonhaku-kasvatus\/?s={search_term_string}\"},\"query-input\":{\"@type\":\"PropertyValueSpecification\",\"valueRequired\":true,\"valueName\":\"search_term_string\"}}],\"inLanguage\":\"fi\"}]}<\/script>\n<!-- \/ Yoast SEO plugin. -->","yoast_head_json":{"title":"Kirjat, sarjat ja julkaisuraportit - Kasvatustieteiden tiedonhaku \/\/ UEF-kirjasto","robots":{"index":"index","follow":"follow","max-snippet":"max-snippet:-1","max-image-preview":"max-image-preview:large","max-video-preview":"max-video-preview:-1"},"canonical":"https:\/\/sites.uef.fi\/tiedonhaku-kasvatus\/tieteelliset-julkaisut\/kirjat-sarjat-ja-julkaisuraportit\/","og_locale":"fi_FI","og_type":"article","og_title":"Kirjat, sarjat ja julkaisuraportit - Kasvatustieteiden tiedonhaku \/\/ UEF-kirjasto","og_description":"T\u00e4ss\u00e4 osiossa kerrotaan Kirja eli ns. monografia on kasvatustieteellisen tiedon perinteisin julkaisumuoto Humanistisilla ja yhteiskuntatieteen aloilla kirjat ja kotimaisten kustantajien kautta julkaiseminen ovat tavallisempaa, kuin aloilla, joilla suositaan artikkelimuotoista julkaisemista, kuten luonnon- ja l\u00e4\u00e4ketieteess\u00e4 sek\u00e4 tekniikassa. Kasvatustieteellisenkin tutkimuksen julkaisemisen painopiste on viime vuosina siirtynyt yh\u00e4 enemm\u00e4n kansainv\u00e4liseen julkaisemiseen sek\u00e4 julkaisemiseen tieteellisiss\u00e4 lehdiss\u00e4. Lis\u00e4ksi alan oppi- [&hellip;]","og_url":"https:\/\/sites.uef.fi\/tiedonhaku-kasvatus\/tieteelliset-julkaisut\/kirjat-sarjat-ja-julkaisuraportit\/","og_site_name":"Kasvatustieteiden tiedonhaku \/\/ UEF-kirjasto","article_modified_time":"2024-06-26T07:11:36+00:00","og_image":[{"url":"https:\/\/sites.uef.fi\/tiedonhaku-kasvatus\/wp-content\/uploads\/sites\/80\/2021\/06\/Screenshot_Kettukangas.png","type":"","width":"","height":""}],"twitter_card":"summary_large_image","twitter_misc":{"Arvioitu lukuaika":"5 minuuttia"},"schema":{"@context":"https:\/\/schema.org","@graph":[{"@type":"WebPage","@id":"https:\/\/sites.uef.fi\/tiedonhaku-kasvatus\/tieteelliset-julkaisut\/kirjat-sarjat-ja-julkaisuraportit\/","url":"https:\/\/sites.uef.fi\/tiedonhaku-kasvatus\/tieteelliset-julkaisut\/kirjat-sarjat-ja-julkaisuraportit\/","name":"Kirjat, sarjat ja julkaisuraportit - Kasvatustieteiden tiedonhaku \/\/ UEF-kirjasto","isPartOf":{"@id":"https:\/\/sites.uef.fi\/tiedonhaku-kasvatus\/#website"},"primaryImageOfPage":{"@id":"https:\/\/sites.uef.fi\/tiedonhaku-kasvatus\/tieteelliset-julkaisut\/kirjat-sarjat-ja-julkaisuraportit\/#primaryimage"},"image":{"@id":"https:\/\/sites.uef.fi\/tiedonhaku-kasvatus\/tieteelliset-julkaisut\/kirjat-sarjat-ja-julkaisuraportit\/#primaryimage"},"thumbnailUrl":"https:\/\/sites.uef.fi\/tiedonhaku-kasvatus\/wp-content\/uploads\/sites\/80\/2021\/06\/Screenshot_Kettukangas.png","datePublished":"2020-06-23T12:19:59+00:00","dateModified":"2024-06-26T07:11:36+00:00","breadcrumb":{"@id":"https:\/\/sites.uef.fi\/tiedonhaku-kasvatus\/tieteelliset-julkaisut\/kirjat-sarjat-ja-julkaisuraportit\/#breadcrumb"},"inLanguage":"fi","potentialAction":[{"@type":"ReadAction","target":["https:\/\/sites.uef.fi\/tiedonhaku-kasvatus\/tieteelliset-julkaisut\/kirjat-sarjat-ja-julkaisuraportit\/"]}]},{"@type":"ImageObject","inLanguage":"fi","@id":"https:\/\/sites.uef.fi\/tiedonhaku-kasvatus\/tieteelliset-julkaisut\/kirjat-sarjat-ja-julkaisuraportit\/#primaryimage","url":"https:\/\/sites.uef.fi\/tiedonhaku-kasvatus\/wp-content\/uploads\/sites\/80\/2021\/06\/Screenshot_Kettukangas.png","contentUrl":"https:\/\/sites.uef.fi\/tiedonhaku-kasvatus\/wp-content\/uploads\/sites\/80\/2021\/06\/Screenshot_Kettukangas.png","width":1180,"height":513,"caption":"Sama sarjajulkaisu on saatavilla sek\u00e4 verkossa ett\u00e4 painettuna sijainnissa P L 0s. Kun haet kirjan hyllyst\u00e4, ota talteen sijainti, sarjan nimi sek\u00e4 julkaisunumero."},{"@type":"BreadcrumbList","@id":"https:\/\/sites.uef.fi\/tiedonhaku-kasvatus\/tieteelliset-julkaisut\/kirjat-sarjat-ja-julkaisuraportit\/#breadcrumb","itemListElement":[{"@type":"ListItem","position":1,"name":"Home","item":"https:\/\/sites.uef.fi\/tiedonhaku-kasvatus\/"},{"@type":"ListItem","position":2,"name":"Tieteelliset julkaisut","item":"https:\/\/sites.uef.fi\/tiedonhaku-kasvatus\/tieteelliset-julkaisut\/"},{"@type":"ListItem","position":3,"name":"Kirjat, sarjat ja julkaisuraportit"}]},{"@type":"WebSite","@id":"https:\/\/sites.uef.fi\/tiedonhaku-kasvatus\/#website","url":"https:\/\/sites.uef.fi\/tiedonhaku-kasvatus\/","name":"Kasvatustieteiden tiedonhaku \/\/ UEF-kirjasto","description":"","potentialAction":[{"@type":"SearchAction","target":{"@type":"EntryPoint","urlTemplate":"https:\/\/sites.uef.fi\/tiedonhaku-kasvatus\/?s={search_term_string}"},"query-input":{"@type":"PropertyValueSpecification","valueRequired":true,"valueName":"search_term_string"}}],"inLanguage":"fi"}]}},"_links":{"self":[{"href":"https:\/\/sites.uef.fi\/tiedonhaku-kasvatus\/wp-json\/wp\/v2\/pages\/174","targetHints":{"allow":["GET"]}}],"collection":[{"href":"https:\/\/sites.uef.fi\/tiedonhaku-kasvatus\/wp-json\/wp\/v2\/pages"}],"about":[{"href":"https:\/\/sites.uef.fi\/tiedonhaku-kasvatus\/wp-json\/wp\/v2\/types\/page"}],"author":[{"embeddable":true,"href":"https:\/\/sites.uef.fi\/tiedonhaku-kasvatus\/wp-json\/wp\/v2\/users\/171"}],"replies":[{"embeddable":true,"href":"https:\/\/sites.uef.fi\/tiedonhaku-kasvatus\/wp-json\/wp\/v2\/comments?post=174"}],"version-history":[{"count":2,"href":"https:\/\/sites.uef.fi\/tiedonhaku-kasvatus\/wp-json\/wp\/v2\/pages\/174\/revisions"}],"predecessor-version":[{"id":4962,"href":"https:\/\/sites.uef.fi\/tiedonhaku-kasvatus\/wp-json\/wp\/v2\/pages\/174\/revisions\/4962"}],"up":[{"embeddable":true,"href":"https:\/\/sites.uef.fi\/tiedonhaku-kasvatus\/wp-json\/wp\/v2\/pages\/94"}],"wp:attachment":[{"href":"https:\/\/sites.uef.fi\/tiedonhaku-kasvatus\/wp-json\/wp\/v2\/media?parent=174"}],"curies":[{"name":"wp","href":"https:\/\/api.w.org\/{rel}","templated":true}]}}