{"id":192,"date":"2020-06-23T15:30:17","date_gmt":"2020-06-23T12:30:17","guid":{"rendered":"https:\/\/sites.uef.fi\/tiedonhaku-kasvatus\/?page_id=192"},"modified":"2025-06-19T14:44:56","modified_gmt":"2025-06-19T11:44:56","slug":"lehdet","status":"publish","type":"page","link":"https:\/\/sites.uef.fi\/tiedonhaku-kasvatus\/lehdet\/","title":{"rendered":"Lehdet"},"content":{"rendered":"\n<p>Kasvatustieteellisen tutkimuksen julkaisemisen painopiste on siirtynyt monografioista&nbsp; <strong>kansainv\u00e4liseen julkaisemiseen sek\u00e4 julkaisemiseen tieteellisiss\u00e4 lehdiss\u00e4<\/strong>. Englanti on yh\u00e4 edelleen vahvistanut asemiaan tutkimuksen kielen\u00e4. Kansallisten kielten (suomi, ruotsi, ym.) merkitys on v\u00e4hentynyt.<\/p>\n\n\n\n<h2 class=\"wp-block-heading\">Tarjonta on kasvanut ja monipuolistunut<\/h2>\n\n\n\n<p>Tieteellisen lehden perusidea on, ett\u00e4 alan asiantuntijat arvioivat artikkelit ennen niiden julkaisua, ns. <a href=\"https:\/\/sites.uef.fi\/tiedonhaku-kasvatus\/mista-tiedan-onko-julkaisu-tieteellinen\/\"><strong>referee-menettely<\/strong>ss\u00e4<\/a>. Lehtiartikkeleiden tarjonnan lis\u00e4\u00e4ntyminen tarkoittaa, ett\u00e4 monet artikkelit odottavat arviointia ja siten julkaisuvuoroaan tunnetuissa lehdiss\u00e4 useamman kuukauden. Siksi niist\u00e4 on tarjolla my\u00f6s In Press -tyyppisi\u00e4 versioita, sek\u00e4 k\u00e4sikirjoituksia, joita ei ole viel\u00e4 hyv\u00e4ksytty. Ota huomioon, ett\u00e4 n\u00e4it\u00e4 ei siis ole viel\u00e4 vertaisarvioitu.<\/p>\n\n\n\n<h2 class=\"wp-block-heading\">Lehtien selaus<\/h2>\n\n\n\n<p>It\u00e4-Suomen yliopiston kirjaston elektroniset lehdet l\u00f6ytyv\u00e4t UEF-Primon <strong>lehtihaun<\/strong> avulla. Lehdet on j\u00e4rjestetty my\u00f6s kategorian mukaan. Kasvatustiede l\u00f6ytyy sosiaalitieteiden alta (Lehtihaku -&gt; Lehdet kategorian mukaan -&gt; Sosiaalitieteet -&gt; Kasvatustiede). Kasvatusalan lehti\u00e4 on It\u00e4-Suomen yliopiston k\u00e4yt\u00f6ss\u00e4 yli 1800, suurin osa s\u00e4hk\u00f6isen\u00e4 (19.6.2025).<\/p>\n\n\n\n<p>Voit selata my\u00f6s yksitt\u00e4isill\u00e4 <strong>hakusanoilla <\/strong>tai hakulauseilla (esimerkiksi craft* tai education AND media). Muista silloin, ett\u00e4 kannattaa hakea my\u00f6s englanniksi, ja tuloksena on l\u00e4hinn\u00e4 lehti\u00e4, joiden nimiss\u00e4 sana esiintyy.<\/p>\n\n\n\n<figure class=\"wp-block-image size-full\"><img loading=\"lazy\" decoding=\"async\" width=\"893\" height=\"943\" src=\"https:\/\/sites.uef.fi\/tiedonhaku-kasvatus\/wp-content\/uploads\/sites\/80\/2024\/06\/Primon-lehtihaku.png\" alt=\"Kuvakaappaus UEF-Primon lehtihausta. Lehden tietojen alapuolella on linkki Primon kautta lehteen(Saatavilla verkossa) ja linkki lehden sis\u00e4lt\u00f6ihin Browzine-palvelussa (N\u00e4yt\u00e4 lehti\/View issue.\" class=\"wp-image-4794\" srcset=\"https:\/\/sites.uef.fi\/tiedonhaku-kasvatus\/wp-content\/uploads\/sites\/80\/2024\/06\/Primon-lehtihaku.png 893w, https:\/\/sites.uef.fi\/tiedonhaku-kasvatus\/wp-content\/uploads\/sites\/80\/2024\/06\/Primon-lehtihaku-284x300.png 284w, https:\/\/sites.uef.fi\/tiedonhaku-kasvatus\/wp-content\/uploads\/sites\/80\/2024\/06\/Primon-lehtihaku-768x811.png 768w\" sizes=\"auto, (max-width: 893px) 100vw, 893px\" \/><\/figure>\n\n\n\n<p>Kuva: UEF-Primon lehtihaku<\/p>\n\n\n\n<h2 class=\"wp-block-heading\">Kotimaisia kasvatustieteen aikakausjulkaisuja<\/h2>\n\n\n\n<p>Merkitt\u00e4vimm\u00e4t kotimaiset kasvatustieteelliset aikakauslehdet ovat Kasvatus ja Aikuiskasvatus. Ammatilliseen koulutukseen liittyv\u00e4\u00e4 tieteellist\u00e4 tutkimusta julkaistaan <a href=\"https:\/\/akakk.fi\/\" target=\"_blank\" rel=\"noreferrer noopener\">Ammattikasvatuksen aikakauskirjassa<\/a> (linkki avautuu uuteen v\u00e4lilehteen).<\/p>\n\n\n\n<figure class=\"wp-block-image aligncenter size-full\"><img loading=\"lazy\" decoding=\"async\" width=\"132\" height=\"190\" src=\"https:\/\/sites.uef.fi\/tiedonhaku-kasvatus\/wp-content\/uploads\/sites\/80\/2020\/06\/Kasvatus.png\" alt=\"Kasvatuslehden kannessa on vaalean violetilla pohjalla violetins\u00e4vyisi\u00e4 palloja, jotka on sijoitettu horisonttiin et\u00e4\u00e4ntyv\u00e4ksi jonoksi.\" class=\"wp-image-615\" \/><\/figure>\n\n\n\n<p><a href=\"https:\/\/primo.uef.fi\/discovery\/jfulldisplay?context=L&amp;vid=358FIN_UOEF:VU1&amp;tab=jsearch_slot&amp;docid=alma9914828128105966\" target=\"_blank\" rel=\"noreferrer noopener\">Kasvatus-lehte\u00e4<\/a> (linkki avautuu uuteen v\u00e4lilehteen) julkaisee Suomen kasvatustieteellinen seura. <a href=\"https:\/\/journal.fi\/kasvatus\" target=\"_blank\" rel=\"noreferrer noopener\">Journal.fi<\/a> (linkki avautuu uuteen v\u00e4lilehteen) -palvelun kautta on julkaisu avoimesti saatavilla 2021 l\u00e4htien (ei viimeisin vuosi). Hae artikkeleita <a href=\"http:\/\/www.finna.fi\" target=\"_blank\" rel=\"noopener noreferrer\">Kansallisesta Finnasta<\/a> (linkki avautuu uuteen v\u00e4lilehteen).<\/p>\n\n\n\n<figure class=\"wp-block-image aligncenter size-full\"><img loading=\"lazy\" decoding=\"async\" width=\"260\" height=\"382\" src=\"https:\/\/sites.uef.fi\/tiedonhaku-kasvatus\/wp-content\/uploads\/sites\/80\/2020\/06\/Aikuiskasvatus.png\" alt=\"Aikuiskasvatuksen kansi on sinis\u00e4vyinen. Siluettina n\u00e4kyy ihmishahmoja, yksi sateenvarjon kanssa, ja lintuja\" class=\"wp-image-609\" srcset=\"https:\/\/sites.uef.fi\/tiedonhaku-kasvatus\/wp-content\/uploads\/sites\/80\/2020\/06\/Aikuiskasvatus.png 260w, https:\/\/sites.uef.fi\/tiedonhaku-kasvatus\/wp-content\/uploads\/sites\/80\/2020\/06\/Aikuiskasvatus-204x300.png 204w\" sizes=\"auto, (max-width: 260px) 100vw, 260px\" \/><\/figure>\n\n\n\n<p><a href=\"https:\/\/primo.uef.fi\/discovery\/jsearch?query=any,contains,Aikuiskasvatus&amp;tab=jsearch_slot&amp;vid=358FIN_UOEF:VU1&amp;lang=fi&amp;offset=0&amp;journals=any,Aikuiskasvatus\" target=\"_blank\" rel=\"noreferrer noopener\">Aikuiskasvatus-lehte\u00e4<\/a> (linkki avautuu uuteen v\u00e4lilehteen) julkaisevat Aikuiskasvatuksen tutkimusseura sek\u00e4 Kansanvalistusseura. Lehden koko julkaisuarkisto on digitoituna vuodesta 1981 l\u00e4htien Journal.fi-palvelussa. Hae artikkeleita <a href=\"http:\/\/www.finna.fi\" target=\"_blank\" rel=\"noopener noreferrer\">Kansallisesta Finnasta<\/a> (linkki avautuu uuteen v\u00e4lilehteen) tai lehden sivulta <a href=\"https:\/\/journal.fi\/aikuiskasvatus\/search\" target=\"_blank\" rel=\"noopener noreferrer\">journal.fi-palvelussa<\/a> (linkki avautuu uuteen v\u00e4lilehteen).<\/p>\n\n\n\n<figure class=\"wp-block-image aligncenter size-full\"><img loading=\"lazy\" decoding=\"async\" width=\"322\" height=\"468\" src=\"https:\/\/sites.uef.fi\/tiedonhaku-kasvatus\/wp-content\/uploads\/sites\/80\/2020\/06\/Ammattikasvatuksen_aikakauskirja.png\" alt=\"Ammattikasvatuksen aikakauskirjan kannessa on vihre\u00e4s\u00e4vyisi\u00e4 aaltoilevia nauhoja.\" class=\"wp-image-612\" srcset=\"https:\/\/sites.uef.fi\/tiedonhaku-kasvatus\/wp-content\/uploads\/sites\/80\/2020\/06\/Ammattikasvatuksen_aikakauskirja.png 322w, https:\/\/sites.uef.fi\/tiedonhaku-kasvatus\/wp-content\/uploads\/sites\/80\/2020\/06\/Ammattikasvatuksen_aikakauskirja-206x300.png 206w\" sizes=\"auto, (max-width: 322px) 100vw, 322px\" \/><\/figure>\n\n\n\n<p>Ammattikasvatuksen aikakauskirjan julkaisija on Ammatillisen koulutuksen tutkimusseura OTTU ry. Lehdell\u00e4 on s\u00e4hk\u00f6inen arkisto. Artikkeliviitteet l\u00f6ytyv\u00e4t <a href=\"http:\/\/www.finna.fi\" target=\"_blank\" rel=\"noopener noreferrer\">Kansallisesta Finnasta<\/a> (linkki avautuu uuteen v\u00e4lilehteen).<\/p>\n\n\n\n<p>Muita<a href=\"https:\/\/sites.uef.fi\/tiedonhaku-kasvatus\/mista-tiedan-onko-julkaisu-tieteellinen\/\"> <strong>Julkaisufoorumissa<\/strong><\/a> luokiteltuja Suomessa julkaistuja lehti\u00e4 ovat esimerkiksi <a href=\"https:\/\/lehti.yliopistopedagogiikka.fi\/\" target=\"_blank\" rel=\"noopener noreferrer\">Yliopistopedagogiikka<\/a> (ent. Peda-Forum), <a href=\"https:\/\/journal.fi\/kasvatusjaaika\" target=\"_blank\" rel=\"noreferrer noopener\">Kasvatus ja aika<\/a>, <a href=\"https:\/\/bulletin.nmi.fi\/\" target=\"_blank\" rel=\"noopener\">NMI-Bulletin<\/a>, <a href=\"https:\/\/journal.fi\/jecer\" target=\"_blank\" rel=\"noreferrer noopener\">Journal of Early Childhood Education Research<\/a>, <a href=\"https:\/\/browzine.com\/libraries\/1029\/journals\/354129\/issues\/current\" target=\"_blank\" rel=\"noreferrer noopener\">Sosiaalipedagoginen aikakauskirja<\/a><a href=\"https:\/\/browzine.com\/libraries\/1029\/journals\/354129\/issues\/current\" target=\"_blank\" rel=\"noopener\">)<\/a>, jne (linkit avautuvat uuteen v\u00e4lilehteen). Lis\u00e4ksi Suomessa ilmestyy kasvatusalan ammatti- ja j\u00e4rjest\u00f6lehti\u00e4, esim. Opettaja, VOL-lehti.<\/p>\n\n\n\n<figure class=\"wp-block-image size-full\"><img loading=\"lazy\" decoding=\"async\" width=\"986\" height=\"767\" src=\"https:\/\/sites.uef.fi\/tiedonhaku-kasvatus\/wp-content\/uploads\/sites\/80\/2025\/06\/Primo_kasvatustiede_lehtivalinnat.png\" alt=\"Kuvakaappaus UEF-Primosta. Lehtihaku -hakutyyppi tuo esille my\u00f6s lehdet kategorian mukaan. Kasvatustiede l\u00f6ytyy valikosta Sosiaalitieteiden alta.\" class=\"wp-image-5256\" srcset=\"https:\/\/sites.uef.fi\/tiedonhaku-kasvatus\/wp-content\/uploads\/sites\/80\/2025\/06\/Primo_kasvatustiede_lehtivalinnat.png 986w, https:\/\/sites.uef.fi\/tiedonhaku-kasvatus\/wp-content\/uploads\/sites\/80\/2025\/06\/Primo_kasvatustiede_lehtivalinnat-300x233.png 300w, https:\/\/sites.uef.fi\/tiedonhaku-kasvatus\/wp-content\/uploads\/sites\/80\/2025\/06\/Primo_kasvatustiede_lehtivalinnat-768x597.png 768w\" sizes=\"auto, (max-width: 986px) 100vw, 986px\" \/><figcaption class=\"wp-element-caption\">Kasvatustiede l\u00f6ytyy lehtikategoriasta sosiaalitieteiden alta.<\/figcaption><\/figure>\n\n\n\n<p>Julkaisufoorumista lis\u00e4\u00e4 osiossa <a href=\"https:\/\/sites.uef.fi\/tiedonhaku-kasvatus\/mista-tiedan-onko-julkaisu-tieteellinen\/\">Mist\u00e4 tied\u00e4n, onko julkaisu tieteellinen?<\/a><\/p>\n\n\n\n<p>Kotimaisten lehtiartikkeleiden hausta lis\u00e4\u00e4 osiossa <a href=\"https:\/\/sites.uef.fi\/tiedonhaku-kasvatus\/tiedonlahteet-ja-tietokannat\/kotimaisten-artikkeleiden-haku\/\">Tiedonl\u00e4hteet ja tietokannat<\/a><\/p>\n\n\n\n<div class=\"links-block\">\n\n            <h3>Siirry seuraavaan osioon:<\/h3>\n    \n    <ul class=\"link-list\">\n        \n            \n            <li class=\"link-list-item\">\n                <a href=\"https:\/\/sites.uef.fi\/tiedonhaku-kasvatus\/internetin-tiedonlahteet\/\" class=\"link-reset link hover-scale-down\">\n                    <svg\n        width=\"43\" height=\"25\"\n        viewBox=\"0 0 43 25\"\n        xmlns=\"http:\/\/www.w3.org\/2000\/svg\">\n    <path\n        d=\"M30.027 0 43 12.5 30.027 25 27 22.083 34.351 15H0v-5h34.351L27 2.917z\"\n        fill=\"currentColor\"\n        fill-rule=\"evenodd\"\/>\n<\/svg>                    <div>Internetin tiedonl\u00e4hteet<\/div>\n                <\/a>\n                <div class=\"link-info\">\n                                    <\/div>\n            <\/li>\n\n                <\/ul>\n<\/div>\n\n\n<p><\/p>\n","protected":false},"excerpt":{"rendered":"<p>Kasvatustieteellisen tutkimuksen julkaisemisen painopiste on siirtynyt monografioista&nbsp; kansainv\u00e4liseen julkaisemiseen sek\u00e4 julkaisemiseen tieteellisiss\u00e4 lehdiss\u00e4. Englanti on yh\u00e4 edelleen vahvistanut asemiaan tutkimuksen kielen\u00e4. Kansallisten kielten (suomi, ruotsi, ym.) merkitys on v\u00e4hentynyt. Tarjonta on kasvanut ja monipuolistunut Tieteellisen lehden perusidea on, ett\u00e4 alan asiantuntijat arvioivat artikkelit ennen niiden julkaisua, ns. referee-menettelyss\u00e4. Lehtiartikkeleiden tarjonnan lis\u00e4\u00e4ntyminen tarkoittaa, ett\u00e4 monet artikkelit [&hellip;]<\/p>\n","protected":false},"author":171,"featured_media":0,"parent":0,"menu_order":0,"comment_status":"closed","ping_status":"closed","template":"","meta":{"_acf_changed":false,"_monsterinsights_skip_tracking":false,"_monsterinsights_sitenote_active":false,"_monsterinsights_sitenote_note":"","_monsterinsights_sitenote_category":0,"footnotes":""},"class_list":["post-192","page","type-page","status-publish","hentry"],"acf":[],"yoast_head":"<!-- This site is optimized with the Yoast SEO plugin v27.3 - https:\/\/yoast.com\/product\/yoast-seo-wordpress\/ -->\n<title>Lehdet - Kasvatustieteiden tiedonhaku \/\/ UEF-kirjasto<\/title>\n<meta name=\"robots\" content=\"index, follow, max-snippet:-1, max-image-preview:large, max-video-preview:-1\" \/>\n<link rel=\"canonical\" href=\"https:\/\/sites.uef.fi\/tiedonhaku-kasvatus\/lehdet\/\" \/>\n<meta property=\"og:locale\" content=\"fi_FI\" \/>\n<meta property=\"og:type\" content=\"article\" \/>\n<meta property=\"og:title\" content=\"Lehdet - Kasvatustieteiden tiedonhaku \/\/ UEF-kirjasto\" \/>\n<meta property=\"og:description\" content=\"Kasvatustieteellisen tutkimuksen julkaisemisen painopiste on siirtynyt monografioista&nbsp; kansainv\u00e4liseen julkaisemiseen sek\u00e4 julkaisemiseen tieteellisiss\u00e4 lehdiss\u00e4. Englanti on yh\u00e4 edelleen vahvistanut asemiaan tutkimuksen kielen\u00e4. Kansallisten kielten (suomi, ruotsi, ym.) merkitys on v\u00e4hentynyt. Tarjonta on kasvanut ja monipuolistunut Tieteellisen lehden perusidea on, ett\u00e4 alan asiantuntijat arvioivat artikkelit ennen niiden julkaisua, ns. referee-menettelyss\u00e4. Lehtiartikkeleiden tarjonnan lis\u00e4\u00e4ntyminen tarkoittaa, ett\u00e4 monet artikkelit [&hellip;]\" \/>\n<meta property=\"og:url\" content=\"https:\/\/sites.uef.fi\/tiedonhaku-kasvatus\/lehdet\/\" \/>\n<meta property=\"og:site_name\" content=\"Kasvatustieteiden tiedonhaku \/\/ UEF-kirjasto\" \/>\n<meta property=\"article:modified_time\" content=\"2025-06-19T11:44:56+00:00\" \/>\n<meta property=\"og:image\" content=\"https:\/\/sites.uef.fi\/tiedonhaku-kasvatus\/wp-content\/uploads\/sites\/80\/2024\/06\/Primon-lehtihaku.png\" \/>\n\t<meta property=\"og:image:width\" content=\"893\" \/>\n\t<meta property=\"og:image:height\" content=\"943\" \/>\n\t<meta property=\"og:image:type\" content=\"image\/png\" \/>\n<meta name=\"twitter:card\" content=\"summary_large_image\" \/>\n<meta name=\"twitter:label1\" content=\"Arvioitu lukuaika\" \/>\n\t<meta name=\"twitter:data1\" content=\"4 minuuttia\" \/>\n<script type=\"application\/ld+json\" class=\"yoast-schema-graph\">{\"@context\":\"https:\\\/\\\/schema.org\",\"@graph\":[{\"@type\":\"WebPage\",\"@id\":\"https:\\\/\\\/sites.uef.fi\\\/tiedonhaku-kasvatus\\\/lehdet\\\/\",\"url\":\"https:\\\/\\\/sites.uef.fi\\\/tiedonhaku-kasvatus\\\/lehdet\\\/\",\"name\":\"Lehdet - Kasvatustieteiden tiedonhaku \\\/\\\/ UEF-kirjasto\",\"isPartOf\":{\"@id\":\"https:\\\/\\\/sites.uef.fi\\\/tiedonhaku-kasvatus\\\/#website\"},\"primaryImageOfPage\":{\"@id\":\"https:\\\/\\\/sites.uef.fi\\\/tiedonhaku-kasvatus\\\/lehdet\\\/#primaryimage\"},\"image\":{\"@id\":\"https:\\\/\\\/sites.uef.fi\\\/tiedonhaku-kasvatus\\\/lehdet\\\/#primaryimage\"},\"thumbnailUrl\":\"https:\\\/\\\/sites.uef.fi\\\/tiedonhaku-kasvatus\\\/wp-content\\\/uploads\\\/sites\\\/80\\\/2024\\\/06\\\/Primon-lehtihaku.png\",\"datePublished\":\"2020-06-23T12:30:17+00:00\",\"dateModified\":\"2025-06-19T11:44:56+00:00\",\"breadcrumb\":{\"@id\":\"https:\\\/\\\/sites.uef.fi\\\/tiedonhaku-kasvatus\\\/lehdet\\\/#breadcrumb\"},\"inLanguage\":\"fi\",\"potentialAction\":[{\"@type\":\"ReadAction\",\"target\":[\"https:\\\/\\\/sites.uef.fi\\\/tiedonhaku-kasvatus\\\/lehdet\\\/\"]}]},{\"@type\":\"ImageObject\",\"inLanguage\":\"fi\",\"@id\":\"https:\\\/\\\/sites.uef.fi\\\/tiedonhaku-kasvatus\\\/lehdet\\\/#primaryimage\",\"url\":\"https:\\\/\\\/sites.uef.fi\\\/tiedonhaku-kasvatus\\\/wp-content\\\/uploads\\\/sites\\\/80\\\/2024\\\/06\\\/Primon-lehtihaku.png\",\"contentUrl\":\"https:\\\/\\\/sites.uef.fi\\\/tiedonhaku-kasvatus\\\/wp-content\\\/uploads\\\/sites\\\/80\\\/2024\\\/06\\\/Primon-lehtihaku.png\",\"width\":893,\"height\":943},{\"@type\":\"BreadcrumbList\",\"@id\":\"https:\\\/\\\/sites.uef.fi\\\/tiedonhaku-kasvatus\\\/lehdet\\\/#breadcrumb\",\"itemListElement\":[{\"@type\":\"ListItem\",\"position\":1,\"name\":\"Home\",\"item\":\"https:\\\/\\\/sites.uef.fi\\\/tiedonhaku-kasvatus\\\/\"},{\"@type\":\"ListItem\",\"position\":2,\"name\":\"Lehdet\"}]},{\"@type\":\"WebSite\",\"@id\":\"https:\\\/\\\/sites.uef.fi\\\/tiedonhaku-kasvatus\\\/#website\",\"url\":\"https:\\\/\\\/sites.uef.fi\\\/tiedonhaku-kasvatus\\\/\",\"name\":\"Kasvatustieteiden tiedonhaku \\\/\\\/ UEF-kirjasto\",\"description\":\"\",\"potentialAction\":[{\"@type\":\"SearchAction\",\"target\":{\"@type\":\"EntryPoint\",\"urlTemplate\":\"https:\\\/\\\/sites.uef.fi\\\/tiedonhaku-kasvatus\\\/?s={search_term_string}\"},\"query-input\":{\"@type\":\"PropertyValueSpecification\",\"valueRequired\":true,\"valueName\":\"search_term_string\"}}],\"inLanguage\":\"fi\"}]}<\/script>\n<!-- \/ Yoast SEO plugin. -->","yoast_head_json":{"title":"Lehdet - Kasvatustieteiden tiedonhaku \/\/ UEF-kirjasto","robots":{"index":"index","follow":"follow","max-snippet":"max-snippet:-1","max-image-preview":"max-image-preview:large","max-video-preview":"max-video-preview:-1"},"canonical":"https:\/\/sites.uef.fi\/tiedonhaku-kasvatus\/lehdet\/","og_locale":"fi_FI","og_type":"article","og_title":"Lehdet - Kasvatustieteiden tiedonhaku \/\/ UEF-kirjasto","og_description":"Kasvatustieteellisen tutkimuksen julkaisemisen painopiste on siirtynyt monografioista&nbsp; kansainv\u00e4liseen julkaisemiseen sek\u00e4 julkaisemiseen tieteellisiss\u00e4 lehdiss\u00e4. Englanti on yh\u00e4 edelleen vahvistanut asemiaan tutkimuksen kielen\u00e4. Kansallisten kielten (suomi, ruotsi, ym.) merkitys on v\u00e4hentynyt. Tarjonta on kasvanut ja monipuolistunut Tieteellisen lehden perusidea on, ett\u00e4 alan asiantuntijat arvioivat artikkelit ennen niiden julkaisua, ns. referee-menettelyss\u00e4. Lehtiartikkeleiden tarjonnan lis\u00e4\u00e4ntyminen tarkoittaa, ett\u00e4 monet artikkelit [&hellip;]","og_url":"https:\/\/sites.uef.fi\/tiedonhaku-kasvatus\/lehdet\/","og_site_name":"Kasvatustieteiden tiedonhaku \/\/ UEF-kirjasto","article_modified_time":"2025-06-19T11:44:56+00:00","og_image":[{"width":893,"height":943,"url":"https:\/\/sites.uef.fi\/tiedonhaku-kasvatus\/wp-content\/uploads\/sites\/80\/2024\/06\/Primon-lehtihaku.png","type":"image\/png"}],"twitter_card":"summary_large_image","twitter_misc":{"Arvioitu lukuaika":"4 minuuttia"},"schema":{"@context":"https:\/\/schema.org","@graph":[{"@type":"WebPage","@id":"https:\/\/sites.uef.fi\/tiedonhaku-kasvatus\/lehdet\/","url":"https:\/\/sites.uef.fi\/tiedonhaku-kasvatus\/lehdet\/","name":"Lehdet - Kasvatustieteiden tiedonhaku \/\/ UEF-kirjasto","isPartOf":{"@id":"https:\/\/sites.uef.fi\/tiedonhaku-kasvatus\/#website"},"primaryImageOfPage":{"@id":"https:\/\/sites.uef.fi\/tiedonhaku-kasvatus\/lehdet\/#primaryimage"},"image":{"@id":"https:\/\/sites.uef.fi\/tiedonhaku-kasvatus\/lehdet\/#primaryimage"},"thumbnailUrl":"https:\/\/sites.uef.fi\/tiedonhaku-kasvatus\/wp-content\/uploads\/sites\/80\/2024\/06\/Primon-lehtihaku.png","datePublished":"2020-06-23T12:30:17+00:00","dateModified":"2025-06-19T11:44:56+00:00","breadcrumb":{"@id":"https:\/\/sites.uef.fi\/tiedonhaku-kasvatus\/lehdet\/#breadcrumb"},"inLanguage":"fi","potentialAction":[{"@type":"ReadAction","target":["https:\/\/sites.uef.fi\/tiedonhaku-kasvatus\/lehdet\/"]}]},{"@type":"ImageObject","inLanguage":"fi","@id":"https:\/\/sites.uef.fi\/tiedonhaku-kasvatus\/lehdet\/#primaryimage","url":"https:\/\/sites.uef.fi\/tiedonhaku-kasvatus\/wp-content\/uploads\/sites\/80\/2024\/06\/Primon-lehtihaku.png","contentUrl":"https:\/\/sites.uef.fi\/tiedonhaku-kasvatus\/wp-content\/uploads\/sites\/80\/2024\/06\/Primon-lehtihaku.png","width":893,"height":943},{"@type":"BreadcrumbList","@id":"https:\/\/sites.uef.fi\/tiedonhaku-kasvatus\/lehdet\/#breadcrumb","itemListElement":[{"@type":"ListItem","position":1,"name":"Home","item":"https:\/\/sites.uef.fi\/tiedonhaku-kasvatus\/"},{"@type":"ListItem","position":2,"name":"Lehdet"}]},{"@type":"WebSite","@id":"https:\/\/sites.uef.fi\/tiedonhaku-kasvatus\/#website","url":"https:\/\/sites.uef.fi\/tiedonhaku-kasvatus\/","name":"Kasvatustieteiden tiedonhaku \/\/ UEF-kirjasto","description":"","potentialAction":[{"@type":"SearchAction","target":{"@type":"EntryPoint","urlTemplate":"https:\/\/sites.uef.fi\/tiedonhaku-kasvatus\/?s={search_term_string}"},"query-input":{"@type":"PropertyValueSpecification","valueRequired":true,"valueName":"search_term_string"}}],"inLanguage":"fi"}]}},"_links":{"self":[{"href":"https:\/\/sites.uef.fi\/tiedonhaku-kasvatus\/wp-json\/wp\/v2\/pages\/192","targetHints":{"allow":["GET"]}}],"collection":[{"href":"https:\/\/sites.uef.fi\/tiedonhaku-kasvatus\/wp-json\/wp\/v2\/pages"}],"about":[{"href":"https:\/\/sites.uef.fi\/tiedonhaku-kasvatus\/wp-json\/wp\/v2\/types\/page"}],"author":[{"embeddable":true,"href":"https:\/\/sites.uef.fi\/tiedonhaku-kasvatus\/wp-json\/wp\/v2\/users\/171"}],"replies":[{"embeddable":true,"href":"https:\/\/sites.uef.fi\/tiedonhaku-kasvatus\/wp-json\/wp\/v2\/comments?post=192"}],"version-history":[{"count":2,"href":"https:\/\/sites.uef.fi\/tiedonhaku-kasvatus\/wp-json\/wp\/v2\/pages\/192\/revisions"}],"predecessor-version":[{"id":5266,"href":"https:\/\/sites.uef.fi\/tiedonhaku-kasvatus\/wp-json\/wp\/v2\/pages\/192\/revisions\/5266"}],"wp:attachment":[{"href":"https:\/\/sites.uef.fi\/tiedonhaku-kasvatus\/wp-json\/wp\/v2\/media?parent=192"}],"curies":[{"name":"wp","href":"https:\/\/api.w.org\/{rel}","templated":true}]}}