{"id":300,"date":"2020-06-24T13:41:14","date_gmt":"2020-06-24T10:41:14","guid":{"rendered":"https:\/\/sites.uef.fi\/tiedonhaku-kasvatus\/?page_id=300"},"modified":"2024-06-26T11:45:34","modified_gmt":"2024-06-26T08:45:34","slug":"kotimaisten-artikkeleiden-haku","status":"publish","type":"page","link":"https:\/\/sites.uef.fi\/tiedonhaku-kasvatus\/tiedonlahteet-ja-tietokannat\/kotimaisten-artikkeleiden-haku\/","title":{"rendered":"Kotimaisten artikkeleiden haku"},"content":{"rendered":"\n<p>Kotimaiset lehdet ovat usein tieteellisen ja ammatillisen v\u00e4limaastossa. Niit\u00e4 ei kuitenkaan kannata unohtaa, kun osoittaa perehtyneisyytt\u00e4 aiheeseensa.<\/p>\n\n\n\n<p>Kotimaisiin artikkeliviitetietokantoihin seurataan tieteellisyydelt\u00e4\u00e4n ja ammatillisuudeltaan eri tasoisia lehti\u00e4, joten kannattaa olla kriittinen. Tarkista viime k\u00e4dess\u00e4 ainelaitokseltasi suhtautuminen tiettyyn lehteen ja sen artikkelien k\u00e4ytt\u00f6\u00f6n l\u00e4htein\u00e4. Lehden tieteellisyyden arvioinnissa voit k\u00e4ytt\u00e4\u00e4 apuna esim. <strong>Julkaisufoorumin<\/strong> antamaa luokitusarviointia. Lis\u00e4tietoa Julkaisufoorumista l\u00f6yd\u00e4t osiosta <a href=\"https:\/\/sites.uef.fi\/tiedonhaku-kasvatus\/mista-tiedan-onko-julkaisu-tieteellinen\/\">Mist\u00e4 tied\u00e4n, onko julkaisutieteellinen<\/a>.<\/p>\n\n\n\n<p>Muista, ett\u00e4 vaikka aihe olisi Suomea koskeva, tutkimuksia julkaistaan my\u00f6s englanniksi kansainv\u00e4lisiss\u00e4 julkaisuissa.<\/p>\n\n\n\n<h2 class=\"wp-block-heading\">Vain pieni osa kotimaisten lehtien artikkeleista l\u00f6ytyy kokotekstein\u00e4 <\/h2>\n\n\n\n<p>Kotimaisia artikkeleita kannattaa l\u00e4hte\u00e4 hakemaan <a href=\"https:\/\/www.finna.fi\/\" target=\"_blank\" rel=\"noreferrer noopener\">Kansallisen Finnan<\/a> kautta (linkki avautuu uuteen v\u00e4lilehteen).<\/p>\n\n\n\n<p>Kun haet UEF-Primon kansainv\u00e4lisi\u00e4 artikkeleita tai elektronisia aineistoja suomeksi, voit l\u00f6yt\u00e4\u00e4 yksitt\u00e4isi\u00e4 suomalaisia artikkeleita. \u00c4l\u00e4 j\u00e4\u00e4 niiden varaan, kun teet tiedonhakua opinn\u00e4ytety\u00f6t\u00e4si varten! <\/p>\n\n\n\n<p>Kansallisesta Finnasta l\u00f6ytyv\u00e4t my\u00f6s Varastokirjastossa olevat lehdet (etenkin kansainv\u00e4listen ja kotimaisten lehtien vanhempia vuosikertoja painettuna). <strong>Varastokirjastosta<\/strong> voit tilata pienell\u00e4 maksulla artikkelikopioita siell\u00e4 olevista lehdist\u00e4 kaukopalvelun kautta. Muualta tilausmaksut ovat korkeammat (kts. <a href=\"https:\/\/www3.uef.fi\/fi\/web\/kirjasto\/asiakkaana\/hinnasto\" target=\"_blank\" rel=\"noreferrer noopener\">hinnasto,<\/a> linkki avautuu uuteen v\u00e4lilehteen).<\/p>\n\n\n\n<p>Vain osa artikkeleista l\u00f6ytyy kokotekstein\u00e4 tietokantojen kautta. Lis\u00e4tietoa julkaisun <strong>saatavuudesta<\/strong> ja <strong>j\u00e4ljitt\u00e4misest\u00e4<\/strong> l\u00f6yd\u00e4t osiosta <a href=\"https:\/\/sites.uef.fi\/tiedonhaku-kasvatus\/miten-saan-julkaisun-kayttooni\/\">Miten saan julkaisun k\u00e4ytt\u00f6\u00f6ni<\/a>.\u00a0 Artikkelin j\u00e4ljitt\u00e4miseen tarvitset artikkelin viitetiedot. Kun haet artikkeleita Kansallisesta Finnasta, rajaa haku j\u00e4lkik\u00e4teen artikkeleihin:<\/p>\n\n\n\n<figure class=\"wp-block-image size-large\"><img loading=\"lazy\" decoding=\"async\" width=\"1024\" height=\"646\" src=\"https:\/\/sites.uef.fi\/tiedonhaku-kasvatus\/wp-content\/uploads\/sites\/80\/2020\/07\/Finnan_artikkelirajaus-1024x646.png\" alt=\"Kuvakaappaus Finna-tietokannasta. Haku on rajattu artikkeleihin vasemmalla olevasta rajausvalikosta.\" class=\"wp-image-1045\" srcset=\"https:\/\/sites.uef.fi\/tiedonhaku-kasvatus\/wp-content\/uploads\/sites\/80\/2020\/07\/Finnan_artikkelirajaus-1024x646.png 1024w, https:\/\/sites.uef.fi\/tiedonhaku-kasvatus\/wp-content\/uploads\/sites\/80\/2020\/07\/Finnan_artikkelirajaus-300x189.png 300w, https:\/\/sites.uef.fi\/tiedonhaku-kasvatus\/wp-content\/uploads\/sites\/80\/2020\/07\/Finnan_artikkelirajaus-768x485.png 768w, https:\/\/sites.uef.fi\/tiedonhaku-kasvatus\/wp-content\/uploads\/sites\/80\/2020\/07\/Finnan_artikkelirajaus.png 1108w\" sizes=\"auto, (max-width: 1024px) 100vw, 1024px\" \/><figcaption class=\"wp-element-caption\">Kuva: Haun rajaus artikkeleihin Finnassa<\/figcaption><\/figure>\n\n\n\n<p>Artikkelin viitetiedot n\u00e4kyv\u00e4t tuloslistauksessa, mutta tarkemmat tiedot saat menem\u00e4ll\u00e4 kokotietoihin klikkaamalla artikkelin otsikkoa:<\/p>\n\n\n\n<figure class=\"wp-block-image size-full\"><img loading=\"lazy\" decoding=\"async\" width=\"635\" height=\"266\" src=\"https:\/\/sites.uef.fi\/tiedonhaku-kasvatus\/wp-content\/uploads\/sites\/80\/2020\/07\/Artikkelin_viitetiedot.png\" alt=\"Kuvakaappaus Finna-tietokannasta. Artikkelin viitetiedot on ymp\u00e4r\u00f6ity kehyksin. Viitetiedot -linkill\u00e4 saat kopioitavaksi artikkelin tiedot. Vaihtoehtoina on muutama viittaustyyli.\" class=\"wp-image-1042\" srcset=\"https:\/\/sites.uef.fi\/tiedonhaku-kasvatus\/wp-content\/uploads\/sites\/80\/2020\/07\/Artikkelin_viitetiedot.png 635w, https:\/\/sites.uef.fi\/tiedonhaku-kasvatus\/wp-content\/uploads\/sites\/80\/2020\/07\/Artikkelin_viitetiedot-300x126.png 300w\" sizes=\"auto, (max-width: 635px) 100vw, 635px\" \/><figcaption class=\"wp-element-caption\">Kuva: Artikkelin viitetiedot kansallisessa Finnassa. Avaa linkki Viitetiedot<\/figcaption><\/figure>\n\n\n\n<p>Ellei Googlekaan l\u00f6yd\u00e4 haluamaasi artikkelia, voit joutua j\u00e4ljitt\u00e4m\u00e4\u00e4n painettua lehte\u00e4 kirjastoista tai kaukopalvelun kautta. Katso seuraavan linkin takaa muita kotimaisia tietokantoja:<\/p>\n\n\n\t<div id=\"accordion-block_f6f0bb8aa704645fa915dfab4b1df230\" class=\"accordions\">\n\t\t\t\t\t<div class=\"accordion accordion-js\">\n\t\t\t\t<button class=\"accordion__button\" aria-controls=\"content-6739\" aria-expanded=\"false\" id=\"accordion-control-6739\">\n\t\t\t\t\t<h3 class=\"accordion__heading\" >\n\t\t\t\t\t\tMuita kotimaisia tietokantoja ja palveluita\t\t\t\t\t<\/h3>\n\t\t\t\t<\/button>\n\t\t\t\t<div class=\"accordion__content\" role=\"region\" aria-labelledby=\"accordion-control-6739\" aria-hidden=\"true\" id=\"content-6739\">\n\t\t\t\t\t<div id=\"accordion-6883-def\" class=\"accordion-def expanded\">\n<div class=\"field_content field_type_entity_reference_revisions\">\n<div>\n<div class=\"text-and-links text-and-links--no-title text-and-links--text-paragraph\">\n<div class=\"grid\">\n<div class=\"text-and-links__text\">\n<div class=\"text-and-links__summary\">\n<ul>\n<li><a href=\"https:\/\/finna.fi\/\" target=\"_blank\" rel=\"noopener\">kansallinen Finna<\/a> \u2013 Suomen kirjastojen, museoiden ja arkistojen aineistoja; suomalaisten yliopistojen ja ammattikorkeakoulujen opinn\u00e4ytet\u00f6it\u00e4; kotimaisten artikkeleiden tietoja ja e-artikkeleita<\/li>\n<li><a href=\"https:\/\/journal.fi\/\" target=\"_blank\" rel=\"noopener\">journal.fi<\/a> \u2013 suomalaisia tiedelehti\u00e4 verkossa. Artikkelit l\u00f6ytyv\u00e4t pitk\u00e4lti kansallisen Finnan sis\u00e4ll\u00f6ist\u00e4.<\/li>\n<li><a href=\"https:\/\/www.uef.fi\/fi\/kirjasto\/opinnaytteiden-hakeminen\" target=\"_blank\" rel=\"noopener\">UEF eRepository <\/a>\u2013 It\u00e4-Suomen yliopiston julkaisuja. Sis\u00e4lt\u00e4\u00e4 gradut 2012 l\u00e4htien (graduja ennen vuotta 2012 voi hakea UEF-Primosta)<\/li>\n<li><a href=\"https:\/\/primo.uef.fi\/permalink\/358FIN_UOEF\/mhajq\/alma9911699243705966\" target=\"_blank\" rel=\"noopener\">Medic<\/a> \u2013 viitteit\u00e4 terveystieteiden artikkeleista, kirjoista, v\u00e4it\u00f6skirjoista, opinn\u00e4ytet\u00f6ist\u00e4. Viitteit\u00e4 yli 100 000.<\/li>\n<li><a href=\"https:\/\/tiedejatutkimus.fi\/fi\/\" target=\"_blank\" rel=\"noopener\">Tiedejatutkimus.fi<\/a> &#8211; opetus- ja kulttuuriministeri\u00f6n (OKM) tarjoama palvelu, joka kokoaa ja jakaa tietoa Suomessa teht\u00e4v\u00e4st\u00e4 tutkimuksesta. Tiedot ker\u00e4t\u00e4\u00e4n vuosittain tutkimusorganisaatioiden julkaisurekistereist\u00e4. Julkaisuja 2011 l\u00e4htien.<\/li>\n<li><a href=\"https:\/\/uef.cris.fi\/\" target=\"_blank\" rel=\"noopener\">UEF CRIS<\/a> &#8211; UEF:n julkaisurekisteri. Tietoa yliopiston asiantuntijoista, heid\u00e4n julkaisuistaan, asiantuntijateht\u00e4vist\u00e4\u00e4n ja tutkimusaktiviteeteistaan.<\/li>\n<li><a href=\"https:\/\/www.kansalliskirjasto.fi\/fi\" target=\"_blank\" rel=\"noopener\">Kansalliskirjaston hakupalvelun<\/a> kautta voit hakea kansalliskokoelmasta\u00a0 tai Kansalliskirjaston digitoimia aineistoja. <a href=\"https:\/\/kansalliskirjasto.finna.fi\/Search\/Results?limit=0&amp;filter%5B%5D=%7Ecollection%3A%22FEN%22&amp;filter%5B%5D=%7Ecollection%3A%22VIO%22&amp;hiddenFilters%5B%5D=building%3A%220%2FNLF%2F%22&amp;hiddenFilters%5B%5D=-building%3A%221%2FNLF%2Farto%2F%22&amp;type=AllFields\" target=\"_blank\" rel=\"noopener\">Kansalliskokoelman haku<\/a>\u00a0 sis\u00e4lt\u00e4\u00e4 Fennican (kansallisbibliografia) ja Violan (kansallisdiskografia) (linkit avautuvat uuteen v\u00e4lilehteen)<\/li>\n<\/ul>\n<\/div>\n<\/div>\n<\/div>\n<\/div>\n<\/div>\n<\/div>\n<\/div>\n\t\t\t\t<\/div>\n\t\t\t<\/div>\n\t\t\t<\/div>\n\t\n\n\n<div class=\"links-block\">\n\n            <h3>Siirry seuraavaan osioon:<\/h3>\n    \n    <ul class=\"link-list\">\n        \n            \n            <li class=\"link-list-item\">\n                <a href=\"https:\/\/sites.uef.fi\/tiedonhaku-kasvatus\/tiedonlahteet-ja-tietokannat\/opinnaytteiden-haku\/\" class=\"link-reset link hover-scale-down\">\n                    <svg\n        width=\"43\" height=\"25\"\n        viewBox=\"0 0 43 25\"\n        xmlns=\"http:\/\/www.w3.org\/2000\/svg\">\n    <path\n        d=\"M30.027 0 43 12.5 30.027 25 27 22.083 34.351 15H0v-5h34.351L27 2.917z\"\n        fill=\"currentColor\"\n        fill-rule=\"evenodd\"\/>\n<\/svg>                    <div>V\u00e4it\u00f6skirjojen ja muiden opinn\u00e4ytteiden haku<\/div>\n                <\/a>\n                <div class=\"link-info\">\n                                    <\/div>\n            <\/li>\n\n                <\/ul>\n<\/div>","protected":false},"excerpt":{"rendered":"<p>Kotimaiset lehdet ovat usein tieteellisen ja ammatillisen v\u00e4limaastossa. Niit\u00e4 ei kuitenkaan kannata unohtaa, kun osoittaa perehtyneisyytt\u00e4 aiheeseensa. Kotimaisiin artikkeliviitetietokantoihin seurataan tieteellisyydelt\u00e4\u00e4n ja ammatillisuudeltaan eri tasoisia lehti\u00e4, joten kannattaa olla kriittinen. Tarkista viime k\u00e4dess\u00e4 ainelaitokseltasi suhtautuminen tiettyyn lehteen ja sen artikkelien k\u00e4ytt\u00f6\u00f6n l\u00e4htein\u00e4. Lehden tieteellisyyden arvioinnissa voit k\u00e4ytt\u00e4\u00e4 apuna esim. Julkaisufoorumin antamaa luokitusarviointia. Lis\u00e4tietoa Julkaisufoorumista l\u00f6yd\u00e4t [&hellip;]<\/p>\n","protected":false},"author":171,"featured_media":0,"parent":100,"menu_order":0,"comment_status":"closed","ping_status":"closed","template":"","meta":{"_acf_changed":false,"_monsterinsights_skip_tracking":false,"_monsterinsights_sitenote_active":false,"_monsterinsights_sitenote_note":"","_monsterinsights_sitenote_category":0,"footnotes":""},"class_list":["post-300","page","type-page","status-publish","hentry"],"acf":[],"yoast_head":"<!-- This site is optimized with the Yoast SEO plugin v27.3 - https:\/\/yoast.com\/product\/yoast-seo-wordpress\/ -->\n<title>Kotimaisten artikkeleiden haku - Kasvatustieteiden tiedonhaku \/\/ UEF-kirjasto<\/title>\n<meta name=\"robots\" content=\"index, follow, max-snippet:-1, max-image-preview:large, max-video-preview:-1\" \/>\n<link rel=\"canonical\" href=\"https:\/\/sites.uef.fi\/tiedonhaku-kasvatus\/tiedonlahteet-ja-tietokannat\/kotimaisten-artikkeleiden-haku\/\" \/>\n<meta property=\"og:locale\" content=\"fi_FI\" \/>\n<meta property=\"og:type\" content=\"article\" \/>\n<meta property=\"og:title\" content=\"Kotimaisten artikkeleiden haku - Kasvatustieteiden tiedonhaku \/\/ UEF-kirjasto\" \/>\n<meta property=\"og:description\" content=\"Kotimaiset lehdet ovat usein tieteellisen ja ammatillisen v\u00e4limaastossa. Niit\u00e4 ei kuitenkaan kannata unohtaa, kun osoittaa perehtyneisyytt\u00e4 aiheeseensa. Kotimaisiin artikkeliviitetietokantoihin seurataan tieteellisyydelt\u00e4\u00e4n ja ammatillisuudeltaan eri tasoisia lehti\u00e4, joten kannattaa olla kriittinen. Tarkista viime k\u00e4dess\u00e4 ainelaitokseltasi suhtautuminen tiettyyn lehteen ja sen artikkelien k\u00e4ytt\u00f6\u00f6n l\u00e4htein\u00e4. Lehden tieteellisyyden arvioinnissa voit k\u00e4ytt\u00e4\u00e4 apuna esim. Julkaisufoorumin antamaa luokitusarviointia. Lis\u00e4tietoa Julkaisufoorumista l\u00f6yd\u00e4t [&hellip;]\" \/>\n<meta property=\"og:url\" content=\"https:\/\/sites.uef.fi\/tiedonhaku-kasvatus\/tiedonlahteet-ja-tietokannat\/kotimaisten-artikkeleiden-haku\/\" \/>\n<meta property=\"og:site_name\" content=\"Kasvatustieteiden tiedonhaku \/\/ UEF-kirjasto\" \/>\n<meta property=\"article:modified_time\" content=\"2024-06-26T08:45:34+00:00\" \/>\n<meta property=\"og:image\" content=\"https:\/\/sites.uef.fi\/tiedonhaku-kasvatus\/wp-content\/uploads\/sites\/80\/2020\/07\/Finnan_artikkelirajaus-1024x646.png\" \/>\n<meta name=\"twitter:card\" content=\"summary_large_image\" \/>\n<meta name=\"twitter:label1\" content=\"Arvioitu lukuaika\" \/>\n\t<meta name=\"twitter:data1\" content=\"2 minuuttia\" \/>\n<script type=\"application\/ld+json\" class=\"yoast-schema-graph\">{\"@context\":\"https:\\\/\\\/schema.org\",\"@graph\":[{\"@type\":\"WebPage\",\"@id\":\"https:\\\/\\\/sites.uef.fi\\\/tiedonhaku-kasvatus\\\/tiedonlahteet-ja-tietokannat\\\/kotimaisten-artikkeleiden-haku\\\/\",\"url\":\"https:\\\/\\\/sites.uef.fi\\\/tiedonhaku-kasvatus\\\/tiedonlahteet-ja-tietokannat\\\/kotimaisten-artikkeleiden-haku\\\/\",\"name\":\"Kotimaisten artikkeleiden haku - Kasvatustieteiden tiedonhaku \\\/\\\/ UEF-kirjasto\",\"isPartOf\":{\"@id\":\"https:\\\/\\\/sites.uef.fi\\\/tiedonhaku-kasvatus\\\/#website\"},\"primaryImageOfPage\":{\"@id\":\"https:\\\/\\\/sites.uef.fi\\\/tiedonhaku-kasvatus\\\/tiedonlahteet-ja-tietokannat\\\/kotimaisten-artikkeleiden-haku\\\/#primaryimage\"},\"image\":{\"@id\":\"https:\\\/\\\/sites.uef.fi\\\/tiedonhaku-kasvatus\\\/tiedonlahteet-ja-tietokannat\\\/kotimaisten-artikkeleiden-haku\\\/#primaryimage\"},\"thumbnailUrl\":\"https:\\\/\\\/sites.uef.fi\\\/tiedonhaku-kasvatus\\\/wp-content\\\/uploads\\\/sites\\\/80\\\/2020\\\/07\\\/Finnan_artikkelirajaus-1024x646.png\",\"datePublished\":\"2020-06-24T10:41:14+00:00\",\"dateModified\":\"2024-06-26T08:45:34+00:00\",\"breadcrumb\":{\"@id\":\"https:\\\/\\\/sites.uef.fi\\\/tiedonhaku-kasvatus\\\/tiedonlahteet-ja-tietokannat\\\/kotimaisten-artikkeleiden-haku\\\/#breadcrumb\"},\"inLanguage\":\"fi\",\"potentialAction\":[{\"@type\":\"ReadAction\",\"target\":[\"https:\\\/\\\/sites.uef.fi\\\/tiedonhaku-kasvatus\\\/tiedonlahteet-ja-tietokannat\\\/kotimaisten-artikkeleiden-haku\\\/\"]}]},{\"@type\":\"ImageObject\",\"inLanguage\":\"fi\",\"@id\":\"https:\\\/\\\/sites.uef.fi\\\/tiedonhaku-kasvatus\\\/tiedonlahteet-ja-tietokannat\\\/kotimaisten-artikkeleiden-haku\\\/#primaryimage\",\"url\":\"https:\\\/\\\/sites.uef.fi\\\/tiedonhaku-kasvatus\\\/wp-content\\\/uploads\\\/sites\\\/80\\\/2020\\\/07\\\/Finnan_artikkelirajaus.png\",\"contentUrl\":\"https:\\\/\\\/sites.uef.fi\\\/tiedonhaku-kasvatus\\\/wp-content\\\/uploads\\\/sites\\\/80\\\/2020\\\/07\\\/Finnan_artikkelirajaus.png\",\"width\":1108,\"height\":699,\"caption\":\"Kuvakaappaus Finna-tietokannasta. Haku on rajattu artikkeleihin vasemmalla olevasta rajausvalikosta.\"},{\"@type\":\"BreadcrumbList\",\"@id\":\"https:\\\/\\\/sites.uef.fi\\\/tiedonhaku-kasvatus\\\/tiedonlahteet-ja-tietokannat\\\/kotimaisten-artikkeleiden-haku\\\/#breadcrumb\",\"itemListElement\":[{\"@type\":\"ListItem\",\"position\":1,\"name\":\"Home\",\"item\":\"https:\\\/\\\/sites.uef.fi\\\/tiedonhaku-kasvatus\\\/\"},{\"@type\":\"ListItem\",\"position\":2,\"name\":\"Tiedonl\u00e4hteet ja tietokannat\",\"item\":\"https:\\\/\\\/sites.uef.fi\\\/tiedonhaku-kasvatus\\\/tiedonlahteet-ja-tietokannat\\\/\"},{\"@type\":\"ListItem\",\"position\":3,\"name\":\"Kotimaisten artikkeleiden haku\"}]},{\"@type\":\"WebSite\",\"@id\":\"https:\\\/\\\/sites.uef.fi\\\/tiedonhaku-kasvatus\\\/#website\",\"url\":\"https:\\\/\\\/sites.uef.fi\\\/tiedonhaku-kasvatus\\\/\",\"name\":\"Kasvatustieteiden tiedonhaku \\\/\\\/ UEF-kirjasto\",\"description\":\"\",\"potentialAction\":[{\"@type\":\"SearchAction\",\"target\":{\"@type\":\"EntryPoint\",\"urlTemplate\":\"https:\\\/\\\/sites.uef.fi\\\/tiedonhaku-kasvatus\\\/?s={search_term_string}\"},\"query-input\":{\"@type\":\"PropertyValueSpecification\",\"valueRequired\":true,\"valueName\":\"search_term_string\"}}],\"inLanguage\":\"fi\"}]}<\/script>\n<!-- \/ Yoast SEO plugin. -->","yoast_head_json":{"title":"Kotimaisten artikkeleiden haku - Kasvatustieteiden tiedonhaku \/\/ UEF-kirjasto","robots":{"index":"index","follow":"follow","max-snippet":"max-snippet:-1","max-image-preview":"max-image-preview:large","max-video-preview":"max-video-preview:-1"},"canonical":"https:\/\/sites.uef.fi\/tiedonhaku-kasvatus\/tiedonlahteet-ja-tietokannat\/kotimaisten-artikkeleiden-haku\/","og_locale":"fi_FI","og_type":"article","og_title":"Kotimaisten artikkeleiden haku - Kasvatustieteiden tiedonhaku \/\/ UEF-kirjasto","og_description":"Kotimaiset lehdet ovat usein tieteellisen ja ammatillisen v\u00e4limaastossa. Niit\u00e4 ei kuitenkaan kannata unohtaa, kun osoittaa perehtyneisyytt\u00e4 aiheeseensa. Kotimaisiin artikkeliviitetietokantoihin seurataan tieteellisyydelt\u00e4\u00e4n ja ammatillisuudeltaan eri tasoisia lehti\u00e4, joten kannattaa olla kriittinen. Tarkista viime k\u00e4dess\u00e4 ainelaitokseltasi suhtautuminen tiettyyn lehteen ja sen artikkelien k\u00e4ytt\u00f6\u00f6n l\u00e4htein\u00e4. Lehden tieteellisyyden arvioinnissa voit k\u00e4ytt\u00e4\u00e4 apuna esim. Julkaisufoorumin antamaa luokitusarviointia. Lis\u00e4tietoa Julkaisufoorumista l\u00f6yd\u00e4t [&hellip;]","og_url":"https:\/\/sites.uef.fi\/tiedonhaku-kasvatus\/tiedonlahteet-ja-tietokannat\/kotimaisten-artikkeleiden-haku\/","og_site_name":"Kasvatustieteiden tiedonhaku \/\/ UEF-kirjasto","article_modified_time":"2024-06-26T08:45:34+00:00","og_image":[{"url":"https:\/\/sites.uef.fi\/tiedonhaku-kasvatus\/wp-content\/uploads\/sites\/80\/2020\/07\/Finnan_artikkelirajaus-1024x646.png","type":"","width":"","height":""}],"twitter_card":"summary_large_image","twitter_misc":{"Arvioitu lukuaika":"2 minuuttia"},"schema":{"@context":"https:\/\/schema.org","@graph":[{"@type":"WebPage","@id":"https:\/\/sites.uef.fi\/tiedonhaku-kasvatus\/tiedonlahteet-ja-tietokannat\/kotimaisten-artikkeleiden-haku\/","url":"https:\/\/sites.uef.fi\/tiedonhaku-kasvatus\/tiedonlahteet-ja-tietokannat\/kotimaisten-artikkeleiden-haku\/","name":"Kotimaisten artikkeleiden haku - Kasvatustieteiden tiedonhaku \/\/ UEF-kirjasto","isPartOf":{"@id":"https:\/\/sites.uef.fi\/tiedonhaku-kasvatus\/#website"},"primaryImageOfPage":{"@id":"https:\/\/sites.uef.fi\/tiedonhaku-kasvatus\/tiedonlahteet-ja-tietokannat\/kotimaisten-artikkeleiden-haku\/#primaryimage"},"image":{"@id":"https:\/\/sites.uef.fi\/tiedonhaku-kasvatus\/tiedonlahteet-ja-tietokannat\/kotimaisten-artikkeleiden-haku\/#primaryimage"},"thumbnailUrl":"https:\/\/sites.uef.fi\/tiedonhaku-kasvatus\/wp-content\/uploads\/sites\/80\/2020\/07\/Finnan_artikkelirajaus-1024x646.png","datePublished":"2020-06-24T10:41:14+00:00","dateModified":"2024-06-26T08:45:34+00:00","breadcrumb":{"@id":"https:\/\/sites.uef.fi\/tiedonhaku-kasvatus\/tiedonlahteet-ja-tietokannat\/kotimaisten-artikkeleiden-haku\/#breadcrumb"},"inLanguage":"fi","potentialAction":[{"@type":"ReadAction","target":["https:\/\/sites.uef.fi\/tiedonhaku-kasvatus\/tiedonlahteet-ja-tietokannat\/kotimaisten-artikkeleiden-haku\/"]}]},{"@type":"ImageObject","inLanguage":"fi","@id":"https:\/\/sites.uef.fi\/tiedonhaku-kasvatus\/tiedonlahteet-ja-tietokannat\/kotimaisten-artikkeleiden-haku\/#primaryimage","url":"https:\/\/sites.uef.fi\/tiedonhaku-kasvatus\/wp-content\/uploads\/sites\/80\/2020\/07\/Finnan_artikkelirajaus.png","contentUrl":"https:\/\/sites.uef.fi\/tiedonhaku-kasvatus\/wp-content\/uploads\/sites\/80\/2020\/07\/Finnan_artikkelirajaus.png","width":1108,"height":699,"caption":"Kuvakaappaus Finna-tietokannasta. Haku on rajattu artikkeleihin vasemmalla olevasta rajausvalikosta."},{"@type":"BreadcrumbList","@id":"https:\/\/sites.uef.fi\/tiedonhaku-kasvatus\/tiedonlahteet-ja-tietokannat\/kotimaisten-artikkeleiden-haku\/#breadcrumb","itemListElement":[{"@type":"ListItem","position":1,"name":"Home","item":"https:\/\/sites.uef.fi\/tiedonhaku-kasvatus\/"},{"@type":"ListItem","position":2,"name":"Tiedonl\u00e4hteet ja tietokannat","item":"https:\/\/sites.uef.fi\/tiedonhaku-kasvatus\/tiedonlahteet-ja-tietokannat\/"},{"@type":"ListItem","position":3,"name":"Kotimaisten artikkeleiden haku"}]},{"@type":"WebSite","@id":"https:\/\/sites.uef.fi\/tiedonhaku-kasvatus\/#website","url":"https:\/\/sites.uef.fi\/tiedonhaku-kasvatus\/","name":"Kasvatustieteiden tiedonhaku \/\/ UEF-kirjasto","description":"","potentialAction":[{"@type":"SearchAction","target":{"@type":"EntryPoint","urlTemplate":"https:\/\/sites.uef.fi\/tiedonhaku-kasvatus\/?s={search_term_string}"},"query-input":{"@type":"PropertyValueSpecification","valueRequired":true,"valueName":"search_term_string"}}],"inLanguage":"fi"}]}},"_links":{"self":[{"href":"https:\/\/sites.uef.fi\/tiedonhaku-kasvatus\/wp-json\/wp\/v2\/pages\/300","targetHints":{"allow":["GET"]}}],"collection":[{"href":"https:\/\/sites.uef.fi\/tiedonhaku-kasvatus\/wp-json\/wp\/v2\/pages"}],"about":[{"href":"https:\/\/sites.uef.fi\/tiedonhaku-kasvatus\/wp-json\/wp\/v2\/types\/page"}],"author":[{"embeddable":true,"href":"https:\/\/sites.uef.fi\/tiedonhaku-kasvatus\/wp-json\/wp\/v2\/users\/171"}],"replies":[{"embeddable":true,"href":"https:\/\/sites.uef.fi\/tiedonhaku-kasvatus\/wp-json\/wp\/v2\/comments?post=300"}],"version-history":[{"count":3,"href":"https:\/\/sites.uef.fi\/tiedonhaku-kasvatus\/wp-json\/wp\/v2\/pages\/300\/revisions"}],"predecessor-version":[{"id":5272,"href":"https:\/\/sites.uef.fi\/tiedonhaku-kasvatus\/wp-json\/wp\/v2\/pages\/300\/revisions\/5272"}],"up":[{"embeddable":true,"href":"https:\/\/sites.uef.fi\/tiedonhaku-kasvatus\/wp-json\/wp\/v2\/pages\/100"}],"wp:attachment":[{"href":"https:\/\/sites.uef.fi\/tiedonhaku-kasvatus\/wp-json\/wp\/v2\/media?parent=300"}],"curies":[{"name":"wp","href":"https:\/\/api.w.org\/{rel}","templated":true}]}}