{"id":476,"date":"2020-06-29T16:05:45","date_gmt":"2020-06-29T13:05:45","guid":{"rendered":"https:\/\/sites.uef.fi\/tiedonhaku-kasvatus\/?page_id=476"},"modified":"2023-09-29T10:00:45","modified_gmt":"2023-09-29T07:00:45","slug":"sanankatkaisu-ja-fraasihaku","status":"publish","type":"page","link":"https:\/\/sites.uef.fi\/tiedonhaku-kasvatus\/hakutekniikka\/sanankatkaisu-ja-fraasihaku\/","title":{"rendered":"Sanankatkaisu, korvausmerkit ja fraasihaku"},"content":{"rendered":"\n<h2 class=\"wp-block-heading\"><strong>Hakusanojen muoto ja yhdist\u00e4minen hakulauseiksi \u2013 nyt tulee hakutekniikkaa!<\/strong><\/h2>\n\n\n\n<h3 class=\"wp-block-heading\">Sanankatkaisu kasvattaa hakutulosta<\/h3>\n\n\n\n<p>Sanat taipuvat tai esiintyv\u00e4t yhdyssanojen alku- (tai loppu)osina. Katkaisumerkill\u00e4 saadaan kaikki taivutusmuodot ja mahdolliset yhdyssanat mukaan hakuun. Koneethan hakevat vain merkkijonoja.<\/p>\n\n\n\n<p>Jos etsit yksikk\u00f6muodolla, saat tulokseksi vain yksik\u00f6ss\u00e4 olevia sanoja. Katkaisumerkki vaihtelee eri hakuj\u00e4rjestelmiss\u00e4. <strong>Huomaa, ett\u00e4 Primo-j\u00e4rjestelm\u00e4 ei osaa taivuttaa suomen kielt\u00e4, vaan sanat pit\u00e4\u00e4 muistaa katkaista!<\/strong><\/p>\n\n\n\n<p><br><strong>Tavallisimmin k\u00e4ytetty katkaisumerkki on asteriski eli t\u00e4htimerkki *<\/strong> (mm. Primo, Finna.fi -palvelu, ERIC, Ebsco-tietokannat, Scopus).<\/p>\n\n\n\n<p>Esimerkiksi:<br>koulu* -&gt; koulu, koulutus, koululaisten, koulurakennus, kouluhallinto, koulukunnat&#8230;<br>nuor* -&gt; nuori, nuoret, nuorten, nuoriso, nuorisoty\u00f6&#8230;<br>matema* -&gt; matematiikka, matemaattinen, matematics, matemaatikot&#8230;<\/p>\n\n\n\n<p>child* -&gt; child, children, childhood&#8230;<br>pedagog* -&gt; pedagogy, pedagogical, pedagogies, pedagogiikka, pedagogiska&#8230;<br>behav* -&gt; behave, behavior, behaviour, behavioural, behaviourism<\/p>\n\n\n\n<p>Video sanankatkaisusta (kesto 3:06, tekij\u00e4 Riitta Holopainen <img decoding=\"async\" src=\"https:\/\/licensebuttons.net\/l\/by-nc-nd\/4.0\/88x31.png\">):<\/p>\n\n\n<p><iframe loading=\"lazy\" title=\"Hakusanojen katkaiseminen\" width=\"500\" height=\"281\" src=\"https:\/\/www.youtube.com\/embed\/hhq7G2xc44k?start=12&#038;feature=oembed\" frameborder=\"0\" allow=\"accelerometer; autoplay; clipboard-write; encrypted-media; gyroscope; picture-in-picture; web-share\" referrerpolicy=\"strict-origin-when-cross-origin\" allowfullscreen><\/iframe><\/p>\n\n\n\n<h3 class=\"wp-block-heading\">Korvausmerkit avuksi, kun hakusanan kirjoitusasu vaihtelee<\/h3>\n\n\n\n<p>Korvausmerkkej\u00e4 (wildcards) tarvitaan useimmiten hakusanoissa, joiden kirjoitusasu vaihtelee, brittil\u00e4isen ja amerikanenglannin v\u00e4lill\u00e4. Jotta molemmat sanat saadaan mukaan hakuun, ongelmallisen kirjaimen kohdalle hakusanaan voi sijoittaa korvausmerkin.<\/p>\n\n\n\n<p>Korvausmerkkien symbolit vaihtelevat tietokannasta toiseen, eik\u00e4 niit\u00e4 aivan kaikissa tietokannoissa tarvita tai ole edes k\u00e4yt\u00f6ss\u00e4. Monet kansainv\u00e4liset tietokannat ottavat kirjoitusmuotovariantit huomioon automaattisesti, eik\u00e4 korvausmerkki\u00e4 tarvita. L\u00e4hes aina yksikk\u00f6muotoisena haettu sana l\u00f6yt\u00e4\u00e4 my\u00f6s monikon ja p\u00e4invastoin. Korvausmerkkien k\u00e4ytt\u00f6\u00f6n liittyv\u00e4t tarkemmat tiedot kannattaa siis tarkistaa tietokannan ohjeista.<\/p>\n\n\n\n<p><strong>?-merkki<\/strong> korvaa monissa hakuj\u00e4rjestelmiss\u00e4 yhden merkin, esim. Primossa, Ericiss\u00e4 (ProQuest-tietokannoissa) ja Ebscossa.<\/p>\n\n\n\n<p>wom?n -&gt; woman, women<br>organi?ation -&gt; organisation, organization<\/p>\n\n\n\n<p>Ep\u00e4virallinen vinkki:<strong> asteriski eli t\u00e4htimerkki * <\/strong>toimii yleens\u00e4 mainiosti niin katkaisu- kuin korvausmerkkin\u00e4 keskell\u00e4 sanaa. <\/p>\n\n\n\n<h3 class=\"wp-block-heading\">Fraasihaku l\u00f6yt\u00e4\u00e4 useasta sanasta koostuvan termin, sanaliiton<\/h3>\n\n\n\n<p>Tiedonhaun yhteydess\u00e4 fraasilla tarkoitetaan sanaliittoa eli <strong>useasta sanasta koostuvaa k\u00e4sitett\u00e4<\/strong>. Se ei t\u00e4ss\u00e4 siis ole esimerkiksi folkloristiikassa m\u00e4\u00e4ritelty sananparsi eik\u00e4 kielitieteen tarkoittama lauseke (kts. <a href=\"https:\/\/termipankki.fi\/tepa\/fi\/haku\/fraasi\">Tepa-termipankki<\/a>). <\/p>\n\n\n\n<p>K\u00e4site rakentuu joskus useammasta sanasta, englanninkieless\u00e4 aika useinkin. Jotta fraasin tai sanaliiton sanat pysyisiv\u00e4t yhdess\u00e4 ja per\u00e4kk\u00e4in haluamassasi j\u00e4rjestyksess\u00e4, voit k\u00e4ytt\u00e4\u00e4 ns. fraasihakua. Fraasihaku auttaa t\u00e4sment\u00e4m\u00e4\u00e4n hakutulosta.<\/p>\n\n\n\n<p>Yleisimmin k\u00e4ytet\u00e4\u00e4n <strong>lainausmerkkej\u00e4<\/strong> pakottamaan sanat yhteen, esim. &#8221;sosiaalinen media&#8221;, &#8221;adventure education&#8221;, &#8221;classroom management&#8221;. My\u00f6s Googlessa toimii fraasihaku.<\/p>\n\n\n\n<p><strong>UEF-Primon erikoisuus<\/strong>: jos katkaistu hakutermi on <strong>keskell\u00e4 <\/strong>fraasihakua, haku ei v\u00e4ltt\u00e4m\u00e4tt\u00e4 toimi. N\u00e4in tapahtuu UEF-Primossa, kun haet kirjaston kokoelmista (painetut ja e-kirjat). Kansainv\u00e4lisien artikkeleiden ja elektronisten aineistojen haussa katkaisu fraasin keskell\u00e4 taas onnistuu. <\/p>\n\n\n\n<p>Esimerkiksi &#8221;kest\u00e4v\u00e4* kehity*&#8221; -&gt; ei toimi; &#8221;lasten kehity*&#8221; -&gt; toimii<\/p>\n\n\n\n<p><strong>Esimerkkej\u00e4 <\/strong>hakulauseiksi aiheena Koulutuksen vaikutus maahanmuuttajien kotoutumiseen (integraatioon):<\/p>\n\n\n\n<p>koulutus AND (maahanmuutt* OR pakolai*) AND (integr* OR kotout*)<br>education* AND (immigrants OR refugees) AND integration<\/p>\n\n\n\n<p>Huomaa, ett\u00e4 esimerkin ns. komentohaussa OR-kytkettyjen hakusanojen ymp\u00e4rill\u00e4 on sulut, koska OR on AND-operaattoria heikompi. Sanojen yhdistelyst\u00e4 kerrotaan seuraavassa osiossa <a href=\"https:\/\/sites.uef.fi\/tiedonhaku-kasvatus\/hakutekniikka\/boolen-operaattorit-and-or-not\/\">Boolen operaattorit<\/a>.<\/p>\n\n\n\n<figure class=\"wp-block-image alignleft wp-image-1192\"><img loading=\"lazy\" decoding=\"async\" width=\"959\" height=\"514\" src=\"https:\/\/sites.uef.fi\/tiedonhaku-kasvatus\/wp-content\/uploads\/sites\/80\/2020\/07\/UEF-Primon-tarkennettu-haku.png\" alt=\"Kuvakaappaus UEF-Primon tarkennetusta hausta.\" class=\"wp-image-1192\" srcset=\"https:\/\/sites.uef.fi\/tiedonhaku-kasvatus\/wp-content\/uploads\/sites\/80\/2020\/07\/UEF-Primon-tarkennettu-haku.png 959w, https:\/\/sites.uef.fi\/tiedonhaku-kasvatus\/wp-content\/uploads\/sites\/80\/2020\/07\/UEF-Primon-tarkennettu-haku-300x161.png 300w, https:\/\/sites.uef.fi\/tiedonhaku-kasvatus\/wp-content\/uploads\/sites\/80\/2020\/07\/UEF-Primon-tarkennettu-haku-768x412.png 768w\" sizes=\"auto, (max-width: 959px) 100vw, 959px\" \/><figcaption class=\"wp-element-caption\">Kuva: UEF-Primon tarkennettu haku, jossa hakulause on sijoitettu hakulomakkeelle: koulutus AND (maahanmuutt* OR pakolai*) AND (integr* OR kotout*) <\/figcaption><\/figure>\n\n\n\n<div class=\"links-block\">\n\n            <h3>Siirry seuraavaan osioon:<\/h3>\n    \n    <ul class=\"link-list\">\n        \n            \n            <li class=\"link-list-item\">\n                <a href=\"https:\/\/sites.uef.fi\/tiedonhaku-kasvatus\/hakutekniikka\/boolen-operaattorit-and-or-not\/\" class=\"link-reset link hover-scale-down\">\n                    <svg\n        width=\"43\" height=\"25\"\n        viewBox=\"0 0 43 25\"\n        xmlns=\"http:\/\/www.w3.org\/2000\/svg\">\n    <path\n        d=\"M30.027 0 43 12.5 30.027 25 27 22.083 34.351 15H0v-5h34.351L27 2.917z\"\n        fill=\"currentColor\"\n        fill-rule=\"evenodd\"\/>\n<\/svg>                    <div>Boolen operaattorit AND OR NOT<\/div>\n                <\/a>\n                <div class=\"link-info\">\n                                    <\/div>\n            <\/li>\n\n                <\/ul>\n<\/div>","protected":false},"excerpt":{"rendered":"<p>Hakusanojen muoto ja yhdist\u00e4minen hakulauseiksi \u2013 nyt tulee hakutekniikkaa! Sanankatkaisu kasvattaa hakutulosta Sanat taipuvat tai esiintyv\u00e4t yhdyssanojen alku- (tai loppu)osina. Katkaisumerkill\u00e4 saadaan kaikki taivutusmuodot ja mahdolliset yhdyssanat mukaan hakuun. Koneethan hakevat vain merkkijonoja. Jos etsit yksikk\u00f6muodolla, saat tulokseksi vain yksik\u00f6ss\u00e4 olevia sanoja. Katkaisumerkki vaihtelee eri hakuj\u00e4rjestelmiss\u00e4. Huomaa, ett\u00e4 Primo-j\u00e4rjestelm\u00e4 ei osaa taivuttaa suomen kielt\u00e4, vaan [&hellip;]<\/p>\n","protected":false},"author":171,"featured_media":0,"parent":106,"menu_order":0,"comment_status":"closed","ping_status":"closed","template":"","meta":{"_acf_changed":false,"_monsterinsights_skip_tracking":false,"_monsterinsights_sitenote_active":false,"_monsterinsights_sitenote_note":"","_monsterinsights_sitenote_category":0,"footnotes":""},"class_list":["post-476","page","type-page","status-publish","hentry"],"acf":[],"yoast_head":"<!-- This site is optimized with the Yoast SEO plugin v27.1.1 - https:\/\/yoast.com\/product\/yoast-seo-wordpress\/ -->\n<title>Sanankatkaisu, korvausmerkit ja fraasihaku - Kasvatustieteiden tiedonhaku \/\/ UEF-kirjasto<\/title>\n<meta name=\"robots\" content=\"index, follow, max-snippet:-1, max-image-preview:large, max-video-preview:-1\" \/>\n<link rel=\"canonical\" href=\"https:\/\/sites.uef.fi\/tiedonhaku-kasvatus\/hakutekniikka\/sanankatkaisu-ja-fraasihaku\/\" \/>\n<meta property=\"og:locale\" content=\"fi_FI\" \/>\n<meta property=\"og:type\" content=\"article\" \/>\n<meta property=\"og:title\" content=\"Sanankatkaisu, korvausmerkit ja fraasihaku - Kasvatustieteiden tiedonhaku \/\/ UEF-kirjasto\" \/>\n<meta property=\"og:description\" content=\"Hakusanojen muoto ja yhdist\u00e4minen hakulauseiksi \u2013 nyt tulee hakutekniikkaa! Sanankatkaisu kasvattaa hakutulosta Sanat taipuvat tai esiintyv\u00e4t yhdyssanojen alku- (tai loppu)osina. Katkaisumerkill\u00e4 saadaan kaikki taivutusmuodot ja mahdolliset yhdyssanat mukaan hakuun. Koneethan hakevat vain merkkijonoja. Jos etsit yksikk\u00f6muodolla, saat tulokseksi vain yksik\u00f6ss\u00e4 olevia sanoja. Katkaisumerkki vaihtelee eri hakuj\u00e4rjestelmiss\u00e4. Huomaa, ett\u00e4 Primo-j\u00e4rjestelm\u00e4 ei osaa taivuttaa suomen kielt\u00e4, vaan [&hellip;]\" \/>\n<meta property=\"og:url\" content=\"https:\/\/sites.uef.fi\/tiedonhaku-kasvatus\/hakutekniikka\/sanankatkaisu-ja-fraasihaku\/\" \/>\n<meta property=\"og:site_name\" content=\"Kasvatustieteiden tiedonhaku \/\/ UEF-kirjasto\" \/>\n<meta property=\"article:modified_time\" content=\"2023-09-29T07:00:45+00:00\" \/>\n<meta property=\"og:image\" content=\"https:\/\/licensebuttons.net\/l\/by-nc-nd\/4.0\/88x31.png\" \/>\n<meta name=\"twitter:card\" content=\"summary_large_image\" \/>\n<meta name=\"twitter:label1\" content=\"Arvioitu lukuaika\" \/>\n\t<meta name=\"twitter:data1\" content=\"3 minuuttia\" \/>\n<script type=\"application\/ld+json\" class=\"yoast-schema-graph\">{\"@context\":\"https:\/\/schema.org\",\"@graph\":[{\"@type\":\"WebPage\",\"@id\":\"https:\/\/sites.uef.fi\/tiedonhaku-kasvatus\/hakutekniikka\/sanankatkaisu-ja-fraasihaku\/\",\"url\":\"https:\/\/sites.uef.fi\/tiedonhaku-kasvatus\/hakutekniikka\/sanankatkaisu-ja-fraasihaku\/\",\"name\":\"Sanankatkaisu, korvausmerkit ja fraasihaku - Kasvatustieteiden tiedonhaku \/\/ UEF-kirjasto\",\"isPartOf\":{\"@id\":\"https:\/\/sites.uef.fi\/tiedonhaku-kasvatus\/#website\"},\"primaryImageOfPage\":{\"@id\":\"https:\/\/sites.uef.fi\/tiedonhaku-kasvatus\/hakutekniikka\/sanankatkaisu-ja-fraasihaku\/#primaryimage\"},\"image\":{\"@id\":\"https:\/\/sites.uef.fi\/tiedonhaku-kasvatus\/hakutekniikka\/sanankatkaisu-ja-fraasihaku\/#primaryimage\"},\"thumbnailUrl\":\"https:\/\/licensebuttons.net\/l\/by-nc-nd\/4.0\/88x31.png\",\"datePublished\":\"2020-06-29T13:05:45+00:00\",\"dateModified\":\"2023-09-29T07:00:45+00:00\",\"breadcrumb\":{\"@id\":\"https:\/\/sites.uef.fi\/tiedonhaku-kasvatus\/hakutekniikka\/sanankatkaisu-ja-fraasihaku\/#breadcrumb\"},\"inLanguage\":\"fi\",\"potentialAction\":[{\"@type\":\"ReadAction\",\"target\":[\"https:\/\/sites.uef.fi\/tiedonhaku-kasvatus\/hakutekniikka\/sanankatkaisu-ja-fraasihaku\/\"]}]},{\"@type\":\"ImageObject\",\"inLanguage\":\"fi\",\"@id\":\"https:\/\/sites.uef.fi\/tiedonhaku-kasvatus\/hakutekniikka\/sanankatkaisu-ja-fraasihaku\/#primaryimage\",\"url\":\"https:\/\/licensebuttons.net\/l\/by-nc-nd\/4.0\/88x31.png\",\"contentUrl\":\"https:\/\/licensebuttons.net\/l\/by-nc-nd\/4.0\/88x31.png\"},{\"@type\":\"BreadcrumbList\",\"@id\":\"https:\/\/sites.uef.fi\/tiedonhaku-kasvatus\/hakutekniikka\/sanankatkaisu-ja-fraasihaku\/#breadcrumb\",\"itemListElement\":[{\"@type\":\"ListItem\",\"position\":1,\"name\":\"Home\",\"item\":\"https:\/\/sites.uef.fi\/tiedonhaku-kasvatus\/\"},{\"@type\":\"ListItem\",\"position\":2,\"name\":\"Hakutekniikka\",\"item\":\"https:\/\/sites.uef.fi\/tiedonhaku-kasvatus\/hakutekniikka\/\"},{\"@type\":\"ListItem\",\"position\":3,\"name\":\"Sanankatkaisu, korvausmerkit ja fraasihaku\"}]},{\"@type\":\"WebSite\",\"@id\":\"https:\/\/sites.uef.fi\/tiedonhaku-kasvatus\/#website\",\"url\":\"https:\/\/sites.uef.fi\/tiedonhaku-kasvatus\/\",\"name\":\"Kasvatustieteiden tiedonhaku \/\/ UEF-kirjasto\",\"description\":\"\",\"potentialAction\":[{\"@type\":\"SearchAction\",\"target\":{\"@type\":\"EntryPoint\",\"urlTemplate\":\"https:\/\/sites.uef.fi\/tiedonhaku-kasvatus\/?s={search_term_string}\"},\"query-input\":{\"@type\":\"PropertyValueSpecification\",\"valueRequired\":true,\"valueName\":\"search_term_string\"}}],\"inLanguage\":\"fi\"}]}<\/script>\n<!-- \/ Yoast SEO plugin. -->","yoast_head_json":{"title":"Sanankatkaisu, korvausmerkit ja fraasihaku - Kasvatustieteiden tiedonhaku \/\/ UEF-kirjasto","robots":{"index":"index","follow":"follow","max-snippet":"max-snippet:-1","max-image-preview":"max-image-preview:large","max-video-preview":"max-video-preview:-1"},"canonical":"https:\/\/sites.uef.fi\/tiedonhaku-kasvatus\/hakutekniikka\/sanankatkaisu-ja-fraasihaku\/","og_locale":"fi_FI","og_type":"article","og_title":"Sanankatkaisu, korvausmerkit ja fraasihaku - Kasvatustieteiden tiedonhaku \/\/ UEF-kirjasto","og_description":"Hakusanojen muoto ja yhdist\u00e4minen hakulauseiksi \u2013 nyt tulee hakutekniikkaa! Sanankatkaisu kasvattaa hakutulosta Sanat taipuvat tai esiintyv\u00e4t yhdyssanojen alku- (tai loppu)osina. Katkaisumerkill\u00e4 saadaan kaikki taivutusmuodot ja mahdolliset yhdyssanat mukaan hakuun. Koneethan hakevat vain merkkijonoja. Jos etsit yksikk\u00f6muodolla, saat tulokseksi vain yksik\u00f6ss\u00e4 olevia sanoja. Katkaisumerkki vaihtelee eri hakuj\u00e4rjestelmiss\u00e4. Huomaa, ett\u00e4 Primo-j\u00e4rjestelm\u00e4 ei osaa taivuttaa suomen kielt\u00e4, vaan [&hellip;]","og_url":"https:\/\/sites.uef.fi\/tiedonhaku-kasvatus\/hakutekniikka\/sanankatkaisu-ja-fraasihaku\/","og_site_name":"Kasvatustieteiden tiedonhaku \/\/ UEF-kirjasto","article_modified_time":"2023-09-29T07:00:45+00:00","og_image":[{"url":"https:\/\/licensebuttons.net\/l\/by-nc-nd\/4.0\/88x31.png","type":"","width":"","height":""}],"twitter_card":"summary_large_image","twitter_misc":{"Arvioitu lukuaika":"3 minuuttia"},"schema":{"@context":"https:\/\/schema.org","@graph":[{"@type":"WebPage","@id":"https:\/\/sites.uef.fi\/tiedonhaku-kasvatus\/hakutekniikka\/sanankatkaisu-ja-fraasihaku\/","url":"https:\/\/sites.uef.fi\/tiedonhaku-kasvatus\/hakutekniikka\/sanankatkaisu-ja-fraasihaku\/","name":"Sanankatkaisu, korvausmerkit ja fraasihaku - Kasvatustieteiden tiedonhaku \/\/ UEF-kirjasto","isPartOf":{"@id":"https:\/\/sites.uef.fi\/tiedonhaku-kasvatus\/#website"},"primaryImageOfPage":{"@id":"https:\/\/sites.uef.fi\/tiedonhaku-kasvatus\/hakutekniikka\/sanankatkaisu-ja-fraasihaku\/#primaryimage"},"image":{"@id":"https:\/\/sites.uef.fi\/tiedonhaku-kasvatus\/hakutekniikka\/sanankatkaisu-ja-fraasihaku\/#primaryimage"},"thumbnailUrl":"https:\/\/licensebuttons.net\/l\/by-nc-nd\/4.0\/88x31.png","datePublished":"2020-06-29T13:05:45+00:00","dateModified":"2023-09-29T07:00:45+00:00","breadcrumb":{"@id":"https:\/\/sites.uef.fi\/tiedonhaku-kasvatus\/hakutekniikka\/sanankatkaisu-ja-fraasihaku\/#breadcrumb"},"inLanguage":"fi","potentialAction":[{"@type":"ReadAction","target":["https:\/\/sites.uef.fi\/tiedonhaku-kasvatus\/hakutekniikka\/sanankatkaisu-ja-fraasihaku\/"]}]},{"@type":"ImageObject","inLanguage":"fi","@id":"https:\/\/sites.uef.fi\/tiedonhaku-kasvatus\/hakutekniikka\/sanankatkaisu-ja-fraasihaku\/#primaryimage","url":"https:\/\/licensebuttons.net\/l\/by-nc-nd\/4.0\/88x31.png","contentUrl":"https:\/\/licensebuttons.net\/l\/by-nc-nd\/4.0\/88x31.png"},{"@type":"BreadcrumbList","@id":"https:\/\/sites.uef.fi\/tiedonhaku-kasvatus\/hakutekniikka\/sanankatkaisu-ja-fraasihaku\/#breadcrumb","itemListElement":[{"@type":"ListItem","position":1,"name":"Home","item":"https:\/\/sites.uef.fi\/tiedonhaku-kasvatus\/"},{"@type":"ListItem","position":2,"name":"Hakutekniikka","item":"https:\/\/sites.uef.fi\/tiedonhaku-kasvatus\/hakutekniikka\/"},{"@type":"ListItem","position":3,"name":"Sanankatkaisu, korvausmerkit ja fraasihaku"}]},{"@type":"WebSite","@id":"https:\/\/sites.uef.fi\/tiedonhaku-kasvatus\/#website","url":"https:\/\/sites.uef.fi\/tiedonhaku-kasvatus\/","name":"Kasvatustieteiden tiedonhaku \/\/ UEF-kirjasto","description":"","potentialAction":[{"@type":"SearchAction","target":{"@type":"EntryPoint","urlTemplate":"https:\/\/sites.uef.fi\/tiedonhaku-kasvatus\/?s={search_term_string}"},"query-input":{"@type":"PropertyValueSpecification","valueRequired":true,"valueName":"search_term_string"}}],"inLanguage":"fi"}]}},"_links":{"self":[{"href":"https:\/\/sites.uef.fi\/tiedonhaku-kasvatus\/wp-json\/wp\/v2\/pages\/476","targetHints":{"allow":["GET"]}}],"collection":[{"href":"https:\/\/sites.uef.fi\/tiedonhaku-kasvatus\/wp-json\/wp\/v2\/pages"}],"about":[{"href":"https:\/\/sites.uef.fi\/tiedonhaku-kasvatus\/wp-json\/wp\/v2\/types\/page"}],"author":[{"embeddable":true,"href":"https:\/\/sites.uef.fi\/tiedonhaku-kasvatus\/wp-json\/wp\/v2\/users\/171"}],"replies":[{"embeddable":true,"href":"https:\/\/sites.uef.fi\/tiedonhaku-kasvatus\/wp-json\/wp\/v2\/comments?post=476"}],"version-history":[{"count":1,"href":"https:\/\/sites.uef.fi\/tiedonhaku-kasvatus\/wp-json\/wp\/v2\/pages\/476\/revisions"}],"predecessor-version":[{"id":4654,"href":"https:\/\/sites.uef.fi\/tiedonhaku-kasvatus\/wp-json\/wp\/v2\/pages\/476\/revisions\/4654"}],"up":[{"embeddable":true,"href":"https:\/\/sites.uef.fi\/tiedonhaku-kasvatus\/wp-json\/wp\/v2\/pages\/106"}],"wp:attachment":[{"href":"https:\/\/sites.uef.fi\/tiedonhaku-kasvatus\/wp-json\/wp\/v2\/media?parent=476"}],"curies":[{"name":"wp","href":"https:\/\/api.w.org\/{rel}","templated":true}]}}