{"id":536,"date":"2020-06-30T10:50:23","date_gmt":"2020-06-30T07:50:23","guid":{"rendered":"https:\/\/sites.uef.fi\/tiedonhaku-kasvatus\/?page_id=536"},"modified":"2024-08-27T10:35:10","modified_gmt":"2024-08-27T07:35:10","slug":"lahteiden-arviointi-ja-valinta","status":"publish","type":"page","link":"https:\/\/sites.uef.fi\/tiedonhaku-kasvatus\/tiedon-arviointi-ja-kaytto\/lahteiden-arviointi-ja-valinta\/","title":{"rendered":"L\u00e4hteiden arviointi ja valinta"},"content":{"rendered":"\n<figure class=\"wp-block-image\"><img loading=\"lazy\" decoding=\"async\" width=\"1024\" height=\"747\" src=\"https:\/\/sites.uef.fi\/tiedonhaku-kasvatus\/wp-content\/uploads\/sites\/80\/2021\/07\/Sadepisarat-1024x747.jpg\" alt=\"Suuret sadepisarat nostattavat vesihelmi\u00e4 ja vesipilareita j\u00e4rven pintaan. Taustalla horisontissa on mets\u00e4viiva, taivaalla pilvi\u00e4, jotka heijastuvat j\u00e4rven pintaan. \" class=\"wp-image-2538\" srcset=\"https:\/\/sites.uef.fi\/tiedonhaku-kasvatus\/wp-content\/uploads\/sites\/80\/2021\/07\/Sadepisarat-1024x747.jpg 1024w, https:\/\/sites.uef.fi\/tiedonhaku-kasvatus\/wp-content\/uploads\/sites\/80\/2021\/07\/Sadepisarat-300x219.jpg 300w, https:\/\/sites.uef.fi\/tiedonhaku-kasvatus\/wp-content\/uploads\/sites\/80\/2021\/07\/Sadepisarat-768x561.jpg 768w, https:\/\/sites.uef.fi\/tiedonhaku-kasvatus\/wp-content\/uploads\/sites\/80\/2021\/07\/Sadepisarat-1536x1121.jpg 1536w, https:\/\/sites.uef.fi\/tiedonhaku-kasvatus\/wp-content\/uploads\/sites\/80\/2021\/07\/Sadepisarat-2048x1495.jpg 2048w\" sizes=\"auto, (max-width: 1024px) 100vw, 1024px\" \/><\/figure>\n\n\n\n<p>Onko hakutuloksenasi nyt sellainen lista, josta alat valikoida &#8221;jatkoon p\u00e4\u00e4sevi\u00e4&#8221;?<br>Muokkaa ensin hakutuloksesi aihe mahdollisimman kohdalleen ja tulosjoukko sopivan kokoiseksi.<\/p>\n\n\n\n<p>Sitten alat k\u00e4yd\u00e4 viitteit\u00e4 l\u00e4pi ja valita:<\/p>\n\n\n\n<p>1. mit\u00e4 viitteit\u00e4 otat l\u00e4hemp\u00e4\u00e4n tarkasteluun<br>2. mit\u00e4 valituista luet (ja hankit luettavaksi, ellei full text ole heti saatavissa)<br>3. mit\u00e4 valituista k\u00e4yt\u00e4t oman ty\u00f6n l\u00e4htein\u00e4 (mihin viittaat)<\/p>\n\n\n\n<h2 class=\"wp-block-heading\">L\u00e4hdeaineiston valintaperusteita<\/h2>\n\n\n\n<h3 class=\"wp-block-heading\"><strong>Aiherelevanssi, eli onko sis\u00e4lt\u00f6 oikeaa asiaa?<\/strong><\/h3>\n\n\n\n<p>Arvioi viitteiden otsikoista, asiasanoista ja tiivistelmist\u00e4, ovatko ne sis\u00e4ll\u00f6llisesti etsim\u00e4\u00e4si aihetta ja k\u00e4ytt\u00f6kelpoisia tilanteessasi.<\/p>\n\n\n\n<h3 class=\"wp-block-heading\"><strong>Tieteellist\u00e4 tietoa?<\/strong><\/h3>\n\n\n\n<p>Vaikka tieteenalakohtaiset tietokannat sis\u00e4lt\u00e4v\u00e4t luotettavampaa aineistoa kuin mit\u00e4 esim. Googlella saat, tieteellisyydelt\u00e4\u00e4n eritasoista aineistoa niiss\u00e4kin voi olla. Varsinkin kotimaisiin tietokantoihin seurataan paljon my\u00f6s ammatti- ja j\u00e4rjest\u00f6lehti\u00e4.<\/p>\n\n\n\n<ul class=\"wp-block-list\">\n<li>Artikkelien tieteellisyyden kriteerin\u00e4 pidet\u00e4\u00e4n sit\u00e4, k\u00e4ytet\u00e4\u00e4nk\u00f6 lehdiss\u00e4 ennakkoarviointia, ns. <strong>referee tai peer reviewed<\/strong> -menettely\u00e4\/vertaisarviointia. Useissa kansainv\u00e4lisiss\u00e4 tietokannoissa haun voi rajata vain tieteellisten vertaisarvioitujen lehtien artikkeleihin (peer review, referee, scholarly). Tee rajaus hakuusi, jos se on tarpeen!<\/li>\n\n\n\n<li><strong>L\u00e4hdeluettelo<\/strong> on yksi tieteellisen ja luotettavan artikkelin tunnusmerkeist\u00e4. Joidenkin tietokantojen viitteiss\u00e4 on mukana my\u00f6s artikkelin l\u00e4hdeluettelo, josta voit p\u00e4\u00e4tell\u00e4 paljon, vaikka et itse artikkelia kokotekstin\u00e4 saisikaan k\u00e4siisi.<\/li>\n\n\n\n<li>Voit k\u00e4ytt\u00e4\u00e4 apuna tieteellisten julkaisujen <a href=\"https:\/\/www.tsv.fi\/julkaisufoorumi\/haku.php?lang=fi\" target=\"_blank\" rel=\"noopener\"><strong>JuFo-luokitusta<\/strong><\/a> (Julkaisufoorumin juklaisukanavahaku, linkki avautuu uuteen v\u00e4lilehteen), josta kerrotaan lis\u00e4\u00e4 kohdassa <a href=\"https:\/\/sites.uef.fi\/tiedonhaku-kasvatus\/mista-tiedan-onko-julkaisu-tieteellinen\/\">Vertaisarviointi &#8211; mist\u00e4 tied\u00e4n, onko julkaisu tieteellinen?<\/a><\/li>\n<\/ul>\n\n\n\n<h3 class=\"wp-block-heading\"><strong>Mink\u00e4 tyyppinen artikkeli \/ kirjoitus?<\/strong><\/h3>\n\n\n\n<p>Tieteellisiss\u00e4kin lehdiss\u00e4 julkaistaan my\u00f6s p\u00e4\u00e4kirjoituksia (editorial), mielipidekirjoituksia (letter, letter to the editor) ja kirja-arvosteluja (book review). Tarkista siis viitteest\u00e4, onko kyseess\u00e4 tieteellinen artikkeli (yleens\u00e4 vain &#8221;article&#8221;) tai tutkimusraportti.<\/p>\n\n\n\n<h3 class=\"wp-block-heading\"><strong>Julkaisun ik\u00e4 \/ tuoreus<\/strong><\/h3>\n\n\n\n<p>J\u00e4rkev\u00e4 vuosirajaus riippuu aiheestasi. 5-10 vuotta on usein suositeltu, mutta varmista asia ainelaitokselta, opettajalta, ohjaajalta.<\/p>\n\n\n\n<p>Yleens\u00e4 kannattaa l\u00e4hte\u00e4 liikkeelle mahdollisimman tuoreesta aineistosta. Uudet tutkimustulokset kertyv\u00e4t vanhojen p\u00e4\u00e4lle. T\u00e4ll\u00f6in my\u00f6s l\u00e4hdeluetteloiden l\u00e4pik\u00e4yminen on hy\u00f6dyllist\u00e4. Klassikot eiv\u00e4t vanhene.<\/p>\n\n\n\n<p>Tietokantojen tulokset lajitellaan usein uusimmasta vanhimpaan (tai lajittelutavan voi vaihtaa relevanssij\u00e4rjestyksest\u00e4 julkaisuaikaj\u00e4rjestykseen), joten aikarajaus ei haussa ole v\u00e4ltt\u00e4m\u00e4t\u00f6n. Toki suurta tulosm\u00e4\u00e4r\u00e4\u00e4 voi pienent\u00e4\u00e4 vuosirajauksella.<\/p>\n\n\n\n<h3 class=\"wp-block-heading\"><strong>Aineiston saatavuus<\/strong><\/h3>\n\n\n\n<p>Paljonko aikaa ja rahaa on k\u00e4ytett\u00e4viss\u00e4? Mink\u00e4 tasoista tieteellist\u00e4 ty\u00f6t\u00e4 olet tekem\u00e4ss\u00e4? Jos aineisto ei ole saatavissa omassa kirjastossasi painettuna tai elektronisena, kaukopalvelu v\u00e4litt\u00e4\u00e4 maksusta lainoja ja kopioita muualta. Toki p\u00e4\u00e4asiallinen arvioinnin ja valinnan peruste pit\u00e4isi olla jokin muu kuin saatavuus. (Ks. saatavuudesta ja viitteen j\u00e4ljitt\u00e4misest\u00e4 luku <a href=\"https:\/\/sites.uef.fi\/tiedonhaku-kasvatus\/miten-saan-julkaisun-kayttooni\/\" rel=\"noopener noreferrer\">Miten saan julkaisun k\u00e4ytt\u00f6\u00f6ni?<\/a>)<\/p>\n\n\n\n<p>Samoja arviointiperiaatteita voidaan soveltaa sek\u00e4 painetuille ett\u00e4 elektronisille l\u00e4hteille, mutta erityisesti avoimen internetin aineistoon on suhtauduttava kriittisesti. Arvioitavia n\u00e4k\u00f6kulmia ovat esimerkiksi:<\/p>\n\n\n\n<ul class=\"wp-block-list\">\n<li>luotettavuus<\/li>\n\n\n\n<li>tavoitteet ja kohderyhm\u00e4<\/li>\n\n\n\n<li>auktoriteetti ja tekij\u00e4n\/tiedontuottajan\/julkaisijan\/kustantajan maine ja asiantuntemus<\/li>\n\n\n\n<li>onko informaatio suodatettua\/arvioitua?<\/li>\n\n\n\n<li>paikkansapit\u00e4vyys<\/li>\n\n\n\n<li>puolueettomuus<\/li>\n\n\n\n<li>tuoreus, ajantasaisuus, l\u00e4hteen ik\u00e4<\/li>\n\n\n\n<li>kattavuus<\/li>\n<\/ul>\n\n\n\n<p>T\u00e4\u00e4ll\u00e4 kerrotaan lis\u00e4\u00e4 <a href=\"https:\/\/sites.uef.fi\/tiedonhaku-kasvatus\/tiedonlahteet-ja-tietokannat\/google-ja-google-scholar\/\" rel=\"noopener noreferrer\">Internet-aineiston arvioinnista<\/a>.<\/p>\n\n\n\n<h3 class=\"wp-block-heading\"><strong>Kriittisesti on syyt\u00e4 suhtautua:<\/strong><\/h3>\n\n\n\n<ul class=\"wp-block-list\">\n<li>ammattilehtiin ja j\u00e4rjest\u00f6jen julkaisuihin<\/li>\n\n\n\n<li>sanomalehtiin<\/li>\n\n\n\n<li>hallinnon selvityksiin<\/li>\n\n\n\n<li>pro gradu -t\u00f6ihin<\/li>\n\n\n\n<li>oppikirjoihin (muista kuitenkin, ett\u00e4 tieteellisi\u00e4kin teoksia k\u00e4ytet\u00e4\u00e4n kurssikirjoina)<\/li>\n\n\n\n<li>kirjallisuuteen, jossa ei ole laadukasta sis\u00e4llysluetteloa<\/li>\n<\/ul>\n\n\n\n<p>L\u00e4hteet ja lis\u00e4lukemista:<\/p>\n\n\n\n<p><a href=\"http:\/\/jultika.oulu.fi\/files\/isbn9514274725.pdf\" target=\"_blank\" rel=\"noopener noreferrer\">Tieteellisen kirjallisuuden arvioinnin ohjaus yliopisto-opetuksessa : nelj\u00e4n tieteenalan tarkastelu \/ Vesa Kautto. Oulu : Oulun yliopisto, 2004. (Acta Universitatis Ouluensis. B, Humaniora, 58) (PDF, linkki avautuu uuteen v\u00e4lilehteen)<\/a><\/p>\n\n\n\n<div class=\"links-block\">\n\n            <h3>Siirry seuraavaan osioon:<\/h3>\n    \n    <ul class=\"link-list\">\n        \n            \n            <li class=\"link-list-item\">\n                <a href=\"https:\/\/sites.uef.fi\/tiedonhaku-kasvatus\/tiedon-arviointi-ja-kaytto\/viittaaminen-ja-lahdeluettelot\/\" class=\"link-reset link hover-scale-down\">\n                    <svg\n        width=\"43\" height=\"25\"\n        viewBox=\"0 0 43 25\"\n        xmlns=\"http:\/\/www.w3.org\/2000\/svg\">\n    <path\n        d=\"M30.027 0 43 12.5 30.027 25 27 22.083 34.351 15H0v-5h34.351L27 2.917z\"\n        fill=\"currentColor\"\n        fill-rule=\"evenodd\"\/>\n<\/svg>                    <div>Miten viittaan oikein? L\u00e4hteiden merkitseminen<\/div>\n                <\/a>\n                <div class=\"link-info\">\n                                    <\/div>\n            <\/li>\n\n                <\/ul>\n<\/div>","protected":false},"excerpt":{"rendered":"<p>Onko hakutuloksenasi nyt sellainen lista, josta alat valikoida &#8221;jatkoon p\u00e4\u00e4sevi\u00e4&#8221;?Muokkaa ensin hakutuloksesi aihe mahdollisimman kohdalleen ja tulosjoukko sopivan kokoiseksi. Sitten alat k\u00e4yd\u00e4 viitteit\u00e4 l\u00e4pi ja valita: 1. mit\u00e4 viitteit\u00e4 otat l\u00e4hemp\u00e4\u00e4n tarkasteluun2. mit\u00e4 valituista luet (ja hankit luettavaksi, ellei full text ole heti saatavissa)3. mit\u00e4 valituista k\u00e4yt\u00e4t oman ty\u00f6n l\u00e4htein\u00e4 (mihin viittaat) L\u00e4hdeaineiston valintaperusteita Aiherelevanssi, [&hellip;]<\/p>\n","protected":false},"author":171,"featured_media":0,"parent":156,"menu_order":0,"comment_status":"closed","ping_status":"closed","template":"","meta":{"_acf_changed":false,"_monsterinsights_skip_tracking":false,"_monsterinsights_sitenote_active":false,"_monsterinsights_sitenote_note":"","_monsterinsights_sitenote_category":0,"footnotes":""},"class_list":["post-536","page","type-page","status-publish","hentry"],"acf":[],"yoast_head":"<!-- This site is optimized with the Yoast SEO plugin v27.3 - https:\/\/yoast.com\/product\/yoast-seo-wordpress\/ -->\n<title>L\u00e4hteiden arviointi ja valinta - Kasvatustieteiden tiedonhaku \/\/ UEF-kirjasto<\/title>\n<meta name=\"robots\" content=\"index, follow, max-snippet:-1, max-image-preview:large, max-video-preview:-1\" \/>\n<link rel=\"canonical\" href=\"https:\/\/sites.uef.fi\/tiedonhaku-kasvatus\/tiedon-arviointi-ja-kaytto\/lahteiden-arviointi-ja-valinta\/\" \/>\n<meta property=\"og:locale\" content=\"fi_FI\" \/>\n<meta property=\"og:type\" content=\"article\" \/>\n<meta property=\"og:title\" content=\"L\u00e4hteiden arviointi ja valinta - Kasvatustieteiden tiedonhaku \/\/ UEF-kirjasto\" \/>\n<meta property=\"og:description\" content=\"Onko hakutuloksenasi nyt sellainen lista, josta alat valikoida &#8221;jatkoon p\u00e4\u00e4sevi\u00e4&#8221;?Muokkaa ensin hakutuloksesi aihe mahdollisimman kohdalleen ja tulosjoukko sopivan kokoiseksi. Sitten alat k\u00e4yd\u00e4 viitteit\u00e4 l\u00e4pi ja valita: 1. mit\u00e4 viitteit\u00e4 otat l\u00e4hemp\u00e4\u00e4n tarkasteluun2. mit\u00e4 valituista luet (ja hankit luettavaksi, ellei full text ole heti saatavissa)3. mit\u00e4 valituista k\u00e4yt\u00e4t oman ty\u00f6n l\u00e4htein\u00e4 (mihin viittaat) L\u00e4hdeaineiston valintaperusteita Aiherelevanssi, [&hellip;]\" \/>\n<meta property=\"og:url\" content=\"https:\/\/sites.uef.fi\/tiedonhaku-kasvatus\/tiedon-arviointi-ja-kaytto\/lahteiden-arviointi-ja-valinta\/\" \/>\n<meta property=\"og:site_name\" content=\"Kasvatustieteiden tiedonhaku \/\/ UEF-kirjasto\" \/>\n<meta property=\"article:modified_time\" content=\"2024-08-27T07:35:10+00:00\" \/>\n<meta property=\"og:image\" content=\"https:\/\/sites.uef.fi\/tiedonhaku-kasvatus\/wp-content\/uploads\/sites\/80\/2021\/07\/Sadepisarat-1024x747.jpg\" \/>\n<meta name=\"twitter:card\" content=\"summary_large_image\" \/>\n<meta name=\"twitter:label1\" content=\"Arvioitu lukuaika\" \/>\n\t<meta name=\"twitter:data1\" content=\"3 minuuttia\" \/>\n<script type=\"application\/ld+json\" class=\"yoast-schema-graph\">{\"@context\":\"https:\\\/\\\/schema.org\",\"@graph\":[{\"@type\":\"WebPage\",\"@id\":\"https:\\\/\\\/sites.uef.fi\\\/tiedonhaku-kasvatus\\\/tiedon-arviointi-ja-kaytto\\\/lahteiden-arviointi-ja-valinta\\\/\",\"url\":\"https:\\\/\\\/sites.uef.fi\\\/tiedonhaku-kasvatus\\\/tiedon-arviointi-ja-kaytto\\\/lahteiden-arviointi-ja-valinta\\\/\",\"name\":\"L\u00e4hteiden arviointi ja valinta - Kasvatustieteiden tiedonhaku \\\/\\\/ UEF-kirjasto\",\"isPartOf\":{\"@id\":\"https:\\\/\\\/sites.uef.fi\\\/tiedonhaku-kasvatus\\\/#website\"},\"primaryImageOfPage\":{\"@id\":\"https:\\\/\\\/sites.uef.fi\\\/tiedonhaku-kasvatus\\\/tiedon-arviointi-ja-kaytto\\\/lahteiden-arviointi-ja-valinta\\\/#primaryimage\"},\"image\":{\"@id\":\"https:\\\/\\\/sites.uef.fi\\\/tiedonhaku-kasvatus\\\/tiedon-arviointi-ja-kaytto\\\/lahteiden-arviointi-ja-valinta\\\/#primaryimage\"},\"thumbnailUrl\":\"https:\\\/\\\/sites.uef.fi\\\/tiedonhaku-kasvatus\\\/wp-content\\\/uploads\\\/sites\\\/80\\\/2021\\\/07\\\/Sadepisarat-1024x747.jpg\",\"datePublished\":\"2020-06-30T07:50:23+00:00\",\"dateModified\":\"2024-08-27T07:35:10+00:00\",\"breadcrumb\":{\"@id\":\"https:\\\/\\\/sites.uef.fi\\\/tiedonhaku-kasvatus\\\/tiedon-arviointi-ja-kaytto\\\/lahteiden-arviointi-ja-valinta\\\/#breadcrumb\"},\"inLanguage\":\"fi\",\"potentialAction\":[{\"@type\":\"ReadAction\",\"target\":[\"https:\\\/\\\/sites.uef.fi\\\/tiedonhaku-kasvatus\\\/tiedon-arviointi-ja-kaytto\\\/lahteiden-arviointi-ja-valinta\\\/\"]}]},{\"@type\":\"ImageObject\",\"inLanguage\":\"fi\",\"@id\":\"https:\\\/\\\/sites.uef.fi\\\/tiedonhaku-kasvatus\\\/tiedon-arviointi-ja-kaytto\\\/lahteiden-arviointi-ja-valinta\\\/#primaryimage\",\"url\":\"https:\\\/\\\/sites.uef.fi\\\/tiedonhaku-kasvatus\\\/wp-content\\\/uploads\\\/sites\\\/80\\\/2021\\\/07\\\/Sadepisarat-scaled.jpg\",\"contentUrl\":\"https:\\\/\\\/sites.uef.fi\\\/tiedonhaku-kasvatus\\\/wp-content\\\/uploads\\\/sites\\\/80\\\/2021\\\/07\\\/Sadepisarat-scaled.jpg\",\"width\":2560,\"height\":1869,\"caption\":\"Suuret sadepisarat nostattavat vesihelmi\u00e4 ja vesipilareita j\u00e4rven pintaan. Taustalla horisontissa on mets\u00e4viiva, taivaalla pilvi\u00e4, jotka heijastuvat j\u00e4rven pintaan.\"},{\"@type\":\"BreadcrumbList\",\"@id\":\"https:\\\/\\\/sites.uef.fi\\\/tiedonhaku-kasvatus\\\/tiedon-arviointi-ja-kaytto\\\/lahteiden-arviointi-ja-valinta\\\/#breadcrumb\",\"itemListElement\":[{\"@type\":\"ListItem\",\"position\":1,\"name\":\"Home\",\"item\":\"https:\\\/\\\/sites.uef.fi\\\/tiedonhaku-kasvatus\\\/\"},{\"@type\":\"ListItem\",\"position\":2,\"name\":\"Tiedon arviointi ja k\u00e4ytt\u00f6\",\"item\":\"https:\\\/\\\/sites.uef.fi\\\/tiedonhaku-kasvatus\\\/tiedon-arviointi-ja-kaytto\\\/\"},{\"@type\":\"ListItem\",\"position\":3,\"name\":\"L\u00e4hteiden arviointi ja valinta\"}]},{\"@type\":\"WebSite\",\"@id\":\"https:\\\/\\\/sites.uef.fi\\\/tiedonhaku-kasvatus\\\/#website\",\"url\":\"https:\\\/\\\/sites.uef.fi\\\/tiedonhaku-kasvatus\\\/\",\"name\":\"Kasvatustieteiden tiedonhaku \\\/\\\/ UEF-kirjasto\",\"description\":\"\",\"potentialAction\":[{\"@type\":\"SearchAction\",\"target\":{\"@type\":\"EntryPoint\",\"urlTemplate\":\"https:\\\/\\\/sites.uef.fi\\\/tiedonhaku-kasvatus\\\/?s={search_term_string}\"},\"query-input\":{\"@type\":\"PropertyValueSpecification\",\"valueRequired\":true,\"valueName\":\"search_term_string\"}}],\"inLanguage\":\"fi\"}]}<\/script>\n<!-- \/ Yoast SEO plugin. -->","yoast_head_json":{"title":"L\u00e4hteiden arviointi ja valinta - Kasvatustieteiden tiedonhaku \/\/ UEF-kirjasto","robots":{"index":"index","follow":"follow","max-snippet":"max-snippet:-1","max-image-preview":"max-image-preview:large","max-video-preview":"max-video-preview:-1"},"canonical":"https:\/\/sites.uef.fi\/tiedonhaku-kasvatus\/tiedon-arviointi-ja-kaytto\/lahteiden-arviointi-ja-valinta\/","og_locale":"fi_FI","og_type":"article","og_title":"L\u00e4hteiden arviointi ja valinta - Kasvatustieteiden tiedonhaku \/\/ UEF-kirjasto","og_description":"Onko hakutuloksenasi nyt sellainen lista, josta alat valikoida &#8221;jatkoon p\u00e4\u00e4sevi\u00e4&#8221;?Muokkaa ensin hakutuloksesi aihe mahdollisimman kohdalleen ja tulosjoukko sopivan kokoiseksi. Sitten alat k\u00e4yd\u00e4 viitteit\u00e4 l\u00e4pi ja valita: 1. mit\u00e4 viitteit\u00e4 otat l\u00e4hemp\u00e4\u00e4n tarkasteluun2. mit\u00e4 valituista luet (ja hankit luettavaksi, ellei full text ole heti saatavissa)3. mit\u00e4 valituista k\u00e4yt\u00e4t oman ty\u00f6n l\u00e4htein\u00e4 (mihin viittaat) L\u00e4hdeaineiston valintaperusteita Aiherelevanssi, [&hellip;]","og_url":"https:\/\/sites.uef.fi\/tiedonhaku-kasvatus\/tiedon-arviointi-ja-kaytto\/lahteiden-arviointi-ja-valinta\/","og_site_name":"Kasvatustieteiden tiedonhaku \/\/ UEF-kirjasto","article_modified_time":"2024-08-27T07:35:10+00:00","og_image":[{"url":"https:\/\/sites.uef.fi\/tiedonhaku-kasvatus\/wp-content\/uploads\/sites\/80\/2021\/07\/Sadepisarat-1024x747.jpg","type":"","width":"","height":""}],"twitter_card":"summary_large_image","twitter_misc":{"Arvioitu lukuaika":"3 minuuttia"},"schema":{"@context":"https:\/\/schema.org","@graph":[{"@type":"WebPage","@id":"https:\/\/sites.uef.fi\/tiedonhaku-kasvatus\/tiedon-arviointi-ja-kaytto\/lahteiden-arviointi-ja-valinta\/","url":"https:\/\/sites.uef.fi\/tiedonhaku-kasvatus\/tiedon-arviointi-ja-kaytto\/lahteiden-arviointi-ja-valinta\/","name":"L\u00e4hteiden arviointi ja valinta - Kasvatustieteiden tiedonhaku \/\/ UEF-kirjasto","isPartOf":{"@id":"https:\/\/sites.uef.fi\/tiedonhaku-kasvatus\/#website"},"primaryImageOfPage":{"@id":"https:\/\/sites.uef.fi\/tiedonhaku-kasvatus\/tiedon-arviointi-ja-kaytto\/lahteiden-arviointi-ja-valinta\/#primaryimage"},"image":{"@id":"https:\/\/sites.uef.fi\/tiedonhaku-kasvatus\/tiedon-arviointi-ja-kaytto\/lahteiden-arviointi-ja-valinta\/#primaryimage"},"thumbnailUrl":"https:\/\/sites.uef.fi\/tiedonhaku-kasvatus\/wp-content\/uploads\/sites\/80\/2021\/07\/Sadepisarat-1024x747.jpg","datePublished":"2020-06-30T07:50:23+00:00","dateModified":"2024-08-27T07:35:10+00:00","breadcrumb":{"@id":"https:\/\/sites.uef.fi\/tiedonhaku-kasvatus\/tiedon-arviointi-ja-kaytto\/lahteiden-arviointi-ja-valinta\/#breadcrumb"},"inLanguage":"fi","potentialAction":[{"@type":"ReadAction","target":["https:\/\/sites.uef.fi\/tiedonhaku-kasvatus\/tiedon-arviointi-ja-kaytto\/lahteiden-arviointi-ja-valinta\/"]}]},{"@type":"ImageObject","inLanguage":"fi","@id":"https:\/\/sites.uef.fi\/tiedonhaku-kasvatus\/tiedon-arviointi-ja-kaytto\/lahteiden-arviointi-ja-valinta\/#primaryimage","url":"https:\/\/sites.uef.fi\/tiedonhaku-kasvatus\/wp-content\/uploads\/sites\/80\/2021\/07\/Sadepisarat-scaled.jpg","contentUrl":"https:\/\/sites.uef.fi\/tiedonhaku-kasvatus\/wp-content\/uploads\/sites\/80\/2021\/07\/Sadepisarat-scaled.jpg","width":2560,"height":1869,"caption":"Suuret sadepisarat nostattavat vesihelmi\u00e4 ja vesipilareita j\u00e4rven pintaan. Taustalla horisontissa on mets\u00e4viiva, taivaalla pilvi\u00e4, jotka heijastuvat j\u00e4rven pintaan."},{"@type":"BreadcrumbList","@id":"https:\/\/sites.uef.fi\/tiedonhaku-kasvatus\/tiedon-arviointi-ja-kaytto\/lahteiden-arviointi-ja-valinta\/#breadcrumb","itemListElement":[{"@type":"ListItem","position":1,"name":"Home","item":"https:\/\/sites.uef.fi\/tiedonhaku-kasvatus\/"},{"@type":"ListItem","position":2,"name":"Tiedon arviointi ja k\u00e4ytt\u00f6","item":"https:\/\/sites.uef.fi\/tiedonhaku-kasvatus\/tiedon-arviointi-ja-kaytto\/"},{"@type":"ListItem","position":3,"name":"L\u00e4hteiden arviointi ja valinta"}]},{"@type":"WebSite","@id":"https:\/\/sites.uef.fi\/tiedonhaku-kasvatus\/#website","url":"https:\/\/sites.uef.fi\/tiedonhaku-kasvatus\/","name":"Kasvatustieteiden tiedonhaku \/\/ UEF-kirjasto","description":"","potentialAction":[{"@type":"SearchAction","target":{"@type":"EntryPoint","urlTemplate":"https:\/\/sites.uef.fi\/tiedonhaku-kasvatus\/?s={search_term_string}"},"query-input":{"@type":"PropertyValueSpecification","valueRequired":true,"valueName":"search_term_string"}}],"inLanguage":"fi"}]}},"_links":{"self":[{"href":"https:\/\/sites.uef.fi\/tiedonhaku-kasvatus\/wp-json\/wp\/v2\/pages\/536","targetHints":{"allow":["GET"]}}],"collection":[{"href":"https:\/\/sites.uef.fi\/tiedonhaku-kasvatus\/wp-json\/wp\/v2\/pages"}],"about":[{"href":"https:\/\/sites.uef.fi\/tiedonhaku-kasvatus\/wp-json\/wp\/v2\/types\/page"}],"author":[{"embeddable":true,"href":"https:\/\/sites.uef.fi\/tiedonhaku-kasvatus\/wp-json\/wp\/v2\/users\/171"}],"replies":[{"embeddable":true,"href":"https:\/\/sites.uef.fi\/tiedonhaku-kasvatus\/wp-json\/wp\/v2\/comments?post=536"}],"version-history":[{"count":2,"href":"https:\/\/sites.uef.fi\/tiedonhaku-kasvatus\/wp-json\/wp\/v2\/pages\/536\/revisions"}],"predecessor-version":[{"id":5222,"href":"https:\/\/sites.uef.fi\/tiedonhaku-kasvatus\/wp-json\/wp\/v2\/pages\/536\/revisions\/5222"}],"up":[{"embeddable":true,"href":"https:\/\/sites.uef.fi\/tiedonhaku-kasvatus\/wp-json\/wp\/v2\/pages\/156"}],"wp:attachment":[{"href":"https:\/\/sites.uef.fi\/tiedonhaku-kasvatus\/wp-json\/wp\/v2\/media?parent=536"}],"curies":[{"name":"wp","href":"https:\/\/api.w.org\/{rel}","templated":true}]}}