{"id":11326,"date":"2025-05-27T09:15:53","date_gmt":"2025-05-27T06:15:53","guid":{"rendered":"https:\/\/sites.uef.fi\/tiedonhaku-kirjasto\/?page_id=11326"},"modified":"2025-05-27T12:04:33","modified_gmt":"2025-05-27T09:04:33","slug":"tekoaly-mukana-tiedonhaussa","status":"publish","type":"page","link":"https:\/\/sites.uef.fi\/tiedonhaku-kirjasto\/tekoaly-mukana-tiedonhaussa\/","title":{"rendered":"Teko\u00e4ly mukana tiedonhaussa"},"content":{"rendered":"\n<p>Olet ehk\u00e4 jo kokeillut yhteist\u00e4 ideointia keskustelevan teko\u00e4lyn kanssa? Kokeile my\u00f6s teko\u00e4lyn k\u00e4ytt\u00f6\u00e4 hakukoneissa ja testaa erilaisia kysymyksi\u00e4. Muista kuitenkin, ett\u00e4 useimmille tutut keskustelevat teko\u00e4lyt, kuten Microsoftin Copilot ja OpenAI:n ChatGPT, perustuvat generatiiviselle kielimallille, joten kaikki saamasi vastaukset eiv\u00e4t aina ole totta.<\/p>\n\n\n\n<p>Jutustelun lis\u00e4ksi teko\u00e4ly voi auttaa sinua l\u00f6yt\u00e4m\u00e4\u00e4n tieteellist\u00e4kin tietoa. Joissain tietokannoissa, kuten UEF-Primossa, Scopuksessa ja Web of Sciencessa on omat teko\u00e4lyty\u00f6kalut, jotka hakevat tietoa tieteellisist\u00e4 julkaisuista. Hy\u00f6dynn\u00e4 n\u00e4it\u00e4 ty\u00f6kaluja osana omaa tiedonhakuasi sek\u00e4 l\u00f6yt\u00e4\u00e4ksesi tieteellisi\u00e4 artikkeleita, tutkimuksia ja muuta materiaalia.<\/p>\n\n\n\n<ol class=\"wp-block-list\">\n<li><strong>Muista aina k\u00e4ytt\u00e4\u00e4 teko\u00e4ly\u00e4 eettisesti, tietoturvallisesti ja tekij\u00e4noikeuksia noudattaen! <\/strong>\u00c4l\u00e4 anna teko\u00e4lylle salassa pidett\u00e4vi\u00e4 tai yksityisi\u00e4 tietoja. Organisaatiolla on yleens\u00e4 omat teko\u00e4lyohjeistuksensa, joiden mukaan tulee toimia. <\/li>\n\n\n\n<li>UEFin opiskelijan tulee noudattaa UEFin ohjeita:&nbsp;<a href=\"https:\/\/kamu.uef.fi\/tietopankki\/opiskelijan-oikeudet-ja-velvollisuudet\/tekoalyn-kayttaminen-opetuksessa-ja-tutkimuksessa\/\">Teko\u00e4lypolitiikka opiskelijoille It\u00e4-Suomen yliopistossa<\/a>. <\/li>\n\n\n\n<li>Lue kirjaston sivuilta tarkemmin, kuinka&nbsp;<a href=\"https:\/\/www.uef.fi\/fi\/kirjasto\/tekoaly-tiedonhaussa\">teko\u00e4ly auttaa tiedonhaussa<\/a>.<\/li>\n<\/ol>\n\n\n\t<div id=\"accordion-block_1ea6586cf6d304fda690fd855809a75b\" class=\"accordions\">\n\t\t\t\t\t<div class=\"accordion accordion-js\">\n\t\t\t\t<button class=\"accordion__button\" aria-controls=\"content-7201\" aria-expanded=\"false\" id=\"accordion-control-7201\">\n\t\t\t\t\t<h3 class=\"accordion__heading\" >\n\t\t\t\t\t\tPohdi ja ideoi keskustelevan teko\u00e4lyn kanssa \t\t\t\t\t<\/h3>\n\t\t\t\t<\/button>\n\t\t\t\t<div class=\"accordion__content\" role=\"region\" aria-labelledby=\"accordion-control-7201\" aria-hidden=\"true\" id=\"content-7201\">\n\t\t\t\t\t<p>Helpointa on kokeilla ensin generatiivista, keskustelevaa teko\u00e4ly\u00e4, joka sopii tiedonhakijan avuksi hakusanojen pohtimiseen. <a href=\"https:\/\/kamu.uef.fi\/tietopankki\/opiskelijan-oikeudet-ja-velvollisuudet\/tekoalyn-kayttaminen-opetuksessa-ja-tutkimuksessa\/\">UEFilla on k\u00e4yt\u00f6ss\u00e4 oma Microsoftin Copilot -versio, johon kirjaudutaan UEF Microsoft -tilin kautta.<\/a><\/p>\n<ul>\n<li><strong>Kokeile teko\u00e4ly\u00e4 hakuaiheen ideoinnissa<\/strong><br \/>\nKirkasta ja laajenna hakuaihetta sek\u00e4 hakukysymyksi\u00e4. Erityisesti uuden ja itselle vieraan aiheen analysoinnissa voi teko\u00e4lyst\u00e4 olla paljonkin apua.<\/li>\n<\/ul>\n<ul>\n<li><strong>Anna teko\u00e4lyn ehdottaa hakusanoja<br \/>\n<\/strong>Teko\u00e4ly avustaa hakuaiheen analysoinnissa sek\u00e4 hakusanojen ja hakulauseiden ideoinnissa. Teko\u00e4ly osaa my\u00f6s k\u00e4\u00e4nt\u00e4\u00e4 hakusanoja esimerkiksi suomen kielest\u00e4 englannin kielelle.<br \/>\nEsimerkkiprompti:<br \/>\nEhdottaisitko hakusanoja aiheeseen \u201coma aihe\u201d.<br \/>\nCan you suggest keywords for this topic \u201cown topic\u201d.<\/li>\n<\/ul>\n<ul>\n<li><strong>Kysy l\u00f6yt\u00e4millesi k\u00e4sitteille synonyymej\u00e4<\/strong><br \/>\nHakusanojen erottelu kokonaisista lauseista ja aiheista on teko\u00e4lylle joskus hankalaa ja voi toimia v\u00e4\u00e4rin. Kannattaa kuitenkin kokeilla teko\u00e4lyn hy\u00f6tyj\u00e4 synonyymien listaamiseen yksitt\u00e4isten hakusanojen kanssa.<br \/>\nEsimerkkiprompti:<br \/>\nMit\u00e4 synonyymej\u00e4 on sanalle &#8221;teko\u00e4ly&#8221;?<br \/>\nWhat are synonyms for the word \u201cartificial intelligence\u201d?<\/li>\n<\/ul>\n<p>Tiedonhaun edetess\u00e4 ja teko\u00e4lytaitojen kehittyess\u00e4 tarkastele teko\u00e4lyn antamia vastauksia huolellisesti, sovella niit\u00e4 k\u00e4yt\u00e4nt\u00f6\u00f6n ja testaa toimivuutta kriittisesti.<\/p>\n<h4>Hakulauseen rakentaminen keskustelevan teko\u00e4lyn kanssa<\/h4>\n<ul>\n<li><strong>Teko\u00e4lylt\u00e4 voi pyyt\u00e4\u00e4 soveltaviakin hakulauseita<br \/>\n<\/strong>Esimerkkiprompti:<br \/>\nEhdottaisitko tietokantahakuun sopivaa hakulausetta, jossa on avainsanoja ja Boolean operaattoreita. Aihe on: \u201coma aihe\u201d.<br \/>\nCan you create a database search query with keywords and Boolean operators for \u201cown topic\u201d.<\/li>\n<\/ul>\n<ul>\n<li><strong>Varmista hakulauseen toimivuus<\/strong>:\n<ol>\n<li>Ehdotettuihin hakusanoihin ei pid\u00e4 luottaa sokeasti, vaan ne tulee varmentaa muista l\u00e4hteist\u00e4. Kokeile hakusanojen toimivuutta tieteellisiss\u00e4 tietokannoissa ja ota avuksi: <a href=\"https:\/\/sites.uef.fi\/tiedonhaku-kirjasto\/hakuaihe-ja-hakusanat\/\">Hakuaihe ja asiasanat &#8211; Tiedonhakijan opas \/\/ UEF-kirjasto<\/a>.<\/li>\n<li>Tarkista aina teko\u00e4lyn ehdottamien hakulauseiden logiikka eli Boolen operaattorien ja sulkumerkkien tarkoituksenmukainen k\u00e4ytt\u00f6. Ota avuksi: <a href=\"https:\/\/sites.uef.fi\/tiedonhaku-kirjasto\/hakusanojen-yhdistaminen-hakulauseeksi\/\">Hakusanojen yhdist\u00e4minen hakulauseeksi &#8211; Tiedonhakijan opas \/\/ UEF-kirjasto<\/a>.<\/li>\n<li>Teko\u00e4lyn ehdottamia hakusanoja ja hakulauseita kannattaa parantaa hakutulosten ja oman tiet\u00e4myksen perusteella. Monesti hakusanat ovat esimerkiksi liian pitki\u00e4.<\/li>\n<\/ol>\n<\/li>\n<\/ul>\n\t\t\t\t<\/div>\n\t\t\t<\/div>\n\t\t\t\t\t<div class=\"accordion accordion-js\">\n\t\t\t\t<button class=\"accordion__button\" aria-controls=\"content-6577\" aria-expanded=\"false\" id=\"accordion-control-6577\">\n\t\t\t\t\t<h3 class=\"accordion__heading\" >\n\t\t\t\t\t\tHy\u00f6dynn\u00e4 tieteellisten tietokantojen teko\u00e4ly\u00e4\t\t\t\t\t<\/h3>\n\t\t\t\t<\/button>\n\t\t\t\t<div class=\"accordion__content\" role=\"region\" aria-labelledby=\"accordion-control-6577\" aria-hidden=\"true\" id=\"content-6577\">\n\t\t\t\t\t<p>Omalla organisaatiollasi voi olla k\u00e4yt\u00f6ss\u00e4 tieteellisiss\u00e4 tietokannoissa olevia teko\u00e4lyavustajia. T\u00e4llaisten teko\u00e4lyty\u00f6kalujen vastauksissa hy\u00f6dynnet\u00e4\u00e4n relevantteja kirjallisuusviitteit\u00e4.<\/p>\n<ul>\n<li>UEFissa n\u00e4m\u00e4 ovat (ks. <a href=\"https:\/\/www.uef.fi\/fi\/kirjasto\/tekoaly-tiedonhaussa\">Teko\u00e4ly tiedonhaussa<\/a>):<\/li>\n<\/ul>\n<ol>\n<li style=\"list-style-type: none\">\n<ol>\n<li>UEF Primon teko\u00e4lyavustaja<\/li>\n<li>WoSin Research Assistant<\/li>\n<li>Scopus AI<\/li>\n<\/ol>\n<\/li>\n<\/ol>\n<ul>\n<li>Voit kokeilla teko\u00e4lyavustajia esimerkiksi n\u00e4in:<\/li>\n<\/ul>\n<ol>\n<li style=\"list-style-type: none\">\n<ol>\n<li>Anna oma hakuaiheesi tieteellisen tietokannan teko\u00e4lylle (ks. yll\u00e4) suomeksi tai englanniksi.<\/li>\n<li>Teko\u00e4ly ehdottaa hakulausetta, josta voit poimia talteen omaa aihettasi ja hakulausettasi t\u00e4ydent\u00e4vi\u00e4 hakusanoja ja -k\u00e4sitteit\u00e4.<\/li>\n<li>Teko\u00e4lyavustajan ehdottamista artikkeleista kannattaa my\u00f6s lukea tiivistelm\u00e4t sek\u00e4 avain- ja asiasanat. L\u00f6yd\u00e4tk\u00f6 t\u00e4ydennett\u00e4v\u00e4\u00e4 omaan hakuaiheeseesi? Ent\u00e4 onko julkaisujen l\u00e4hdeluetteloissa hyvi\u00e4 lis\u00e4l\u00e4hteit\u00e4?<\/li>\n<\/ol>\n<\/li>\n<\/ol>\n\t\t\t\t<\/div>\n\t\t\t<\/div>\n\t\t\t\t\t<div class=\"accordion accordion-js\">\n\t\t\t\t<button class=\"accordion__button\" aria-controls=\"content-1200\" aria-expanded=\"false\" id=\"accordion-control-1200\">\n\t\t\t\t\t<h3 class=\"accordion__heading\" >\n\t\t\t\t\t\tMuutamia tiedonhakijan avuksi sopivia teko\u00e4lyty\u00f6kaluja\t\t\t\t\t<\/h3>\n\t\t\t\t<\/button>\n\t\t\t\t<div class=\"accordion__content\" role=\"region\" aria-labelledby=\"accordion-control-1200\" aria-hidden=\"true\" id=\"content-1200\">\n\t\t\t\t\t<ul>\n<li>Hakusanojen l\u00f6yt\u00e4misess\u00e4 tukevat:\n<ul>\n<li>Kansalliskirjaston\u00a0<a href=\"https:\/\/ai.finto.fi\/\">Finto AI\u00a0<\/a><\/li>\n<li>National Library of Medicinen\u00a0<a href=\"https:\/\/meshb.nlm.nih.gov\/MeSHonDemand\">MeSH on Demand<\/a><\/li>\n<li><a href=\"https:\/\/openknowledgemaps.org\/\">Open Knowledge Maps<\/a><\/li>\n<\/ul>\n<\/li>\n<li>Aiheeseen tutustumisessa auttavat:\n<ul>\n<li><a href=\"https:\/\/www.researchrabbit.ai\/\">Research Rabbit<\/a><\/li>\n<li><a href=\"https:\/\/elicit.com\/\">Elicit<\/a><\/li>\n<\/ul>\n<\/li>\n<\/ul>\n\t\t\t\t<\/div>\n\t\t\t<\/div>\n\t\t\t<\/div>\n\t\n\n\n<p><\/p>\n","protected":false},"excerpt":{"rendered":"<p>Olet ehk\u00e4 jo kokeillut yhteist\u00e4 ideointia keskustelevan teko\u00e4lyn kanssa? Kokeile my\u00f6s teko\u00e4lyn k\u00e4ytt\u00f6\u00e4 hakukoneissa ja testaa erilaisia kysymyksi\u00e4. Muista kuitenkin, ett\u00e4 useimmille tutut keskustelevat teko\u00e4lyt, kuten Microsoftin Copilot ja OpenAI:n ChatGPT, perustuvat generatiiviselle kielimallille, joten kaikki saamasi vastaukset eiv\u00e4t aina ole totta. Jutustelun lis\u00e4ksi teko\u00e4ly voi auttaa sinua l\u00f6yt\u00e4m\u00e4\u00e4n tieteellist\u00e4kin tietoa. Joissain tietokannoissa, kuten UEF-Primossa, [&hellip;]<\/p>\n","protected":false},"author":842,"featured_media":0,"parent":0,"menu_order":0,"comment_status":"closed","ping_status":"closed","template":"","meta":{"_acf_changed":false,"footnotes":""},"class_list":["post-11326","page","type-page","status-publish","hentry"],"acf":[],"yoast_head":"<!-- This site is optimized with the Yoast SEO plugin v27.3 - https:\/\/yoast.com\/product\/yoast-seo-wordpress\/ -->\n<title>Teko\u00e4ly mukana tiedonhaussa - Tiedonhakijan opas \/\/ UEF-kirjasto<\/title>\n<meta name=\"description\" content=\"Teko\u00e4ly voi auttaa sinua l\u00f6yt\u00e4m\u00e4\u00e4n my\u00f6s tieteellist\u00e4 tietoa. Hy\u00f6dynn\u00e4 tutkimustietokantojen tarjoamia teko\u00e4lyty\u00f6kaluja tehokkaasti.\" \/>\n<meta name=\"robots\" content=\"index, follow, max-snippet:-1, max-image-preview:large, max-video-preview:-1\" \/>\n<link rel=\"canonical\" href=\"https:\/\/sites.uef.fi\/tiedonhaku-kirjasto\/tekoaly-mukana-tiedonhaussa\/\" \/>\n<meta property=\"og:locale\" content=\"fi_FI\" \/>\n<meta property=\"og:type\" content=\"article\" \/>\n<meta property=\"og:title\" content=\"Teko\u00e4ly mukana tiedonhaussa - Tiedonhakijan opas \/\/ UEF-kirjasto\" \/>\n<meta property=\"og:description\" content=\"Teko\u00e4ly voi auttaa sinua l\u00f6yt\u00e4m\u00e4\u00e4n my\u00f6s tieteellist\u00e4 tietoa. Hy\u00f6dynn\u00e4 tutkimustietokantojen tarjoamia teko\u00e4lyty\u00f6kaluja tehokkaasti.\" \/>\n<meta property=\"og:url\" content=\"https:\/\/sites.uef.fi\/tiedonhaku-kirjasto\/tekoaly-mukana-tiedonhaussa\/\" \/>\n<meta property=\"og:site_name\" content=\"Tiedonhakijan opas \/\/ UEF-kirjasto\" \/>\n<meta property=\"article:modified_time\" content=\"2025-05-27T09:04:33+00:00\" \/>\n<meta name=\"twitter:card\" content=\"summary_large_image\" \/>\n<meta name=\"twitter:label1\" content=\"Arvioitu lukuaika\" \/>\n\t<meta name=\"twitter:data1\" content=\"1 minuutti\" \/>\n<script type=\"application\/ld+json\" class=\"yoast-schema-graph\">{\"@context\":\"https:\\\/\\\/schema.org\",\"@graph\":[{\"@type\":\"WebPage\",\"@id\":\"https:\\\/\\\/sites.uef.fi\\\/tiedonhaku-kirjasto\\\/tekoaly-mukana-tiedonhaussa\\\/\",\"url\":\"https:\\\/\\\/sites.uef.fi\\\/tiedonhaku-kirjasto\\\/tekoaly-mukana-tiedonhaussa\\\/\",\"name\":\"Teko\u00e4ly mukana tiedonhaussa - Tiedonhakijan opas \\\/\\\/ UEF-kirjasto\",\"isPartOf\":{\"@id\":\"https:\\\/\\\/sites.uef.fi\\\/tiedonhaku-kirjasto\\\/#website\"},\"datePublished\":\"2025-05-27T06:15:53+00:00\",\"dateModified\":\"2025-05-27T09:04:33+00:00\",\"description\":\"Teko\u00e4ly voi auttaa sinua l\u00f6yt\u00e4m\u00e4\u00e4n my\u00f6s tieteellist\u00e4 tietoa. Hy\u00f6dynn\u00e4 tutkimustietokantojen tarjoamia teko\u00e4lyty\u00f6kaluja tehokkaasti.\",\"breadcrumb\":{\"@id\":\"https:\\\/\\\/sites.uef.fi\\\/tiedonhaku-kirjasto\\\/tekoaly-mukana-tiedonhaussa\\\/#breadcrumb\"},\"inLanguage\":\"fi\",\"potentialAction\":[{\"@type\":\"ReadAction\",\"target\":[\"https:\\\/\\\/sites.uef.fi\\\/tiedonhaku-kirjasto\\\/tekoaly-mukana-tiedonhaussa\\\/\"]}]},{\"@type\":\"BreadcrumbList\",\"@id\":\"https:\\\/\\\/sites.uef.fi\\\/tiedonhaku-kirjasto\\\/tekoaly-mukana-tiedonhaussa\\\/#breadcrumb\",\"itemListElement\":[{\"@type\":\"ListItem\",\"position\":1,\"name\":\"Home\",\"item\":\"https:\\\/\\\/sites.uef.fi\\\/tiedonhaku-kirjasto\\\/\"},{\"@type\":\"ListItem\",\"position\":2,\"name\":\"Teko\u00e4ly mukana tiedonhaussa\"}]},{\"@type\":\"WebSite\",\"@id\":\"https:\\\/\\\/sites.uef.fi\\\/tiedonhaku-kirjasto\\\/#website\",\"url\":\"https:\\\/\\\/sites.uef.fi\\\/tiedonhaku-kirjasto\\\/\",\"name\":\"Tiedonhakijan opas \\\/\\\/ UEF-kirjasto\",\"description\":\"\",\"potentialAction\":[{\"@type\":\"SearchAction\",\"target\":{\"@type\":\"EntryPoint\",\"urlTemplate\":\"https:\\\/\\\/sites.uef.fi\\\/tiedonhaku-kirjasto\\\/?s={search_term_string}\"},\"query-input\":{\"@type\":\"PropertyValueSpecification\",\"valueRequired\":true,\"valueName\":\"search_term_string\"}}],\"inLanguage\":\"fi\"}]}<\/script>\n<!-- \/ Yoast SEO plugin. -->","yoast_head_json":{"title":"Teko\u00e4ly mukana tiedonhaussa - Tiedonhakijan opas \/\/ UEF-kirjasto","description":"Teko\u00e4ly voi auttaa sinua l\u00f6yt\u00e4m\u00e4\u00e4n my\u00f6s tieteellist\u00e4 tietoa. Hy\u00f6dynn\u00e4 tutkimustietokantojen tarjoamia teko\u00e4lyty\u00f6kaluja tehokkaasti.","robots":{"index":"index","follow":"follow","max-snippet":"max-snippet:-1","max-image-preview":"max-image-preview:large","max-video-preview":"max-video-preview:-1"},"canonical":"https:\/\/sites.uef.fi\/tiedonhaku-kirjasto\/tekoaly-mukana-tiedonhaussa\/","og_locale":"fi_FI","og_type":"article","og_title":"Teko\u00e4ly mukana tiedonhaussa - Tiedonhakijan opas \/\/ UEF-kirjasto","og_description":"Teko\u00e4ly voi auttaa sinua l\u00f6yt\u00e4m\u00e4\u00e4n my\u00f6s tieteellist\u00e4 tietoa. Hy\u00f6dynn\u00e4 tutkimustietokantojen tarjoamia teko\u00e4lyty\u00f6kaluja tehokkaasti.","og_url":"https:\/\/sites.uef.fi\/tiedonhaku-kirjasto\/tekoaly-mukana-tiedonhaussa\/","og_site_name":"Tiedonhakijan opas \/\/ UEF-kirjasto","article_modified_time":"2025-05-27T09:04:33+00:00","twitter_card":"summary_large_image","twitter_misc":{"Arvioitu lukuaika":"1 minuutti"},"schema":{"@context":"https:\/\/schema.org","@graph":[{"@type":"WebPage","@id":"https:\/\/sites.uef.fi\/tiedonhaku-kirjasto\/tekoaly-mukana-tiedonhaussa\/","url":"https:\/\/sites.uef.fi\/tiedonhaku-kirjasto\/tekoaly-mukana-tiedonhaussa\/","name":"Teko\u00e4ly mukana tiedonhaussa - Tiedonhakijan opas \/\/ UEF-kirjasto","isPartOf":{"@id":"https:\/\/sites.uef.fi\/tiedonhaku-kirjasto\/#website"},"datePublished":"2025-05-27T06:15:53+00:00","dateModified":"2025-05-27T09:04:33+00:00","description":"Teko\u00e4ly voi auttaa sinua l\u00f6yt\u00e4m\u00e4\u00e4n my\u00f6s tieteellist\u00e4 tietoa. Hy\u00f6dynn\u00e4 tutkimustietokantojen tarjoamia teko\u00e4lyty\u00f6kaluja tehokkaasti.","breadcrumb":{"@id":"https:\/\/sites.uef.fi\/tiedonhaku-kirjasto\/tekoaly-mukana-tiedonhaussa\/#breadcrumb"},"inLanguage":"fi","potentialAction":[{"@type":"ReadAction","target":["https:\/\/sites.uef.fi\/tiedonhaku-kirjasto\/tekoaly-mukana-tiedonhaussa\/"]}]},{"@type":"BreadcrumbList","@id":"https:\/\/sites.uef.fi\/tiedonhaku-kirjasto\/tekoaly-mukana-tiedonhaussa\/#breadcrumb","itemListElement":[{"@type":"ListItem","position":1,"name":"Home","item":"https:\/\/sites.uef.fi\/tiedonhaku-kirjasto\/"},{"@type":"ListItem","position":2,"name":"Teko\u00e4ly mukana tiedonhaussa"}]},{"@type":"WebSite","@id":"https:\/\/sites.uef.fi\/tiedonhaku-kirjasto\/#website","url":"https:\/\/sites.uef.fi\/tiedonhaku-kirjasto\/","name":"Tiedonhakijan opas \/\/ UEF-kirjasto","description":"","potentialAction":[{"@type":"SearchAction","target":{"@type":"EntryPoint","urlTemplate":"https:\/\/sites.uef.fi\/tiedonhaku-kirjasto\/?s={search_term_string}"},"query-input":{"@type":"PropertyValueSpecification","valueRequired":true,"valueName":"search_term_string"}}],"inLanguage":"fi"}]}},"_links":{"self":[{"href":"https:\/\/sites.uef.fi\/tiedonhaku-kirjasto\/wp-json\/wp\/v2\/pages\/11326","targetHints":{"allow":["GET"]}}],"collection":[{"href":"https:\/\/sites.uef.fi\/tiedonhaku-kirjasto\/wp-json\/wp\/v2\/pages"}],"about":[{"href":"https:\/\/sites.uef.fi\/tiedonhaku-kirjasto\/wp-json\/wp\/v2\/types\/page"}],"author":[{"embeddable":true,"href":"https:\/\/sites.uef.fi\/tiedonhaku-kirjasto\/wp-json\/wp\/v2\/users\/842"}],"replies":[{"embeddable":true,"href":"https:\/\/sites.uef.fi\/tiedonhaku-kirjasto\/wp-json\/wp\/v2\/comments?post=11326"}],"version-history":[{"count":2,"href":"https:\/\/sites.uef.fi\/tiedonhaku-kirjasto\/wp-json\/wp\/v2\/pages\/11326\/revisions"}],"predecessor-version":[{"id":11394,"href":"https:\/\/sites.uef.fi\/tiedonhaku-kirjasto\/wp-json\/wp\/v2\/pages\/11326\/revisions\/11394"}],"wp:attachment":[{"href":"https:\/\/sites.uef.fi\/tiedonhaku-kirjasto\/wp-json\/wp\/v2\/media?parent=11326"}],"curies":[{"name":"wp","href":"https:\/\/api.w.org\/{rel}","templated":true}]}}