{"id":5,"date":"2022-04-08T07:00:46","date_gmt":"2022-04-08T07:00:46","guid":{"rendered":"https:\/\/sites.uef.fi\/tiedonhaku-kirjasto\/?page_id=2"},"modified":"2025-06-10T14:20:39","modified_gmt":"2025-06-10T11:20:39","slug":"johdanto","status":"publish","type":"page","link":"https:\/\/sites.uef.fi\/tiedonhaku-kirjasto\/","title":{"rendered":"Johdanto"},"content":{"rendered":"\n<p>Tiedonhakijan opas on suunnattu kaikenlaisille tiedonhakijoille riippumatta siit\u00e4, oletko opiskelijana It\u00e4-Suomen yliopistossa tai tarvitsetko muusta syyst\u00e4 lis\u00e4tietoa tiedonhausta. Opas keskittyy ennen kaikkea julkaistun tieteellisen tiedon hakemiseen.<\/p>\n\n\n\n<p>Tieteellinen tieto on luonteeltaan systemaattista, objektiivista ja perusteltua, ja tieteellisen tutkimuksen tuloksia julkaistaan artikkelien ja kirjojen muodossa. Kirjastoihin, tietokantoihin ja avoimeen verkkoon tallennetuista tieteellisist\u00e4 julkaisuista voit hakea tietoa hakukoneiden ja tietokantojen avulla. Ehk\u00e4 tarvitset my\u00f6s hakusuunnitelman, johon sis\u00e4ltyy aihettasi vastaavien hakusanojen ja -lauseiden ideoiminen?<\/p>\n\n\n\t<div id=\"accordion-block_84f18a50ec9674e9c671874bc64ba70f\" class=\"accordions\">\n\t\t\t\t\t<div class=\"accordion accordion-js\">\n\t\t\t\t<button class=\"accordion__button\" aria-controls=\"content-1845\" aria-expanded=\"false\" id=\"accordion-control-1845\">\n\t\t\t\t\t<h3 class=\"accordion__heading\" >\n\t\t\t\t\t\tMiten Tiedonhakijan opas toimii?\t\t\t\t\t<\/h3>\n\t\t\t\t<\/button>\n\t\t\t\t<div class=\"accordion__content\" role=\"region\" aria-labelledby=\"accordion-control-1845\" aria-hidden=\"true\" id=\"content-1845\">\n\t\t\t\t\t<p>Voit ajatella t\u00e4t\u00e4 opasta ja tiedonhakua polkuna, jota pitkin kuljet kohti p\u00e4\u00e4m\u00e4\u00e4r\u00e4\u00e4 eli tiedon l\u00f6yt\u00e4mist\u00e4.<\/p>\n<p>Toisinaan pys\u00e4hdyt polulla tarkastelemaan erilaisia maisemia ja yksityiskohtia. Joskus saatat jopa palata monta askelta taaksep\u00e4in tai l\u00f6yt\u00e4\u00e4 kiinnostavia sivupolkuja!<\/p>\n<p>K\u00e4yt\u00e4 siis opasta itsellesi sopivalla tavalla:<\/p>\n<ul>\n<li>Ota oikeassa yl\u00e4kulmassa oleva menuvalikko avuksesi navigoinnissa<\/li>\n<li>Kysy neuvoa Uffe-chattibotilta (oikea alakulma)<\/li>\n<li>Etene j\u00e4rjestyksess\u00e4 oppaan alusta loppuun<\/li>\n<li>Siirry suoraan itse\u00e4si kiinnostavaan osioon<\/li>\n<li style=\"list-style-type: none\"><\/li>\n<\/ul>\n<iframe loading=\"lazy\" width=\"559\" height=\"521\" src=\"https:\/\/www.thinglink.com\/card\/1617157508797825025\" frameborder=\"0\" allowfullscreen><\/iframe><br \/><a href=\"https:\/\/app.widgets.thinglink.com\/accessibility\/1617157508797825025\" rel=\"noopener noreferrer\">Siirry t\u00e4st\u00e4 kuvan saavutettavaan versioon.<\/a>\n<p><!-- \/wp:list-item --><\/p>\n<p><!-- \/wp:list --><\/p>\n\t\t\t\t<\/div>\n\t\t\t<\/div>\n\t\t\t<\/div>\n\t\n\n\t<div id=\"accordion-block_691bebf363a14b6ce1d3ce4b00d81dc0\" class=\"accordions\">\n\t\t\t\t\t<div class=\"accordion accordion-js\">\n\t\t\t\t<button class=\"accordion__button\" aria-controls=\"content-7313\" aria-expanded=\"false\" id=\"accordion-control-7313\">\n\t\t\t\t\t<h3 class=\"accordion__heading\" >\n\t\t\t\t\t\tOppaan k\u00e4ytt\u00f6 teko\u00e4lyn avulla\t\t\t\t\t<\/h3>\n\t\t\t\t<\/button>\n\t\t\t\t<div class=\"accordion__content\" role=\"region\" aria-labelledby=\"accordion-control-7313\" aria-hidden=\"true\" id=\"content-7313\">\n\t\t\t\t\t<p>Microsoftin Copilot on yksi lukuisista teko\u00e4lysovelluksista, jota voi hy\u00f6dynt\u00e4\u00e4 monella tavoin opiskelun tukena. UEF:n opiskelijoille ja henkil\u00f6kunnalle on tarjolla selaimessa k\u00e4ytett\u00e4v\u00e4 Copilot.<\/p>\n<p>T\u00e4ss\u00e4 osiossa teko\u00e4lyll\u00e4 tarkoitetaan generatiivista teko\u00e4ly\u00e4: <a href=\"https:\/\/kamu.uef.fi\/tietopankki\/opiskelijan-oikeudet-ja-velvollisuudet\/tekoalyn-kayttaminen-opetuksessa-ja-tutkimuksessa\/\">UEFilla on k\u00e4yt\u00f6ss\u00e4 oma Microsoftin Copilot -versio, johon kirjaudutaan UEF Microsoft -tilin kautta.<\/a><\/p>\n<p>Lue n\u00e4m\u00e4 ensin:<\/p>\n<ol>\n<li>It\u00e4-Suomen yliopisto: <a href=\"https:\/\/kamu.uef.fi\/tietopankki\/opiskelijan-oikeudet-ja-velvollisuudet\/tekoalyn-kayttaminen-opetuksessa-ja-tutkimuksessa\/\">Teko\u00e4lyn k\u00e4ytt\u00e4minen opetuksessa ja tutkimuksessa<\/a><\/li>\n<li>It\u00e4-Suomen yliopiston kirjasto: <a href=\"https:\/\/www.uef.fi\/fi\/kirjasto\/tekoaly-tiedonhaussa\">Teko\u00e4ly tiedonhaussa<\/a><\/li>\n<li>It\u00e4-Suomen yliopiston kirjasto, Tiedonhakijan opas: <a href=\"https:\/\/sites.uef.fi\/tiedonhaku-kirjasto\/tekoaly-mukana-tiedonhaussa\/\">Teko\u00e4ly mukana tiedonhaussa<\/a><\/li>\n<\/ol>\n<h4>Muutama k\u00e4yt\u00e4nn\u00f6llinen jutteluvinkki<\/h4>\n<p>Teko\u00e4lyn kanssa jutellessa kannattaa olla hereill\u00e4 ja soveltaa keskustelutyyli\u00e4 sek\u00e4 saatuja vastauksia omien tavoitteiden ja tarpeiden mukaan.<\/p>\n<ul>\n<li><strong>Muista l\u00e4hdekritiikki!<br \/>\n<\/strong>Generatiivinen teko\u00e4ly soveltaa kielimallia ja eri l\u00e4hteist\u00e4 oppimiaan asioita. Soveltaminen menee joskus pieleen, joten saamasi vastaukset voivat olla v\u00e4\u00e4ri\u00e4. Vapaasti verkosta hakevien teko\u00e4lyjen kanssa on hyv\u00e4 muistaa, ett\u00e4 vastauksen l\u00e4hteen\u00e4 saattaa olla mit\u00e4 tahansa.<\/li>\n<li><strong>Toista kysymyksesi tai kommenttisi ja vertaile saamiasi vastauksia.<\/strong><br \/>\nOnko vastauksissa runsaasti vaihtelua? Ent\u00e4 mitk\u00e4 asiat toistuvat?<\/li>\n<li><strong>Aloita tarvittaessa puhtaalta p\u00f6yd\u00e4lt\u00e4.<\/strong><br \/>\nAvaa uusi keskustelu aina, kun aiheesi vaihtuu. Joskus keskustelu teko\u00e4lyn kanssa voi my\u00f6s j\u00e4\u00e4d\u00e4 junnaamaan. Silloin uusi keskustelu sopivalla alustuksella auttaa eteenp\u00e4in.<\/li>\n<li><strong>Tai hy\u00f6dynn\u00e4 aiempaa keskustelua.<\/strong><br \/>\nJos aiempi hyvin sujunut keskustelu on tallessa ja haluat jatkaa aiheen parissa, kokeile jatkaa keskustelua vanhassa ketjussa.<\/li>\n<\/ul>\n<h4>Kokeile!<\/h4>\n<p>Jos k\u00e4yt\u00e4t leikkaa-liimaa-toimintoa muiden sis\u00e4lt\u00f6jen kuin Tiedonhakijan oppaan kanssa, varmista, ett\u00e4 saat hy\u00f6dynt\u00e4\u00e4 aineistoja teko\u00e4lyty\u00f6kaluissa.<\/p>\n<ol>\n<li><strong>Kokeile Copilotia oppaan sis\u00e4ll\u00f6n tiivist\u00e4misess\u00e4.<\/strong><br \/>\nEsimerkkiprompti: Tee minulle lyhennelm\u00e4 t\u00e4st\u00e4 Tiedonhakijan oppaan osasta: (kopioi t\u00e4h\u00e4n haluamasi teksti oppaasta).<\/li>\n<\/ol>\n<ol start=\"2\">\n<li><strong>Kysy Copilotilta apua ty\u00f6ohjeen tekemiseen.<\/strong><br \/>\nEsimerkkiprompti: Sain liikaa hakutuloksia tiedonhaussa. Kirjoittaisitko minulle ty\u00f6ohjeen V\u00e4hemm\u00e4n ja tarkempia tuloksia perusteella? (kopioi t\u00e4h\u00e4n teksti\u00e4 <a href=\"https:\/\/sites.uef.fi\/tiedonhaku-kirjasto\/onnistuiko-tiedonhaku\/\">https:\/\/sites.uef.fi\/tiedonhaku-kirjasto\/onnistuiko-tiedonhaku\/<\/a> -sivulta).<br \/>\nEnt\u00e4 mit\u00e4 tapahtuu, jos jatkat keskustelua kysym\u00e4ll\u00e4 \u201dMit\u00e4 n\u00e4ist\u00e4 kannattaa kokeilla ensin\u201d?<\/li>\n<\/ol>\n\t\t\t\t<\/div>\n\t\t\t<\/div>\n\t\t\t<\/div>\n\t\n\n\t<div id=\"accordion-block_a9d8a6b1d4e60ddc3e74b1c4ed189f87\" class=\"accordions\">\n\t\t\t\t\t<div class=\"accordion accordion-js\">\n\t\t\t\t<button class=\"accordion__button\" aria-controls=\"content-2352\" aria-expanded=\"false\" id=\"accordion-control-2352\">\n\t\t\t\t\t<h3 class=\"accordion__heading\" >\n\t\t\t\t\t\tMit\u00e4 oppaassa on?\t\t\t\t\t<\/h3>\n\t\t\t\t<\/button>\n\t\t\t\t<div class=\"accordion__content\" role=\"region\" aria-labelledby=\"accordion-control-2352\" aria-hidden=\"true\" id=\"content-2352\">\n\t\t\t\t\t<p>Tiedonhakijan oppaassa on Johdannon lis\u00e4ksi nelj\u00e4 isompaa kokonaisuutta, joista jokaisessa k\u00e4sitell\u00e4\u00e4n tiedonhaussa t\u00e4rkeit\u00e4 aihepiirej\u00e4. Tutustu my\u00f6s k\u00e4yt\u00e4nn\u00f6llisiin hakuesimerkkeihin ja ota kirjastosanasto avuksesi!<\/p>\n<p>Oppaan kokonaisuudet ovat:<\/p>\n<ul>\n<li><a href=\"https:\/\/sites.uef.fi\/tiedonhaku-kirjasto\/\">Johdanto<\/a><\/li>\n<li><a href=\"https:\/\/sites.uef.fi\/tiedonhaku-kirjasto\/tiedonlahteet-ja-arviointi\/\">Tiedonl\u00e4hteet ja arviointi<\/a><\/li>\n<li><a href=\"https:\/\/sites.uef.fi\/tiedonhaku-kirjasto\/hakuaihe-ja-hakusanat\/\">Hakuaihe ja asiasanat<\/a><\/li>\n<li><a href=\"https:\/\/sites.uef.fi\/tiedonhaku-kirjasto\/hakutekniikka-ja-hakutavat\/\">Hakutekniikka ja hakutavat<\/a><\/li>\n<li><a href=\"https:\/\/sites.uef.fi\/tiedonhaku-kirjasto\/lahteiden-ja-kirjallisuuden-kaytto\/\">L\u00e4hteiden ja kirjallisuuden k\u00e4ytt\u00f6<\/a><\/li>\n<li><a href=\"https:\/\/sites.uef.fi\/tiedonhaku-kirjasto\/hakuesimerkkeja\/\">Hakuesimerkit<\/a><\/li>\n<li><a href=\"https:\/\/sites.uef.fi\/tiedonhaku-kirjasto\/kirjastosanasto\/\">Kirjastosanasto<\/a><\/li>\n<\/ul>\n\t\t\t\t<\/div>\n\t\t\t<\/div>\n\t\t\t<\/div>\n\t\n\n\n<h3 class=\"wp-block-heading\">Lukuvinkit kiireisille:<\/h3>\n\n\n    <div class=\"funders grid\">\n                        <a href=\"https:\/\/sites.uef.fi\/tiedonhaku-kirjasto\/hakuaihe-ja-hakusanat\/\" class=\"funders__link grid__item hover-scale-down\" title=\"Miten ja mist\u00e4 hakusanoja l\u00f6ytyy?\">\n                            <div class=\"funders__image\">\n                    <img decoding=\"async\" src=\"https:\/\/sites.uef.fi\/tiedonhaku-kirjasto\/wp-content\/uploads\/sites\/365\/2024\/10\/Hakuaihe-ja-asiasanat.png\" alt=\"Hakuaihe ja asiasanat -osio. \" \/>\n                <\/div>\n                                    <p class=\"funders__description\">Miten ja mist\u00e4 hakusanoja l\u00f6ytyy?<\/p>\n                                                    <div class=\"funders__arrow\">\n                    <svg\n        width=\"43\" height=\"25\"\n        viewBox=\"0 0 43 25\"\n        xmlns=\"http:\/\/www.w3.org\/2000\/svg\">\n    <path\n        d=\"M30.027 0 43 12.5 30.027 25 27 22.083 34.351 15H0v-5h34.351L27 2.917z\"\n        fill=\"currentColor\"\n        fill-rule=\"evenodd\"\/>\n<\/svg>                    <\/div>\n                <\/a>\n                            \n                        <a href=\"https:\/\/sites.uef.fi\/tiedonhaku-kirjasto\/tekoaly-mukana-tiedonhaussa\/\" class=\"funders__link grid__item hover-scale-down\" title=\"Miten teko\u00e4ly sopii tiedonhakuun?\">\n                            <div class=\"funders__image\">\n                    <img decoding=\"async\" src=\"https:\/\/sites.uef.fi\/tiedonhaku-kirjasto\/wp-content\/uploads\/sites\/365\/2025\/06\/Tekoaly-mukana-tiedonhaussa.png\" alt=\"Teko\u00e4ly mukana tiedonhaussa. \" \/>\n                <\/div>\n                                    <p class=\"funders__description\">Miten teko\u00e4ly sopii tiedonhakuun?<\/p>\n                                                    <div class=\"funders__arrow\">\n                    <svg\n        width=\"43\" height=\"25\"\n        viewBox=\"0 0 43 25\"\n        xmlns=\"http:\/\/www.w3.org\/2000\/svg\">\n    <path\n        d=\"M30.027 0 43 12.5 30.027 25 27 22.083 34.351 15H0v-5h34.351L27 2.917z\"\n        fill=\"currentColor\"\n        fill-rule=\"evenodd\"\/>\n<\/svg>                    <\/div>\n                <\/a>\n                            \n                        <a href=\"https:\/\/sites.uef.fi\/tiedonhaku-kirjasto\/onnistuiko-tiedonhaku\/\" class=\"funders__link grid__item hover-scale-down\" title=\"Kuinka kehitt\u00e4\u00e4 omaa tiedonhakua?\">\n                            <div class=\"funders__image\">\n                    <img decoding=\"async\" src=\"https:\/\/sites.uef.fi\/tiedonhaku-kirjasto\/wp-content\/uploads\/sites\/365\/2024\/10\/Hakutekniikka-ja-hakutavat-Onnistuiko-tiedonhaku.png\" alt=\"Hakutekniikka ja hakuvat -osio, Onnistuiko tiedonhaku?\" \/>\n                <\/div>\n                                    <p class=\"funders__description\">Kuinka kehitt\u00e4\u00e4 omaa tiedonhakua?<\/p>\n                                                    <div class=\"funders__arrow\">\n                    <svg\n        width=\"43\" height=\"25\"\n        viewBox=\"0 0 43 25\"\n        xmlns=\"http:\/\/www.w3.org\/2000\/svg\">\n    <path\n        d=\"M30.027 0 43 12.5 30.027 25 27 22.083 34.351 15H0v-5h34.351L27 2.917z\"\n        fill=\"currentColor\"\n        fill-rule=\"evenodd\"\/>\n<\/svg>                    <\/div>\n                <\/a>\n                            \n                        <a href=\"https:\/\/sites.uef.fi\/tiedonhaku-kirjasto\/hakuesimerkkeja\/\" class=\"funders__link grid__item hover-scale-down\" title=\"K\u00e4yt\u00e4nn\u00f6n pikavinkit, kiitos!\">\n                            <div class=\"funders__image\">\n                    <img decoding=\"async\" src=\"https:\/\/sites.uef.fi\/tiedonhaku-kirjasto\/wp-content\/uploads\/sites\/365\/2024\/10\/Hakuesimerkkeja.png\" alt=\"Hakuesimerkkej\u00e4-osio, Hakeminen tietokannasta, Tiedonhaun aiheita ja hakulauseita. \" \/>\n                <\/div>\n                                    <p class=\"funders__description\">K\u00e4yt\u00e4nn\u00f6n pikavinkit, kiitos!<\/p>\n                                                    <div class=\"funders__arrow\">\n                    <svg\n        width=\"43\" height=\"25\"\n        viewBox=\"0 0 43 25\"\n        xmlns=\"http:\/\/www.w3.org\/2000\/svg\">\n    <path\n        d=\"M30.027 0 43 12.5 30.027 25 27 22.083 34.351 15H0v-5h34.351L27 2.917z\"\n        fill=\"currentColor\"\n        fill-rule=\"evenodd\"\/>\n<\/svg>                    <\/div>\n                <\/a>\n                            \n            <\/div>\n\n\n\n<p><\/p>\n\n\n\n<p>Johdannosta l\u00f6yd\u00e4t my\u00f6s Tiedonhakuprosessia ja tiedonhaun suunnittelua k\u00e4sittelev\u00e4n osion. Voit siirty\u00e4 siihen suoraan alla olevasta linkist\u00e4:<\/p>\n\n\n\n<div class=\"links-block\">\n\n            <h3>Seuraavaksi<\/h3>\n    \n    <ul class=\"link-list\">\n        \n            \n            <li class=\"link-list-item\">\n                <a href=\"https:\/\/sites.uef.fi\/tiedonhaku-kirjasto\/tiedonhakuprosessi-ja-tiedonhaun-suunnittelu\/\" class=\"link-reset link hover-scale-down\">\n                    <svg\n        width=\"43\" height=\"25\"\n        viewBox=\"0 0 43 25\"\n        xmlns=\"http:\/\/www.w3.org\/2000\/svg\">\n    <path\n        d=\"M30.027 0 43 12.5 30.027 25 27 22.083 34.351 15H0v-5h34.351L27 2.917z\"\n        fill=\"currentColor\"\n        fill-rule=\"evenodd\"\/>\n<\/svg>                    <div>Tiedonhakuprosessi ja tiedonhaun suunnittelu<\/div>\n                <\/a>\n                <div class=\"link-info\">\n                                    <\/div>\n            <\/li>\n\n                <\/ul>\n<\/div>\n\n\n<p>Tiedonhakijan opas, jonka tekij\u00e4t ovat Anni Tarkiainen, Marika Mahlavuori, Jussi Hyv\u00e4rinen, on tekstin osalta lisensoitu <a href=\"http:\/\/creativecommons.org\/licenses\/by-sa\/4.0\/\">Creative Commons Nime\u00e4-JaaSamoin 4.0 Kansainv\u00e4linen -lisenssill\u00e4<\/a>. Oppaan kuvia ei lisensoida. Kiitos It\u00e4-Suomen yliopiston kirjaston Opetus- ja tietopalveluiden henkil\u00f6st\u00f6lle yhteisty\u00f6st\u00e4.<\/p>\n\n\n\n<p>P\u00e4ivitetty 2025.<\/p>\n\n\n\n<p><\/p>\n","protected":false},"excerpt":{"rendered":"<p>Tiedonhakijan opas on suunnattu kaikenlaisille tiedonhakijoille riippumatta siit\u00e4, oletko opiskelijana It\u00e4-Suomen yliopistossa tai tarvitsetko muusta syyst\u00e4 lis\u00e4tietoa tiedonhausta. Opas keskittyy ennen kaikkea julkaistun tieteellisen tiedon hakemiseen. Tieteellinen tieto on luonteeltaan systemaattista, objektiivista ja perusteltua, ja tieteellisen tutkimuksen tuloksia julkaistaan artikkelien ja kirjojen muodossa. Kirjastoihin, tietokantoihin ja avoimeen verkkoon tallennetuista tieteellisist\u00e4 julkaisuista voit hakea tietoa hakukoneiden [&hellip;]<\/p>\n","protected":false},"author":801,"featured_media":0,"parent":0,"menu_order":0,"comment_status":"closed","ping_status":"closed","template":"","meta":{"_acf_changed":false,"footnotes":""},"class_list":["post-5","page","type-page","status-publish","hentry"],"acf":[],"yoast_head":"<!-- This site is optimized with the Yoast SEO plugin v27.1.1 - https:\/\/yoast.com\/product\/yoast-seo-wordpress\/ -->\n<title>Johdanto - Tiedonhakijan opas \/\/ UEF-kirjasto<\/title>\n<meta name=\"description\" content=\"Ota Tiedonhakijan opas avuksesi! It\u00e4-Suomen yliopiston kirjaston Tiedonhakijan opas on kaikille avoin tiedonhakutaitojen verkkomateriaali.\" \/>\n<meta name=\"robots\" content=\"index, follow, max-snippet:-1, max-image-preview:large, max-video-preview:-1\" \/>\n<link rel=\"canonical\" href=\"https:\/\/sites.uef.fi\/tiedonhaku-kirjasto\/\" \/>\n<meta property=\"og:locale\" content=\"fi_FI\" \/>\n<meta property=\"og:type\" content=\"article\" \/>\n<meta property=\"og:title\" content=\"Johdanto - Tiedonhakijan opas \/\/ UEF-kirjasto\" \/>\n<meta property=\"og:description\" content=\"Ota Tiedonhakijan opas avuksesi! It\u00e4-Suomen yliopiston kirjaston Tiedonhakijan opas on kaikille avoin tiedonhakutaitojen verkkomateriaali.\" \/>\n<meta property=\"og:url\" content=\"https:\/\/sites.uef.fi\/tiedonhaku-kirjasto\/\" \/>\n<meta property=\"og:site_name\" content=\"Tiedonhakijan opas \/\/ UEF-kirjasto\" \/>\n<meta property=\"article:modified_time\" content=\"2025-06-10T11:20:39+00:00\" \/>\n<meta name=\"twitter:card\" content=\"summary_large_image\" \/>\n<meta name=\"twitter:label1\" content=\"Arvioitu lukuaika\" \/>\n\t<meta name=\"twitter:data1\" content=\"1 minuutti\" \/>\n<script type=\"application\/ld+json\" class=\"yoast-schema-graph\">{\"@context\":\"https:\/\/schema.org\",\"@graph\":[{\"@type\":\"WebPage\",\"@id\":\"https:\/\/sites.uef.fi\/tiedonhaku-kirjasto\/\",\"url\":\"https:\/\/sites.uef.fi\/tiedonhaku-kirjasto\/\",\"name\":\"Johdanto - Tiedonhakijan opas \/\/ UEF-kirjasto\",\"isPartOf\":{\"@id\":\"https:\/\/sites.uef.fi\/tiedonhaku-kirjasto\/#website\"},\"datePublished\":\"2022-04-08T07:00:46+00:00\",\"dateModified\":\"2025-06-10T11:20:39+00:00\",\"description\":\"Ota Tiedonhakijan opas avuksesi! It\u00e4-Suomen yliopiston kirjaston Tiedonhakijan opas on kaikille avoin tiedonhakutaitojen verkkomateriaali.\",\"breadcrumb\":{\"@id\":\"https:\/\/sites.uef.fi\/tiedonhaku-kirjasto\/#breadcrumb\"},\"inLanguage\":\"fi\",\"potentialAction\":[{\"@type\":\"ReadAction\",\"target\":[\"https:\/\/sites.uef.fi\/tiedonhaku-kirjasto\/\"]}]},{\"@type\":\"BreadcrumbList\",\"@id\":\"https:\/\/sites.uef.fi\/tiedonhaku-kirjasto\/#breadcrumb\",\"itemListElement\":[{\"@type\":\"ListItem\",\"position\":1,\"name\":\"Home\",\"item\":\"https:\/\/sites.uef.fi\/tiedonhaku-kirjasto\/\"},{\"@type\":\"ListItem\",\"position\":2,\"name\":\"Johdanto\"}]},{\"@type\":\"WebSite\",\"@id\":\"https:\/\/sites.uef.fi\/tiedonhaku-kirjasto\/#website\",\"url\":\"https:\/\/sites.uef.fi\/tiedonhaku-kirjasto\/\",\"name\":\"Tiedonhakijan opas \/\/ UEF-kirjasto\",\"description\":\"\",\"potentialAction\":[{\"@type\":\"SearchAction\",\"target\":{\"@type\":\"EntryPoint\",\"urlTemplate\":\"https:\/\/sites.uef.fi\/tiedonhaku-kirjasto\/?s={search_term_string}\"},\"query-input\":{\"@type\":\"PropertyValueSpecification\",\"valueRequired\":true,\"valueName\":\"search_term_string\"}}],\"inLanguage\":\"fi\"}]}<\/script>\n<!-- \/ Yoast SEO plugin. -->","yoast_head_json":{"title":"Johdanto - Tiedonhakijan opas \/\/ UEF-kirjasto","description":"Ota Tiedonhakijan opas avuksesi! It\u00e4-Suomen yliopiston kirjaston Tiedonhakijan opas on kaikille avoin tiedonhakutaitojen verkkomateriaali.","robots":{"index":"index","follow":"follow","max-snippet":"max-snippet:-1","max-image-preview":"max-image-preview:large","max-video-preview":"max-video-preview:-1"},"canonical":"https:\/\/sites.uef.fi\/tiedonhaku-kirjasto\/","og_locale":"fi_FI","og_type":"article","og_title":"Johdanto - Tiedonhakijan opas \/\/ UEF-kirjasto","og_description":"Ota Tiedonhakijan opas avuksesi! It\u00e4-Suomen yliopiston kirjaston Tiedonhakijan opas on kaikille avoin tiedonhakutaitojen verkkomateriaali.","og_url":"https:\/\/sites.uef.fi\/tiedonhaku-kirjasto\/","og_site_name":"Tiedonhakijan opas \/\/ UEF-kirjasto","article_modified_time":"2025-06-10T11:20:39+00:00","twitter_card":"summary_large_image","twitter_misc":{"Arvioitu lukuaika":"1 minuutti"},"schema":{"@context":"https:\/\/schema.org","@graph":[{"@type":"WebPage","@id":"https:\/\/sites.uef.fi\/tiedonhaku-kirjasto\/","url":"https:\/\/sites.uef.fi\/tiedonhaku-kirjasto\/","name":"Johdanto - Tiedonhakijan opas \/\/ UEF-kirjasto","isPartOf":{"@id":"https:\/\/sites.uef.fi\/tiedonhaku-kirjasto\/#website"},"datePublished":"2022-04-08T07:00:46+00:00","dateModified":"2025-06-10T11:20:39+00:00","description":"Ota Tiedonhakijan opas avuksesi! It\u00e4-Suomen yliopiston kirjaston Tiedonhakijan opas on kaikille avoin tiedonhakutaitojen verkkomateriaali.","breadcrumb":{"@id":"https:\/\/sites.uef.fi\/tiedonhaku-kirjasto\/#breadcrumb"},"inLanguage":"fi","potentialAction":[{"@type":"ReadAction","target":["https:\/\/sites.uef.fi\/tiedonhaku-kirjasto\/"]}]},{"@type":"BreadcrumbList","@id":"https:\/\/sites.uef.fi\/tiedonhaku-kirjasto\/#breadcrumb","itemListElement":[{"@type":"ListItem","position":1,"name":"Home","item":"https:\/\/sites.uef.fi\/tiedonhaku-kirjasto\/"},{"@type":"ListItem","position":2,"name":"Johdanto"}]},{"@type":"WebSite","@id":"https:\/\/sites.uef.fi\/tiedonhaku-kirjasto\/#website","url":"https:\/\/sites.uef.fi\/tiedonhaku-kirjasto\/","name":"Tiedonhakijan opas \/\/ UEF-kirjasto","description":"","potentialAction":[{"@type":"SearchAction","target":{"@type":"EntryPoint","urlTemplate":"https:\/\/sites.uef.fi\/tiedonhaku-kirjasto\/?s={search_term_string}"},"query-input":{"@type":"PropertyValueSpecification","valueRequired":true,"valueName":"search_term_string"}}],"inLanguage":"fi"}]}},"_links":{"self":[{"href":"https:\/\/sites.uef.fi\/tiedonhaku-kirjasto\/wp-json\/wp\/v2\/pages\/5","targetHints":{"allow":["GET"]}}],"collection":[{"href":"https:\/\/sites.uef.fi\/tiedonhaku-kirjasto\/wp-json\/wp\/v2\/pages"}],"about":[{"href":"https:\/\/sites.uef.fi\/tiedonhaku-kirjasto\/wp-json\/wp\/v2\/types\/page"}],"author":[{"embeddable":true,"href":"https:\/\/sites.uef.fi\/tiedonhaku-kirjasto\/wp-json\/wp\/v2\/users\/801"}],"replies":[{"embeddable":true,"href":"https:\/\/sites.uef.fi\/tiedonhaku-kirjasto\/wp-json\/wp\/v2\/comments?post=5"}],"version-history":[{"count":2,"href":"https:\/\/sites.uef.fi\/tiedonhaku-kirjasto\/wp-json\/wp\/v2\/pages\/5\/revisions"}],"predecessor-version":[{"id":11491,"href":"https:\/\/sites.uef.fi\/tiedonhaku-kirjasto\/wp-json\/wp\/v2\/pages\/5\/revisions\/11491"}],"wp:attachment":[{"href":"https:\/\/sites.uef.fi\/tiedonhaku-kirjasto\/wp-json\/wp\/v2\/media?parent=5"}],"curies":[{"name":"wp","href":"https:\/\/api.w.org\/{rel}","templated":true}]}}