{"id":25,"date":"2020-10-14T10:02:21","date_gmt":"2020-10-14T10:02:21","guid":{"rendered":"https:\/\/sites.uef.fi\/tutkijanaiset\/?page_id=25"},"modified":"2023-11-06T15:10:23","modified_gmt":"2023-11-06T13:10:23","slug":"etusivu","status":"publish","type":"page","link":"https:\/\/sites.uef.fi\/tutkijanaiset\/","title":{"rendered":"Etusivu"},"content":{"rendered":"\n<p><strong>Tervetuloa Joensuun tutkijanaisten verkkosivuille!<\/strong><\/p>\n\n\n\n<p>Joensuun Tutkijanaiset ry. perustettiin vuonna 1983 yhdyssiteeksi naistutkijoiden v\u00e4lille sek\u00e4 naistutkimuksen oppiaineen saamiseksi Joensuun yliopistoon. Monitieteisen naistutkimusopetuksen k\u00e4ynnistyminen ja alan professuurin saaminen vuonna 1999 olivatkin pitk\u00e4lti tutkijanaisten talkooty\u00f6n ansiota.<\/p>\n\n\n\n<p>Joensuun Tutkijanaiset -yhdistyksen toiminta on viime vuosina keskittynyt yliopistoyhteis\u00f6n tasa-arvon edist\u00e4miseen ja tutkijanaisten edunvalvonnan kysymyksiin. Yhdistyksen t\u00e4rkeimm\u00e4t tavoitteet ovat:<\/p>\n\n\n\n<ul class=\"wp-block-list\">\n<li>tutkijanaisten aseman ja oikeuksien parantaminen akateemisessa maailmassa,<\/li>\n\n\n\n<li>tutkijanaisten keskin\u00e4isen yhteisty\u00f6n lis\u00e4\u00e4minen,<\/li>\n\n\n\n<li>naisn\u00e4k\u00f6kulman edist\u00e4minen tutkimuksessa, opetuksessa ja tieteiden v\u00e4lisess\u00e4 yhteisty\u00f6ss\u00e4, sek\u00e4<\/li>\n\n\n\n<li>yhteisty\u00f6 tiedeyhteis\u00f6n ulkopuolella olevien naisj\u00e4rjest\u00f6jen ja -ryhmien kanssa.<\/li>\n<\/ul>\n\n\n\n<p>Yhdistyksen puheenjohtajana toimii Maija Korhonen, varapuheenjohtajana Maiju Parviainen ja sihteeri-taloudenhoitajana Iiris Lehto. Voit ottaa yhteytt\u00e4 johtokunnan j\u00e4seniin s\u00e4hk\u00f6postilla (etunimi.sukunimi@uef.fi).<\/p>\n","protected":false},"excerpt":{"rendered":"<p>Tervetuloa Joensuun tutkijanaisten verkkosivuille! Joensuun Tutkijanaiset ry. perustettiin vuonna 1983 yhdyssiteeksi naistutkijoiden v\u00e4lille sek\u00e4 naistutkimuksen oppiaineen saamiseksi Joensuun yliopistoon. Monitieteisen naistutkimusopetuksen k\u00e4ynnistyminen ja alan professuurin saaminen vuonna 1999 olivatkin pitk\u00e4lti tutkijanaisten talkooty\u00f6n ansiota. Joensuun Tutkijanaiset -yhdistyksen toiminta on viime vuosina keskittynyt yliopistoyhteis\u00f6n tasa-arvon edist\u00e4miseen ja tutkijanaisten edunvalvonnan kysymyksiin. Yhdistyksen t\u00e4rkeimm\u00e4t tavoitteet ovat: Yhdistyksen puheenjohtajana toimii [&hellip;]<\/p>\n","protected":false},"author":2,"featured_media":0,"parent":0,"menu_order":1,"comment_status":"closed","ping_status":"closed","template":"","meta":{"_acf_changed":false,"_monsterinsights_skip_tracking":false,"_monsterinsights_sitenote_active":false,"_monsterinsights_sitenote_note":"","_monsterinsights_sitenote_category":0,"footnotes":""},"class_list":["post-25","page","type-page","status-publish","hentry"],"acf":[],"yoast_head":"<!-- This site is optimized with the Yoast SEO plugin v27.1.1 - https:\/\/yoast.com\/product\/yoast-seo-wordpress\/ -->\n<title>Etusivu - Tutkijanaiset ry.<\/title>\n<meta name=\"robots\" content=\"index, follow, max-snippet:-1, max-image-preview:large, max-video-preview:-1\" \/>\n<link rel=\"canonical\" href=\"https:\/\/sites.uef.fi\/tutkijanaiset\/\" \/>\n<meta property=\"og:locale\" content=\"fi_FI\" \/>\n<meta property=\"og:type\" content=\"article\" \/>\n<meta property=\"og:title\" content=\"Etusivu - Tutkijanaiset ry.\" \/>\n<meta property=\"og:description\" content=\"Tervetuloa Joensuun tutkijanaisten verkkosivuille! Joensuun Tutkijanaiset ry. perustettiin vuonna 1983 yhdyssiteeksi naistutkijoiden v\u00e4lille sek\u00e4 naistutkimuksen oppiaineen saamiseksi Joensuun yliopistoon. Monitieteisen naistutkimusopetuksen k\u00e4ynnistyminen ja alan professuurin saaminen vuonna 1999 olivatkin pitk\u00e4lti tutkijanaisten talkooty\u00f6n ansiota. Joensuun Tutkijanaiset -yhdistyksen toiminta on viime vuosina keskittynyt yliopistoyhteis\u00f6n tasa-arvon edist\u00e4miseen ja tutkijanaisten edunvalvonnan kysymyksiin. Yhdistyksen t\u00e4rkeimm\u00e4t tavoitteet ovat: Yhdistyksen puheenjohtajana toimii [&hellip;]\" \/>\n<meta property=\"og:url\" content=\"https:\/\/sites.uef.fi\/tutkijanaiset\/\" \/>\n<meta property=\"og:site_name\" content=\"Tutkijanaiset ry.\" \/>\n<meta property=\"article:modified_time\" content=\"2023-11-06T13:10:23+00:00\" \/>\n<meta name=\"twitter:card\" content=\"summary_large_image\" \/>\n<meta name=\"twitter:label1\" content=\"Arvioitu lukuaika\" \/>\n\t<meta name=\"twitter:data1\" content=\"1 minuutti\" \/>\n<script type=\"application\/ld+json\" class=\"yoast-schema-graph\">{\"@context\":\"https:\/\/schema.org\",\"@graph\":[{\"@type\":\"WebPage\",\"@id\":\"https:\/\/sites.uef.fi\/tutkijanaiset\/\",\"url\":\"https:\/\/sites.uef.fi\/tutkijanaiset\/\",\"name\":\"Etusivu - Tutkijanaiset ry.\",\"isPartOf\":{\"@id\":\"https:\/\/sites.uef.fi\/tutkijanaiset\/#website\"},\"datePublished\":\"2020-10-14T10:02:21+00:00\",\"dateModified\":\"2023-11-06T13:10:23+00:00\",\"breadcrumb\":{\"@id\":\"https:\/\/sites.uef.fi\/tutkijanaiset\/#breadcrumb\"},\"inLanguage\":\"fi\",\"potentialAction\":[{\"@type\":\"ReadAction\",\"target\":[\"https:\/\/sites.uef.fi\/tutkijanaiset\/\"]}]},{\"@type\":\"BreadcrumbList\",\"@id\":\"https:\/\/sites.uef.fi\/tutkijanaiset\/#breadcrumb\",\"itemListElement\":[{\"@type\":\"ListItem\",\"position\":1,\"name\":\"Home\",\"item\":\"https:\/\/sites.uef.fi\/tutkijanaiset\/\"},{\"@type\":\"ListItem\",\"position\":2,\"name\":\"Etusivu\"}]},{\"@type\":\"WebSite\",\"@id\":\"https:\/\/sites.uef.fi\/tutkijanaiset\/#website\",\"url\":\"https:\/\/sites.uef.fi\/tutkijanaiset\/\",\"name\":\"Tutkijanaiset ry.\",\"description\":\"\",\"potentialAction\":[{\"@type\":\"SearchAction\",\"target\":{\"@type\":\"EntryPoint\",\"urlTemplate\":\"https:\/\/sites.uef.fi\/tutkijanaiset\/?s={search_term_string}\"},\"query-input\":{\"@type\":\"PropertyValueSpecification\",\"valueRequired\":true,\"valueName\":\"search_term_string\"}}],\"inLanguage\":\"fi\"}]}<\/script>\n<!-- \/ Yoast SEO plugin. -->","yoast_head_json":{"title":"Etusivu - Tutkijanaiset ry.","robots":{"index":"index","follow":"follow","max-snippet":"max-snippet:-1","max-image-preview":"max-image-preview:large","max-video-preview":"max-video-preview:-1"},"canonical":"https:\/\/sites.uef.fi\/tutkijanaiset\/","og_locale":"fi_FI","og_type":"article","og_title":"Etusivu - Tutkijanaiset ry.","og_description":"Tervetuloa Joensuun tutkijanaisten verkkosivuille! Joensuun Tutkijanaiset ry. perustettiin vuonna 1983 yhdyssiteeksi naistutkijoiden v\u00e4lille sek\u00e4 naistutkimuksen oppiaineen saamiseksi Joensuun yliopistoon. Monitieteisen naistutkimusopetuksen k\u00e4ynnistyminen ja alan professuurin saaminen vuonna 1999 olivatkin pitk\u00e4lti tutkijanaisten talkooty\u00f6n ansiota. Joensuun Tutkijanaiset -yhdistyksen toiminta on viime vuosina keskittynyt yliopistoyhteis\u00f6n tasa-arvon edist\u00e4miseen ja tutkijanaisten edunvalvonnan kysymyksiin. Yhdistyksen t\u00e4rkeimm\u00e4t tavoitteet ovat: Yhdistyksen puheenjohtajana toimii [&hellip;]","og_url":"https:\/\/sites.uef.fi\/tutkijanaiset\/","og_site_name":"Tutkijanaiset ry.","article_modified_time":"2023-11-06T13:10:23+00:00","twitter_card":"summary_large_image","twitter_misc":{"Arvioitu lukuaika":"1 minuutti"},"schema":{"@context":"https:\/\/schema.org","@graph":[{"@type":"WebPage","@id":"https:\/\/sites.uef.fi\/tutkijanaiset\/","url":"https:\/\/sites.uef.fi\/tutkijanaiset\/","name":"Etusivu - Tutkijanaiset ry.","isPartOf":{"@id":"https:\/\/sites.uef.fi\/tutkijanaiset\/#website"},"datePublished":"2020-10-14T10:02:21+00:00","dateModified":"2023-11-06T13:10:23+00:00","breadcrumb":{"@id":"https:\/\/sites.uef.fi\/tutkijanaiset\/#breadcrumb"},"inLanguage":"fi","potentialAction":[{"@type":"ReadAction","target":["https:\/\/sites.uef.fi\/tutkijanaiset\/"]}]},{"@type":"BreadcrumbList","@id":"https:\/\/sites.uef.fi\/tutkijanaiset\/#breadcrumb","itemListElement":[{"@type":"ListItem","position":1,"name":"Home","item":"https:\/\/sites.uef.fi\/tutkijanaiset\/"},{"@type":"ListItem","position":2,"name":"Etusivu"}]},{"@type":"WebSite","@id":"https:\/\/sites.uef.fi\/tutkijanaiset\/#website","url":"https:\/\/sites.uef.fi\/tutkijanaiset\/","name":"Tutkijanaiset ry.","description":"","potentialAction":[{"@type":"SearchAction","target":{"@type":"EntryPoint","urlTemplate":"https:\/\/sites.uef.fi\/tutkijanaiset\/?s={search_term_string}"},"query-input":{"@type":"PropertyValueSpecification","valueRequired":true,"valueName":"search_term_string"}}],"inLanguage":"fi"}]}},"_links":{"self":[{"href":"https:\/\/sites.uef.fi\/tutkijanaiset\/wp-json\/wp\/v2\/pages\/25","targetHints":{"allow":["GET"]}}],"collection":[{"href":"https:\/\/sites.uef.fi\/tutkijanaiset\/wp-json\/wp\/v2\/pages"}],"about":[{"href":"https:\/\/sites.uef.fi\/tutkijanaiset\/wp-json\/wp\/v2\/types\/page"}],"author":[{"embeddable":true,"href":"https:\/\/sites.uef.fi\/tutkijanaiset\/wp-json\/wp\/v2\/users\/2"}],"replies":[{"embeddable":true,"href":"https:\/\/sites.uef.fi\/tutkijanaiset\/wp-json\/wp\/v2\/comments?post=25"}],"version-history":[{"count":2,"href":"https:\/\/sites.uef.fi\/tutkijanaiset\/wp-json\/wp\/v2\/pages\/25\/revisions"}],"predecessor-version":[{"id":475,"href":"https:\/\/sites.uef.fi\/tutkijanaiset\/wp-json\/wp\/v2\/pages\/25\/revisions\/475"}],"wp:attachment":[{"href":"https:\/\/sites.uef.fi\/tutkijanaiset\/wp-json\/wp\/v2\/media?parent=25"}],"curies":[{"name":"wp","href":"https:\/\/api.w.org\/{rel}","templated":true}]}}