{"id":43,"date":"2021-02-27T10:25:55","date_gmt":"2021-02-27T08:25:55","guid":{"rendered":"https:\/\/sites.uef.fi\/tutkijanaiset\/?page_id=43"},"modified":"2021-02-27T12:30:43","modified_gmt":"2021-02-27T10:30:43","slug":"__trashed","status":"publish","type":"page","link":"https:\/\/sites.uef.fi\/tutkijanaiset\/__trashed\/","title":{"rendered":"Toiminta"},"content":{"rendered":"<p>Yhdistys j\u00e4rjest\u00e4\u00e4 naistutkijoiden tapaamisia, virkistysretki\u00e4 ja illanviettoja sek\u00e4 yleis\u00f6tilaisuuksia. N\u00e4ihin ovat kaikki kiinnostuneet tervetulleita osallistumaan!<\/p>\n<ul>\n<li style=\"list-style-type: none\">\n<ul>\n<li>Kuukausittainen aamiainen tai lounas. Kokoonnumme s\u00e4\u00e4nn\u00f6llisesti yhteiselle aamiaiselle tai lounaalle ja kokoukseen joka kuukauden toisen viikon tiistaina. Tapaamisista tiedotetaan tutkijanaisten s\u00e4hk\u00f6postilistalla ja Yammerissa. N\u00e4iss\u00e4 vapaamuotoisissa tapaamisissa keskustellaan ajankohtaisista aiheista. Tapaamisia ei j\u00e4rjestet\u00e4 kes\u00e4-elokuussa.<\/li>\n<li>Terassilounas. Kev\u00e4tkauden p\u00e4\u00e4tt\u00e4\u00e4 perinteisesti terassilounas, joka pidet\u00e4\u00e4n kes\u00e4kuussa my\u00f6hemmin sovittavana aikana.<\/li>\n<li>Yhteiset kirjoitusp\u00e4iv\u00e4t. Tutkijanaiset kokoontuvat noin kerran kuukaudessa yhteisiin kirjoitusp\u00e4iviin, joissa jokainen kirjoittaa omaa tutkimustaan Pomodoro-tekniikkaa hy\u00f6dynt\u00e4en.<\/li>\n<li>Virkistysretki ja pikkujoulu. Syksyisin ollaan usein j\u00e4rjestetty ulkoilun ja saunomisen v\u00e4ritt\u00e4m\u00e4 iltap\u00e4iv\u00e4retki Joensuun l\u00e4himaastoon ja tammikuussa j\u00e4rjestetty yhdistyksen pikkujoulu.<\/li>\n<li>Kokoukset. Yhdistyksen johtoryhm\u00e4 pit\u00e4\u00e4 vapaamuotoisia kokouksiaan yleens\u00e4 kuukausilounaan yhteydess\u00e4. Niihin ei laadita erillist\u00e4 kokouskutsua. S\u00e4\u00e4nt\u00f6m\u00e4\u00e4r\u00e4inen vuosikokous pidet\u00e4\u00e4n tavallisesti maaliskuun lopulla ja siit\u00e4 tiedotetaan tutkijanaisten postilistalla.<\/li>\n<\/ul>\n<\/li>\n<\/ul>\n<p>Yhdistyksen j\u00e4rjest\u00e4mist\u00e4 tapahtumista tiedotetaan tutkijanaisten s\u00e4hk\u00f6postilistalla, Yammer-ryhm\u00e4ss\u00e4 (yliopiston sis\u00e4inen\u00a0 ja Facebookissa.<\/p>\n","protected":false},"excerpt":{"rendered":"<p>Yhdistys j\u00e4rjest\u00e4\u00e4 naistutkijoiden tapaamisia, virkistysretki\u00e4 ja illanviettoja sek\u00e4 yleis\u00f6tilaisuuksia. N\u00e4ihin ovat kaikki kiinnostuneet tervetulleita osallistumaan! Kuukausittainen aamiainen tai lounas. Kokoonnumme s\u00e4\u00e4nn\u00f6llisesti yhteiselle aamiaiselle tai lounaalle ja kokoukseen joka kuukauden toisen viikon tiistaina. Tapaamisista tiedotetaan tutkijanaisten s\u00e4hk\u00f6postilistalla ja Yammerissa. N\u00e4iss\u00e4 vapaamuotoisissa tapaamisissa keskustellaan ajankohtaisista aiheista. Tapaamisia ei j\u00e4rjestet\u00e4 kes\u00e4-elokuussa. Terassilounas. Kev\u00e4tkauden p\u00e4\u00e4tt\u00e4\u00e4 perinteisesti terassilounas, joka pidet\u00e4\u00e4n [&hellip;]<\/p>\n","protected":false},"author":426,"featured_media":0,"parent":0,"menu_order":2,"comment_status":"closed","ping_status":"closed","template":"","meta":{"_acf_changed":false,"_monsterinsights_skip_tracking":false,"_monsterinsights_sitenote_active":false,"_monsterinsights_sitenote_note":"","_monsterinsights_sitenote_category":0,"footnotes":""},"class_list":["post-43","page","type-page","status-publish","hentry"],"acf":[],"yoast_head":"<!-- This site is optimized with the Yoast SEO plugin v27.1.1 - https:\/\/yoast.com\/product\/yoast-seo-wordpress\/ -->\n<title>Toiminta - Tutkijanaiset ry.<\/title>\n<meta name=\"robots\" content=\"index, follow, max-snippet:-1, max-image-preview:large, max-video-preview:-1\" \/>\n<link rel=\"canonical\" href=\"https:\/\/sites.uef.fi\/tutkijanaiset\/__trashed\/\" \/>\n<meta property=\"og:locale\" content=\"fi_FI\" \/>\n<meta property=\"og:type\" content=\"article\" \/>\n<meta property=\"og:title\" content=\"Toiminta - Tutkijanaiset ry.\" \/>\n<meta property=\"og:description\" content=\"Yhdistys j\u00e4rjest\u00e4\u00e4 naistutkijoiden tapaamisia, virkistysretki\u00e4 ja illanviettoja sek\u00e4 yleis\u00f6tilaisuuksia. N\u00e4ihin ovat kaikki kiinnostuneet tervetulleita osallistumaan! Kuukausittainen aamiainen tai lounas. Kokoonnumme s\u00e4\u00e4nn\u00f6llisesti yhteiselle aamiaiselle tai lounaalle ja kokoukseen joka kuukauden toisen viikon tiistaina. Tapaamisista tiedotetaan tutkijanaisten s\u00e4hk\u00f6postilistalla ja Yammerissa. N\u00e4iss\u00e4 vapaamuotoisissa tapaamisissa keskustellaan ajankohtaisista aiheista. Tapaamisia ei j\u00e4rjestet\u00e4 kes\u00e4-elokuussa. Terassilounas. Kev\u00e4tkauden p\u00e4\u00e4tt\u00e4\u00e4 perinteisesti terassilounas, joka pidet\u00e4\u00e4n [&hellip;]\" \/>\n<meta property=\"og:url\" content=\"https:\/\/sites.uef.fi\/tutkijanaiset\/__trashed\/\" \/>\n<meta property=\"og:site_name\" content=\"Tutkijanaiset ry.\" \/>\n<meta property=\"article:modified_time\" content=\"2021-02-27T10:30:43+00:00\" \/>\n<meta name=\"twitter:card\" content=\"summary_large_image\" \/>\n<meta name=\"twitter:label1\" content=\"Arvioitu lukuaika\" \/>\n\t<meta name=\"twitter:data1\" content=\"1 minuutti\" \/>\n<script type=\"application\/ld+json\" class=\"yoast-schema-graph\">{\"@context\":\"https:\/\/schema.org\",\"@graph\":[{\"@type\":\"WebPage\",\"@id\":\"https:\/\/sites.uef.fi\/tutkijanaiset\/__trashed\/\",\"url\":\"https:\/\/sites.uef.fi\/tutkijanaiset\/__trashed\/\",\"name\":\"Toiminta - Tutkijanaiset ry.\",\"isPartOf\":{\"@id\":\"https:\/\/sites.uef.fi\/tutkijanaiset\/#website\"},\"datePublished\":\"2021-02-27T08:25:55+00:00\",\"dateModified\":\"2021-02-27T10:30:43+00:00\",\"breadcrumb\":{\"@id\":\"https:\/\/sites.uef.fi\/tutkijanaiset\/__trashed\/#breadcrumb\"},\"inLanguage\":\"fi\",\"potentialAction\":[{\"@type\":\"ReadAction\",\"target\":[\"https:\/\/sites.uef.fi\/tutkijanaiset\/__trashed\/\"]}]},{\"@type\":\"BreadcrumbList\",\"@id\":\"https:\/\/sites.uef.fi\/tutkijanaiset\/__trashed\/#breadcrumb\",\"itemListElement\":[{\"@type\":\"ListItem\",\"position\":1,\"name\":\"Home\",\"item\":\"https:\/\/sites.uef.fi\/tutkijanaiset\/\"},{\"@type\":\"ListItem\",\"position\":2,\"name\":\"Toiminta\"}]},{\"@type\":\"WebSite\",\"@id\":\"https:\/\/sites.uef.fi\/tutkijanaiset\/#website\",\"url\":\"https:\/\/sites.uef.fi\/tutkijanaiset\/\",\"name\":\"Tutkijanaiset ry.\",\"description\":\"\",\"potentialAction\":[{\"@type\":\"SearchAction\",\"target\":{\"@type\":\"EntryPoint\",\"urlTemplate\":\"https:\/\/sites.uef.fi\/tutkijanaiset\/?s={search_term_string}\"},\"query-input\":{\"@type\":\"PropertyValueSpecification\",\"valueRequired\":true,\"valueName\":\"search_term_string\"}}],\"inLanguage\":\"fi\"}]}<\/script>\n<!-- \/ Yoast SEO plugin. -->","yoast_head_json":{"title":"Toiminta - Tutkijanaiset ry.","robots":{"index":"index","follow":"follow","max-snippet":"max-snippet:-1","max-image-preview":"max-image-preview:large","max-video-preview":"max-video-preview:-1"},"canonical":"https:\/\/sites.uef.fi\/tutkijanaiset\/__trashed\/","og_locale":"fi_FI","og_type":"article","og_title":"Toiminta - Tutkijanaiset ry.","og_description":"Yhdistys j\u00e4rjest\u00e4\u00e4 naistutkijoiden tapaamisia, virkistysretki\u00e4 ja illanviettoja sek\u00e4 yleis\u00f6tilaisuuksia. N\u00e4ihin ovat kaikki kiinnostuneet tervetulleita osallistumaan! Kuukausittainen aamiainen tai lounas. Kokoonnumme s\u00e4\u00e4nn\u00f6llisesti yhteiselle aamiaiselle tai lounaalle ja kokoukseen joka kuukauden toisen viikon tiistaina. Tapaamisista tiedotetaan tutkijanaisten s\u00e4hk\u00f6postilistalla ja Yammerissa. N\u00e4iss\u00e4 vapaamuotoisissa tapaamisissa keskustellaan ajankohtaisista aiheista. Tapaamisia ei j\u00e4rjestet\u00e4 kes\u00e4-elokuussa. Terassilounas. Kev\u00e4tkauden p\u00e4\u00e4tt\u00e4\u00e4 perinteisesti terassilounas, joka pidet\u00e4\u00e4n [&hellip;]","og_url":"https:\/\/sites.uef.fi\/tutkijanaiset\/__trashed\/","og_site_name":"Tutkijanaiset ry.","article_modified_time":"2021-02-27T10:30:43+00:00","twitter_card":"summary_large_image","twitter_misc":{"Arvioitu lukuaika":"1 minuutti"},"schema":{"@context":"https:\/\/schema.org","@graph":[{"@type":"WebPage","@id":"https:\/\/sites.uef.fi\/tutkijanaiset\/__trashed\/","url":"https:\/\/sites.uef.fi\/tutkijanaiset\/__trashed\/","name":"Toiminta - Tutkijanaiset ry.","isPartOf":{"@id":"https:\/\/sites.uef.fi\/tutkijanaiset\/#website"},"datePublished":"2021-02-27T08:25:55+00:00","dateModified":"2021-02-27T10:30:43+00:00","breadcrumb":{"@id":"https:\/\/sites.uef.fi\/tutkijanaiset\/__trashed\/#breadcrumb"},"inLanguage":"fi","potentialAction":[{"@type":"ReadAction","target":["https:\/\/sites.uef.fi\/tutkijanaiset\/__trashed\/"]}]},{"@type":"BreadcrumbList","@id":"https:\/\/sites.uef.fi\/tutkijanaiset\/__trashed\/#breadcrumb","itemListElement":[{"@type":"ListItem","position":1,"name":"Home","item":"https:\/\/sites.uef.fi\/tutkijanaiset\/"},{"@type":"ListItem","position":2,"name":"Toiminta"}]},{"@type":"WebSite","@id":"https:\/\/sites.uef.fi\/tutkijanaiset\/#website","url":"https:\/\/sites.uef.fi\/tutkijanaiset\/","name":"Tutkijanaiset ry.","description":"","potentialAction":[{"@type":"SearchAction","target":{"@type":"EntryPoint","urlTemplate":"https:\/\/sites.uef.fi\/tutkijanaiset\/?s={search_term_string}"},"query-input":{"@type":"PropertyValueSpecification","valueRequired":true,"valueName":"search_term_string"}}],"inLanguage":"fi"}]}},"_links":{"self":[{"href":"https:\/\/sites.uef.fi\/tutkijanaiset\/wp-json\/wp\/v2\/pages\/43","targetHints":{"allow":["GET"]}}],"collection":[{"href":"https:\/\/sites.uef.fi\/tutkijanaiset\/wp-json\/wp\/v2\/pages"}],"about":[{"href":"https:\/\/sites.uef.fi\/tutkijanaiset\/wp-json\/wp\/v2\/types\/page"}],"author":[{"embeddable":true,"href":"https:\/\/sites.uef.fi\/tutkijanaiset\/wp-json\/wp\/v2\/users\/426"}],"replies":[{"embeddable":true,"href":"https:\/\/sites.uef.fi\/tutkijanaiset\/wp-json\/wp\/v2\/comments?post=43"}],"version-history":[{"count":2,"href":"https:\/\/sites.uef.fi\/tutkijanaiset\/wp-json\/wp\/v2\/pages\/43\/revisions"}],"predecessor-version":[{"id":217,"href":"https:\/\/sites.uef.fi\/tutkijanaiset\/wp-json\/wp\/v2\/pages\/43\/revisions\/217"}],"wp:attachment":[{"href":"https:\/\/sites.uef.fi\/tutkijanaiset\/wp-json\/wp\/v2\/media?parent=43"}],"curies":[{"name":"wp","href":"https:\/\/api.w.org\/{rel}","templated":true}]}}