{"id":67,"date":"2021-02-27T10:30:53","date_gmt":"2021-02-27T08:30:53","guid":{"rendered":"https:\/\/sites.uef.fi\/tutkijanaiset\/?page_id=67"},"modified":"2021-02-27T12:30:39","modified_gmt":"2021-02-27T10:30:39","slug":"sukupuolentutkimuksen-seura","status":"publish","type":"page","link":"https:\/\/sites.uef.fi\/tutkijanaiset\/sukupuolentutkimuksen-seura\/","title":{"rendered":"Sukupuolentutkimuksen seura"},"content":{"rendered":"<p><strong>Sukupuolentutkimuksen seura \u2013 S\u00e4llskapet f\u00f6r genusforskning ry (SUNS)<\/strong><\/p>\n<p>SUNS on kansallinen tieteellinen seura, joka toimi aikaisemmin nimell\u00e4 Suomen Naistutkimuksen Seura \u2013 S\u00e4llskapet f\u00f6r Kvinnoforskning i Finland. Seura on perustettu 1988.<\/p>\n<p>SUNS edist\u00e4\u00e4 ja tekee tunnetuksi nais- ja sukupuolentutkimusta Suomessa. Se julkaisee nelj\u00e4 kertaa vuodessa ilmestyv\u00e4\u00e4 Sukupuolentutkimus\u2013Genusforskning-lehte\u00e4, j\u00e4rjest\u00e4\u00e4 vuotuiset Sukupuolentutkimuksen p\u00e4iv\u00e4t ja ottaa osaa tiedepoliittiseen keskusteluun. Seuran j\u00e4senyys on avoin kaikille nais- ja sukupuolentutkimuksesta kiinnostuneille tutkijoille, tasa-arvoty\u00f6n ammattilaisille, yksityishenkil\u00f6ille sek\u00e4 yhteis\u00f6ille. Seuran toiminnasta p\u00e4\u00e4tt\u00e4\u00e4 johtokunta, joka koostuu kunkin sukupuolentutkimusta antavan yliopiston edustajista. It\u00e4-Suomen yliopiston edustajana on tutkijanaisten puheenjohtaja Maija Korhonen (varaj\u00e4sen Jaana Vuori).<\/p>\n<p>Vuonna 2010 SUNSin puheenjohtajat ja sihteeri olivat Joensuusta. Puheenjohtajana toimi naistutkimuksen professori Kaija Heikkinen ja varapuheenjohtajana erikoistutkija Maarit Sireni. Sihteerin teht\u00e4vi\u00e4 hoiti Maiju Parviainen. Joensuun edustajia johtokunnassa olivat lis\u00e4ksi Johanna Uotinen (varaj\u00e4sen Pirjo P\u00f6ll\u00e4nen) ja Sinikka Vakimo (varaj\u00e4sen Elina Arminen).<\/p>\n<p><strong>Sukupuolentutkimus\u2013Genusforskning-lehti<\/strong><\/p>\n<p>Sukupuolentutkimus\u2013Genusforskning-lehti on kaksikielinen monitieteinen julkaisu. Lehti julkaisee etup\u00e4\u00e4ss\u00e4 Suomessa tehty\u00e4 nais- ja sukupuolentutkimusta. Tieteellisten artikkeleiden lis\u00e4ksi lehdest\u00e4 l\u00f6ytyy ajankohtaisia puheenvuoroja, lektioita ja kirja-arvioita. Vuodesta 2020 alkaen lehdess\u00e4 julkaistaan s\u00e4\u00e4nn\u00f6llisesti lis\u00e4ksi SUNS:in puheenjohtajien puheenvuoro. Lehti ilmestyy nelj\u00e4 kertaa vuodessa. Vuotta vanhemmat numerot ovat luettavissa Elektra-tietokannassa.<\/p>\n<p>Lehden kansallinen toimituskunta koostuu eri yliopistojen edustajista. It\u00e4-Suomen yliopistoa edustaa Maija Korhonen. Lehden toimitus sijaitsi 2006-2007 Joensuussa, jolloin lehden p\u00e4\u00e4toimittajina ty\u00f6skenteliv\u00e4t Jarna Soilevuo Gr\u00f8nner\u00f8d ja Tarja Kupiainen.<\/p>\n<p>Voit liitty\u00e4 Sukupuolentutkimuksen seuran j\u00e4seneksi ja tilata Sukupuolentutkimus\u2013Genusforskning -lehden <a href=\"https:\/\/sukupuolentutkimus.fi\/\">SUNS:n verkkosivuilla<\/a>.<\/p>\n<p><strong>Sukupuolentutkimuksen p\u00e4iv\u00e4t<\/strong><\/p>\n<p>Vuosittain j\u00e4rjestett\u00e4vien Sukupuolentutkimuksen p\u00e4ivien\u00a0 tarkoituksena on k\u00e4yd\u00e4 ajankohtaista tieteellist\u00e4 keskustelua, tarjota foorumi uusimman tutkimuksen esittelylle, tehd\u00e4 nais- ja sukupuolentutkimusta tunnetuksi ja mahdollistaa alan verkostoitumisen kansallisesti ja kansainv\u00e4lisesti. P\u00e4\u00e4puhujina kuullaan ulkomaisia ja kotimaisia eturivin nais- ja sukupuolentutkijoita. Ty\u00f6ryhmiss\u00e4 esitell\u00e4\u00e4n ajankohtaista tutkimusta ja keskustellaan p\u00e4ivien teemaan liittyvist\u00e4 aiheista. SUNS j\u00e4rjest\u00e4\u00e4 Sukupuolentutkimuksen p\u00e4iv\u00e4t yhdess\u00e4 kulloinkin valitun yliopiston kanssa.<\/p>\n<p>Joensuussa sukupuolentutkimuksen p\u00e4iv\u00e4t on pidetty vuosina 2016 (Liikkuvuus ja sukupuoli \u2013 Gendered Mobilities, yhteisty\u00f6ss\u00e4 ETMU ry:n kanssa), 2008 (Naisten jako) ja 2002 (Sukupuolitetut rajat).<\/p>\n","protected":false},"excerpt":{"rendered":"<p>Sukupuolentutkimuksen seura \u2013 S\u00e4llskapet f\u00f6r genusforskning ry (SUNS) SUNS on kansallinen tieteellinen seura, joka toimi aikaisemmin nimell\u00e4 Suomen Naistutkimuksen Seura \u2013 S\u00e4llskapet f\u00f6r Kvinnoforskning i Finland. Seura on perustettu 1988. SUNS edist\u00e4\u00e4 ja tekee tunnetuksi nais- ja sukupuolentutkimusta Suomessa. Se julkaisee nelj\u00e4 kertaa vuodessa ilmestyv\u00e4\u00e4 Sukupuolentutkimus\u2013Genusforskning-lehte\u00e4, j\u00e4rjest\u00e4\u00e4 vuotuiset Sukupuolentutkimuksen p\u00e4iv\u00e4t ja ottaa osaa tiedepoliittiseen keskusteluun. [&hellip;]<\/p>\n","protected":false},"author":426,"featured_media":0,"parent":0,"menu_order":6,"comment_status":"closed","ping_status":"closed","template":"","meta":{"_acf_changed":false,"_monsterinsights_skip_tracking":false,"_monsterinsights_sitenote_active":false,"_monsterinsights_sitenote_note":"","_monsterinsights_sitenote_category":0,"footnotes":""},"class_list":["post-67","page","type-page","status-publish","hentry"],"acf":[],"yoast_head":"<!-- This site is optimized with the Yoast SEO plugin v27.1.1 - https:\/\/yoast.com\/product\/yoast-seo-wordpress\/ -->\n<title>Sukupuolentutkimuksen seura - Tutkijanaiset ry.<\/title>\n<meta name=\"robots\" content=\"index, follow, max-snippet:-1, max-image-preview:large, max-video-preview:-1\" \/>\n<link rel=\"canonical\" href=\"https:\/\/sites.uef.fi\/tutkijanaiset\/sukupuolentutkimuksen-seura\/\" \/>\n<meta property=\"og:locale\" content=\"fi_FI\" \/>\n<meta property=\"og:type\" content=\"article\" \/>\n<meta property=\"og:title\" content=\"Sukupuolentutkimuksen seura - Tutkijanaiset ry.\" \/>\n<meta property=\"og:description\" content=\"Sukupuolentutkimuksen seura \u2013 S\u00e4llskapet f\u00f6r genusforskning ry (SUNS) SUNS on kansallinen tieteellinen seura, joka toimi aikaisemmin nimell\u00e4 Suomen Naistutkimuksen Seura \u2013 S\u00e4llskapet f\u00f6r Kvinnoforskning i Finland. Seura on perustettu 1988. SUNS edist\u00e4\u00e4 ja tekee tunnetuksi nais- ja sukupuolentutkimusta Suomessa. Se julkaisee nelj\u00e4 kertaa vuodessa ilmestyv\u00e4\u00e4 Sukupuolentutkimus\u2013Genusforskning-lehte\u00e4, j\u00e4rjest\u00e4\u00e4 vuotuiset Sukupuolentutkimuksen p\u00e4iv\u00e4t ja ottaa osaa tiedepoliittiseen keskusteluun. [&hellip;]\" \/>\n<meta property=\"og:url\" content=\"https:\/\/sites.uef.fi\/tutkijanaiset\/sukupuolentutkimuksen-seura\/\" \/>\n<meta property=\"og:site_name\" content=\"Tutkijanaiset ry.\" \/>\n<meta property=\"article:modified_time\" content=\"2021-02-27T10:30:39+00:00\" \/>\n<meta name=\"twitter:card\" content=\"summary_large_image\" \/>\n<meta name=\"twitter:label1\" content=\"Arvioitu lukuaika\" \/>\n\t<meta name=\"twitter:data1\" content=\"2 minuuttia\" \/>\n<script type=\"application\/ld+json\" class=\"yoast-schema-graph\">{\"@context\":\"https:\/\/schema.org\",\"@graph\":[{\"@type\":\"WebPage\",\"@id\":\"https:\/\/sites.uef.fi\/tutkijanaiset\/sukupuolentutkimuksen-seura\/\",\"url\":\"https:\/\/sites.uef.fi\/tutkijanaiset\/sukupuolentutkimuksen-seura\/\",\"name\":\"Sukupuolentutkimuksen seura - Tutkijanaiset ry.\",\"isPartOf\":{\"@id\":\"https:\/\/sites.uef.fi\/tutkijanaiset\/#website\"},\"datePublished\":\"2021-02-27T08:30:53+00:00\",\"dateModified\":\"2021-02-27T10:30:39+00:00\",\"breadcrumb\":{\"@id\":\"https:\/\/sites.uef.fi\/tutkijanaiset\/sukupuolentutkimuksen-seura\/#breadcrumb\"},\"inLanguage\":\"fi\",\"potentialAction\":[{\"@type\":\"ReadAction\",\"target\":[\"https:\/\/sites.uef.fi\/tutkijanaiset\/sukupuolentutkimuksen-seura\/\"]}]},{\"@type\":\"BreadcrumbList\",\"@id\":\"https:\/\/sites.uef.fi\/tutkijanaiset\/sukupuolentutkimuksen-seura\/#breadcrumb\",\"itemListElement\":[{\"@type\":\"ListItem\",\"position\":1,\"name\":\"Home\",\"item\":\"https:\/\/sites.uef.fi\/tutkijanaiset\/\"},{\"@type\":\"ListItem\",\"position\":2,\"name\":\"Sukupuolentutkimuksen seura\"}]},{\"@type\":\"WebSite\",\"@id\":\"https:\/\/sites.uef.fi\/tutkijanaiset\/#website\",\"url\":\"https:\/\/sites.uef.fi\/tutkijanaiset\/\",\"name\":\"Tutkijanaiset ry.\",\"description\":\"\",\"potentialAction\":[{\"@type\":\"SearchAction\",\"target\":{\"@type\":\"EntryPoint\",\"urlTemplate\":\"https:\/\/sites.uef.fi\/tutkijanaiset\/?s={search_term_string}\"},\"query-input\":{\"@type\":\"PropertyValueSpecification\",\"valueRequired\":true,\"valueName\":\"search_term_string\"}}],\"inLanguage\":\"fi\"}]}<\/script>\n<!-- \/ Yoast SEO plugin. -->","yoast_head_json":{"title":"Sukupuolentutkimuksen seura - Tutkijanaiset ry.","robots":{"index":"index","follow":"follow","max-snippet":"max-snippet:-1","max-image-preview":"max-image-preview:large","max-video-preview":"max-video-preview:-1"},"canonical":"https:\/\/sites.uef.fi\/tutkijanaiset\/sukupuolentutkimuksen-seura\/","og_locale":"fi_FI","og_type":"article","og_title":"Sukupuolentutkimuksen seura - Tutkijanaiset ry.","og_description":"Sukupuolentutkimuksen seura \u2013 S\u00e4llskapet f\u00f6r genusforskning ry (SUNS) SUNS on kansallinen tieteellinen seura, joka toimi aikaisemmin nimell\u00e4 Suomen Naistutkimuksen Seura \u2013 S\u00e4llskapet f\u00f6r Kvinnoforskning i Finland. Seura on perustettu 1988. SUNS edist\u00e4\u00e4 ja tekee tunnetuksi nais- ja sukupuolentutkimusta Suomessa. Se julkaisee nelj\u00e4 kertaa vuodessa ilmestyv\u00e4\u00e4 Sukupuolentutkimus\u2013Genusforskning-lehte\u00e4, j\u00e4rjest\u00e4\u00e4 vuotuiset Sukupuolentutkimuksen p\u00e4iv\u00e4t ja ottaa osaa tiedepoliittiseen keskusteluun. [&hellip;]","og_url":"https:\/\/sites.uef.fi\/tutkijanaiset\/sukupuolentutkimuksen-seura\/","og_site_name":"Tutkijanaiset ry.","article_modified_time":"2021-02-27T10:30:39+00:00","twitter_card":"summary_large_image","twitter_misc":{"Arvioitu lukuaika":"2 minuuttia"},"schema":{"@context":"https:\/\/schema.org","@graph":[{"@type":"WebPage","@id":"https:\/\/sites.uef.fi\/tutkijanaiset\/sukupuolentutkimuksen-seura\/","url":"https:\/\/sites.uef.fi\/tutkijanaiset\/sukupuolentutkimuksen-seura\/","name":"Sukupuolentutkimuksen seura - Tutkijanaiset ry.","isPartOf":{"@id":"https:\/\/sites.uef.fi\/tutkijanaiset\/#website"},"datePublished":"2021-02-27T08:30:53+00:00","dateModified":"2021-02-27T10:30:39+00:00","breadcrumb":{"@id":"https:\/\/sites.uef.fi\/tutkijanaiset\/sukupuolentutkimuksen-seura\/#breadcrumb"},"inLanguage":"fi","potentialAction":[{"@type":"ReadAction","target":["https:\/\/sites.uef.fi\/tutkijanaiset\/sukupuolentutkimuksen-seura\/"]}]},{"@type":"BreadcrumbList","@id":"https:\/\/sites.uef.fi\/tutkijanaiset\/sukupuolentutkimuksen-seura\/#breadcrumb","itemListElement":[{"@type":"ListItem","position":1,"name":"Home","item":"https:\/\/sites.uef.fi\/tutkijanaiset\/"},{"@type":"ListItem","position":2,"name":"Sukupuolentutkimuksen seura"}]},{"@type":"WebSite","@id":"https:\/\/sites.uef.fi\/tutkijanaiset\/#website","url":"https:\/\/sites.uef.fi\/tutkijanaiset\/","name":"Tutkijanaiset ry.","description":"","potentialAction":[{"@type":"SearchAction","target":{"@type":"EntryPoint","urlTemplate":"https:\/\/sites.uef.fi\/tutkijanaiset\/?s={search_term_string}"},"query-input":{"@type":"PropertyValueSpecification","valueRequired":true,"valueName":"search_term_string"}}],"inLanguage":"fi"}]}},"_links":{"self":[{"href":"https:\/\/sites.uef.fi\/tutkijanaiset\/wp-json\/wp\/v2\/pages\/67","targetHints":{"allow":["GET"]}}],"collection":[{"href":"https:\/\/sites.uef.fi\/tutkijanaiset\/wp-json\/wp\/v2\/pages"}],"about":[{"href":"https:\/\/sites.uef.fi\/tutkijanaiset\/wp-json\/wp\/v2\/types\/page"}],"author":[{"embeddable":true,"href":"https:\/\/sites.uef.fi\/tutkijanaiset\/wp-json\/wp\/v2\/users\/426"}],"replies":[{"embeddable":true,"href":"https:\/\/sites.uef.fi\/tutkijanaiset\/wp-json\/wp\/v2\/comments?post=67"}],"version-history":[{"count":2,"href":"https:\/\/sites.uef.fi\/tutkijanaiset\/wp-json\/wp\/v2\/pages\/67\/revisions"}],"predecessor-version":[{"id":184,"href":"https:\/\/sites.uef.fi\/tutkijanaiset\/wp-json\/wp\/v2\/pages\/67\/revisions\/184"}],"wp:attachment":[{"href":"https:\/\/sites.uef.fi\/tutkijanaiset\/wp-json\/wp\/v2\/media?parent=67"}],"curies":[{"name":"wp","href":"https:\/\/api.w.org\/{rel}","templated":true}]}}