{"id":106,"date":"2023-08-03T14:19:19","date_gmt":"2023-08-03T12:19:19","guid":{"rendered":"https:\/\/sites.uef.fi\/uefpsy50\/?page_id=106"},"modified":"2023-09-05T08:04:33","modified_gmt":"2023-09-05T06:04:33","slug":"sponsoriksi-50-vuotisjuhlille","status":"publish","type":"page","link":"https:\/\/sites.uef.fi\/uefpsy50\/sponsoriksi-50-vuotisjuhlille\/","title":{"rendered":"Sponsoriksi 50-vuotisjuhlille"},"content":{"rendered":"\n<h1 class=\"wp-block-heading\">Sponsoriksi 50-vuotisjuhlille ja ty\u00f6el\u00e4m\u00e4p\u00e4iv\u00e4\u00e4n<\/h1>\n\n\n\n<p>Joensuun psykologian oppiaine t\u00e4ytt\u00e4\u00e4 50 vuotta. Olemme j\u00e4rjest\u00e4m\u00e4ss\u00e4 juhlia ja etsimme yritysyhteisty\u00f6t\u00e4 tehd\u00e4ksemme juhlista paitsi n\u00e4ytt\u00e4v\u00e4t ja ikimuistoiset, mutta my\u00f6s osoittaaksemme psykologian merkityst\u00e4 ja innovaatioita ty\u00f6el\u00e4m\u00e4n kentill\u00e4.<\/p>\n\n\n\n<p>Joensuun oppiaineen 50-vuotista taivalta juhlistetaan 24.11.2023 Joensuussa yliopistolla pidett\u00e4v\u00e4ss\u00e4 akateemisessa p\u00e4iv\u00e4tilaisuudessa sek\u00e4 iltajuhlassa Sokos Hotel Kimmeliss\u00e4. Yrityksellenne juhla tarjoaa erinomaisen paikan n\u00e4kyvyydelle arvokkaassa akateemisessa tilaisuudessa, joka kokoaa yhteen psykologian opiskelijoita ja valmistuneita psykologeja sek\u00e4 merkitt\u00e4vi\u00e4 kutsuvieraita. P\u00e4iv\u00e4n aikana odotamme tapahtumaamme yli 200 osallistujaa ja iltajuhlaan odotamme 100\u2013250 osallistujaa.<\/p>\n\n\n\n<h2 class=\"wp-block-heading\"><strong>Tarjoamme n\u00e4kyvyytt\u00e4 juhlissamme:<\/strong><\/h2>\n\n\n\n<p>Yhteisty\u00f6 ja sidosryhm\u00e4t ovat paitsi yliopistolle niin my\u00f6s yrityksille t\u00e4rkeit\u00e4. Yht\u00e4 merkitt\u00e4v\u00e4\u00e4 on tehd\u00e4 yhteisty\u00f6t\u00e4 ja verkostoja n\u00e4kyv\u00e4ksi. N\u00e4kyvyys lis\u00e4\u00e4 kollegiaalisuutta ja my\u00f6nteist\u00e4 yhteen hiileen puhaltamista &#8211; se viestii, ett\u00e4 psykologia on iso ja merkitt\u00e4v\u00e4 asia ja ett\u00e4 olemme yhdess\u00e4 luomassa tulevaisuutta moninaiseen ja uudistuvaan ty\u00f6el\u00e4m\u00e4\u00e4n. Se on voimakas viesti paitsi opiskelijoille, mutta my\u00f6s jo ty\u00f6el\u00e4m\u00e4ss\u00e4 toimiville psykologeille. Yksinkertaisimmillaan t\u00e4llainen viesti on mahdollista tuoda n\u00e4kyv\u00e4ksi sponsoriyhteisty\u00f6n kautta.<\/p>\n\n\n\n<p>On useita tapoja n\u00e4ky\u00e4 juhlissamme: nettisivuilla, akateemisessa p\u00e4iv\u00e4ohjelmassa, sek\u00e4 iltajuhlassa sponsorisermiss\u00e4, lis\u00e4ksi iltajuhlissa voimme mainita sponsorin juontopuheen yhteydess\u00e4: yritys voi halutessaan tarjota juhliin b\u00e4ndin tai standup- esityksen.<\/p>\n\n\n\n<h2 class=\"wp-block-heading\"><strong>Ty\u00f6el\u00e4m\u00e4p\u00e4iv\u00e4 Joensuun kampuksella keskiviikkona 24.4.2024<\/strong><\/h2>\n\n\n\n<blockquote class=\"wp-block-quote is-layout-flow wp-block-quote-is-layout-flow\">\n<p>Perinteeksi muodostunut ty\u00f6el\u00e4m\u00e4p\u00e4iv\u00e4 j\u00e4rjestet\u00e4\u00e4n Joensuun kampuksella 24.4.2024. Tapahtuman idea on tarjota psykologianopiskelijoille tilaisuus tutustua ty\u00f6nantajiin ja kohtaamisiin matalalla kynnyksell\u00e4 yliopiston kampuksella. Ty\u00f6nantaja voi n\u00e4ky\u00e4 p\u00e4iv\u00e4ss\u00e4 valitsemallaan tavalla. Vaihtoehtoina ovat esittelypiste ja\/tai suullinen esitys luokkatilassa.&nbsp;Voit varata paikkasi ensi kev\u00e4\u00e4n ty\u00f6l\u00e4m\u00e4p\u00e4iv\u00e4st\u00e4 vaikka t\u00e4n\u00e4\u00e4n. <\/p>\n<\/blockquote>\n\n\n\n<p><strong>Esittelypisteet <\/strong>kootaan yliopistolla yhten\u00e4iseen tilaan, jossa opiskelijat voivat kiert\u00e4\u00e4 vapaasti messutyyppisesti. Opiskelijoiden tapaaminen ja jutustelu on siten mahdollista matalalla kynnyksell\u00e4. Ty\u00f6nantaja voi tuoda mukanaan rollupin, sek\u00e4 muuta soveltuvaa materiaalia ja opiskelijoille jaettavia esitteit\u00e4. Jos ette p\u00e4\u00e4se itse paikalle, voitte my\u00f6s l\u00e4hett\u00e4\u00e4 opiskelijoiden n\u00e4ht\u00e4v\u00e4ksi kirjallisia esitteit\u00e4. Esittelypisteist\u00e4 l\u00f6ytyy paikka kaikille.<\/p>\n\n\n\n<p><strong>Ty\u00f6nantajaesittely <\/strong>on suullinen esitys luokkatilassa. Esitys on mahdollista pit\u00e4\u00e4 paikanp\u00e4\u00e4ll\u00e4 tai et\u00e4n\u00e4.\u00a0 Esitt\u00e4j\u00e4t valitaan ilmoittautumisj\u00e4rjestyksess\u00e4.\u00a0 Kullekin esitykselle on aikaa noin 15 minuuttia ja sen j\u00e4lkeen on aikaa keskustelulle ja opiskelijoiden kysymyksille. Suullisille esityksille on paikkoja rajoitetusti. <br><br>50-vuotis juhlien sponsoroinnin ja yritysp\u00e4iv\u00e4n tiimoilta voit olla yhteydess\u00e4 yritysyhteisty\u00f6st\u00e4 vastaavaan opettajaan: <strong>Aleksis Aronen, <a href=\"mailto:aleksis.aronen@uef.fi\">aleksis.aronen@uef.fi<\/a><\/strong><\/p>\n","protected":false},"excerpt":{"rendered":"<p>Sponsoriksi 50-vuotisjuhlille ja ty\u00f6el\u00e4m\u00e4p\u00e4iv\u00e4\u00e4n Joensuun psykologian oppiaine t\u00e4ytt\u00e4\u00e4 50 vuotta. Olemme j\u00e4rjest\u00e4m\u00e4ss\u00e4 juhlia ja etsimme yritysyhteisty\u00f6t\u00e4 tehd\u00e4ksemme juhlista paitsi n\u00e4ytt\u00e4v\u00e4t ja ikimuistoiset, mutta my\u00f6s osoittaaksemme psykologian merkityst\u00e4 ja innovaatioita ty\u00f6el\u00e4m\u00e4n kentill\u00e4. Joensuun oppiaineen 50-vuotista taivalta juhlistetaan 24.11.2023 Joensuussa yliopistolla pidett\u00e4v\u00e4ss\u00e4 akateemisessa p\u00e4iv\u00e4tilaisuudessa sek\u00e4 iltajuhlassa Sokos Hotel Kimmeliss\u00e4. Yrityksellenne juhla tarjoaa erinomaisen paikan n\u00e4kyvyydelle arvokkaassa akateemisessa [&hellip;]<\/p>\n","protected":false},"author":961,"featured_media":0,"parent":0,"menu_order":0,"comment_status":"closed","ping_status":"closed","template":"","meta":{"_acf_changed":false,"footnotes":""},"class_list":["post-106","page","type-page","status-publish","hentry"],"acf":[],"yoast_head":"<!-- This site is optimized with the Yoast SEO plugin v27.3 - https:\/\/yoast.com\/product\/yoast-seo-wordpress\/ -->\n<title>Sponsoriksi 50-vuotisjuhlille - Joensuun psykologia 50 vuotta<\/title>\n<meta name=\"robots\" content=\"index, follow, max-snippet:-1, max-image-preview:large, max-video-preview:-1\" \/>\n<link rel=\"canonical\" href=\"https:\/\/sites.uef.fi\/uefpsy50\/sponsoriksi-50-vuotisjuhlille\/\" \/>\n<meta property=\"og:locale\" content=\"fi_FI\" \/>\n<meta property=\"og:type\" content=\"article\" \/>\n<meta property=\"og:title\" content=\"Sponsoriksi 50-vuotisjuhlille - Joensuun psykologia 50 vuotta\" \/>\n<meta property=\"og:description\" content=\"Sponsoriksi 50-vuotisjuhlille ja ty\u00f6el\u00e4m\u00e4p\u00e4iv\u00e4\u00e4n Joensuun psykologian oppiaine t\u00e4ytt\u00e4\u00e4 50 vuotta. Olemme j\u00e4rjest\u00e4m\u00e4ss\u00e4 juhlia ja etsimme yritysyhteisty\u00f6t\u00e4 tehd\u00e4ksemme juhlista paitsi n\u00e4ytt\u00e4v\u00e4t ja ikimuistoiset, mutta my\u00f6s osoittaaksemme psykologian merkityst\u00e4 ja innovaatioita ty\u00f6el\u00e4m\u00e4n kentill\u00e4. Joensuun oppiaineen 50-vuotista taivalta juhlistetaan 24.11.2023 Joensuussa yliopistolla pidett\u00e4v\u00e4ss\u00e4 akateemisessa p\u00e4iv\u00e4tilaisuudessa sek\u00e4 iltajuhlassa Sokos Hotel Kimmeliss\u00e4. Yrityksellenne juhla tarjoaa erinomaisen paikan n\u00e4kyvyydelle arvokkaassa akateemisessa [&hellip;]\" \/>\n<meta property=\"og:url\" content=\"https:\/\/sites.uef.fi\/uefpsy50\/sponsoriksi-50-vuotisjuhlille\/\" \/>\n<meta property=\"og:site_name\" content=\"Joensuun psykologia 50 vuotta\" \/>\n<meta property=\"article:modified_time\" content=\"2023-09-05T06:04:33+00:00\" \/>\n<meta name=\"twitter:card\" content=\"summary_large_image\" \/>\n<meta name=\"twitter:label1\" content=\"Arvioitu lukuaika\" \/>\n\t<meta name=\"twitter:data1\" content=\"2 minuuttia\" \/>\n<script type=\"application\/ld+json\" class=\"yoast-schema-graph\">{\"@context\":\"https:\\\/\\\/schema.org\",\"@graph\":[{\"@type\":\"WebPage\",\"@id\":\"https:\\\/\\\/sites.uef.fi\\\/uefpsy50\\\/sponsoriksi-50-vuotisjuhlille\\\/\",\"url\":\"https:\\\/\\\/sites.uef.fi\\\/uefpsy50\\\/sponsoriksi-50-vuotisjuhlille\\\/\",\"name\":\"Sponsoriksi 50-vuotisjuhlille - Joensuun psykologia 50 vuotta\",\"isPartOf\":{\"@id\":\"https:\\\/\\\/sites.uef.fi\\\/uefpsy50\\\/#website\"},\"datePublished\":\"2023-08-03T12:19:19+00:00\",\"dateModified\":\"2023-09-05T06:04:33+00:00\",\"breadcrumb\":{\"@id\":\"https:\\\/\\\/sites.uef.fi\\\/uefpsy50\\\/sponsoriksi-50-vuotisjuhlille\\\/#breadcrumb\"},\"inLanguage\":\"fi\",\"potentialAction\":[{\"@type\":\"ReadAction\",\"target\":[\"https:\\\/\\\/sites.uef.fi\\\/uefpsy50\\\/sponsoriksi-50-vuotisjuhlille\\\/\"]}]},{\"@type\":\"BreadcrumbList\",\"@id\":\"https:\\\/\\\/sites.uef.fi\\\/uefpsy50\\\/sponsoriksi-50-vuotisjuhlille\\\/#breadcrumb\",\"itemListElement\":[{\"@type\":\"ListItem\",\"position\":1,\"name\":\"Home\",\"item\":\"https:\\\/\\\/sites.uef.fi\\\/uefpsy50\\\/\"},{\"@type\":\"ListItem\",\"position\":2,\"name\":\"Sponsoriksi 50-vuotisjuhlille\"}]},{\"@type\":\"WebSite\",\"@id\":\"https:\\\/\\\/sites.uef.fi\\\/uefpsy50\\\/#website\",\"url\":\"https:\\\/\\\/sites.uef.fi\\\/uefpsy50\\\/\",\"name\":\"Joensuun psykologia 50 vuotta\",\"description\":\"\",\"publisher\":{\"@id\":\"https:\\\/\\\/sites.uef.fi\\\/uefpsy50\\\/#organization\"},\"potentialAction\":[{\"@type\":\"SearchAction\",\"target\":{\"@type\":\"EntryPoint\",\"urlTemplate\":\"https:\\\/\\\/sites.uef.fi\\\/uefpsy50\\\/?s={search_term_string}\"},\"query-input\":{\"@type\":\"PropertyValueSpecification\",\"valueRequired\":true,\"valueName\":\"search_term_string\"}}],\"inLanguage\":\"fi\"},{\"@type\":\"Organization\",\"@id\":\"https:\\\/\\\/sites.uef.fi\\\/uefpsy50\\\/#organization\",\"name\":\"Joensuun psykologia 50 vuotta\",\"url\":\"https:\\\/\\\/sites.uef.fi\\\/uefpsy50\\\/\",\"logo\":{\"@type\":\"ImageObject\",\"inLanguage\":\"fi\",\"@id\":\"https:\\\/\\\/sites.uef.fi\\\/uefpsy50\\\/#\\\/schema\\\/logo\\\/image\\\/\",\"url\":\"https:\\\/\\\/sites.uef.fi\\\/uefpsy50\\\/wp-content\\\/uploads\\\/sites\\\/410\\\/2023\\\/03\\\/cropped-UEF_wordpress_white.png\",\"contentUrl\":\"https:\\\/\\\/sites.uef.fi\\\/uefpsy50\\\/wp-content\\\/uploads\\\/sites\\\/410\\\/2023\\\/03\\\/cropped-UEF_wordpress_white.png\",\"width\":250,\"height\":250,\"caption\":\"Joensuun psykologia 50 vuotta\"},\"image\":{\"@id\":\"https:\\\/\\\/sites.uef.fi\\\/uefpsy50\\\/#\\\/schema\\\/logo\\\/image\\\/\"}}]}<\/script>\n<!-- \/ Yoast SEO plugin. -->","yoast_head_json":{"title":"Sponsoriksi 50-vuotisjuhlille - Joensuun psykologia 50 vuotta","robots":{"index":"index","follow":"follow","max-snippet":"max-snippet:-1","max-image-preview":"max-image-preview:large","max-video-preview":"max-video-preview:-1"},"canonical":"https:\/\/sites.uef.fi\/uefpsy50\/sponsoriksi-50-vuotisjuhlille\/","og_locale":"fi_FI","og_type":"article","og_title":"Sponsoriksi 50-vuotisjuhlille - Joensuun psykologia 50 vuotta","og_description":"Sponsoriksi 50-vuotisjuhlille ja ty\u00f6el\u00e4m\u00e4p\u00e4iv\u00e4\u00e4n Joensuun psykologian oppiaine t\u00e4ytt\u00e4\u00e4 50 vuotta. Olemme j\u00e4rjest\u00e4m\u00e4ss\u00e4 juhlia ja etsimme yritysyhteisty\u00f6t\u00e4 tehd\u00e4ksemme juhlista paitsi n\u00e4ytt\u00e4v\u00e4t ja ikimuistoiset, mutta my\u00f6s osoittaaksemme psykologian merkityst\u00e4 ja innovaatioita ty\u00f6el\u00e4m\u00e4n kentill\u00e4. Joensuun oppiaineen 50-vuotista taivalta juhlistetaan 24.11.2023 Joensuussa yliopistolla pidett\u00e4v\u00e4ss\u00e4 akateemisessa p\u00e4iv\u00e4tilaisuudessa sek\u00e4 iltajuhlassa Sokos Hotel Kimmeliss\u00e4. Yrityksellenne juhla tarjoaa erinomaisen paikan n\u00e4kyvyydelle arvokkaassa akateemisessa [&hellip;]","og_url":"https:\/\/sites.uef.fi\/uefpsy50\/sponsoriksi-50-vuotisjuhlille\/","og_site_name":"Joensuun psykologia 50 vuotta","article_modified_time":"2023-09-05T06:04:33+00:00","twitter_card":"summary_large_image","twitter_misc":{"Arvioitu lukuaika":"2 minuuttia"},"schema":{"@context":"https:\/\/schema.org","@graph":[{"@type":"WebPage","@id":"https:\/\/sites.uef.fi\/uefpsy50\/sponsoriksi-50-vuotisjuhlille\/","url":"https:\/\/sites.uef.fi\/uefpsy50\/sponsoriksi-50-vuotisjuhlille\/","name":"Sponsoriksi 50-vuotisjuhlille - Joensuun psykologia 50 vuotta","isPartOf":{"@id":"https:\/\/sites.uef.fi\/uefpsy50\/#website"},"datePublished":"2023-08-03T12:19:19+00:00","dateModified":"2023-09-05T06:04:33+00:00","breadcrumb":{"@id":"https:\/\/sites.uef.fi\/uefpsy50\/sponsoriksi-50-vuotisjuhlille\/#breadcrumb"},"inLanguage":"fi","potentialAction":[{"@type":"ReadAction","target":["https:\/\/sites.uef.fi\/uefpsy50\/sponsoriksi-50-vuotisjuhlille\/"]}]},{"@type":"BreadcrumbList","@id":"https:\/\/sites.uef.fi\/uefpsy50\/sponsoriksi-50-vuotisjuhlille\/#breadcrumb","itemListElement":[{"@type":"ListItem","position":1,"name":"Home","item":"https:\/\/sites.uef.fi\/uefpsy50\/"},{"@type":"ListItem","position":2,"name":"Sponsoriksi 50-vuotisjuhlille"}]},{"@type":"WebSite","@id":"https:\/\/sites.uef.fi\/uefpsy50\/#website","url":"https:\/\/sites.uef.fi\/uefpsy50\/","name":"Joensuun psykologia 50 vuotta","description":"","publisher":{"@id":"https:\/\/sites.uef.fi\/uefpsy50\/#organization"},"potentialAction":[{"@type":"SearchAction","target":{"@type":"EntryPoint","urlTemplate":"https:\/\/sites.uef.fi\/uefpsy50\/?s={search_term_string}"},"query-input":{"@type":"PropertyValueSpecification","valueRequired":true,"valueName":"search_term_string"}}],"inLanguage":"fi"},{"@type":"Organization","@id":"https:\/\/sites.uef.fi\/uefpsy50\/#organization","name":"Joensuun psykologia 50 vuotta","url":"https:\/\/sites.uef.fi\/uefpsy50\/","logo":{"@type":"ImageObject","inLanguage":"fi","@id":"https:\/\/sites.uef.fi\/uefpsy50\/#\/schema\/logo\/image\/","url":"https:\/\/sites.uef.fi\/uefpsy50\/wp-content\/uploads\/sites\/410\/2023\/03\/cropped-UEF_wordpress_white.png","contentUrl":"https:\/\/sites.uef.fi\/uefpsy50\/wp-content\/uploads\/sites\/410\/2023\/03\/cropped-UEF_wordpress_white.png","width":250,"height":250,"caption":"Joensuun psykologia 50 vuotta"},"image":{"@id":"https:\/\/sites.uef.fi\/uefpsy50\/#\/schema\/logo\/image\/"}}]}},"_links":{"self":[{"href":"https:\/\/sites.uef.fi\/uefpsy50\/wp-json\/wp\/v2\/pages\/106","targetHints":{"allow":["GET"]}}],"collection":[{"href":"https:\/\/sites.uef.fi\/uefpsy50\/wp-json\/wp\/v2\/pages"}],"about":[{"href":"https:\/\/sites.uef.fi\/uefpsy50\/wp-json\/wp\/v2\/types\/page"}],"author":[{"embeddable":true,"href":"https:\/\/sites.uef.fi\/uefpsy50\/wp-json\/wp\/v2\/users\/961"}],"replies":[{"embeddable":true,"href":"https:\/\/sites.uef.fi\/uefpsy50\/wp-json\/wp\/v2\/comments?post=106"}],"version-history":[{"count":1,"href":"https:\/\/sites.uef.fi\/uefpsy50\/wp-json\/wp\/v2\/pages\/106\/revisions"}],"predecessor-version":[{"id":180,"href":"https:\/\/sites.uef.fi\/uefpsy50\/wp-json\/wp\/v2\/pages\/106\/revisions\/180"}],"wp:attachment":[{"href":"https:\/\/sites.uef.fi\/uefpsy50\/wp-json\/wp\/v2\/media?parent=106"}],"curies":[{"name":"wp","href":"https:\/\/api.w.org\/{rel}","templated":true}]}}