{"id":227,"date":"2024-10-08T15:16:40","date_gmt":"2024-10-08T12:16:40","guid":{"rendered":"https:\/\/sites.uef.fi\/vahvan-kestavyyden-metsapalvelut\/?page_id=227"},"modified":"2026-04-24T15:45:02","modified_gmt":"2026-04-24T12:45:02","slug":"etusivu","status":"publish","type":"page","link":"https:\/\/sites.uef.fi\/vahvan-kestavyyden-metsapalvelut\/","title":{"rendered":"Etusivu"},"content":{"rendered":"\n<p>Kohti vahvan kest\u00e4vyyden mets\u00e4palveluita on It\u00e4-Suomen yliopiston Mets\u00e4tieteiden osaston ja Kauppatieteiden laitoksen, sek\u00e4 H\u00e4meen ammattikorkeakoulun ja Lapin ammattikorkeakoulun yhteishanke, jonka tarkoituksena on luoda uusi vahvan kest\u00e4vyyden mukainen liiketoimintamalli mets\u00e4palveluihin ja vied\u00e4 se k\u00e4yt\u00e4nt\u00f6\u00f6n. Lis\u00e4ksi hankkeessa tutkitaan kest\u00e4vyyssiirtym\u00e4n edellytt\u00e4mi\u00e4 mets\u00e4- ja luontoalan osaamistarpeita ja kehitet\u00e4\u00e4n koulutusta vastaamaan n\u00e4it\u00e4 tunnistettuja tarpeita. <\/p>\n\n\n\n<p>Tavoitteena on monipuolistaa mets\u00e4keskustelua tuomalla esiin uusia mahdollisuuksia perinteisten toimintatapojen rinnalla huomioiden sek\u00e4 nykyisten, ett\u00e4 uusien toimijoiden n\u00e4kemykset ja ihmisten erilaiset arvot ja mets\u00e4suhteet. N\u00e4in hanke pyrkii laajentamaan suomalaisten k\u00e4sityst\u00e4 siit\u00e4, mik\u00e4 on mets\u00e4palveluiden tarkoitus ja mit\u00e4 mets\u00e4ammattilaisuus voi tarkoittaa.<\/p>\n\n\n\n<div class=\"links-block\">\n\n    \n    <ul class=\"link-list\">\n            <\/ul>\n<\/div>\n\n\n<p>Julkaisemme n\u00e4ill\u00e4 nettisivuilla lis\u00e4\u00e4 hankkeen tuloksista ja muista materiaaleista. Pysy siis kuulolla!<\/p>\n\n\n\n<figure class=\"wp-block-image size-large\"><img loading=\"lazy\" decoding=\"async\" width=\"1024\" height=\"318\" src=\"https:\/\/sites.uef.fi\/vahvan-kestavyyden-metsapalvelut\/wp-content\/uploads\/sites\/513\/2026\/04\/IMG_0253-scaled-e1777034338424-1024x318.jpeg\" alt=\"Kuvassa on l\u00e4hikuva sammalista, niiden seassa on jonkin verran lehti\u00e4, varpuja ja risuja.\" class=\"wp-image-476\" srcset=\"https:\/\/sites.uef.fi\/vahvan-kestavyyden-metsapalvelut\/wp-content\/uploads\/sites\/513\/2026\/04\/IMG_0253-scaled-e1777034338424-1024x318.jpeg 1024w, https:\/\/sites.uef.fi\/vahvan-kestavyyden-metsapalvelut\/wp-content\/uploads\/sites\/513\/2026\/04\/IMG_0253-scaled-e1777034338424-300x93.jpeg 300w, https:\/\/sites.uef.fi\/vahvan-kestavyyden-metsapalvelut\/wp-content\/uploads\/sites\/513\/2026\/04\/IMG_0253-scaled-e1777034338424-768x238.jpeg 768w, https:\/\/sites.uef.fi\/vahvan-kestavyyden-metsapalvelut\/wp-content\/uploads\/sites\/513\/2026\/04\/IMG_0253-scaled-e1777034338424-1536x476.jpeg 1536w, https:\/\/sites.uef.fi\/vahvan-kestavyyden-metsapalvelut\/wp-content\/uploads\/sites\/513\/2026\/04\/IMG_0253-scaled-e1777034338424-2048x635.jpeg 2048w\" sizes=\"auto, (max-width: 1024px) 100vw, 1024px\" \/><\/figure>\n\n\n\n<h2 class=\"wp-block-heading\">Materiaaleja Vake-suunnitteluun!<\/h2>\n\n\n\n<p>Kehitysversiot vahvan kest\u00e4vyyden mets\u00e4suunnittelun periaatteista ja ohjeistuksesta on nyt julkaistu! P\u00e4\u00e4set tutustumaan niihin t\u00e4st\u00e4.<\/p>\n\n\n\n<div class=\"links-block\">\n\n    \n    <ul class=\"link-list\">\n        \n            \n            <li class=\"link-list-item\">\n                <a href=\"https:\/\/sites.uef.fi\/vahvan-kestavyyden-metsapalvelut\/vahvan-kestavyyden-metsasuunnittelun-periaatteet-ja-ohjeistus\/\" class=\"link-reset link hover-scale-down\">\n                    <svg\n        width=\"43\" height=\"25\"\n        viewBox=\"0 0 43 25\"\n        xmlns=\"http:\/\/www.w3.org\/2000\/svg\">\n    <path\n        d=\"M30.027 0 43 12.5 30.027 25 27 22.083 34.351 15H0v-5h34.351L27 2.917z\"\n        fill=\"currentColor\"\n        fill-rule=\"evenodd\"\/>\n<\/svg>                    <div>Vahvan kest\u00e4vyyden mets\u00e4suunnittelun periaatteet ja ohjeistus<\/div>\n                <\/a>\n                <div class=\"link-info\">\n                                    <\/div>\n            <\/li>\n\n                <\/ul>\n<\/div>\n\n\n<figure class=\"wp-block-image aligncenter size-large is-resized\"><img loading=\"lazy\" decoding=\"async\" width=\"1024\" height=\"512\" src=\"https:\/\/sites.uef.fi\/vahvan-kestavyyden-metsapalvelut\/wp-content\/uploads\/sites\/513\/2024\/12\/UEF_VaKe_Logo-02-1024x512.png\" alt=\"\" class=\"wp-image-245\" style=\"width:372px;height:auto\" srcset=\"https:\/\/sites.uef.fi\/vahvan-kestavyyden-metsapalvelut\/wp-content\/uploads\/sites\/513\/2024\/12\/UEF_VaKe_Logo-02-1024x512.png 1024w, https:\/\/sites.uef.fi\/vahvan-kestavyyden-metsapalvelut\/wp-content\/uploads\/sites\/513\/2024\/12\/UEF_VaKe_Logo-02-300x150.png 300w, https:\/\/sites.uef.fi\/vahvan-kestavyyden-metsapalvelut\/wp-content\/uploads\/sites\/513\/2024\/12\/UEF_VaKe_Logo-02-768x384.png 768w, https:\/\/sites.uef.fi\/vahvan-kestavyyden-metsapalvelut\/wp-content\/uploads\/sites\/513\/2024\/12\/UEF_VaKe_Logo-02-1536x768.png 1536w, https:\/\/sites.uef.fi\/vahvan-kestavyyden-metsapalvelut\/wp-content\/uploads\/sites\/513\/2024\/12\/UEF_VaKe_Logo-02-2048x1025.png 2048w\" sizes=\"auto, (max-width: 1024px) 100vw, 1024px\" \/><\/figure>\n\n\n    <div class=\"funders grid\">\n                        <a href=\"https:\/\/koneensaatio.fi\/\" class=\"funders__link grid__item hover-scale-down\" title=\"Hankkeen on rahoittanut Koneen S\u00e4\u00e4ti\u00f6 osana Mets\u00e4n Puolella -aloitetta\">\n                            <div class=\"funders__image\">\n                    <img decoding=\"async\" src=\"https:\/\/sites.uef.fi\/vahvan-kestavyyden-metsapalvelut\/wp-content\/uploads\/sites\/513\/2024\/12\/Koneen_Saatio_logo_fineng_black.png\" alt=\"Koneen S\u00e4\u00e4ti\u00f6\" \/>\n                <\/div>\n                                    <p class=\"funders__description\">Hankkeen on rahoittanut Koneen S\u00e4\u00e4ti\u00f6 osana Mets\u00e4n Puolella -aloitetta<\/p>\n                                                    <div class=\"funders__arrow\">\n                    <svg xmlns=\"http:\/\/www.w3.org\/2000\/svg\" height=\"25px\" viewBox=\"0 -960 960 960\" width=\"24px\" ><path fill=\"currentColor\" d=\"M200-120q-33 0-56.5-23.5T120-200v-560q0-33 23.5-56.5T200-840h280v80H200v560h560v-280h80v280q0 33-23.5 56.5T760-120H200Zm188-212-56-56 372-372H560v-80h280v280h-80v-144L388-332Z\"\/><\/svg>                    <\/div>\n                <\/a>\n                            \n            <\/div>\n","protected":false},"excerpt":{"rendered":"<p>Kohti vahvan kest\u00e4vyyden mets\u00e4palveluita on It\u00e4-Suomen yliopiston Mets\u00e4tieteiden osaston ja Kauppatieteiden laitoksen, sek\u00e4 H\u00e4meen ammattikorkeakoulun ja Lapin ammattikorkeakoulun yhteishanke, jonka tarkoituksena on luoda uusi vahvan kest\u00e4vyyden mukainen liiketoimintamalli mets\u00e4palveluihin ja vied\u00e4 se k\u00e4yt\u00e4nt\u00f6\u00f6n. Lis\u00e4ksi hankkeessa tutkitaan kest\u00e4vyyssiirtym\u00e4n edellytt\u00e4mi\u00e4 mets\u00e4- ja luontoalan osaamistarpeita ja kehitet\u00e4\u00e4n koulutusta vastaamaan n\u00e4it\u00e4 tunnistettuja tarpeita. Tavoitteena on monipuolistaa mets\u00e4keskustelua tuomalla esiin [&hellip;]<\/p>\n","protected":false},"author":2,"featured_media":245,"parent":0,"menu_order":0,"comment_status":"closed","ping_status":"closed","template":"","meta":{"_acf_changed":false,"footnotes":""},"class_list":["post-227","page","type-page","status-publish","has-post-thumbnail","hentry"],"acf":[],"yoast_head":"<!-- This site is optimized with the Yoast SEO plugin v27.3 - https:\/\/yoast.com\/product\/yoast-seo-wordpress\/ -->\n<title>Etusivu - Vahvan kest\u00e4vyyden mets\u00e4palvelut<\/title>\n<meta name=\"description\" content=\"Kohti vahvan kest\u00e4vyyden mets\u00e4palveluita on It\u00e4-Suomen yliopiston Mets\u00e4tieteiden osaston ja Kauppatieteiden laitoksen, sek\u00e4 H\u00e4meen ammattikorkeakoulun ja Lapin ammattikorkeakoulun yhteishanke, jonka tarkoituksena on luoda uusi vahvan kest\u00e4vyyden mukainen liiketoimintamalli mets\u00e4palveluihin ja vied\u00e4 se k\u00e4yt\u00e4nt\u00f6\u00f6n. Lis\u00e4ksi hankkeessa tutkitaan kest\u00e4vyyssiirtym\u00e4n edellytt\u00e4mi\u00e4 mets\u00e4- ja luontoalan osaamistarpeita ja kehitet\u00e4\u00e4n koulutusta vastaamaan n\u00e4it\u00e4 tunnistettuja tarpeita.\" \/>\n<meta name=\"robots\" content=\"index, follow, max-snippet:-1, max-image-preview:large, max-video-preview:-1\" \/>\n<link rel=\"canonical\" href=\"https:\/\/sites.uef.fi\/vahvan-kestavyyden-metsapalvelut\/\" \/>\n<meta property=\"og:locale\" content=\"fi_FI\" \/>\n<meta property=\"og:type\" content=\"article\" \/>\n<meta property=\"og:title\" content=\"Etusivu - Vahvan kest\u00e4vyyden mets\u00e4palvelut\" \/>\n<meta property=\"og:description\" content=\"Kohti vahvan kest\u00e4vyyden mets\u00e4palveluita on It\u00e4-Suomen yliopiston Mets\u00e4tieteiden osaston ja Kauppatieteiden laitoksen, sek\u00e4 H\u00e4meen ammattikorkeakoulun ja Lapin ammattikorkeakoulun yhteishanke, jonka tarkoituksena on luoda uusi vahvan kest\u00e4vyyden mukainen liiketoimintamalli mets\u00e4palveluihin ja vied\u00e4 se k\u00e4yt\u00e4nt\u00f6\u00f6n. Lis\u00e4ksi hankkeessa tutkitaan kest\u00e4vyyssiirtym\u00e4n edellytt\u00e4mi\u00e4 mets\u00e4- ja luontoalan osaamistarpeita ja kehitet\u00e4\u00e4n koulutusta vastaamaan n\u00e4it\u00e4 tunnistettuja tarpeita.\" \/>\n<meta property=\"og:url\" content=\"https:\/\/sites.uef.fi\/vahvan-kestavyyden-metsapalvelut\/\" \/>\n<meta property=\"og:site_name\" content=\"Vahvan kest\u00e4vyyden mets\u00e4palvelut\" \/>\n<meta property=\"article:modified_time\" content=\"2026-04-24T12:45:02+00:00\" \/>\n<meta property=\"og:image\" content=\"https:\/\/sites.uef.fi\/vahvan-kestavyyden-metsapalvelut\/wp-content\/uploads\/sites\/513\/2024\/12\/UEF_VaKe_Logo-02.png\" \/>\n\t<meta property=\"og:image:width\" content=\"3334\" \/>\n\t<meta property=\"og:image:height\" content=\"1668\" \/>\n\t<meta property=\"og:image:type\" content=\"image\/png\" \/>\n<meta name=\"twitter:card\" content=\"summary_large_image\" \/>\n<meta name=\"twitter:label1\" content=\"Arvioitu lukuaika\" \/>\n\t<meta name=\"twitter:data1\" content=\"2 minuuttia\" \/>\n<script type=\"application\/ld+json\" class=\"yoast-schema-graph\">{\"@context\":\"https:\\\/\\\/schema.org\",\"@graph\":[{\"@type\":\"WebPage\",\"@id\":\"https:\\\/\\\/sites.uef.fi\\\/vahvan-kestavyyden-metsapalvelut\\\/\",\"url\":\"https:\\\/\\\/sites.uef.fi\\\/vahvan-kestavyyden-metsapalvelut\\\/\",\"name\":\"Etusivu - Vahvan kest\u00e4vyyden mets\u00e4palvelut\",\"isPartOf\":{\"@id\":\"https:\\\/\\\/sites.uef.fi\\\/vahvan-kestavyyden-metsapalvelut\\\/#website\"},\"primaryImageOfPage\":{\"@id\":\"https:\\\/\\\/sites.uef.fi\\\/vahvan-kestavyyden-metsapalvelut\\\/#primaryimage\"},\"image\":{\"@id\":\"https:\\\/\\\/sites.uef.fi\\\/vahvan-kestavyyden-metsapalvelut\\\/#primaryimage\"},\"thumbnailUrl\":\"https:\\\/\\\/sites.uef.fi\\\/vahvan-kestavyyden-metsapalvelut\\\/wp-content\\\/uploads\\\/sites\\\/513\\\/2024\\\/12\\\/UEF_VaKe_Logo-02.png\",\"datePublished\":\"2024-10-08T12:16:40+00:00\",\"dateModified\":\"2026-04-24T12:45:02+00:00\",\"description\":\"Kohti vahvan kest\u00e4vyyden mets\u00e4palveluita on It\u00e4-Suomen yliopiston Mets\u00e4tieteiden osaston ja Kauppatieteiden laitoksen, sek\u00e4 H\u00e4meen ammattikorkeakoulun ja Lapin ammattikorkeakoulun yhteishanke, jonka tarkoituksena on luoda uusi vahvan kest\u00e4vyyden mukainen liiketoimintamalli mets\u00e4palveluihin ja vied\u00e4 se k\u00e4yt\u00e4nt\u00f6\u00f6n. Lis\u00e4ksi hankkeessa tutkitaan kest\u00e4vyyssiirtym\u00e4n edellytt\u00e4mi\u00e4 mets\u00e4- ja luontoalan osaamistarpeita ja kehitet\u00e4\u00e4n koulutusta vastaamaan n\u00e4it\u00e4 tunnistettuja tarpeita.\",\"breadcrumb\":{\"@id\":\"https:\\\/\\\/sites.uef.fi\\\/vahvan-kestavyyden-metsapalvelut\\\/#breadcrumb\"},\"inLanguage\":\"fi\",\"potentialAction\":[{\"@type\":\"ReadAction\",\"target\":[\"https:\\\/\\\/sites.uef.fi\\\/vahvan-kestavyyden-metsapalvelut\\\/\"]}]},{\"@type\":\"ImageObject\",\"inLanguage\":\"fi\",\"@id\":\"https:\\\/\\\/sites.uef.fi\\\/vahvan-kestavyyden-metsapalvelut\\\/#primaryimage\",\"url\":\"https:\\\/\\\/sites.uef.fi\\\/vahvan-kestavyyden-metsapalvelut\\\/wp-content\\\/uploads\\\/sites\\\/513\\\/2024\\\/12\\\/UEF_VaKe_Logo-02.png\",\"contentUrl\":\"https:\\\/\\\/sites.uef.fi\\\/vahvan-kestavyyden-metsapalvelut\\\/wp-content\\\/uploads\\\/sites\\\/513\\\/2024\\\/12\\\/UEF_VaKe_Logo-02.png\",\"width\":3334,\"height\":1668},{\"@type\":\"BreadcrumbList\",\"@id\":\"https:\\\/\\\/sites.uef.fi\\\/vahvan-kestavyyden-metsapalvelut\\\/#breadcrumb\",\"itemListElement\":[{\"@type\":\"ListItem\",\"position\":1,\"name\":\"Home\",\"item\":\"https:\\\/\\\/sites.uef.fi\\\/vahvan-kestavyyden-metsapalvelut\\\/\"},{\"@type\":\"ListItem\",\"position\":2,\"name\":\"Etusivu\"}]},{\"@type\":\"WebSite\",\"@id\":\"https:\\\/\\\/sites.uef.fi\\\/vahvan-kestavyyden-metsapalvelut\\\/#website\",\"url\":\"https:\\\/\\\/sites.uef.fi\\\/vahvan-kestavyyden-metsapalvelut\\\/\",\"name\":\"Vahvan kest\u00e4vyyden mets\u00e4palvelut\",\"description\":\"\",\"potentialAction\":[{\"@type\":\"SearchAction\",\"target\":{\"@type\":\"EntryPoint\",\"urlTemplate\":\"https:\\\/\\\/sites.uef.fi\\\/vahvan-kestavyyden-metsapalvelut\\\/?s={search_term_string}\"},\"query-input\":{\"@type\":\"PropertyValueSpecification\",\"valueRequired\":true,\"valueName\":\"search_term_string\"}}],\"inLanguage\":\"fi\"}]}<\/script>\n<!-- \/ Yoast SEO plugin. -->","yoast_head_json":{"title":"Etusivu - Vahvan kest\u00e4vyyden mets\u00e4palvelut","description":"Kohti vahvan kest\u00e4vyyden mets\u00e4palveluita on It\u00e4-Suomen yliopiston Mets\u00e4tieteiden osaston ja Kauppatieteiden laitoksen, sek\u00e4 H\u00e4meen ammattikorkeakoulun ja Lapin ammattikorkeakoulun yhteishanke, jonka tarkoituksena on luoda uusi vahvan kest\u00e4vyyden mukainen liiketoimintamalli mets\u00e4palveluihin ja vied\u00e4 se k\u00e4yt\u00e4nt\u00f6\u00f6n. Lis\u00e4ksi hankkeessa tutkitaan kest\u00e4vyyssiirtym\u00e4n edellytt\u00e4mi\u00e4 mets\u00e4- ja luontoalan osaamistarpeita ja kehitet\u00e4\u00e4n koulutusta vastaamaan n\u00e4it\u00e4 tunnistettuja tarpeita.","robots":{"index":"index","follow":"follow","max-snippet":"max-snippet:-1","max-image-preview":"max-image-preview:large","max-video-preview":"max-video-preview:-1"},"canonical":"https:\/\/sites.uef.fi\/vahvan-kestavyyden-metsapalvelut\/","og_locale":"fi_FI","og_type":"article","og_title":"Etusivu - Vahvan kest\u00e4vyyden mets\u00e4palvelut","og_description":"Kohti vahvan kest\u00e4vyyden mets\u00e4palveluita on It\u00e4-Suomen yliopiston Mets\u00e4tieteiden osaston ja Kauppatieteiden laitoksen, sek\u00e4 H\u00e4meen ammattikorkeakoulun ja Lapin ammattikorkeakoulun yhteishanke, jonka tarkoituksena on luoda uusi vahvan kest\u00e4vyyden mukainen liiketoimintamalli mets\u00e4palveluihin ja vied\u00e4 se k\u00e4yt\u00e4nt\u00f6\u00f6n. Lis\u00e4ksi hankkeessa tutkitaan kest\u00e4vyyssiirtym\u00e4n edellytt\u00e4mi\u00e4 mets\u00e4- ja luontoalan osaamistarpeita ja kehitet\u00e4\u00e4n koulutusta vastaamaan n\u00e4it\u00e4 tunnistettuja tarpeita.","og_url":"https:\/\/sites.uef.fi\/vahvan-kestavyyden-metsapalvelut\/","og_site_name":"Vahvan kest\u00e4vyyden mets\u00e4palvelut","article_modified_time":"2026-04-24T12:45:02+00:00","og_image":[{"width":3334,"height":1668,"url":"https:\/\/sites.uef.fi\/vahvan-kestavyyden-metsapalvelut\/wp-content\/uploads\/sites\/513\/2024\/12\/UEF_VaKe_Logo-02.png","type":"image\/png"}],"twitter_card":"summary_large_image","twitter_misc":{"Arvioitu lukuaika":"2 minuuttia"},"schema":{"@context":"https:\/\/schema.org","@graph":[{"@type":"WebPage","@id":"https:\/\/sites.uef.fi\/vahvan-kestavyyden-metsapalvelut\/","url":"https:\/\/sites.uef.fi\/vahvan-kestavyyden-metsapalvelut\/","name":"Etusivu - Vahvan kest\u00e4vyyden mets\u00e4palvelut","isPartOf":{"@id":"https:\/\/sites.uef.fi\/vahvan-kestavyyden-metsapalvelut\/#website"},"primaryImageOfPage":{"@id":"https:\/\/sites.uef.fi\/vahvan-kestavyyden-metsapalvelut\/#primaryimage"},"image":{"@id":"https:\/\/sites.uef.fi\/vahvan-kestavyyden-metsapalvelut\/#primaryimage"},"thumbnailUrl":"https:\/\/sites.uef.fi\/vahvan-kestavyyden-metsapalvelut\/wp-content\/uploads\/sites\/513\/2024\/12\/UEF_VaKe_Logo-02.png","datePublished":"2024-10-08T12:16:40+00:00","dateModified":"2026-04-24T12:45:02+00:00","description":"Kohti vahvan kest\u00e4vyyden mets\u00e4palveluita on It\u00e4-Suomen yliopiston Mets\u00e4tieteiden osaston ja Kauppatieteiden laitoksen, sek\u00e4 H\u00e4meen ammattikorkeakoulun ja Lapin ammattikorkeakoulun yhteishanke, jonka tarkoituksena on luoda uusi vahvan kest\u00e4vyyden mukainen liiketoimintamalli mets\u00e4palveluihin ja vied\u00e4 se k\u00e4yt\u00e4nt\u00f6\u00f6n. Lis\u00e4ksi hankkeessa tutkitaan kest\u00e4vyyssiirtym\u00e4n edellytt\u00e4mi\u00e4 mets\u00e4- ja luontoalan osaamistarpeita ja kehitet\u00e4\u00e4n koulutusta vastaamaan n\u00e4it\u00e4 tunnistettuja tarpeita.","breadcrumb":{"@id":"https:\/\/sites.uef.fi\/vahvan-kestavyyden-metsapalvelut\/#breadcrumb"},"inLanguage":"fi","potentialAction":[{"@type":"ReadAction","target":["https:\/\/sites.uef.fi\/vahvan-kestavyyden-metsapalvelut\/"]}]},{"@type":"ImageObject","inLanguage":"fi","@id":"https:\/\/sites.uef.fi\/vahvan-kestavyyden-metsapalvelut\/#primaryimage","url":"https:\/\/sites.uef.fi\/vahvan-kestavyyden-metsapalvelut\/wp-content\/uploads\/sites\/513\/2024\/12\/UEF_VaKe_Logo-02.png","contentUrl":"https:\/\/sites.uef.fi\/vahvan-kestavyyden-metsapalvelut\/wp-content\/uploads\/sites\/513\/2024\/12\/UEF_VaKe_Logo-02.png","width":3334,"height":1668},{"@type":"BreadcrumbList","@id":"https:\/\/sites.uef.fi\/vahvan-kestavyyden-metsapalvelut\/#breadcrumb","itemListElement":[{"@type":"ListItem","position":1,"name":"Home","item":"https:\/\/sites.uef.fi\/vahvan-kestavyyden-metsapalvelut\/"},{"@type":"ListItem","position":2,"name":"Etusivu"}]},{"@type":"WebSite","@id":"https:\/\/sites.uef.fi\/vahvan-kestavyyden-metsapalvelut\/#website","url":"https:\/\/sites.uef.fi\/vahvan-kestavyyden-metsapalvelut\/","name":"Vahvan kest\u00e4vyyden mets\u00e4palvelut","description":"","potentialAction":[{"@type":"SearchAction","target":{"@type":"EntryPoint","urlTemplate":"https:\/\/sites.uef.fi\/vahvan-kestavyyden-metsapalvelut\/?s={search_term_string}"},"query-input":{"@type":"PropertyValueSpecification","valueRequired":true,"valueName":"search_term_string"}}],"inLanguage":"fi"}]}},"_links":{"self":[{"href":"https:\/\/sites.uef.fi\/vahvan-kestavyyden-metsapalvelut\/wp-json\/wp\/v2\/pages\/227","targetHints":{"allow":["GET"]}}],"collection":[{"href":"https:\/\/sites.uef.fi\/vahvan-kestavyyden-metsapalvelut\/wp-json\/wp\/v2\/pages"}],"about":[{"href":"https:\/\/sites.uef.fi\/vahvan-kestavyyden-metsapalvelut\/wp-json\/wp\/v2\/types\/page"}],"author":[{"embeddable":true,"href":"https:\/\/sites.uef.fi\/vahvan-kestavyyden-metsapalvelut\/wp-json\/wp\/v2\/users\/2"}],"replies":[{"embeddable":true,"href":"https:\/\/sites.uef.fi\/vahvan-kestavyyden-metsapalvelut\/wp-json\/wp\/v2\/comments?post=227"}],"version-history":[{"count":1,"href":"https:\/\/sites.uef.fi\/vahvan-kestavyyden-metsapalvelut\/wp-json\/wp\/v2\/pages\/227\/revisions"}],"predecessor-version":[{"id":478,"href":"https:\/\/sites.uef.fi\/vahvan-kestavyyden-metsapalvelut\/wp-json\/wp\/v2\/pages\/227\/revisions\/478"}],"wp:featuredmedia":[{"embeddable":true,"href":"https:\/\/sites.uef.fi\/vahvan-kestavyyden-metsapalvelut\/wp-json\/wp\/v2\/media\/245"}],"wp:attachment":[{"href":"https:\/\/sites.uef.fi\/vahvan-kestavyyden-metsapalvelut\/wp-json\/wp\/v2\/media?parent=227"}],"curies":[{"name":"wp","href":"https:\/\/api.w.org\/{rel}","templated":true}]}}