{"id":403,"date":"2025-01-09T13:05:29","date_gmt":"2025-01-09T10:05:29","guid":{"rendered":"https:\/\/sites.uef.fi\/vahvan-kestavyyden-metsapalvelut\/?page_id=403"},"modified":"2025-01-09T13:05:31","modified_gmt":"2025-01-09T10:05:31","slug":"vahvan-kestavyyden-metsasuunnittelu","status":"publish","type":"page","link":"https:\/\/sites.uef.fi\/vahvan-kestavyyden-metsapalvelut\/vahvan-kestavyyden-metsasuunnittelu\/","title":{"rendered":"Vahvan kest\u00e4vyyden mets\u00e4suunnittelu"},"content":{"rendered":"\n<figure class=\"wp-block-image size-large\"><img loading=\"lazy\" decoding=\"async\" width=\"1024\" height=\"564\" src=\"https:\/\/sites.uef.fi\/vahvan-kestavyyden-metsapalvelut\/wp-content\/uploads\/sites\/513\/2025\/01\/Nayttokuva-2025-01-03-114627-1024x564.png\" alt=\"\" class=\"wp-image-405\" srcset=\"https:\/\/sites.uef.fi\/vahvan-kestavyyden-metsapalvelut\/wp-content\/uploads\/sites\/513\/2025\/01\/Nayttokuva-2025-01-03-114627-1024x564.png 1024w, https:\/\/sites.uef.fi\/vahvan-kestavyyden-metsapalvelut\/wp-content\/uploads\/sites\/513\/2025\/01\/Nayttokuva-2025-01-03-114627-300x165.png 300w, https:\/\/sites.uef.fi\/vahvan-kestavyyden-metsapalvelut\/wp-content\/uploads\/sites\/513\/2025\/01\/Nayttokuva-2025-01-03-114627-768x423.png 768w, https:\/\/sites.uef.fi\/vahvan-kestavyyden-metsapalvelut\/wp-content\/uploads\/sites\/513\/2025\/01\/Nayttokuva-2025-01-03-114627.png 1029w\" sizes=\"auto, (max-width: 1024px) 100vw, 1024px\" \/><\/figure>\n\n\n\n<p>Kuvat: Mirkka Rovamo<\/p>\n\n\n\n<p>Vahvan kest\u00e4vyyden mets\u00e4suunnittelussa etsit\u00e4\u00e4n parempaa tasapainoa luonnon huomioimisen ja mets\u00e4talouden v\u00e4lille mets\u00e4nomistajakohtaisin ratkaisuin. Mets\u00e4suunnittelussa mets\u00e4ammattilainen ja mets\u00e4nomistaja yhdess\u00e4 suunnittelevat metsien k\u00e4ytt\u00f6\u00e4 ja tavoitteena on tehd\u00e4 metsien k\u00e4yt\u00f6st\u00e4 luontoa huomioivampaa.<\/p>\n\n\n\n<p>Hankkeessa tutkitaan, miten vahvan kest\u00e4vyyden ajatusmallin mukainen mets\u00e4suunnitteluprosessi voisi toimia eri toimijoiden n\u00e4k\u00f6kulmasta ja kehityksess\u00e4 kuunnellaan sek\u00e4 nykyisi\u00e4, ett\u00e4 uusia toimijoita. Prosessin toimivuutta kokeillaan my\u00f6s k\u00e4yt\u00e4nn\u00f6ss\u00e4, kun mets\u00e4suunnittelijat eri organisaatioista toteuttavat suunnitteluprosessia mets\u00e4nomistajien kanssa.<\/p>\n\n\n\n<p>Luonnon paremmalla huomioimisella pyrit\u00e4\u00e4n turvaamaan ja parantamaan taantuneiden ja uhanalaisten lajien elinolosuhteita. Suunnittelu toteutetaan mets\u00e4nomistajalle sopivalla tavalla ja siin\u00e4 pyrit\u00e4\u00e4n rakentamaan tulevaisuutta, ei ainoastaan suojelemaan nykyisi\u00e4 luontoarvoja. Suunnittelussa huomioidaan, ett\u00e4 jokaisella mets\u00e4kuvioilla voi tulevaisuudessa olla jotain luonnon kannalta arvokasta. Esimerkiksi taimikonhoidon toteutus on aivan keskeist\u00e4 tulevien luontoarvojen kannalta. Monilla tiloilla on luonnon n\u00e4k\u00f6kulmasta tarve lis\u00e4t\u00e4 vanhaa mets\u00e4\u00e4 ja huomioida maiseman kytkeytyneisyys laajemmalla tasolla. <\/p>\n\n\n\n<p>Suunnittelussa mets\u00e4tilan kuviot jaetaan kolmeen \u201dkoriin\u201d: tavanomaisessa mets\u00e4talousk\u00e4yt\u00f6ss\u00e4 oleviin, hell\u00e4varaisemmassa k\u00e4yt\u00f6ss\u00e4 oleviin sek\u00e4 mets\u00e4talouden ulkopuolelle rajattuihin kuvioihin. Suunnittelun aluksi pohditaan huolella, mit\u00e4 mets\u00e4nomistaja on valmis j\u00e4tt\u00e4m\u00e4\u00e4n mets\u00e4talouden ulkopuolelle. Hell\u00e4varaisemman k\u00e4sittelyn keinoja ovat esimerkiksi jatketut kiertoajat, lievennetyt harvennusvoimakkuudet, eri-ik\u00e4israkenteisuuden yll\u00e4pito, k\u00e4sittelem\u00e4tt\u00f6m\u00e4t monimuotoisuuskohteet, tavanomaista laajemmat s\u00e4\u00e4st\u00f6puuryhm\u00e4t ja suojavy\u00f6hykkeet, ennakkoraivauksen minimointi sek\u00e4 taloudellisesti v\u00e4h\u00e4merkityksellisten puulajien s\u00e4ilytt\u00e4minen. Hell\u00e4varaisempien k\u00e4sittelyjen suunnittelussa ei seurata kaavamaisesti etuk\u00e4teen annettuja ohjeita, vaan pyrit\u00e4\u00e4n l\u00f6yt\u00e4m\u00e4\u00e4n aina luonnon kannalta paras ratkaisu, joka on kuitenkin mets\u00e4nomistajalle mieluisa. <\/p>\n\n\n\n<p>Lis\u00e4ksi suunnittelussa kartoitetaan mets\u00e4nomistajan kiinnostusta lis\u00e4palveluihin, kuten ennallistamiseen, luonnonhoitoon, suojeluun, sertifiointiin, lajiasiantuntijan vierailuihin, luontoarvokauppaan tai luonnontuotteisiin liittyv\u00e4\u00e4n toimintaan.<\/p>\n\n\n\n<p>Uuden suunnitteluprosessin tarkoituksena ei ole korvata vanhaa, vaan luoda uusia mahdollisuuksia mets\u00e4palveluiden tarjoajille ja mets\u00e4nomistajille. <\/p>\n","protected":false},"excerpt":{"rendered":"<p>Kuvat: Mirkka Rovamo Vahvan kest\u00e4vyyden mets\u00e4suunnittelussa etsit\u00e4\u00e4n parempaa tasapainoa luonnon huomioimisen ja mets\u00e4talouden v\u00e4lille mets\u00e4nomistajakohtaisin ratkaisuin. Mets\u00e4suunnittelussa mets\u00e4ammattilainen ja mets\u00e4nomistaja yhdess\u00e4 suunnittelevat metsien k\u00e4ytt\u00f6\u00e4 ja tavoitteena on tehd\u00e4 metsien k\u00e4yt\u00f6st\u00e4 luontoa huomioivampaa. Hankkeessa tutkitaan, miten vahvan kest\u00e4vyyden ajatusmallin mukainen mets\u00e4suunnitteluprosessi voisi toimia eri toimijoiden n\u00e4k\u00f6kulmasta ja kehityksess\u00e4 kuunnellaan sek\u00e4 nykyisi\u00e4, ett\u00e4 uusia toimijoita. Prosessin toimivuutta [&hellip;]<\/p>\n","protected":false},"author":1219,"featured_media":0,"parent":0,"menu_order":0,"comment_status":"closed","ping_status":"closed","template":"","meta":{"_acf_changed":false,"footnotes":""},"class_list":["post-403","page","type-page","status-publish","hentry"],"acf":[],"yoast_head":"<!-- This site is optimized with the Yoast SEO plugin v27.1.1 - https:\/\/yoast.com\/product\/yoast-seo-wordpress\/ -->\n<title>Vahvan kest\u00e4vyyden mets\u00e4suunnittelu - Vahvan kest\u00e4vyyden mets\u00e4palvelut<\/title>\n<meta name=\"robots\" content=\"index, follow, max-snippet:-1, max-image-preview:large, max-video-preview:-1\" \/>\n<link rel=\"canonical\" href=\"https:\/\/sites.uef.fi\/vahvan-kestavyyden-metsapalvelut\/vahvan-kestavyyden-metsasuunnittelu\/\" \/>\n<meta property=\"og:locale\" content=\"fi_FI\" \/>\n<meta property=\"og:type\" content=\"article\" \/>\n<meta property=\"og:title\" content=\"Vahvan kest\u00e4vyyden mets\u00e4suunnittelu - Vahvan kest\u00e4vyyden mets\u00e4palvelut\" \/>\n<meta property=\"og:description\" content=\"Kuvat: Mirkka Rovamo Vahvan kest\u00e4vyyden mets\u00e4suunnittelussa etsit\u00e4\u00e4n parempaa tasapainoa luonnon huomioimisen ja mets\u00e4talouden v\u00e4lille mets\u00e4nomistajakohtaisin ratkaisuin. Mets\u00e4suunnittelussa mets\u00e4ammattilainen ja mets\u00e4nomistaja yhdess\u00e4 suunnittelevat metsien k\u00e4ytt\u00f6\u00e4 ja tavoitteena on tehd\u00e4 metsien k\u00e4yt\u00f6st\u00e4 luontoa huomioivampaa. Hankkeessa tutkitaan, miten vahvan kest\u00e4vyyden ajatusmallin mukainen mets\u00e4suunnitteluprosessi voisi toimia eri toimijoiden n\u00e4k\u00f6kulmasta ja kehityksess\u00e4 kuunnellaan sek\u00e4 nykyisi\u00e4, ett\u00e4 uusia toimijoita. Prosessin toimivuutta [&hellip;]\" \/>\n<meta property=\"og:url\" content=\"https:\/\/sites.uef.fi\/vahvan-kestavyyden-metsapalvelut\/vahvan-kestavyyden-metsasuunnittelu\/\" \/>\n<meta property=\"og:site_name\" content=\"Vahvan kest\u00e4vyyden mets\u00e4palvelut\" \/>\n<meta property=\"article:modified_time\" content=\"2025-01-09T10:05:31+00:00\" \/>\n<meta property=\"og:image\" content=\"https:\/\/sites.uef.fi\/vahvan-kestavyyden-metsapalvelut\/wp-content\/uploads\/sites\/513\/2025\/01\/Nayttokuva-2025-01-03-114627.png\" \/>\n\t<meta property=\"og:image:width\" content=\"1029\" \/>\n\t<meta property=\"og:image:height\" content=\"567\" \/>\n\t<meta property=\"og:image:type\" content=\"image\/png\" \/>\n<meta name=\"twitter:card\" content=\"summary_large_image\" \/>\n<meta name=\"twitter:label1\" content=\"Arvioitu lukuaika\" \/>\n\t<meta name=\"twitter:data1\" content=\"2 minuuttia\" \/>\n<script type=\"application\/ld+json\" class=\"yoast-schema-graph\">{\"@context\":\"https:\/\/schema.org\",\"@graph\":[{\"@type\":\"WebPage\",\"@id\":\"https:\/\/sites.uef.fi\/vahvan-kestavyyden-metsapalvelut\/vahvan-kestavyyden-metsasuunnittelu\/\",\"url\":\"https:\/\/sites.uef.fi\/vahvan-kestavyyden-metsapalvelut\/vahvan-kestavyyden-metsasuunnittelu\/\",\"name\":\"Vahvan kest\u00e4vyyden mets\u00e4suunnittelu - Vahvan kest\u00e4vyyden mets\u00e4palvelut\",\"isPartOf\":{\"@id\":\"https:\/\/sites.uef.fi\/vahvan-kestavyyden-metsapalvelut\/#website\"},\"primaryImageOfPage\":{\"@id\":\"https:\/\/sites.uef.fi\/vahvan-kestavyyden-metsapalvelut\/vahvan-kestavyyden-metsasuunnittelu\/#primaryimage\"},\"image\":{\"@id\":\"https:\/\/sites.uef.fi\/vahvan-kestavyyden-metsapalvelut\/vahvan-kestavyyden-metsasuunnittelu\/#primaryimage\"},\"thumbnailUrl\":\"https:\/\/sites.uef.fi\/vahvan-kestavyyden-metsapalvelut\/wp-content\/uploads\/sites\/513\/2025\/01\/Nayttokuva-2025-01-03-114627-1024x564.png\",\"datePublished\":\"2025-01-09T10:05:29+00:00\",\"dateModified\":\"2025-01-09T10:05:31+00:00\",\"breadcrumb\":{\"@id\":\"https:\/\/sites.uef.fi\/vahvan-kestavyyden-metsapalvelut\/vahvan-kestavyyden-metsasuunnittelu\/#breadcrumb\"},\"inLanguage\":\"fi\",\"potentialAction\":[{\"@type\":\"ReadAction\",\"target\":[\"https:\/\/sites.uef.fi\/vahvan-kestavyyden-metsapalvelut\/vahvan-kestavyyden-metsasuunnittelu\/\"]}]},{\"@type\":\"ImageObject\",\"inLanguage\":\"fi\",\"@id\":\"https:\/\/sites.uef.fi\/vahvan-kestavyyden-metsapalvelut\/vahvan-kestavyyden-metsasuunnittelu\/#primaryimage\",\"url\":\"https:\/\/sites.uef.fi\/vahvan-kestavyyden-metsapalvelut\/wp-content\/uploads\/sites\/513\/2025\/01\/Nayttokuva-2025-01-03-114627.png\",\"contentUrl\":\"https:\/\/sites.uef.fi\/vahvan-kestavyyden-metsapalvelut\/wp-content\/uploads\/sites\/513\/2025\/01\/Nayttokuva-2025-01-03-114627.png\",\"width\":1029,\"height\":567},{\"@type\":\"BreadcrumbList\",\"@id\":\"https:\/\/sites.uef.fi\/vahvan-kestavyyden-metsapalvelut\/vahvan-kestavyyden-metsasuunnittelu\/#breadcrumb\",\"itemListElement\":[{\"@type\":\"ListItem\",\"position\":1,\"name\":\"Home\",\"item\":\"https:\/\/sites.uef.fi\/vahvan-kestavyyden-metsapalvelut\/\"},{\"@type\":\"ListItem\",\"position\":2,\"name\":\"Vahvan kest\u00e4vyyden mets\u00e4suunnittelu\"}]},{\"@type\":\"WebSite\",\"@id\":\"https:\/\/sites.uef.fi\/vahvan-kestavyyden-metsapalvelut\/#website\",\"url\":\"https:\/\/sites.uef.fi\/vahvan-kestavyyden-metsapalvelut\/\",\"name\":\"Vahvan kest\u00e4vyyden mets\u00e4palvelut\",\"description\":\"\",\"potentialAction\":[{\"@type\":\"SearchAction\",\"target\":{\"@type\":\"EntryPoint\",\"urlTemplate\":\"https:\/\/sites.uef.fi\/vahvan-kestavyyden-metsapalvelut\/?s={search_term_string}\"},\"query-input\":{\"@type\":\"PropertyValueSpecification\",\"valueRequired\":true,\"valueName\":\"search_term_string\"}}],\"inLanguage\":\"fi\"}]}<\/script>\n<!-- \/ Yoast SEO plugin. -->","yoast_head_json":{"title":"Vahvan kest\u00e4vyyden mets\u00e4suunnittelu - Vahvan kest\u00e4vyyden mets\u00e4palvelut","robots":{"index":"index","follow":"follow","max-snippet":"max-snippet:-1","max-image-preview":"max-image-preview:large","max-video-preview":"max-video-preview:-1"},"canonical":"https:\/\/sites.uef.fi\/vahvan-kestavyyden-metsapalvelut\/vahvan-kestavyyden-metsasuunnittelu\/","og_locale":"fi_FI","og_type":"article","og_title":"Vahvan kest\u00e4vyyden mets\u00e4suunnittelu - Vahvan kest\u00e4vyyden mets\u00e4palvelut","og_description":"Kuvat: Mirkka Rovamo Vahvan kest\u00e4vyyden mets\u00e4suunnittelussa etsit\u00e4\u00e4n parempaa tasapainoa luonnon huomioimisen ja mets\u00e4talouden v\u00e4lille mets\u00e4nomistajakohtaisin ratkaisuin. Mets\u00e4suunnittelussa mets\u00e4ammattilainen ja mets\u00e4nomistaja yhdess\u00e4 suunnittelevat metsien k\u00e4ytt\u00f6\u00e4 ja tavoitteena on tehd\u00e4 metsien k\u00e4yt\u00f6st\u00e4 luontoa huomioivampaa. Hankkeessa tutkitaan, miten vahvan kest\u00e4vyyden ajatusmallin mukainen mets\u00e4suunnitteluprosessi voisi toimia eri toimijoiden n\u00e4k\u00f6kulmasta ja kehityksess\u00e4 kuunnellaan sek\u00e4 nykyisi\u00e4, ett\u00e4 uusia toimijoita. Prosessin toimivuutta [&hellip;]","og_url":"https:\/\/sites.uef.fi\/vahvan-kestavyyden-metsapalvelut\/vahvan-kestavyyden-metsasuunnittelu\/","og_site_name":"Vahvan kest\u00e4vyyden mets\u00e4palvelut","article_modified_time":"2025-01-09T10:05:31+00:00","og_image":[{"width":1029,"height":567,"url":"https:\/\/sites.uef.fi\/vahvan-kestavyyden-metsapalvelut\/wp-content\/uploads\/sites\/513\/2025\/01\/Nayttokuva-2025-01-03-114627.png","type":"image\/png"}],"twitter_card":"summary_large_image","twitter_misc":{"Arvioitu lukuaika":"2 minuuttia"},"schema":{"@context":"https:\/\/schema.org","@graph":[{"@type":"WebPage","@id":"https:\/\/sites.uef.fi\/vahvan-kestavyyden-metsapalvelut\/vahvan-kestavyyden-metsasuunnittelu\/","url":"https:\/\/sites.uef.fi\/vahvan-kestavyyden-metsapalvelut\/vahvan-kestavyyden-metsasuunnittelu\/","name":"Vahvan kest\u00e4vyyden mets\u00e4suunnittelu - Vahvan kest\u00e4vyyden mets\u00e4palvelut","isPartOf":{"@id":"https:\/\/sites.uef.fi\/vahvan-kestavyyden-metsapalvelut\/#website"},"primaryImageOfPage":{"@id":"https:\/\/sites.uef.fi\/vahvan-kestavyyden-metsapalvelut\/vahvan-kestavyyden-metsasuunnittelu\/#primaryimage"},"image":{"@id":"https:\/\/sites.uef.fi\/vahvan-kestavyyden-metsapalvelut\/vahvan-kestavyyden-metsasuunnittelu\/#primaryimage"},"thumbnailUrl":"https:\/\/sites.uef.fi\/vahvan-kestavyyden-metsapalvelut\/wp-content\/uploads\/sites\/513\/2025\/01\/Nayttokuva-2025-01-03-114627-1024x564.png","datePublished":"2025-01-09T10:05:29+00:00","dateModified":"2025-01-09T10:05:31+00:00","breadcrumb":{"@id":"https:\/\/sites.uef.fi\/vahvan-kestavyyden-metsapalvelut\/vahvan-kestavyyden-metsasuunnittelu\/#breadcrumb"},"inLanguage":"fi","potentialAction":[{"@type":"ReadAction","target":["https:\/\/sites.uef.fi\/vahvan-kestavyyden-metsapalvelut\/vahvan-kestavyyden-metsasuunnittelu\/"]}]},{"@type":"ImageObject","inLanguage":"fi","@id":"https:\/\/sites.uef.fi\/vahvan-kestavyyden-metsapalvelut\/vahvan-kestavyyden-metsasuunnittelu\/#primaryimage","url":"https:\/\/sites.uef.fi\/vahvan-kestavyyden-metsapalvelut\/wp-content\/uploads\/sites\/513\/2025\/01\/Nayttokuva-2025-01-03-114627.png","contentUrl":"https:\/\/sites.uef.fi\/vahvan-kestavyyden-metsapalvelut\/wp-content\/uploads\/sites\/513\/2025\/01\/Nayttokuva-2025-01-03-114627.png","width":1029,"height":567},{"@type":"BreadcrumbList","@id":"https:\/\/sites.uef.fi\/vahvan-kestavyyden-metsapalvelut\/vahvan-kestavyyden-metsasuunnittelu\/#breadcrumb","itemListElement":[{"@type":"ListItem","position":1,"name":"Home","item":"https:\/\/sites.uef.fi\/vahvan-kestavyyden-metsapalvelut\/"},{"@type":"ListItem","position":2,"name":"Vahvan kest\u00e4vyyden mets\u00e4suunnittelu"}]},{"@type":"WebSite","@id":"https:\/\/sites.uef.fi\/vahvan-kestavyyden-metsapalvelut\/#website","url":"https:\/\/sites.uef.fi\/vahvan-kestavyyden-metsapalvelut\/","name":"Vahvan kest\u00e4vyyden mets\u00e4palvelut","description":"","potentialAction":[{"@type":"SearchAction","target":{"@type":"EntryPoint","urlTemplate":"https:\/\/sites.uef.fi\/vahvan-kestavyyden-metsapalvelut\/?s={search_term_string}"},"query-input":{"@type":"PropertyValueSpecification","valueRequired":true,"valueName":"search_term_string"}}],"inLanguage":"fi"}]}},"_links":{"self":[{"href":"https:\/\/sites.uef.fi\/vahvan-kestavyyden-metsapalvelut\/wp-json\/wp\/v2\/pages\/403","targetHints":{"allow":["GET"]}}],"collection":[{"href":"https:\/\/sites.uef.fi\/vahvan-kestavyyden-metsapalvelut\/wp-json\/wp\/v2\/pages"}],"about":[{"href":"https:\/\/sites.uef.fi\/vahvan-kestavyyden-metsapalvelut\/wp-json\/wp\/v2\/types\/page"}],"author":[{"embeddable":true,"href":"https:\/\/sites.uef.fi\/vahvan-kestavyyden-metsapalvelut\/wp-json\/wp\/v2\/users\/1219"}],"replies":[{"embeddable":true,"href":"https:\/\/sites.uef.fi\/vahvan-kestavyyden-metsapalvelut\/wp-json\/wp\/v2\/comments?post=403"}],"version-history":[{"count":1,"href":"https:\/\/sites.uef.fi\/vahvan-kestavyyden-metsapalvelut\/wp-json\/wp\/v2\/pages\/403\/revisions"}],"predecessor-version":[{"id":415,"href":"https:\/\/sites.uef.fi\/vahvan-kestavyyden-metsapalvelut\/wp-json\/wp\/v2\/pages\/403\/revisions\/415"}],"wp:attachment":[{"href":"https:\/\/sites.uef.fi\/vahvan-kestavyyden-metsapalvelut\/wp-json\/wp\/v2\/media?parent=403"}],"curies":[{"name":"wp","href":"https:\/\/api.w.org\/{rel}","templated":true}]}}