{"id":1096,"date":"2020-04-30T10:44:54","date_gmt":"2020-04-30T08:44:54","guid":{"rendered":"https:\/\/sites.uef.fi\/vaikuttavuuden-talo\/sosiaalityon-ja-sosiaalipalvelujen-vaikuttavuus\/"},"modified":"2020-08-12T11:01:15","modified_gmt":"2020-08-12T09:01:15","slug":"sosiaalityon-ja-sosiaalipalvelujen-vaikuttavuus","status":"publish","type":"page","link":"https:\/\/sites.uef.fi\/vaikuttavuuden-talo\/sosiaalityon-ja-sosiaalipalvelujen-vaikuttavuus\/","title":{"rendered":"Sosiaality\u00f6n ja sosiaalipalvelujen vaikuttavuus"},"content":{"rendered":"<h1>Sosiaality\u00f6n ja sosiaalipalvelujen vaikuttavuus<\/h1>\n<p>Tutkimme ja kehit\u00e4mme sosiaality\u00f6n ja sosiaalipalvelujen sek\u00e4 integroitujen sosiaali- ja terveyspalvelujen vaikuttavuutta. &nbsp;Tutkimuksemme keski\u00f6ss\u00e4 ovat sosiaalisten ongelmien juurisyiden ja sosiaalisen muutosty\u00f6n ja palveluprosessien tuloksellisuuden analysointi, sek\u00e4 sosiaalipalvelujen vaikuttavuuden tutkimuksen k\u00e4sitteiden ja menetelmien kehitt\u00e4minen.<\/p>\n<h2>Lastensuojelu<\/h2>\n<p>Tutkimme lasten, nuorten ja perheiden parissa teht\u00e4v\u00e4\u00e4 sosiaality\u00f6t\u00e4. Analysoimme lastensuojelun eri osa-alueiden ja ty\u00f6muotojen vaikuttavuutta, erityisesti siihen liittyvi\u00e4 kriittisi\u00e4 tekij\u00f6it\u00e4 ja prosesseja. Tutkimuksemme on k\u00e4yt\u00e4nn\u00f6n innoittamaa perustutkimusta. Tavoitteena on j\u00e4sent\u00e4\u00e4&nbsp; lastensuojelun rutiinipalvelujen tietopohjaa&nbsp; ja kehitt\u00e4\u00e4 n\u00e4ytt\u00f6\u00f6n perustuvaa sosiaality\u00f6t\u00e4.<\/p>\n<h2>Vanhusten kotihoito<\/h2>\n<p>Tutkimme ja vertailemme ik\u00e4\u00e4ntyneiden kotihoidon laatua, vaikuttavuutta ja tehokkuutta.<\/p>\n<ul>\n<li><a href=\"https:\/\/www.excelc.eu\/fi\/\" target=\"_blank\" rel=\"noopener noreferrer\">EXCELC \u2013 Pitk\u00e4aikaishoidon vaikuttavuus ja tehokkuus kansainv\u00e4lisess\u00e4 vertailussa<\/a> -tutkimus vertailee ik\u00e4\u00e4ntyneiden laitosten ulkopuolisen pitk\u00e4aikaishoidon (esimerkiksi kotipalvelujen ja p\u00e4iv\u00e4toiminnan) tehokkuutta ja vaikuttavuutta niin hoidettavien kuin hoitajienkin n\u00e4k\u00f6kulmasta Englannissa, It\u00e4vallassa ja Suomessa.<\/li>\n<\/ul>\n<h2>I\u00e4kk\u00e4iden palveluohjaus<\/h2>\n<p>Kehit\u00e4mme ik\u00e4ihmisille suunnattua ryhm\u00e4muotoista palveluohjausta sek\u00e4 tutkimme sen hyvinvointi- ja terveysvaikutuksia.<\/p>\n<ul>\n<li>PROMEQ \u2013 Osallistava terveyden ja hyvinvoinnin edist\u00e4minen -tutkimushankkeen tavoitteena on kehitt\u00e4\u00e4 vaikuttavia menetelmi\u00e4 erityisesti koulutuksen ja ty\u00f6el\u00e4m\u00e4n ulkopuolella olevien nuorten, pitk\u00e4aikaisty\u00f6tt\u00f6mien, juuri oleskeluluvan saaneiden maahanmuuttajien sek\u00e4 paljon sosiaali- ja terveyspalveluita tarvitsevien&nbsp;kotona asuvien ik\u00e4ihmisten hyvinvoinnin ja terveyden edist\u00e4miseen, ja k\u00e4ytt\u00e4\u00e4&nbsp;sosiaalista markkinointia tukemaan my\u00f6nteisi\u00e4 muutoksia heid\u00e4n elintavoissaan ja el\u00e4m\u00e4nlaadussaan.<\/li>\n<\/ul>\n<h2>Maahanmuuttajat ja sosiaality\u00f6<\/h2>\n<p>Sosiaality\u00f6 maahanmuuttajien kanssa keskittyy yhteis\u00f6sosiaality\u00f6n vaikuttavuuteen, ammatillisiin ja poliittisiin k\u00e4yt\u00e4nt\u00f6ihin, joiden avulla tavoitellaan tasapuolisia ja osallistavia palveluja maahanmuuttajille.<\/p>\n<ul id=\"yui_patched_v3_11_0_1_1588236231602_578\">\n<li id=\"yui_patched_v3_11_0_1_1588236231602_577\">PROMEQ \u2013 Osallistava terveyden ja hyvinvoinnin edist\u00e4minen -tutkimushanke.<\/li>\n<\/ul>\n","protected":false},"excerpt":{"rendered":"<p>Sosiaality\u00f6n ja sosiaalipalvelujen vaikuttavuus Tutkimme ja kehit\u00e4mme sosiaality\u00f6n ja sosiaalipalvelujen sek\u00e4 integroitujen sosiaali- ja terveyspalvelujen vaikuttavuutta. &nbsp;Tutkimuksemme keski\u00f6ss\u00e4 ovat sosiaalisten ongelmien juurisyiden ja sosiaalisen muutosty\u00f6n ja palveluprosessien tuloksellisuuden analysointi, sek\u00e4 sosiaalipalvelujen vaikuttavuuden tutkimuksen k\u00e4sitteiden ja menetelmien kehitt\u00e4minen. Lastensuojelu Tutkimme lasten, nuorten ja perheiden parissa teht\u00e4v\u00e4\u00e4 sosiaality\u00f6t\u00e4. Analysoimme lastensuojelun eri osa-alueiden ja ty\u00f6muotojen vaikuttavuutta, erityisesti siihen [&hellip;]<\/p>\n","protected":false},"author":39,"featured_media":0,"parent":0,"menu_order":0,"comment_status":"closed","ping_status":"closed","template":"","meta":{"_acf_changed":false,"_monsterinsights_skip_tracking":false,"_monsterinsights_sitenote_active":false,"_monsterinsights_sitenote_note":"","_monsterinsights_sitenote_category":0,"footnotes":""},"class_list":["post-1096","page","type-page","status-publish","hentry"],"acf":[],"yoast_head":"<!-- This site is optimized with the Yoast SEO plugin v27.3 - https:\/\/yoast.com\/product\/yoast-seo-wordpress\/ -->\n<title>Sosiaality\u00f6n ja sosiaalipalvelujen vaikuttavuus - Vaikuttavuuden talo<\/title>\n<meta name=\"robots\" content=\"index, follow, max-snippet:-1, max-image-preview:large, max-video-preview:-1\" \/>\n<link rel=\"canonical\" href=\"https:\/\/sites.uef.fi\/vaikuttavuuden-talo\/sosiaalityon-ja-sosiaalipalvelujen-vaikuttavuus\/\" \/>\n<meta property=\"og:locale\" content=\"fi_FI\" \/>\n<meta property=\"og:type\" content=\"article\" \/>\n<meta property=\"og:title\" content=\"Sosiaality\u00f6n ja sosiaalipalvelujen vaikuttavuus - Vaikuttavuuden talo\" \/>\n<meta property=\"og:description\" content=\"Sosiaality\u00f6n ja sosiaalipalvelujen vaikuttavuus Tutkimme ja kehit\u00e4mme sosiaality\u00f6n ja sosiaalipalvelujen sek\u00e4 integroitujen sosiaali- ja terveyspalvelujen vaikuttavuutta. &nbsp;Tutkimuksemme keski\u00f6ss\u00e4 ovat sosiaalisten ongelmien juurisyiden ja sosiaalisen muutosty\u00f6n ja palveluprosessien tuloksellisuuden analysointi, sek\u00e4 sosiaalipalvelujen vaikuttavuuden tutkimuksen k\u00e4sitteiden ja menetelmien kehitt\u00e4minen. Lastensuojelu Tutkimme lasten, nuorten ja perheiden parissa teht\u00e4v\u00e4\u00e4 sosiaality\u00f6t\u00e4. Analysoimme lastensuojelun eri osa-alueiden ja ty\u00f6muotojen vaikuttavuutta, erityisesti siihen [&hellip;]\" \/>\n<meta property=\"og:url\" content=\"https:\/\/sites.uef.fi\/vaikuttavuuden-talo\/sosiaalityon-ja-sosiaalipalvelujen-vaikuttavuus\/\" \/>\n<meta property=\"og:site_name\" content=\"Vaikuttavuuden talo\" \/>\n<meta property=\"article:modified_time\" content=\"2020-08-12T09:01:15+00:00\" \/>\n<meta name=\"twitter:card\" content=\"summary_large_image\" \/>\n<meta name=\"twitter:label1\" content=\"Arvioitu lukuaika\" \/>\n\t<meta name=\"twitter:data1\" content=\"1 minuutti\" \/>\n<script type=\"application\/ld+json\" class=\"yoast-schema-graph\">{\"@context\":\"https:\\\/\\\/schema.org\",\"@graph\":[{\"@type\":\"WebPage\",\"@id\":\"https:\\\/\\\/sites.uef.fi\\\/vaikuttavuuden-talo\\\/sosiaalityon-ja-sosiaalipalvelujen-vaikuttavuus\\\/\",\"url\":\"https:\\\/\\\/sites.uef.fi\\\/vaikuttavuuden-talo\\\/sosiaalityon-ja-sosiaalipalvelujen-vaikuttavuus\\\/\",\"name\":\"Sosiaality\u00f6n ja sosiaalipalvelujen vaikuttavuus - Vaikuttavuuden talo\",\"isPartOf\":{\"@id\":\"https:\\\/\\\/sites.uef.fi\\\/vaikuttavuuden-talo\\\/#website\"},\"datePublished\":\"2020-04-30T08:44:54+00:00\",\"dateModified\":\"2020-08-12T09:01:15+00:00\",\"breadcrumb\":{\"@id\":\"https:\\\/\\\/sites.uef.fi\\\/vaikuttavuuden-talo\\\/sosiaalityon-ja-sosiaalipalvelujen-vaikuttavuus\\\/#breadcrumb\"},\"inLanguage\":\"fi\",\"potentialAction\":[{\"@type\":\"ReadAction\",\"target\":[\"https:\\\/\\\/sites.uef.fi\\\/vaikuttavuuden-talo\\\/sosiaalityon-ja-sosiaalipalvelujen-vaikuttavuus\\\/\"]}]},{\"@type\":\"BreadcrumbList\",\"@id\":\"https:\\\/\\\/sites.uef.fi\\\/vaikuttavuuden-talo\\\/sosiaalityon-ja-sosiaalipalvelujen-vaikuttavuus\\\/#breadcrumb\",\"itemListElement\":[{\"@type\":\"ListItem\",\"position\":1,\"name\":\"Home\",\"item\":\"https:\\\/\\\/sites.uef.fi\\\/vaikuttavuuden-talo\\\/\"},{\"@type\":\"ListItem\",\"position\":2,\"name\":\"Sosiaality\u00f6n ja sosiaalipalvelujen vaikuttavuus\"}]},{\"@type\":\"WebSite\",\"@id\":\"https:\\\/\\\/sites.uef.fi\\\/vaikuttavuuden-talo\\\/#website\",\"url\":\"https:\\\/\\\/sites.uef.fi\\\/vaikuttavuuden-talo\\\/\",\"name\":\"Vaikuttavuuden talo\",\"description\":\"\",\"potentialAction\":[{\"@type\":\"SearchAction\",\"target\":{\"@type\":\"EntryPoint\",\"urlTemplate\":\"https:\\\/\\\/sites.uef.fi\\\/vaikuttavuuden-talo\\\/?s={search_term_string}\"},\"query-input\":{\"@type\":\"PropertyValueSpecification\",\"valueRequired\":true,\"valueName\":\"search_term_string\"}}],\"inLanguage\":\"fi\"}]}<\/script>\n<!-- \/ Yoast SEO plugin. -->","yoast_head_json":{"title":"Sosiaality\u00f6n ja sosiaalipalvelujen vaikuttavuus - Vaikuttavuuden talo","robots":{"index":"index","follow":"follow","max-snippet":"max-snippet:-1","max-image-preview":"max-image-preview:large","max-video-preview":"max-video-preview:-1"},"canonical":"https:\/\/sites.uef.fi\/vaikuttavuuden-talo\/sosiaalityon-ja-sosiaalipalvelujen-vaikuttavuus\/","og_locale":"fi_FI","og_type":"article","og_title":"Sosiaality\u00f6n ja sosiaalipalvelujen vaikuttavuus - Vaikuttavuuden talo","og_description":"Sosiaality\u00f6n ja sosiaalipalvelujen vaikuttavuus Tutkimme ja kehit\u00e4mme sosiaality\u00f6n ja sosiaalipalvelujen sek\u00e4 integroitujen sosiaali- ja terveyspalvelujen vaikuttavuutta. &nbsp;Tutkimuksemme keski\u00f6ss\u00e4 ovat sosiaalisten ongelmien juurisyiden ja sosiaalisen muutosty\u00f6n ja palveluprosessien tuloksellisuuden analysointi, sek\u00e4 sosiaalipalvelujen vaikuttavuuden tutkimuksen k\u00e4sitteiden ja menetelmien kehitt\u00e4minen. Lastensuojelu Tutkimme lasten, nuorten ja perheiden parissa teht\u00e4v\u00e4\u00e4 sosiaality\u00f6t\u00e4. Analysoimme lastensuojelun eri osa-alueiden ja ty\u00f6muotojen vaikuttavuutta, erityisesti siihen [&hellip;]","og_url":"https:\/\/sites.uef.fi\/vaikuttavuuden-talo\/sosiaalityon-ja-sosiaalipalvelujen-vaikuttavuus\/","og_site_name":"Vaikuttavuuden talo","article_modified_time":"2020-08-12T09:01:15+00:00","twitter_card":"summary_large_image","twitter_misc":{"Arvioitu lukuaika":"1 minuutti"},"schema":{"@context":"https:\/\/schema.org","@graph":[{"@type":"WebPage","@id":"https:\/\/sites.uef.fi\/vaikuttavuuden-talo\/sosiaalityon-ja-sosiaalipalvelujen-vaikuttavuus\/","url":"https:\/\/sites.uef.fi\/vaikuttavuuden-talo\/sosiaalityon-ja-sosiaalipalvelujen-vaikuttavuus\/","name":"Sosiaality\u00f6n ja sosiaalipalvelujen vaikuttavuus - Vaikuttavuuden talo","isPartOf":{"@id":"https:\/\/sites.uef.fi\/vaikuttavuuden-talo\/#website"},"datePublished":"2020-04-30T08:44:54+00:00","dateModified":"2020-08-12T09:01:15+00:00","breadcrumb":{"@id":"https:\/\/sites.uef.fi\/vaikuttavuuden-talo\/sosiaalityon-ja-sosiaalipalvelujen-vaikuttavuus\/#breadcrumb"},"inLanguage":"fi","potentialAction":[{"@type":"ReadAction","target":["https:\/\/sites.uef.fi\/vaikuttavuuden-talo\/sosiaalityon-ja-sosiaalipalvelujen-vaikuttavuus\/"]}]},{"@type":"BreadcrumbList","@id":"https:\/\/sites.uef.fi\/vaikuttavuuden-talo\/sosiaalityon-ja-sosiaalipalvelujen-vaikuttavuus\/#breadcrumb","itemListElement":[{"@type":"ListItem","position":1,"name":"Home","item":"https:\/\/sites.uef.fi\/vaikuttavuuden-talo\/"},{"@type":"ListItem","position":2,"name":"Sosiaality\u00f6n ja sosiaalipalvelujen vaikuttavuus"}]},{"@type":"WebSite","@id":"https:\/\/sites.uef.fi\/vaikuttavuuden-talo\/#website","url":"https:\/\/sites.uef.fi\/vaikuttavuuden-talo\/","name":"Vaikuttavuuden talo","description":"","potentialAction":[{"@type":"SearchAction","target":{"@type":"EntryPoint","urlTemplate":"https:\/\/sites.uef.fi\/vaikuttavuuden-talo\/?s={search_term_string}"},"query-input":{"@type":"PropertyValueSpecification","valueRequired":true,"valueName":"search_term_string"}}],"inLanguage":"fi"}]}},"_links":{"self":[{"href":"https:\/\/sites.uef.fi\/vaikuttavuuden-talo\/wp-json\/wp\/v2\/pages\/1096","targetHints":{"allow":["GET"]}}],"collection":[{"href":"https:\/\/sites.uef.fi\/vaikuttavuuden-talo\/wp-json\/wp\/v2\/pages"}],"about":[{"href":"https:\/\/sites.uef.fi\/vaikuttavuuden-talo\/wp-json\/wp\/v2\/types\/page"}],"author":[{"embeddable":true,"href":"https:\/\/sites.uef.fi\/vaikuttavuuden-talo\/wp-json\/wp\/v2\/users\/39"}],"replies":[{"embeddable":true,"href":"https:\/\/sites.uef.fi\/vaikuttavuuden-talo\/wp-json\/wp\/v2\/comments?post=1096"}],"version-history":[{"count":1,"href":"https:\/\/sites.uef.fi\/vaikuttavuuden-talo\/wp-json\/wp\/v2\/pages\/1096\/revisions"}],"predecessor-version":[{"id":1102,"href":"https:\/\/sites.uef.fi\/vaikuttavuuden-talo\/wp-json\/wp\/v2\/pages\/1096\/revisions\/1102"}],"wp:attachment":[{"href":"https:\/\/sites.uef.fi\/vaikuttavuuden-talo\/wp-json\/wp\/v2\/media?parent=1096"}],"curies":[{"name":"wp","href":"https:\/\/api.w.org\/{rel}","templated":true}]}}