{"id":12362,"date":"2026-01-22T15:52:43","date_gmt":"2026-01-22T13:52:43","guid":{"rendered":"https:\/\/sites.uef.fi\/vaikuttavuuden-talo\/?page_id=12362"},"modified":"2026-01-28T09:54:59","modified_gmt":"2026-01-28T07:54:59","slug":"tyypin-2-diabetesta-sairastavat-tarvitsevat-nykyista-parempaa-tukea-painonhallintaan-yha-useampi-suomalainen-lihoo-ja-sairastuu-nuorena","status":"publish","type":"page","link":"https:\/\/sites.uef.fi\/vaikuttavuuden-talo\/tyypin-2-diabetesta-sairastavat-tarvitsevat-nykyista-parempaa-tukea-painonhallintaan-yha-useampi-suomalainen-lihoo-ja-sairastuu-nuorena\/","title":{"rendered":"Tyypin 2 diabetesta sairastavat tarvitsevat nykyist\u00e4 parempaa tukea painonhallintaan \u2013 yh\u00e4 useampi suomalainen lihoo ja sairastuu nuorena"},"content":{"rendered":"\n<figure class=\"wp-block-image size-large\"><img loading=\"lazy\" decoding=\"async\" width=\"1024\" height=\"682\" src=\"https:\/\/sites.uef.fi\/vaikuttavuuden-talo\/wp-content\/uploads\/sites\/28\/2026\/01\/mp16308011-hypoglycemic-diabetic-patient-testing-her-sugar-level-kopio-1024x682.jpg\" alt=\"Hypoglycemic diabetic patient testing her blood for sugar level at home; low blood sugar. Medical process, self-diagnose, common metabolic, widespread and modern epidemic disease concept.\" class=\"wp-image-12366\" srcset=\"https:\/\/sites.uef.fi\/vaikuttavuuden-talo\/wp-content\/uploads\/sites\/28\/2026\/01\/mp16308011-hypoglycemic-diabetic-patient-testing-her-sugar-level-kopio-1024x682.jpg 1024w, https:\/\/sites.uef.fi\/vaikuttavuuden-talo\/wp-content\/uploads\/sites\/28\/2026\/01\/mp16308011-hypoglycemic-diabetic-patient-testing-her-sugar-level-kopio-300x200.jpg 300w, https:\/\/sites.uef.fi\/vaikuttavuuden-talo\/wp-content\/uploads\/sites\/28\/2026\/01\/mp16308011-hypoglycemic-diabetic-patient-testing-her-sugar-level-kopio-768x512.jpg 768w, https:\/\/sites.uef.fi\/vaikuttavuuden-talo\/wp-content\/uploads\/sites\/28\/2026\/01\/mp16308011-hypoglycemic-diabetic-patient-testing-her-sugar-level-kopio-1536x1024.jpg 1536w, https:\/\/sites.uef.fi\/vaikuttavuuden-talo\/wp-content\/uploads\/sites\/28\/2026\/01\/mp16308011-hypoglycemic-diabetic-patient-testing-her-sugar-level-kopio.jpg 2000w\" sizes=\"auto, (max-width: 1024px) 100vw, 1024px\" \/><\/figure>\n\n\n\n<h2 class=\"wp-block-heading\">Pelkk\u00e4 verensokeriarvojen seuraaminen ei riit\u00e4 tyypin 2 diabeteksen hoidossa. Elintapoihin ja erityisesti painonhallintaan tulisi panostaa nykyist\u00e4 vahvemmin. Se voisi lis\u00e4t\u00e4 terveit\u00e4 elinvuosia sek\u00e4 v\u00e4hent\u00e4\u00e4 terveydenhuollolle aiheutuvia kustannuksia.<\/h2>\n\n\n\n<p>Suomessa tyypin 2 diabeteksen hoito on pitk\u00e4\u00e4n keskittynyt ensisijaisesti verensokeriarvojen seurantaan ja viime aikoina my\u00f6s LDL-kolesterolin hoitoon, sanoo l\u00e4\u00e4k\u00e4ri ja It\u00e4-Suomen yliopiston terveyden edist\u00e4misen professori <strong>Tiina Laatikainen<\/strong>.<\/p>\n\n\n\n<p>Samalla monet muut liit\u00e4nn\u00e4issairauksien riski\u00e4 lis\u00e4\u00e4v\u00e4t tekij\u00e4t ovat j\u00e4\u00e4neet v\u00e4hemm\u00e4lle huomiolle.<\/p>\n\n\n\n<p>Korkean verensokeri- ja LDL-kolesterolitason lis\u00e4ksi keskeisi\u00e4 riskitekij\u00f6it\u00e4 ovat kohonnut verenpaine, ylipaino, tupakointi ja v\u00e4h\u00e4inen liikunta. Jos n\u00e4ihin seikkoihin ei puututa hoidossa riitt\u00e4v\u00e4sti, potilaan el\u00e4m\u00e4nlaatu heikkenee, toimintakyky laskee ja riski liit\u00e4nn\u00e4issairauksiin kasvaa.<\/p>\n\n\n\n<p>Tyypin 2 diabeteksen yleisimm\u00e4t liit\u00e4nn\u00e4issairaudet liittyv\u00e4t munuaisiin, silmiin, hermostoon sek\u00e4 syd\u00e4meen ja verisuoniin. Ne voivat pahimmillaan johtaa esimerkiksi n\u00e4\u00f6n menetykseen, munuaisten vajaatoimintaan tai jopa ennenaikaiseen kuolemaan.<\/p>\n\n\n\n<p>Tiina Laatikaisen mukaan erityisesti painonhallintaan tarvitaan nykyist\u00e4 parempaa ja pitk\u00e4j\u00e4nteisemp\u00e4\u00e4 tukea.<\/p>\n\n\n\n<p>\u201dTutkimuksissamme olemme havainneet, ett\u00e4 Suomessa diabeteksen elintapahoitoon pit\u00e4isi panostaa huomattavasti nykyist\u00e4 enemm\u00e4n.\u201d<\/p>\n\n\n\n<h3 class=\"wp-block-heading\">Hoitotasapaino on kunnossa vain joka kymmenennell\u00e4<\/h3>\n\n\n\n<p>Laatikainen tutkii pitk\u00e4aikaissairauksia sairastavien potilaiden hoidon laatua, vaikuttavuutta ja kustannusvaikuttavuutta. Kohderyhm\u00e4n\u00e4 ovat olleet erityisesti tyypin 2 diabetesta sairastavat.<\/p>\n\n\n\n<p>Laatikaisen tutkimusryhm\u00e4 on analysoinut viitt\u00e4 keskeist\u00e4 riskitekij\u00e4\u00e4, jotka aiheuttavat liit\u00e4nn\u00e4issairauksia tyypin 2 diabetesta sairastaville: verensokeria, LDL-kolesterolia, verenpainetta, painoindeksi\u00e4 ja tupakointia. Tutkimuksessa selvisi, ett\u00e4 vain hieman yli kymmenen prosenttia tyypin 2 diabetesta sairastavista on saavuttanut kaikki hoitotavoitteensa.<\/p>\n\n\n\n<p>Lis\u00e4ksi tutkituista 57 prosentilla on v\u00e4hint\u00e4\u00e4n kaksi riskitekij\u00e4\u00e4, jotka eiv\u00e4t ole hoitotasapainossa tai suositelluissa arvoissa. Yleisimmin kyse on ylipainosta, mutta usein my\u00f6s verenpaine ja verensokeri ovat koholla, Laatikainen kertoo.<\/p>\n\n\n\n<p>Vaikka Suomessa on kansainv\u00e4lisestikin korkeatasoinen diabeteksen hoidon laaturekisteri, siihen kirjataan vain verensokeri- ja LDL-kolesteroliarvoja. Tietoja esimerkiksi painosta, verenpaineesta tai tupakoinnista ei systemaattisesti pystyt\u00e4 viel\u00e4 ker\u00e4\u00e4m\u00e4\u00e4n, mik\u00e4 vaikeuttaa elintapahoidon tutkimista ja kehitt\u00e4mist\u00e4.<\/p>\n\n\n\n<p>Laatikainen on tehnyt tutkimusta Siun Soten eli Pohjois-Karjalan hyvinvointialueen alueella, jossa tilastot ovat kansallisia tilastoja kattavammat. Niiden avulla on voitu tarkastella aiempaa kokonaisvaltaisemmin sit\u00e4, miten eri riskitekij\u00e4t kasautuvat samoille potilaille.<\/p>\n\n\n\n<p>\u201dOlemme pystyneet ensimm\u00e4ist\u00e4 kertaa arvioimaan diabetesta sairastavien kokonaisriski\u00e4 ja hoidon toteutumista useiden riskitekij\u00f6iden n\u00e4k\u00f6kulmasta\u201d, Laatikainen kertoo.<\/p>\n\n\n\n<h3 class=\"wp-block-heading\">Ylipaino vaikeuttaa kokonaishoitoa<\/h3>\n\n\n\n<p>Laatikaisen mukaan verensokerin hoito on Suomessa kansainv\u00e4lisesti hyv\u00e4ll\u00e4 tasolla, ja my\u00f6s LDL-kolesterolin hallinta on parantunut selv\u00e4sti viime vuosina. Sen sijaan elintapahoito on edelleen puutteellista.<\/p>\n\n\n\n<p>Esimerkiksi korkea verenpaine on yksi liit\u00e4nn\u00e4issairauksia aiheuttavista riskitekij\u00f6ist\u00e4, ja sen hoito ei Laatikaisen mukaan ole nyt riitt\u00e4v\u00e4\u00e4. Moni tyypin 2 diabetesta sairastava on ylipainoinen, ja ylipaino my\u00f6s nostaa verenpainetta. Korkea verenpaine taas lis\u00e4\u00e4 syd\u00e4n- ja verisuonitautien riski\u00e4. Ylipaino pit\u00e4\u00e4 koholla my\u00f6s verensokeriarvoja.<\/p>\n\n\n\n<p>\u201cMerkitt\u00e4v\u00e4 ylipaino tyypin 2 diabetesta sairastavilla vaikeuttaa kaiken muun hoidon toteutumista\u201d, Laatikainen sanoo.<\/p>\n\n\n\n<p>Painonhallinta ja painonpudotus ovat h\u00e4nen mukaansa kuitenkin usein eritt\u00e4in haastavia tyypin 2 diabetesta sairastaville. Niihin pit\u00e4isi saada nykyist\u00e4 parempaa tukea, sill\u00e4 niill\u00e4 on ratkaiseva merkitys sairauden kokonaishoidossa.<\/p>\n\n\n\n<h3 class=\"wp-block-heading\">Kokonaisvaltainen hoito lis\u00e4\u00e4 el\u00e4m\u00e4nlaatua ja v\u00e4hent\u00e4\u00e4 kustannuksia<\/h3>\n\n\n\n<p>Tutkimusaineisto osoittaa, ett\u00e4 ylipaino on yh\u00e4 useammin my\u00f6s nuorempien, alle 45-vuotiaiden ongelma. Suomessa erityisesti ty\u00f6ik\u00e4isten naisten lihavuus on lis\u00e4\u00e4ntynyt merkitt\u00e4v\u00e4sti. Koska yh\u00e4 nuoremmat ovat ylipainoisia, diabetes puhkeaa yh\u00e4 nuoremmille. Se on huolestuttavaa, Laatikainen sanoo.<\/p>\n\n\n\n<p>\u201dDiabetes on vakava sairaus, joka heikent\u00e4\u00e4 ty\u00f6kyky\u00e4 ja lis\u00e4\u00e4 muuta sairastavuutta. Mit\u00e4 sairaus kest\u00e4\u00e4, sit\u00e4 vaikeammaksi se usein muuttuu. Nuorena sairastuminen tarkoittaa pidemp\u00e4\u00e4 ja usein my\u00f6s vaikeampaa sairautta.\u201d<\/p>\n\n\n\n<p>Nuorena kertynyt ylipaino ja diabetekseen sairastuminen lis\u00e4\u00e4v\u00e4t terveydenhuollon suoria mutta my\u00f6s v\u00e4lillisi\u00e4 kustannuksia, jotka liittyv\u00e4t esimerkiksi sairauspoissaoloihin ja ty\u00f6kyvytt\u00f6myyteen.<\/p>\n\n\n\n<p>Terveydenhuollon kustannukset ovat merkitt\u00e4v\u00e4sti normaalipainoisia suuremmat henkil\u00f6ill\u00e4, joilla on ylipainoa tai lihavuutta, Laatikainen sanoo. H\u00e4n on tutkinut aihetta aikaisemmin toisen tutkimusryhm\u00e4n kanssa.<\/p>\n\n\n\n<h3 class=\"wp-block-heading\">Varhainen tunnistaminen on ratkaisevaa<\/h3>\n\n\n\n<p>Jos tyypin 2 diabeteksen hoito olisi nykyist\u00e4 kokonaisvaltaisempaa ja painonhallintaan tarjottaisiin enemm\u00e4n tukea, terveydenhuollon kuormitus v\u00e4henisi merkitt\u00e4v\u00e4sti, Laatikainen arvioi. Kuormitusta v\u00e4hent\u00e4isi my\u00f6s se, jos sairauteen puututtaisiin nykyist\u00e4 varhaisemmassa vaiheessa. Nykyisin pystyt\u00e4\u00e4n jo tunnistamaan henkil\u00f6it\u00e4, joilla on kohonnut riski sairastua tyypin 2 diabetekseen.<\/p>\n\n\n\n<p>\u201dVarhaisella puuttumisella voisimme ehk\u00e4ist\u00e4 sairauden puhkeamista ja etenemist\u00e4 nykyist\u00e4 paremmin. Mit\u00e4 aikaisemmin diabetes todetaan, sit\u00e4 paremmat mahdollisuudet potilaalla on saavuttaa hyv\u00e4 hoitotasapaino.\u201d<\/p>\n\n\n\n<p>Jos tyypin 2 diabetes havaitaan ajoissa ja hoito aloitetaan kokonaisvaltaisesti, voi potilas joissakin tapauksissa jopa p\u00e4\u00e4st\u00e4 sairaudesta kokonaan eroon. Ennaltaehk\u00e4isev\u00e4st\u00e4 ty\u00f6st\u00e4 ja varhaisesta puuttumisesta ei Laatikaisen mukaan tulisi terveydenhuollossa leikata.<\/p>\n\n\n\n<p>\u201dEnnaltaehk\u00e4isyst\u00e4 s\u00e4\u00e4st\u00e4minen voi tuntua lyhyell\u00e4 aikav\u00e4lill\u00e4 helpolta ratkaisulta, mutta pitk\u00e4ll\u00e4 aikav\u00e4lill\u00e4 sill\u00e4 on pitk\u00e4aikaisia seurauksia sek\u00e4 yksil\u00f6ille ett\u00e4 koko yhteiskunnalle.\u201d<\/p>\n\n\n\n<div class=\"person-card\">\n    \n                    <a href=\"https:\/\/uefconnect.uef.fi\/tiina.laatikainen\/\" class=\"person-card-link hover-scale-down\">\n                            <div class=\"person-card-item\">\n                    <div class=\"person-card-column-left\">\n                                                    <img decoding=\"async\" class=\"person-card-image\" src=\"https:\/\/sites.uef.fi\/vaikuttavuuden-talo\/wp-content\/uploads\/sites\/28\/2026\/01\/Tiina-Laatikainen-1.jpg\" alt=\"Tiina Laatikainen.\" \/>\n                                            <\/div>\n\n                    <div class=\"person-card-column-right\">\n                                                <p class=\"person-card-name\">Tiina Laatikainen<\/p>\n                        \n                                                <p class=\"person-card-position\">Professori<\/p>\n                        \n                        \n                        \n                                                    <div>\n\t\t\t\t\t\t\t<svg xmlns=\"http:\/\/www.w3.org\/2000\/svg\" height=\"25px\" viewBox=\"0 -960 960 960\" width=\"24px\" ><path fill=\"currentColor\" d=\"M200-120q-33 0-56.5-23.5T120-200v-560q0-33 23.5-56.5T200-840h280v80H200v560h560v-280h80v280q0 33-23.5 56.5T760-120H200Zm188-212-56-56 372-372H560v-80h280v280h-80v-144L388-332Z\"\/><\/svg>\t\t\t\t\t\t\t<\/div>\n                                            <\/div>\n                <\/div>\n                            <\/a>\n                            <\/div>\n","protected":false},"excerpt":{"rendered":"<p>Pelkk\u00e4 verensokeriarvojen seuraaminen ei riit\u00e4 tyypin 2 diabeteksen hoidossa. Elintapoihin ja erityisesti painonhallintaan tulisi panostaa nykyist\u00e4 vahvemmin. Se voisi lis\u00e4t\u00e4 terveit\u00e4 elinvuosia sek\u00e4 v\u00e4hent\u00e4\u00e4 terveydenhuollolle aiheutuvia kustannuksia. Suomessa tyypin 2 diabeteksen hoito on pitk\u00e4\u00e4n keskittynyt ensisijaisesti verensokeriarvojen seurantaan ja viime aikoina my\u00f6s LDL-kolesterolin hoitoon, sanoo l\u00e4\u00e4k\u00e4ri ja It\u00e4-Suomen yliopiston terveyden edist\u00e4misen professori Tiina Laatikainen. Samalla [&hellip;]<\/p>\n","protected":false},"author":44,"featured_media":0,"parent":0,"menu_order":0,"comment_status":"closed","ping_status":"closed","template":"","meta":{"_acf_changed":false,"_monsterinsights_skip_tracking":false,"_monsterinsights_sitenote_active":false,"_monsterinsights_sitenote_note":"","_monsterinsights_sitenote_category":0,"footnotes":""},"class_list":["post-12362","page","type-page","status-publish","hentry"],"acf":[],"yoast_head":"<!-- This site is optimized with the Yoast SEO plugin v27.1.1 - https:\/\/yoast.com\/product\/yoast-seo-wordpress\/ -->\n<title>Tyypin 2 diabetesta sairastavat tarvitsevat nykyist\u00e4 parempaa tukea painonhallintaan \u2013 yh\u00e4 useampi suomalainen lihoo ja sairastuu nuorena - Vaikuttavuuden talo<\/title>\n<meta name=\"robots\" content=\"index, follow, max-snippet:-1, max-image-preview:large, max-video-preview:-1\" \/>\n<link rel=\"canonical\" href=\"https:\/\/sites.uef.fi\/vaikuttavuuden-talo\/tyypin-2-diabetesta-sairastavat-tarvitsevat-nykyista-parempaa-tukea-painonhallintaan-yha-useampi-suomalainen-lihoo-ja-sairastuu-nuorena\/\" \/>\n<meta property=\"og:locale\" content=\"fi_FI\" \/>\n<meta property=\"og:type\" content=\"article\" \/>\n<meta property=\"og:title\" content=\"Tyypin 2 diabetesta sairastavat tarvitsevat nykyist\u00e4 parempaa tukea painonhallintaan \u2013 yh\u00e4 useampi suomalainen lihoo ja sairastuu nuorena - Vaikuttavuuden talo\" \/>\n<meta property=\"og:description\" content=\"Pelkk\u00e4 verensokeriarvojen seuraaminen ei riit\u00e4 tyypin 2 diabeteksen hoidossa. Elintapoihin ja erityisesti painonhallintaan tulisi panostaa nykyist\u00e4 vahvemmin. Se voisi lis\u00e4t\u00e4 terveit\u00e4 elinvuosia sek\u00e4 v\u00e4hent\u00e4\u00e4 terveydenhuollolle aiheutuvia kustannuksia. Suomessa tyypin 2 diabeteksen hoito on pitk\u00e4\u00e4n keskittynyt ensisijaisesti verensokeriarvojen seurantaan ja viime aikoina my\u00f6s LDL-kolesterolin hoitoon, sanoo l\u00e4\u00e4k\u00e4ri ja It\u00e4-Suomen yliopiston terveyden edist\u00e4misen professori Tiina Laatikainen. Samalla [&hellip;]\" \/>\n<meta property=\"og:url\" content=\"https:\/\/sites.uef.fi\/vaikuttavuuden-talo\/tyypin-2-diabetesta-sairastavat-tarvitsevat-nykyista-parempaa-tukea-painonhallintaan-yha-useampi-suomalainen-lihoo-ja-sairastuu-nuorena\/\" \/>\n<meta property=\"og:site_name\" content=\"Vaikuttavuuden talo\" \/>\n<meta property=\"article:modified_time\" content=\"2026-01-28T07:54:59+00:00\" \/>\n<meta property=\"og:image\" content=\"https:\/\/sites.uef.fi\/vaikuttavuuden-talo\/wp-content\/uploads\/sites\/28\/2026\/01\/mp16308011-hypoglycemic-diabetic-patient-testing-her-sugar-level-kopio.jpg\" \/>\n\t<meta property=\"og:image:width\" content=\"2000\" \/>\n\t<meta property=\"og:image:height\" content=\"1333\" \/>\n\t<meta property=\"og:image:type\" content=\"image\/jpeg\" \/>\n<meta name=\"twitter:card\" content=\"summary_large_image\" \/>\n<meta name=\"twitter:label1\" content=\"Arvioitu lukuaika\" \/>\n\t<meta name=\"twitter:data1\" content=\"5 minuuttia\" \/>\n<script type=\"application\/ld+json\" class=\"yoast-schema-graph\">{\"@context\":\"https:\/\/schema.org\",\"@graph\":[{\"@type\":\"WebPage\",\"@id\":\"https:\/\/sites.uef.fi\/vaikuttavuuden-talo\/tyypin-2-diabetesta-sairastavat-tarvitsevat-nykyista-parempaa-tukea-painonhallintaan-yha-useampi-suomalainen-lihoo-ja-sairastuu-nuorena\/\",\"url\":\"https:\/\/sites.uef.fi\/vaikuttavuuden-talo\/tyypin-2-diabetesta-sairastavat-tarvitsevat-nykyista-parempaa-tukea-painonhallintaan-yha-useampi-suomalainen-lihoo-ja-sairastuu-nuorena\/\",\"name\":\"Tyypin 2 diabetesta sairastavat tarvitsevat nykyist\u00e4 parempaa tukea painonhallintaan \u2013 yh\u00e4 useampi suomalainen lihoo ja sairastuu nuorena - Vaikuttavuuden talo\",\"isPartOf\":{\"@id\":\"https:\/\/sites.uef.fi\/vaikuttavuuden-talo\/#website\"},\"primaryImageOfPage\":{\"@id\":\"https:\/\/sites.uef.fi\/vaikuttavuuden-talo\/tyypin-2-diabetesta-sairastavat-tarvitsevat-nykyista-parempaa-tukea-painonhallintaan-yha-useampi-suomalainen-lihoo-ja-sairastuu-nuorena\/#primaryimage\"},\"image\":{\"@id\":\"https:\/\/sites.uef.fi\/vaikuttavuuden-talo\/tyypin-2-diabetesta-sairastavat-tarvitsevat-nykyista-parempaa-tukea-painonhallintaan-yha-useampi-suomalainen-lihoo-ja-sairastuu-nuorena\/#primaryimage\"},\"thumbnailUrl\":\"https:\/\/sites.uef.fi\/vaikuttavuuden-talo\/wp-content\/uploads\/sites\/28\/2026\/01\/mp16308011-hypoglycemic-diabetic-patient-testing-her-sugar-level-kopio-1024x682.jpg\",\"datePublished\":\"2026-01-22T13:52:43+00:00\",\"dateModified\":\"2026-01-28T07:54:59+00:00\",\"breadcrumb\":{\"@id\":\"https:\/\/sites.uef.fi\/vaikuttavuuden-talo\/tyypin-2-diabetesta-sairastavat-tarvitsevat-nykyista-parempaa-tukea-painonhallintaan-yha-useampi-suomalainen-lihoo-ja-sairastuu-nuorena\/#breadcrumb\"},\"inLanguage\":\"fi\",\"potentialAction\":[{\"@type\":\"ReadAction\",\"target\":[\"https:\/\/sites.uef.fi\/vaikuttavuuden-talo\/tyypin-2-diabetesta-sairastavat-tarvitsevat-nykyista-parempaa-tukea-painonhallintaan-yha-useampi-suomalainen-lihoo-ja-sairastuu-nuorena\/\"]}]},{\"@type\":\"ImageObject\",\"inLanguage\":\"fi\",\"@id\":\"https:\/\/sites.uef.fi\/vaikuttavuuden-talo\/tyypin-2-diabetesta-sairastavat-tarvitsevat-nykyista-parempaa-tukea-painonhallintaan-yha-useampi-suomalainen-lihoo-ja-sairastuu-nuorena\/#primaryimage\",\"url\":\"https:\/\/sites.uef.fi\/vaikuttavuuden-talo\/wp-content\/uploads\/sites\/28\/2026\/01\/mp16308011-hypoglycemic-diabetic-patient-testing-her-sugar-level-kopio.jpg\",\"contentUrl\":\"https:\/\/sites.uef.fi\/vaikuttavuuden-talo\/wp-content\/uploads\/sites\/28\/2026\/01\/mp16308011-hypoglycemic-diabetic-patient-testing-her-sugar-level-kopio.jpg\",\"width\":2000,\"height\":1333,\"caption\":\"Hypoglycemic diabetic patient testing her blood for sugar level at home; low blood sugar. Medical process, self-diagnose, common metabolic, widespread and modern epidemic disease concept.\"},{\"@type\":\"BreadcrumbList\",\"@id\":\"https:\/\/sites.uef.fi\/vaikuttavuuden-talo\/tyypin-2-diabetesta-sairastavat-tarvitsevat-nykyista-parempaa-tukea-painonhallintaan-yha-useampi-suomalainen-lihoo-ja-sairastuu-nuorena\/#breadcrumb\",\"itemListElement\":[{\"@type\":\"ListItem\",\"position\":1,\"name\":\"Home\",\"item\":\"https:\/\/sites.uef.fi\/vaikuttavuuden-talo\/\"},{\"@type\":\"ListItem\",\"position\":2,\"name\":\"Tyypin 2 diabetesta sairastavat tarvitsevat nykyist\u00e4 parempaa tukea painonhallintaan \u2013 yh\u00e4 useampi suomalainen lihoo ja sairastuu nuorena\"}]},{\"@type\":\"WebSite\",\"@id\":\"https:\/\/sites.uef.fi\/vaikuttavuuden-talo\/#website\",\"url\":\"https:\/\/sites.uef.fi\/vaikuttavuuden-talo\/\",\"name\":\"Vaikuttavuuden talo\",\"description\":\"\",\"potentialAction\":[{\"@type\":\"SearchAction\",\"target\":{\"@type\":\"EntryPoint\",\"urlTemplate\":\"https:\/\/sites.uef.fi\/vaikuttavuuden-talo\/?s={search_term_string}\"},\"query-input\":{\"@type\":\"PropertyValueSpecification\",\"valueRequired\":true,\"valueName\":\"search_term_string\"}}],\"inLanguage\":\"fi\"}]}<\/script>\n<!-- \/ Yoast SEO plugin. -->","yoast_head_json":{"title":"Tyypin 2 diabetesta sairastavat tarvitsevat nykyist\u00e4 parempaa tukea painonhallintaan \u2013 yh\u00e4 useampi suomalainen lihoo ja sairastuu nuorena - Vaikuttavuuden talo","robots":{"index":"index","follow":"follow","max-snippet":"max-snippet:-1","max-image-preview":"max-image-preview:large","max-video-preview":"max-video-preview:-1"},"canonical":"https:\/\/sites.uef.fi\/vaikuttavuuden-talo\/tyypin-2-diabetesta-sairastavat-tarvitsevat-nykyista-parempaa-tukea-painonhallintaan-yha-useampi-suomalainen-lihoo-ja-sairastuu-nuorena\/","og_locale":"fi_FI","og_type":"article","og_title":"Tyypin 2 diabetesta sairastavat tarvitsevat nykyist\u00e4 parempaa tukea painonhallintaan \u2013 yh\u00e4 useampi suomalainen lihoo ja sairastuu nuorena - Vaikuttavuuden talo","og_description":"Pelkk\u00e4 verensokeriarvojen seuraaminen ei riit\u00e4 tyypin 2 diabeteksen hoidossa. Elintapoihin ja erityisesti painonhallintaan tulisi panostaa nykyist\u00e4 vahvemmin. Se voisi lis\u00e4t\u00e4 terveit\u00e4 elinvuosia sek\u00e4 v\u00e4hent\u00e4\u00e4 terveydenhuollolle aiheutuvia kustannuksia. Suomessa tyypin 2 diabeteksen hoito on pitk\u00e4\u00e4n keskittynyt ensisijaisesti verensokeriarvojen seurantaan ja viime aikoina my\u00f6s LDL-kolesterolin hoitoon, sanoo l\u00e4\u00e4k\u00e4ri ja It\u00e4-Suomen yliopiston terveyden edist\u00e4misen professori Tiina Laatikainen. Samalla [&hellip;]","og_url":"https:\/\/sites.uef.fi\/vaikuttavuuden-talo\/tyypin-2-diabetesta-sairastavat-tarvitsevat-nykyista-parempaa-tukea-painonhallintaan-yha-useampi-suomalainen-lihoo-ja-sairastuu-nuorena\/","og_site_name":"Vaikuttavuuden talo","article_modified_time":"2026-01-28T07:54:59+00:00","og_image":[{"width":2000,"height":1333,"url":"https:\/\/sites.uef.fi\/vaikuttavuuden-talo\/wp-content\/uploads\/sites\/28\/2026\/01\/mp16308011-hypoglycemic-diabetic-patient-testing-her-sugar-level-kopio.jpg","type":"image\/jpeg"}],"twitter_card":"summary_large_image","twitter_misc":{"Arvioitu lukuaika":"5 minuuttia"},"schema":{"@context":"https:\/\/schema.org","@graph":[{"@type":"WebPage","@id":"https:\/\/sites.uef.fi\/vaikuttavuuden-talo\/tyypin-2-diabetesta-sairastavat-tarvitsevat-nykyista-parempaa-tukea-painonhallintaan-yha-useampi-suomalainen-lihoo-ja-sairastuu-nuorena\/","url":"https:\/\/sites.uef.fi\/vaikuttavuuden-talo\/tyypin-2-diabetesta-sairastavat-tarvitsevat-nykyista-parempaa-tukea-painonhallintaan-yha-useampi-suomalainen-lihoo-ja-sairastuu-nuorena\/","name":"Tyypin 2 diabetesta sairastavat tarvitsevat nykyist\u00e4 parempaa tukea painonhallintaan \u2013 yh\u00e4 useampi suomalainen lihoo ja sairastuu nuorena - Vaikuttavuuden talo","isPartOf":{"@id":"https:\/\/sites.uef.fi\/vaikuttavuuden-talo\/#website"},"primaryImageOfPage":{"@id":"https:\/\/sites.uef.fi\/vaikuttavuuden-talo\/tyypin-2-diabetesta-sairastavat-tarvitsevat-nykyista-parempaa-tukea-painonhallintaan-yha-useampi-suomalainen-lihoo-ja-sairastuu-nuorena\/#primaryimage"},"image":{"@id":"https:\/\/sites.uef.fi\/vaikuttavuuden-talo\/tyypin-2-diabetesta-sairastavat-tarvitsevat-nykyista-parempaa-tukea-painonhallintaan-yha-useampi-suomalainen-lihoo-ja-sairastuu-nuorena\/#primaryimage"},"thumbnailUrl":"https:\/\/sites.uef.fi\/vaikuttavuuden-talo\/wp-content\/uploads\/sites\/28\/2026\/01\/mp16308011-hypoglycemic-diabetic-patient-testing-her-sugar-level-kopio-1024x682.jpg","datePublished":"2026-01-22T13:52:43+00:00","dateModified":"2026-01-28T07:54:59+00:00","breadcrumb":{"@id":"https:\/\/sites.uef.fi\/vaikuttavuuden-talo\/tyypin-2-diabetesta-sairastavat-tarvitsevat-nykyista-parempaa-tukea-painonhallintaan-yha-useampi-suomalainen-lihoo-ja-sairastuu-nuorena\/#breadcrumb"},"inLanguage":"fi","potentialAction":[{"@type":"ReadAction","target":["https:\/\/sites.uef.fi\/vaikuttavuuden-talo\/tyypin-2-diabetesta-sairastavat-tarvitsevat-nykyista-parempaa-tukea-painonhallintaan-yha-useampi-suomalainen-lihoo-ja-sairastuu-nuorena\/"]}]},{"@type":"ImageObject","inLanguage":"fi","@id":"https:\/\/sites.uef.fi\/vaikuttavuuden-talo\/tyypin-2-diabetesta-sairastavat-tarvitsevat-nykyista-parempaa-tukea-painonhallintaan-yha-useampi-suomalainen-lihoo-ja-sairastuu-nuorena\/#primaryimage","url":"https:\/\/sites.uef.fi\/vaikuttavuuden-talo\/wp-content\/uploads\/sites\/28\/2026\/01\/mp16308011-hypoglycemic-diabetic-patient-testing-her-sugar-level-kopio.jpg","contentUrl":"https:\/\/sites.uef.fi\/vaikuttavuuden-talo\/wp-content\/uploads\/sites\/28\/2026\/01\/mp16308011-hypoglycemic-diabetic-patient-testing-her-sugar-level-kopio.jpg","width":2000,"height":1333,"caption":"Hypoglycemic diabetic patient testing her blood for sugar level at home; low blood sugar. Medical process, self-diagnose, common metabolic, widespread and modern epidemic disease concept."},{"@type":"BreadcrumbList","@id":"https:\/\/sites.uef.fi\/vaikuttavuuden-talo\/tyypin-2-diabetesta-sairastavat-tarvitsevat-nykyista-parempaa-tukea-painonhallintaan-yha-useampi-suomalainen-lihoo-ja-sairastuu-nuorena\/#breadcrumb","itemListElement":[{"@type":"ListItem","position":1,"name":"Home","item":"https:\/\/sites.uef.fi\/vaikuttavuuden-talo\/"},{"@type":"ListItem","position":2,"name":"Tyypin 2 diabetesta sairastavat tarvitsevat nykyist\u00e4 parempaa tukea painonhallintaan \u2013 yh\u00e4 useampi suomalainen lihoo ja sairastuu nuorena"}]},{"@type":"WebSite","@id":"https:\/\/sites.uef.fi\/vaikuttavuuden-talo\/#website","url":"https:\/\/sites.uef.fi\/vaikuttavuuden-talo\/","name":"Vaikuttavuuden talo","description":"","potentialAction":[{"@type":"SearchAction","target":{"@type":"EntryPoint","urlTemplate":"https:\/\/sites.uef.fi\/vaikuttavuuden-talo\/?s={search_term_string}"},"query-input":{"@type":"PropertyValueSpecification","valueRequired":true,"valueName":"search_term_string"}}],"inLanguage":"fi"}]}},"_links":{"self":[{"href":"https:\/\/sites.uef.fi\/vaikuttavuuden-talo\/wp-json\/wp\/v2\/pages\/12362","targetHints":{"allow":["GET"]}}],"collection":[{"href":"https:\/\/sites.uef.fi\/vaikuttavuuden-talo\/wp-json\/wp\/v2\/pages"}],"about":[{"href":"https:\/\/sites.uef.fi\/vaikuttavuuden-talo\/wp-json\/wp\/v2\/types\/page"}],"author":[{"embeddable":true,"href":"https:\/\/sites.uef.fi\/vaikuttavuuden-talo\/wp-json\/wp\/v2\/users\/44"}],"replies":[{"embeddable":true,"href":"https:\/\/sites.uef.fi\/vaikuttavuuden-talo\/wp-json\/wp\/v2\/comments?post=12362"}],"version-history":[{"count":1,"href":"https:\/\/sites.uef.fi\/vaikuttavuuden-talo\/wp-json\/wp\/v2\/pages\/12362\/revisions"}],"predecessor-version":[{"id":12374,"href":"https:\/\/sites.uef.fi\/vaikuttavuuden-talo\/wp-json\/wp\/v2\/pages\/12362\/revisions\/12374"}],"wp:attachment":[{"href":"https:\/\/sites.uef.fi\/vaikuttavuuden-talo\/wp-json\/wp\/v2\/media?parent=12362"}],"curies":[{"name":"wp","href":"https:\/\/api.w.org\/{rel}","templated":true}]}}