{"id":13,"date":"2020-04-02T09:53:56","date_gmt":"2020-04-02T07:53:56","guid":{"rendered":"https:\/\/sites.uef.fi\/vaikuttavuuden-talo\/?page_id=13"},"modified":"2026-04-16T13:21:44","modified_gmt":"2026-04-16T11:21:44","slug":"etusivu","status":"publish","type":"page","link":"https:\/\/sites.uef.fi\/vaikuttavuuden-talo\/","title":{"rendered":"Tervetuloa Vaikuttavuuden taloon!"},"content":{"rendered":"\n<h1 class=\"wp-block-heading\">Tervetuloa Vaikuttavuuden taloon!<\/h1>\n\n\n\n<p>Vaikuttavuuden talo on tutkijoiden ja tutkimushankkeiden, yhteisty\u00f6kumppanien ja tutkimustietoa hy\u00f6dynt\u00e4vien tahojen keskustelu- ja kohtaamisfoorumi, joka edist\u00e4\u00e4 alan yhteisty\u00f6t\u00e4 ja verkostoitumista kansallisesti ja kansainv\u00e4lisesti. Verkosto kokoaa vaikuttavuuden tutkimustietoa hyvinvointiin ja terveyteen liittyvien palvelujen kehitt\u00e4misen ja p\u00e4\u00e4t\u00f6ksenteon sek\u00e4 sosiaali- ja terveyspalvelujen integraation tueksi.<\/p>\n\n\n\n\n\n<p><strong>Missio ja p\u00e4\u00e4teht\u00e4v\u00e4t:<\/strong><\/p>\n\n\n\n<ul class=\"wp-block-list\">\n<li>Edist\u00e4\u00e4 vaikuttavuuteen liittyv\u00e4\u00e4 tutkimustoimintaa ja yhteisty\u00f6t\u00e4 alan kansallisten ja kansainv\u00e4listen kumppaneiden kanssa<\/li>\n\n\n\n<li>Tuottaa tutkimukseen perustuvaa tietoa vaikuttavuudesta\n<ul class=\"wp-block-list\">\n<li>hyvinvointiin ja terveyteen liittyvien palvelujen kehitt\u00e4miseksi,<\/li>\n\n\n\n<li>hyvinvointiin ja terveyteen liittyv\u00e4n p\u00e4\u00e4t\u00f6ksenteon tueksi,<\/li>\n\n\n\n<li>sosiaali- ja terveyspalvelujen integraation tueksi.<\/li>\n<\/ul>\n<\/li>\n<\/ul>\n\n\n\n\n\n<div class=\"person-card\">\n        <h2>Vaikuttavuuden tutkimuksen p\u00e4iv\u00e4t<\/h2>\n    \n                    <a href=\"https:\/\/sites.uef.fi\/vaikuttavuuden-talo\/vaikuttavuuden-tutkimuksen-paivat\/\" class=\"person-card-link hover-scale-down\">\n                            <div class=\"person-card-item\">\n                    <div class=\"person-card-column-left\">\n                                                    <img decoding=\"async\" class=\"person-card-image\" src=\"https:\/\/sites.uef.fi\/vaikuttavuuden-talo\/wp-content\/uploads\/sites\/28\/2026\/01\/Vaikuttavuuden_talo_kuva_700x700pxl-kopio.jpg\" alt=\"kuvituskuva.\" \/>\n                                            <\/div>\n\n                    <div class=\"person-card-column-right\">\n                        \n                        \n                        \n                                                <p class=\"person-card-text\">Vaikuttavuuden talo j\u00e4rjest\u00e4\u00e4 vuosittain valtakunnalliset Vaikuttavuuden tutkimuksen p\u00e4iv\u00e4t, joka on monitieteinen keskustelufoorumi hyvinvointiin ja terveyteen liittyv\u00e4n vaikuttavuuden tutkijoille ja asiantuntijoille sek\u00e4 jokaiselle, joka tarvitsee ty\u00f6ss\u00e4\u00e4n uusinta tutkimustietoa vaikuttavuudesta. Vuoden 2026 Vaikuttavuuden tutkimuksen p\u00e4iv\u00e4t j\u00e4rjestet\u00e4\u00e4n 6.\u20137.10. Kuopiossa. <\/p>\n                        \n                                                    <div>\n\t\t\t\t\t\t\t<svg\n        width=\"43\" height=\"25\"\n        viewBox=\"0 0 43 25\"\n        xmlns=\"http:\/\/www.w3.org\/2000\/svg\">\n    <path\n        d=\"M30.027 0 43 12.5 30.027 25 27 22.083 34.351 15H0v-5h34.351L27 2.917z\"\n        fill=\"currentColor\"\n        fill-rule=\"evenodd\"\/>\n<\/svg>\t\t\t\t\t\t\t<\/div>\n                                            <\/div>\n                <\/div>\n                            <\/a>\n                            <\/div>\n\n\n\n<h2 class=\"wp-block-heading\">Ajankohtaista<\/h2>\n\n\n\n<h3 class=\"wp-block-heading\">Vaikuttavaa tutkimusta Vaikuttavuuden talo -tutkijaverkostosta<\/h3>\n\n\n    <div class=\"funders grid\">\n                        <a href=\"https:\/\/sites.uef.fi\/vaikuttavuuden-talo\/tietoa-kayttaen-kohti-tervetta-julkista-palvelua\/\" class=\"funders__link grid__item hover-scale-down\" title=\"Professori Harri Laihonen: Tietoa k\u00e4ytt\u00e4en kohti tervett\u00e4 julkista palvelua\">\n                            <div class=\"funders__image\">\n                    <img decoding=\"async\" src=\"https:\/\/sites.uef.fi\/vaikuttavuuden-talo\/wp-content\/uploads\/sites\/28\/2025\/11\/Harri_Laihonen.jpg\" alt=\"Harri Laihonen.\" \/>\n                <\/div>\n                                    <p class=\"funders__description\">Professori Harri Laihonen: Tietoa k\u00e4ytt\u00e4en kohti tervett\u00e4 julkista palvelua<\/p>\n                                                    <div class=\"funders__arrow\">\n                    <svg\n        width=\"43\" height=\"25\"\n        viewBox=\"0 0 43 25\"\n        xmlns=\"http:\/\/www.w3.org\/2000\/svg\">\n    <path\n        d=\"M30.027 0 43 12.5 30.027 25 27 22.083 34.351 15H0v-5h34.351L27 2.917z\"\n        fill=\"currentColor\"\n        fill-rule=\"evenodd\"\/>\n<\/svg>                    <\/div>\n                <\/a>\n                            \n                        <a href=\"https:\/\/sites.uef.fi\/vaikuttavuuden-talo\/hyvinvointia-datalla-ja-digilla-miten-tukea-haavoittuvassa-asemassa-olevia\/\" class=\"funders__link grid__item hover-scale-down\" title=\"PREWELL-hankkeen Tiina Ahonen ja Hanna Rekola tutkivat, miten digitaalisilla ratkaisuilla ja tarkemmalla hyvinvointidatalla voidaan lis\u00e4t\u00e4 ihmisten hyvinvointia.\">\n                            <div class=\"funders__image\">\n                    <img decoding=\"async\" src=\"https:\/\/sites.uef.fi\/vaikuttavuuden-talo\/wp-content\/uploads\/sites\/28\/2026\/01\/TiinajaHanna-scaled.jpg\" alt=\"Tiina Ahonen ja Hanna Rekola.\" \/>\n                <\/div>\n                                    <p class=\"funders__description\">PREWELL-hankkeen Tiina Ahonen ja Hanna Rekola tutkivat, miten digitaalisilla ratkaisuilla ja tarkemmalla hyvinvointidatalla voidaan lis\u00e4t\u00e4 ihmisten hyvinvointia.<\/p>\n                                                    <div class=\"funders__arrow\">\n                    <svg\n        width=\"43\" height=\"25\"\n        viewBox=\"0 0 43 25\"\n        xmlns=\"http:\/\/www.w3.org\/2000\/svg\">\n    <path\n        d=\"M30.027 0 43 12.5 30.027 25 27 22.083 34.351 15H0v-5h34.351L27 2.917z\"\n        fill=\"currentColor\"\n        fill-rule=\"evenodd\"\/>\n<\/svg>                    <\/div>\n                <\/a>\n                            \n                        <a href=\"https:\/\/sites.uef.fi\/vaikuttavuuden-talo\/tyypin-2-diabetesta-sairastavat-tarvitsevat-nykyista-parempaa-tukea-painonhallintaan-yha-useampi-suomalainen-lihoo-ja-sairastuu-nuorena\/\" class=\"funders__link grid__item hover-scale-down\" title=\"Professori Tiina Laatikainen: Tyypin 2 diabetesta sairastavat tarvitsevat nykyist\u00e4 parempaa tukea painonhallintaan \">\n                            <div class=\"funders__image\">\n                    <img decoding=\"async\" src=\"https:\/\/sites.uef.fi\/vaikuttavuuden-talo\/wp-content\/uploads\/sites\/28\/2026\/01\/Tiina-Laatikainen-1.jpg\" alt=\"Tiina Laatikainen.\" \/>\n                <\/div>\n                                    <p class=\"funders__description\">Professori Tiina Laatikainen: Tyypin 2 diabetesta sairastavat tarvitsevat nykyist\u00e4 parempaa tukea painonhallintaan <\/p>\n                                                    <div class=\"funders__arrow\">\n                    <svg\n        width=\"43\" height=\"25\"\n        viewBox=\"0 0 43 25\"\n        xmlns=\"http:\/\/www.w3.org\/2000\/svg\">\n    <path\n        d=\"M30.027 0 43 12.5 30.027 25 27 22.083 34.351 15H0v-5h34.351L27 2.917z\"\n        fill=\"currentColor\"\n        fill-rule=\"evenodd\"\/>\n<\/svg>                    <\/div>\n                <\/a>\n                            \n            <\/div>\n\n\n\n<div class=\"person-card\">\n        <h2>Suomen vaikuttavimmat aamukahvit<\/h2>\n    \n                    <a href=\"https:\/\/sites.uef.fi\/vaikuttavuuden-talo\/tag\/aamukahvit\/\" class=\"person-card-link hover-scale-down\">\n                            <div class=\"person-card-item\">\n                    <div class=\"person-card-column-left\">\n                                                    <img decoding=\"async\" class=\"person-card-image\" src=\"https:\/\/sites.uef.fi\/vaikuttavuuden-talo\/wp-content\/uploads\/sites\/28\/2026\/01\/2000pxl_mp66993382-drink-cafeteria-and-morning-with-cup-in-coffee-shop-for-kopio.jpg\" alt=\"Kuvituskuva.\" \/>\n                                            <\/div>\n\n                    <div class=\"person-card-column-right\">\n                        \n                        \n                        \n                                                <p class=\"person-card-text\">Suomen vaikuttavimmat aamukahvit pureutuu ajankohtaiseen vaikuttavuustutkimukseen. Seuraa tietoa tulevista aamukahveista t\u00e4\u00e4lt\u00e4.<\/p>\n                        \n                                                    <div>\n\t\t\t\t\t\t\t<svg\n        width=\"43\" height=\"25\"\n        viewBox=\"0 0 43 25\"\n        xmlns=\"http:\/\/www.w3.org\/2000\/svg\">\n    <path\n        d=\"M30.027 0 43 12.5 30.027 25 27 22.083 34.351 15H0v-5h34.351L27 2.917z\"\n        fill=\"currentColor\"\n        fill-rule=\"evenodd\"\/>\n<\/svg>\t\t\t\t\t\t\t<\/div>\n                                            <\/div>\n                <\/div>\n                            <\/a>\n                            <\/div>\n\n\n\n\n\n\n\n\n\n<figure class=\"wp-block-image aligncenter size-large\"><img loading=\"lazy\" decoding=\"async\" width=\"1024\" height=\"256\" src=\"https:\/\/sites.uef.fi\/vaikuttavuuden-talo\/wp-content\/uploads\/sites\/28\/2024\/11\/UEF_Vaikuttavuuden_Talo_Logo-02-1024x256.png\" alt=\"Vaikuttavuuden talon logo.\" class=\"wp-image-11356\" srcset=\"https:\/\/sites.uef.fi\/vaikuttavuuden-talo\/wp-content\/uploads\/sites\/28\/2024\/11\/UEF_Vaikuttavuuden_Talo_Logo-02-1024x256.png 1024w, https:\/\/sites.uef.fi\/vaikuttavuuden-talo\/wp-content\/uploads\/sites\/28\/2024\/11\/UEF_Vaikuttavuuden_Talo_Logo-02-300x75.png 300w, https:\/\/sites.uef.fi\/vaikuttavuuden-talo\/wp-content\/uploads\/sites\/28\/2024\/11\/UEF_Vaikuttavuuden_Talo_Logo-02-768x192.png 768w, https:\/\/sites.uef.fi\/vaikuttavuuden-talo\/wp-content\/uploads\/sites\/28\/2024\/11\/UEF_Vaikuttavuuden_Talo_Logo-02-1536x384.png 1536w, https:\/\/sites.uef.fi\/vaikuttavuuden-talo\/wp-content\/uploads\/sites\/28\/2024\/11\/UEF_Vaikuttavuuden_Talo_Logo-02-2048x512.png 2048w\" sizes=\"auto, (max-width: 1024px) 100vw, 1024px\" \/><\/figure>\n\n\n\n<p><strong>Seuraa Vaikuttavuuden taloa sosiaalisessa mediassa!<\/strong><\/p>\n\n\n\n<p><a href=\"https:\/\/www.linkedin.com\/groups\/9338204\">LinkedIn<\/a> #vaikuttavuus #kustannusvaikuttavuus #hyvinvoinninjaterveydenedistaminen #eriarvoisuus #interventio #sosiaalinenmarkkinointi #monimenetelmallisyys #strategiat #politiikkasuositukset #sosiaalinenmarkkinointi<\/p>\n","protected":false},"excerpt":{"rendered":"<p>Tervetuloa Vaikuttavuuden taloon! Vaikuttavuuden talo on tutkijoiden ja tutkimushankkeiden, yhteisty\u00f6kumppanien ja tutkimustietoa hy\u00f6dynt\u00e4vien tahojen keskustelu- ja kohtaamisfoorumi, joka edist\u00e4\u00e4 alan yhteisty\u00f6t\u00e4 ja verkostoitumista kansallisesti ja kansainv\u00e4lisesti. Verkosto kokoaa vaikuttavuuden tutkimustietoa hyvinvointiin ja terveyteen liittyvien palvelujen kehitt\u00e4misen ja p\u00e4\u00e4t\u00f6ksenteon sek\u00e4 sosiaali- ja terveyspalvelujen integraation tueksi. Missio ja p\u00e4\u00e4teht\u00e4v\u00e4t: Ajankohtaista Vaikuttavaa tutkimusta Vaikuttavuuden talo -tutkijaverkostosta Seuraa Vaikuttavuuden [&hellip;]<\/p>\n","protected":false},"author":2,"featured_media":0,"parent":0,"menu_order":0,"comment_status":"closed","ping_status":"closed","template":"","meta":{"_acf_changed":false,"_monsterinsights_skip_tracking":false,"_monsterinsights_sitenote_active":false,"_monsterinsights_sitenote_note":"","_monsterinsights_sitenote_category":0,"footnotes":""},"class_list":["post-13","page","type-page","status-publish","hentry"],"acf":[],"yoast_head":"<!-- This site is optimized with the Yoast SEO plugin v27.3 - https:\/\/yoast.com\/product\/yoast-seo-wordpress\/ -->\n<title>Tervetuloa Vaikuttavuuden taloon! - Vaikuttavuuden talo<\/title>\n<meta name=\"robots\" content=\"index, follow, max-snippet:-1, max-image-preview:large, max-video-preview:-1\" \/>\n<link rel=\"canonical\" href=\"https:\/\/sites.uef.fi\/vaikuttavuuden-talo\/\" \/>\n<meta property=\"og:locale\" content=\"fi_FI\" \/>\n<meta property=\"og:type\" content=\"article\" \/>\n<meta property=\"og:title\" content=\"Tervetuloa Vaikuttavuuden taloon! - Vaikuttavuuden talo\" \/>\n<meta property=\"og:description\" content=\"Tervetuloa Vaikuttavuuden taloon! Vaikuttavuuden talo on tutkijoiden ja tutkimushankkeiden, yhteisty\u00f6kumppanien ja tutkimustietoa hy\u00f6dynt\u00e4vien tahojen keskustelu- ja kohtaamisfoorumi, joka edist\u00e4\u00e4 alan yhteisty\u00f6t\u00e4 ja verkostoitumista kansallisesti ja kansainv\u00e4lisesti. Verkosto kokoaa vaikuttavuuden tutkimustietoa hyvinvointiin ja terveyteen liittyvien palvelujen kehitt\u00e4misen ja p\u00e4\u00e4t\u00f6ksenteon sek\u00e4 sosiaali- ja terveyspalvelujen integraation tueksi. Missio ja p\u00e4\u00e4teht\u00e4v\u00e4t: Ajankohtaista Vaikuttavaa tutkimusta Vaikuttavuuden talo -tutkijaverkostosta Seuraa Vaikuttavuuden [&hellip;]\" \/>\n<meta property=\"og:url\" content=\"https:\/\/sites.uef.fi\/vaikuttavuuden-talo\/\" \/>\n<meta property=\"og:site_name\" content=\"Vaikuttavuuden talo\" \/>\n<meta property=\"article:modified_time\" content=\"2026-04-16T11:21:44+00:00\" \/>\n<meta property=\"og:image\" content=\"https:\/\/sites.uef.fi\/vaikuttavuuden-talo\/wp-content\/uploads\/sites\/28\/2024\/11\/UEF_Vaikuttavuuden_Talo_Logo-02-1024x256.png\" \/>\n<meta name=\"twitter:card\" content=\"summary_large_image\" \/>\n<meta name=\"twitter:label1\" content=\"Arvioitu lukuaika\" \/>\n\t<meta name=\"twitter:data1\" content=\"2 minuuttia\" \/>\n<script type=\"application\/ld+json\" class=\"yoast-schema-graph\">{\"@context\":\"https:\\\/\\\/schema.org\",\"@graph\":[{\"@type\":\"WebPage\",\"@id\":\"https:\\\/\\\/sites.uef.fi\\\/vaikuttavuuden-talo\\\/\",\"url\":\"https:\\\/\\\/sites.uef.fi\\\/vaikuttavuuden-talo\\\/\",\"name\":\"Tervetuloa Vaikuttavuuden taloon! - Vaikuttavuuden talo\",\"isPartOf\":{\"@id\":\"https:\\\/\\\/sites.uef.fi\\\/vaikuttavuuden-talo\\\/#website\"},\"primaryImageOfPage\":{\"@id\":\"https:\\\/\\\/sites.uef.fi\\\/vaikuttavuuden-talo\\\/#primaryimage\"},\"image\":{\"@id\":\"https:\\\/\\\/sites.uef.fi\\\/vaikuttavuuden-talo\\\/#primaryimage\"},\"thumbnailUrl\":\"https:\\\/\\\/sites.uef.fi\\\/vaikuttavuuden-talo\\\/wp-content\\\/uploads\\\/sites\\\/28\\\/2024\\\/11\\\/UEF_Vaikuttavuuden_Talo_Logo-02-1024x256.png\",\"datePublished\":\"2020-04-02T07:53:56+00:00\",\"dateModified\":\"2026-04-16T11:21:44+00:00\",\"breadcrumb\":{\"@id\":\"https:\\\/\\\/sites.uef.fi\\\/vaikuttavuuden-talo\\\/#breadcrumb\"},\"inLanguage\":\"fi\",\"potentialAction\":[{\"@type\":\"ReadAction\",\"target\":[\"https:\\\/\\\/sites.uef.fi\\\/vaikuttavuuden-talo\\\/\"]}]},{\"@type\":\"ImageObject\",\"inLanguage\":\"fi\",\"@id\":\"https:\\\/\\\/sites.uef.fi\\\/vaikuttavuuden-talo\\\/#primaryimage\",\"url\":\"https:\\\/\\\/sites.uef.fi\\\/vaikuttavuuden-talo\\\/wp-content\\\/uploads\\\/sites\\\/28\\\/2024\\\/11\\\/UEF_Vaikuttavuuden_Talo_Logo-02.png\",\"contentUrl\":\"https:\\\/\\\/sites.uef.fi\\\/vaikuttavuuden-talo\\\/wp-content\\\/uploads\\\/sites\\\/28\\\/2024\\\/11\\\/UEF_Vaikuttavuuden_Talo_Logo-02.png\",\"width\":3334,\"height\":834,\"caption\":\"Vaikuttavuuden talon logo.\"},{\"@type\":\"BreadcrumbList\",\"@id\":\"https:\\\/\\\/sites.uef.fi\\\/vaikuttavuuden-talo\\\/#breadcrumb\",\"itemListElement\":[{\"@type\":\"ListItem\",\"position\":1,\"name\":\"Home\",\"item\":\"https:\\\/\\\/sites.uef.fi\\\/vaikuttavuuden-talo\\\/\"},{\"@type\":\"ListItem\",\"position\":2,\"name\":\"Tervetuloa Vaikuttavuuden taloon!\"}]},{\"@type\":\"WebSite\",\"@id\":\"https:\\\/\\\/sites.uef.fi\\\/vaikuttavuuden-talo\\\/#website\",\"url\":\"https:\\\/\\\/sites.uef.fi\\\/vaikuttavuuden-talo\\\/\",\"name\":\"Vaikuttavuuden talo\",\"description\":\"\",\"potentialAction\":[{\"@type\":\"SearchAction\",\"target\":{\"@type\":\"EntryPoint\",\"urlTemplate\":\"https:\\\/\\\/sites.uef.fi\\\/vaikuttavuuden-talo\\\/?s={search_term_string}\"},\"query-input\":{\"@type\":\"PropertyValueSpecification\",\"valueRequired\":true,\"valueName\":\"search_term_string\"}}],\"inLanguage\":\"fi\"}]}<\/script>\n<!-- \/ Yoast SEO plugin. -->","yoast_head_json":{"title":"Tervetuloa Vaikuttavuuden taloon! - Vaikuttavuuden talo","robots":{"index":"index","follow":"follow","max-snippet":"max-snippet:-1","max-image-preview":"max-image-preview:large","max-video-preview":"max-video-preview:-1"},"canonical":"https:\/\/sites.uef.fi\/vaikuttavuuden-talo\/","og_locale":"fi_FI","og_type":"article","og_title":"Tervetuloa Vaikuttavuuden taloon! - Vaikuttavuuden talo","og_description":"Tervetuloa Vaikuttavuuden taloon! Vaikuttavuuden talo on tutkijoiden ja tutkimushankkeiden, yhteisty\u00f6kumppanien ja tutkimustietoa hy\u00f6dynt\u00e4vien tahojen keskustelu- ja kohtaamisfoorumi, joka edist\u00e4\u00e4 alan yhteisty\u00f6t\u00e4 ja verkostoitumista kansallisesti ja kansainv\u00e4lisesti. Verkosto kokoaa vaikuttavuuden tutkimustietoa hyvinvointiin ja terveyteen liittyvien palvelujen kehitt\u00e4misen ja p\u00e4\u00e4t\u00f6ksenteon sek\u00e4 sosiaali- ja terveyspalvelujen integraation tueksi. Missio ja p\u00e4\u00e4teht\u00e4v\u00e4t: Ajankohtaista Vaikuttavaa tutkimusta Vaikuttavuuden talo -tutkijaverkostosta Seuraa Vaikuttavuuden [&hellip;]","og_url":"https:\/\/sites.uef.fi\/vaikuttavuuden-talo\/","og_site_name":"Vaikuttavuuden talo","article_modified_time":"2026-04-16T11:21:44+00:00","og_image":[{"url":"https:\/\/sites.uef.fi\/vaikuttavuuden-talo\/wp-content\/uploads\/sites\/28\/2024\/11\/UEF_Vaikuttavuuden_Talo_Logo-02-1024x256.png","type":"","width":"","height":""}],"twitter_card":"summary_large_image","twitter_misc":{"Arvioitu lukuaika":"2 minuuttia"},"schema":{"@context":"https:\/\/schema.org","@graph":[{"@type":"WebPage","@id":"https:\/\/sites.uef.fi\/vaikuttavuuden-talo\/","url":"https:\/\/sites.uef.fi\/vaikuttavuuden-talo\/","name":"Tervetuloa Vaikuttavuuden taloon! - Vaikuttavuuden talo","isPartOf":{"@id":"https:\/\/sites.uef.fi\/vaikuttavuuden-talo\/#website"},"primaryImageOfPage":{"@id":"https:\/\/sites.uef.fi\/vaikuttavuuden-talo\/#primaryimage"},"image":{"@id":"https:\/\/sites.uef.fi\/vaikuttavuuden-talo\/#primaryimage"},"thumbnailUrl":"https:\/\/sites.uef.fi\/vaikuttavuuden-talo\/wp-content\/uploads\/sites\/28\/2024\/11\/UEF_Vaikuttavuuden_Talo_Logo-02-1024x256.png","datePublished":"2020-04-02T07:53:56+00:00","dateModified":"2026-04-16T11:21:44+00:00","breadcrumb":{"@id":"https:\/\/sites.uef.fi\/vaikuttavuuden-talo\/#breadcrumb"},"inLanguage":"fi","potentialAction":[{"@type":"ReadAction","target":["https:\/\/sites.uef.fi\/vaikuttavuuden-talo\/"]}]},{"@type":"ImageObject","inLanguage":"fi","@id":"https:\/\/sites.uef.fi\/vaikuttavuuden-talo\/#primaryimage","url":"https:\/\/sites.uef.fi\/vaikuttavuuden-talo\/wp-content\/uploads\/sites\/28\/2024\/11\/UEF_Vaikuttavuuden_Talo_Logo-02.png","contentUrl":"https:\/\/sites.uef.fi\/vaikuttavuuden-talo\/wp-content\/uploads\/sites\/28\/2024\/11\/UEF_Vaikuttavuuden_Talo_Logo-02.png","width":3334,"height":834,"caption":"Vaikuttavuuden talon logo."},{"@type":"BreadcrumbList","@id":"https:\/\/sites.uef.fi\/vaikuttavuuden-talo\/#breadcrumb","itemListElement":[{"@type":"ListItem","position":1,"name":"Home","item":"https:\/\/sites.uef.fi\/vaikuttavuuden-talo\/"},{"@type":"ListItem","position":2,"name":"Tervetuloa Vaikuttavuuden taloon!"}]},{"@type":"WebSite","@id":"https:\/\/sites.uef.fi\/vaikuttavuuden-talo\/#website","url":"https:\/\/sites.uef.fi\/vaikuttavuuden-talo\/","name":"Vaikuttavuuden talo","description":"","potentialAction":[{"@type":"SearchAction","target":{"@type":"EntryPoint","urlTemplate":"https:\/\/sites.uef.fi\/vaikuttavuuden-talo\/?s={search_term_string}"},"query-input":{"@type":"PropertyValueSpecification","valueRequired":true,"valueName":"search_term_string"}}],"inLanguage":"fi"}]}},"_links":{"self":[{"href":"https:\/\/sites.uef.fi\/vaikuttavuuden-talo\/wp-json\/wp\/v2\/pages\/13","targetHints":{"allow":["GET"]}}],"collection":[{"href":"https:\/\/sites.uef.fi\/vaikuttavuuden-talo\/wp-json\/wp\/v2\/pages"}],"about":[{"href":"https:\/\/sites.uef.fi\/vaikuttavuuden-talo\/wp-json\/wp\/v2\/types\/page"}],"author":[{"embeddable":true,"href":"https:\/\/sites.uef.fi\/vaikuttavuuden-talo\/wp-json\/wp\/v2\/users\/2"}],"replies":[{"embeddable":true,"href":"https:\/\/sites.uef.fi\/vaikuttavuuden-talo\/wp-json\/wp\/v2\/comments?post=13"}],"version-history":[{"count":1,"href":"https:\/\/sites.uef.fi\/vaikuttavuuden-talo\/wp-json\/wp\/v2\/pages\/13\/revisions"}],"predecessor-version":[{"id":12621,"href":"https:\/\/sites.uef.fi\/vaikuttavuuden-talo\/wp-json\/wp\/v2\/pages\/13\/revisions\/12621"}],"wp:attachment":[{"href":"https:\/\/sites.uef.fi\/vaikuttavuuden-talo\/wp-json\/wp\/v2\/media?parent=13"}],"curies":[{"name":"wp","href":"https:\/\/api.w.org\/{rel}","templated":true}]}}