{"id":2360,"date":"2020-11-10T15:35:53","date_gmt":"2020-11-10T13:35:53","guid":{"rendered":"https:\/\/sites.uef.fi\/vaikuttavuuden-talo\/?page_id=2360"},"modified":"2024-03-07T15:11:03","modified_gmt":"2024-03-07T13:11:03","slug":"kansallinen-vaikuttavuuden-tki-ekosysteemi","status":"publish","type":"page","link":"https:\/\/sites.uef.fi\/vaikuttavuuden-talo\/kansallinen-vaikuttavuuden-tki-ekosysteemi\/","title":{"rendered":"Vaikuttavuuden TKI-ekosysteemi"},"content":{"rendered":"\n<h2 class=\"wp-block-heading\">Kansallinen vaikuttavuuden ekosysteemi tutkimukseen, kehitt\u00e4miseen ja innovaatioihin<\/h2>\n\n\n\n<p>Tukeakseen muutosta kohti vaikuttavuusperusteisia terveys- ja hyvinvointipalveluita, kansalliset johtavat yliopistot ja tutkimuslaitokset sek\u00e4 keskeiset alan toimijat ovat muodostaneet Kansallisen vaikuttavuustutkimuksen, kehitt\u00e4misen ja innovaation ekosysteemin: vaikuttavuusperusteiset terveys- ja hyvinvointipalvelut (RDIWELL). <br><br>Ekosysteemin tavoitteena on <\/p>\n\n\n\n<ol class=\"wp-block-list\">\n<li>luoda avoin ja pysyv\u00e4 kansallinen TKI-ekosysteemi tukemaan verkostoitumista vaikuttavuustematiikasta kiinnostuneiden tutkijoiden, elinkeinoel\u00e4m\u00e4n edustajien ja p\u00e4\u00e4t\u00f6ksentekij\u00f6iden v\u00e4lill\u00e4, <\/li>\n\n\n\n<li>lis\u00e4\u00e4m\u00e4\u00e4n ymm\u00e4rryst\u00e4 ja osaamista vaikuttavuusperusteisista palveluista, interventioista ja vaikuttavuustiedon hy\u00f6dynt\u00e4misen hy\u00f6dyist\u00e4, ja <\/li>\n\n\n\n<li>edist\u00e4\u00e4 TKI-toimintaa, joka perustuu vaikuttavuusosaamiseen.<\/li>\n<\/ol>\n\n\n\n<p>It\u00e4-Suomen yliopiston johtamassa RDIWELL-konsortiossa ovat mukana Helsingin, Tampereen ja Lapin yliopistot sek\u00e4 Terveyden ja hyvinvoinnin laitos. Lis\u00e4ksi ekosysteemiss\u00e4 on mukana useita yksityisen ja julkisen sektorin toimijoita sek\u00e4 j\u00e4rjest\u00f6j\u00e4, joita kiinnostaa vaikuttavuusperusteinen toiminnan ja palveluiden kehitt\u00e4minen sek\u00e4 johtaminen sek\u00e4 oman vaikuttavuusosaamisen lis\u00e4\u00e4minen.<\/p>\n\n\n\n<p><strong>Toivotamme kaikki vaikuttavuusperusteisesta tutkimuksesta, kehitt\u00e4misest\u00e4 ja innovoinnista kiinnostuneet tervetulleiksi mukaan Kansalliseen vaikuttavuuden TKI-ekosysteemin toimintaan ja tapahtumiin. <\/strong><\/p>\n\n\n\n<h3 class=\"wp-block-heading\">Konsortiossa ovat mukana:<\/h3>\n\n\n\n<p><strong><a data-type=\"URL\" data-id=\"https:\/\/www.uef.fi\/fi\/\" href=\"https:\/\/www.uef.fi\/fi\/\">It\u00e4-Suomen yliopisto (UEF, konsortion johtaja)<\/a><\/strong>: Sari Rissanen, Janne Martikainen, Ismo Linnosmaa, Tiina Laatikainen, Elsa Paronen, Tomi M\u00e4ki-Opas<\/p>\n\n\n\n<p><strong><a data-type=\"URL\" data-id=\"https:\/\/www.helsinki.fi\/fi\" href=\"https:\/\/www.helsinki.fi\/fi\">Helsingin yliopisto (UH)<\/a><\/strong>: apulaisprofessori Paulus Torkki<\/p>\n\n\n\n<p><strong><a data-type=\"URL\" data-id=\"https:\/\/thl.fi\/fi\/\" href=\"https:\/\/thl.fi\/fi\/\">Terveyden ja hyvinvoinnin laitos (THL)<\/a><\/strong>: tutkimusprofessori Timo Sinervo, tutkimusprofessori\u00a0Ilmo Keskim\u00e4ki, erikoistutkija\u00a0Tuukka Tammi<\/p>\n\n\n\n<p><strong><a data-type=\"URL\" data-id=\"https:\/\/www.ulapland.fi\/FI\" href=\"https:\/\/www.ulapland.fi\/FI\">Lapin yliopisto (ULapland)<\/a><\/strong>: dosentti Marjo Suhonen<\/p>\n\n\n\n<p><a data-type=\"URL\" data-id=\"https:\/\/www.tuni.fi\/fi\" href=\"https:\/\/www.tuni.fi\/fi\"><strong>Tampereen yliopisto<\/strong> <strong>(TUNI)<\/strong><\/a>: dosentti Liina-Kaisa Tynkkynen, professori Nina Helander, projektip\u00e4\u00e4llikk\u00f6 Nadja Nordling, ty\u00f6el\u00e4m\u00e4professori Elli Aaltonen, <\/p>\n\n\n\n<p><a href=\"https:\/\/research.tuni.fi\/transform\/\"><strong>TRANSFORM-tutkimusalust<\/strong><\/a><strong><a href=\"https:\/\/research.tuni.fi\/transform\/\">a (TUNI)<\/a> <\/strong> johtaja Katja Kuusisto, verkostojohtaja Ulriika Leponiemi<\/p>\n","protected":false},"excerpt":{"rendered":"<p>Kansallinen vaikuttavuuden ekosysteemi tutkimukseen, kehitt\u00e4miseen ja innovaatioihin Tukeakseen muutosta kohti vaikuttavuusperusteisia terveys- ja hyvinvointipalveluita, kansalliset johtavat yliopistot ja tutkimuslaitokset sek\u00e4 keskeiset alan toimijat ovat muodostaneet Kansallisen vaikuttavuustutkimuksen, kehitt\u00e4misen ja innovaation ekosysteemin: vaikuttavuusperusteiset terveys- ja hyvinvointipalvelut (RDIWELL). Ekosysteemin tavoitteena on It\u00e4-Suomen yliopiston johtamassa RDIWELL-konsortiossa ovat mukana Helsingin, Tampereen ja Lapin yliopistot sek\u00e4 Terveyden ja hyvinvoinnin laitos. [&hellip;]<\/p>\n","protected":false},"author":44,"featured_media":0,"parent":0,"menu_order":0,"comment_status":"closed","ping_status":"closed","template":"","meta":{"_acf_changed":false,"_monsterinsights_skip_tracking":false,"_monsterinsights_sitenote_active":false,"_monsterinsights_sitenote_note":"","_monsterinsights_sitenote_category":0,"footnotes":""},"class_list":["post-2360","page","type-page","status-publish","hentry"],"acf":[],"yoast_head":"<!-- This site is optimized with the Yoast SEO plugin v27.1.1 - https:\/\/yoast.com\/product\/yoast-seo-wordpress\/ -->\n<title>Vaikuttavuuden TKI-ekosysteemi - Vaikuttavuuden talo<\/title>\n<meta name=\"robots\" content=\"index, follow, max-snippet:-1, max-image-preview:large, max-video-preview:-1\" \/>\n<link rel=\"canonical\" href=\"https:\/\/sites.uef.fi\/vaikuttavuuden-talo\/kansallinen-vaikuttavuuden-tki-ekosysteemi\/\" \/>\n<meta property=\"og:locale\" content=\"fi_FI\" \/>\n<meta property=\"og:type\" content=\"article\" \/>\n<meta property=\"og:title\" content=\"Vaikuttavuuden TKI-ekosysteemi - Vaikuttavuuden talo\" \/>\n<meta property=\"og:description\" content=\"Kansallinen vaikuttavuuden ekosysteemi tutkimukseen, kehitt\u00e4miseen ja innovaatioihin Tukeakseen muutosta kohti vaikuttavuusperusteisia terveys- ja hyvinvointipalveluita, kansalliset johtavat yliopistot ja tutkimuslaitokset sek\u00e4 keskeiset alan toimijat ovat muodostaneet Kansallisen vaikuttavuustutkimuksen, kehitt\u00e4misen ja innovaation ekosysteemin: vaikuttavuusperusteiset terveys- ja hyvinvointipalvelut (RDIWELL). Ekosysteemin tavoitteena on It\u00e4-Suomen yliopiston johtamassa RDIWELL-konsortiossa ovat mukana Helsingin, Tampereen ja Lapin yliopistot sek\u00e4 Terveyden ja hyvinvoinnin laitos. [&hellip;]\" \/>\n<meta property=\"og:url\" content=\"https:\/\/sites.uef.fi\/vaikuttavuuden-talo\/kansallinen-vaikuttavuuden-tki-ekosysteemi\/\" \/>\n<meta property=\"og:site_name\" content=\"Vaikuttavuuden talo\" \/>\n<meta property=\"article:modified_time\" content=\"2024-03-07T13:11:03+00:00\" \/>\n<meta name=\"twitter:card\" content=\"summary_large_image\" \/>\n<meta name=\"twitter:label1\" content=\"Arvioitu lukuaika\" \/>\n\t<meta name=\"twitter:data1\" content=\"2 minuuttia\" \/>\n<script type=\"application\/ld+json\" class=\"yoast-schema-graph\">{\"@context\":\"https:\/\/schema.org\",\"@graph\":[{\"@type\":\"WebPage\",\"@id\":\"https:\/\/sites.uef.fi\/vaikuttavuuden-talo\/kansallinen-vaikuttavuuden-tki-ekosysteemi\/\",\"url\":\"https:\/\/sites.uef.fi\/vaikuttavuuden-talo\/kansallinen-vaikuttavuuden-tki-ekosysteemi\/\",\"name\":\"Vaikuttavuuden TKI-ekosysteemi - Vaikuttavuuden talo\",\"isPartOf\":{\"@id\":\"https:\/\/sites.uef.fi\/vaikuttavuuden-talo\/#website\"},\"datePublished\":\"2020-11-10T13:35:53+00:00\",\"dateModified\":\"2024-03-07T13:11:03+00:00\",\"breadcrumb\":{\"@id\":\"https:\/\/sites.uef.fi\/vaikuttavuuden-talo\/kansallinen-vaikuttavuuden-tki-ekosysteemi\/#breadcrumb\"},\"inLanguage\":\"fi\",\"potentialAction\":[{\"@type\":\"ReadAction\",\"target\":[\"https:\/\/sites.uef.fi\/vaikuttavuuden-talo\/kansallinen-vaikuttavuuden-tki-ekosysteemi\/\"]}]},{\"@type\":\"BreadcrumbList\",\"@id\":\"https:\/\/sites.uef.fi\/vaikuttavuuden-talo\/kansallinen-vaikuttavuuden-tki-ekosysteemi\/#breadcrumb\",\"itemListElement\":[{\"@type\":\"ListItem\",\"position\":1,\"name\":\"Home\",\"item\":\"https:\/\/sites.uef.fi\/vaikuttavuuden-talo\/\"},{\"@type\":\"ListItem\",\"position\":2,\"name\":\"Vaikuttavuuden TKI-ekosysteemi\"}]},{\"@type\":\"WebSite\",\"@id\":\"https:\/\/sites.uef.fi\/vaikuttavuuden-talo\/#website\",\"url\":\"https:\/\/sites.uef.fi\/vaikuttavuuden-talo\/\",\"name\":\"Vaikuttavuuden talo\",\"description\":\"\",\"potentialAction\":[{\"@type\":\"SearchAction\",\"target\":{\"@type\":\"EntryPoint\",\"urlTemplate\":\"https:\/\/sites.uef.fi\/vaikuttavuuden-talo\/?s={search_term_string}\"},\"query-input\":{\"@type\":\"PropertyValueSpecification\",\"valueRequired\":true,\"valueName\":\"search_term_string\"}}],\"inLanguage\":\"fi\"}]}<\/script>\n<!-- \/ Yoast SEO plugin. -->","yoast_head_json":{"title":"Vaikuttavuuden TKI-ekosysteemi - Vaikuttavuuden talo","robots":{"index":"index","follow":"follow","max-snippet":"max-snippet:-1","max-image-preview":"max-image-preview:large","max-video-preview":"max-video-preview:-1"},"canonical":"https:\/\/sites.uef.fi\/vaikuttavuuden-talo\/kansallinen-vaikuttavuuden-tki-ekosysteemi\/","og_locale":"fi_FI","og_type":"article","og_title":"Vaikuttavuuden TKI-ekosysteemi - Vaikuttavuuden talo","og_description":"Kansallinen vaikuttavuuden ekosysteemi tutkimukseen, kehitt\u00e4miseen ja innovaatioihin Tukeakseen muutosta kohti vaikuttavuusperusteisia terveys- ja hyvinvointipalveluita, kansalliset johtavat yliopistot ja tutkimuslaitokset sek\u00e4 keskeiset alan toimijat ovat muodostaneet Kansallisen vaikuttavuustutkimuksen, kehitt\u00e4misen ja innovaation ekosysteemin: vaikuttavuusperusteiset terveys- ja hyvinvointipalvelut (RDIWELL). Ekosysteemin tavoitteena on It\u00e4-Suomen yliopiston johtamassa RDIWELL-konsortiossa ovat mukana Helsingin, Tampereen ja Lapin yliopistot sek\u00e4 Terveyden ja hyvinvoinnin laitos. [&hellip;]","og_url":"https:\/\/sites.uef.fi\/vaikuttavuuden-talo\/kansallinen-vaikuttavuuden-tki-ekosysteemi\/","og_site_name":"Vaikuttavuuden talo","article_modified_time":"2024-03-07T13:11:03+00:00","twitter_card":"summary_large_image","twitter_misc":{"Arvioitu lukuaika":"2 minuuttia"},"schema":{"@context":"https:\/\/schema.org","@graph":[{"@type":"WebPage","@id":"https:\/\/sites.uef.fi\/vaikuttavuuden-talo\/kansallinen-vaikuttavuuden-tki-ekosysteemi\/","url":"https:\/\/sites.uef.fi\/vaikuttavuuden-talo\/kansallinen-vaikuttavuuden-tki-ekosysteemi\/","name":"Vaikuttavuuden TKI-ekosysteemi - Vaikuttavuuden talo","isPartOf":{"@id":"https:\/\/sites.uef.fi\/vaikuttavuuden-talo\/#website"},"datePublished":"2020-11-10T13:35:53+00:00","dateModified":"2024-03-07T13:11:03+00:00","breadcrumb":{"@id":"https:\/\/sites.uef.fi\/vaikuttavuuden-talo\/kansallinen-vaikuttavuuden-tki-ekosysteemi\/#breadcrumb"},"inLanguage":"fi","potentialAction":[{"@type":"ReadAction","target":["https:\/\/sites.uef.fi\/vaikuttavuuden-talo\/kansallinen-vaikuttavuuden-tki-ekosysteemi\/"]}]},{"@type":"BreadcrumbList","@id":"https:\/\/sites.uef.fi\/vaikuttavuuden-talo\/kansallinen-vaikuttavuuden-tki-ekosysteemi\/#breadcrumb","itemListElement":[{"@type":"ListItem","position":1,"name":"Home","item":"https:\/\/sites.uef.fi\/vaikuttavuuden-talo\/"},{"@type":"ListItem","position":2,"name":"Vaikuttavuuden TKI-ekosysteemi"}]},{"@type":"WebSite","@id":"https:\/\/sites.uef.fi\/vaikuttavuuden-talo\/#website","url":"https:\/\/sites.uef.fi\/vaikuttavuuden-talo\/","name":"Vaikuttavuuden talo","description":"","potentialAction":[{"@type":"SearchAction","target":{"@type":"EntryPoint","urlTemplate":"https:\/\/sites.uef.fi\/vaikuttavuuden-talo\/?s={search_term_string}"},"query-input":{"@type":"PropertyValueSpecification","valueRequired":true,"valueName":"search_term_string"}}],"inLanguage":"fi"}]}},"_links":{"self":[{"href":"https:\/\/sites.uef.fi\/vaikuttavuuden-talo\/wp-json\/wp\/v2\/pages\/2360","targetHints":{"allow":["GET"]}}],"collection":[{"href":"https:\/\/sites.uef.fi\/vaikuttavuuden-talo\/wp-json\/wp\/v2\/pages"}],"about":[{"href":"https:\/\/sites.uef.fi\/vaikuttavuuden-talo\/wp-json\/wp\/v2\/types\/page"}],"author":[{"embeddable":true,"href":"https:\/\/sites.uef.fi\/vaikuttavuuden-talo\/wp-json\/wp\/v2\/users\/44"}],"replies":[{"embeddable":true,"href":"https:\/\/sites.uef.fi\/vaikuttavuuden-talo\/wp-json\/wp\/v2\/comments?post=2360"}],"version-history":[{"count":1,"href":"https:\/\/sites.uef.fi\/vaikuttavuuden-talo\/wp-json\/wp\/v2\/pages\/2360\/revisions"}],"predecessor-version":[{"id":9579,"href":"https:\/\/sites.uef.fi\/vaikuttavuuden-talo\/wp-json\/wp\/v2\/pages\/2360\/revisions\/9579"}],"wp:attachment":[{"href":"https:\/\/sites.uef.fi\/vaikuttavuuden-talo\/wp-json\/wp\/v2\/media?parent=2360"}],"curies":[{"name":"wp","href":"https:\/\/api.w.org\/{rel}","templated":true}]}}