{"id":3668,"date":"2021-07-05T16:38:25","date_gmt":"2021-07-05T14:38:25","guid":{"rendered":"https:\/\/sites.uef.fi\/vaikuttavuuden-talo\/?page_id=3668"},"modified":"2021-11-04T11:33:08","modified_gmt":"2021-11-04T09:33:08","slug":"programme-of-the-conference-of-effectiviness-2021","status":"publish","type":"page","link":"https:\/\/sites.uef.fi\/vaikuttavuuden-talo\/programme-of-the-conference-of-effectiviness-2021\/?lang=en","title":{"rendered":"Programme of the Conference of Effectiviness 2021"},"content":{"rendered":"\n<h1 class=\"wp-block-heading\">Programme of the Conference of Effectiviness 2021<\/h1>\n\n\n\n<p><strong>Sessions and plenaries with only an English title are in English.<\/strong> See <a href=\"https:\/\/sites.uef.fi\/vaikuttavuuden-talo\/ohjelma-2021\/\">full programme in Finnish<\/a>.<\/p>\n\n\n\n<p>Conference is organized online via Zoom. Links and instructions will be sent to registered participants. Zoom-links are also found in the Finnish programme site.<\/p>\n\n\n\n<h2 class=\"wp-block-heading\">TUESDAY October 5th<\/h2>\n\n\n\n<p><strong>9.00 &#8211; 9.15<\/strong> <strong>Vaikuttavuuden tutkimuksen p\u00e4ivien avaaminen <\/strong>(Opening of the Conference of Effectiveness Research) <\/p>\n\n\n\n<p>Acting Deputy Mayor <strong>Jari Saarinen<\/strong>, city of Kuopio<\/p>\n\n\n\n<p><strong>9.15 &#8211; 10.15<\/strong> <strong>PLENARY<\/strong><\/p>\n\n\n\n<p><strong>\u201cContributions of geographic information systems to spatial epidemiology\u201d<\/strong><br><strong>Dr. Eric Delmelle<\/strong>, associate professor, Department of Geography &amp; Earth Sciences, University of North Caroline<\/p>\n\n\n\n<p><strong>10.30. &#8211; 12.00<\/strong> <strong>PARALLEL THEMATIC SESSIONS<\/strong><\/p>\n\n\n\n<p>SESSION 1 Hoidon ja terveyspalveluiden vaikuttavuus (osa 1) (Effectiveness of care and health services (part 1))<\/p>\n\n\n\n<p><a href=\"https:\/\/sites.uef.fi\/vaikuttavuuden-talo\/sessio-2-2021\/\">SESSION 2 Register data in effectiveness research<\/a>, chair Reijo Sund (UEF)<\/p>\n\n\n\n<ul class=\"wp-block-list\"><li>Impact of COVID-19 pandemic in health services of coronary heart disease and type 2 diabetes patients in North Karelia \u2013 Spatial approach, Teppo Repo<\/li><li>Prevalence of oral anticoagulant use among people with and without Alzheimer\u2019s disease, Barkat Babar<\/li><li>Statin discontinuation stratified by primary and secondary prevention in persons with and without Alzheimer\u2019s disease, Mai Vu<\/li><li>Disease-modifying anti-rheumatic drugs and risk of Parkinson\u2019s disease: nested case-control study of people with rheumatoid arthritis, Anne Paakinaho<\/li><\/ul>\n\n\n\n<p>SESSION 3 Sosiaality\u00f6n ja hyvinvointipalveluiden vaikuttavuus (Effectiveness of social work and wellbeing services), keynote <strong>Aila-Leena Matthies<\/strong><\/p>\n\n\n\n<p>SESSION 4 Kuntoutuksen vaikuttavuus (osa 1) (Effectiveness of rehabilitation (part 1))<\/p>\n\n\n\n<p><strong>12.00 &#8211; 13.00 <\/strong>LUNCH <\/p>\n\n\n\n<p><strong>13.00 &#8211; 14.30<\/strong> <strong>PARALLEL THEMATIC SESSIONS<\/strong><\/p>\n\n\n\n<p>SESSION 5 Vaikuttavuuden mittaaminen ja tutkimusasetelmat (Measurement and study designs of effectiveness research), keynote <strong>Miika Linna<\/strong><\/p>\n\n\n\n<p><a href=\"https:\/\/sites.uef.fi\/vaikuttavuuden-talo\/sessio-6-2021\/\">SESSION 6 Effectiveness of care and health services<\/a>, chair Emma Aarnio (UEF)<\/p>\n\n\n\n<ul class=\"wp-block-list\"><li>Impact of the COVID-19 Pandemic on health service usage among patients with type 2 diabetes in North Karelia, Finland, Laura Inglin<\/li><li>Internet-based lifestyle intervention to prevent type 2 diabetes through healthy habits: secondary analysis of long-term user engagement trajectories of randomized controlled trial, Piia Lavikainen<\/li><li>New hypertension and quality of life, Aapo Tahkola<\/li><li>How are the benefits of a regional chronic care quality monitoring system generated? \u2013 Clinical professionals\u2019 perspective, Iiris H\u00f6rhammer<\/li><\/ul>\n\n\n\n<p>SESSION 7 Kuntoutuksen vaikuttavuus (osa 2) (Effectiveness of rehabilitation (part 2))<\/p>\n\n\n\n<p><strong>14.30 &#8211; 15.00 <\/strong>Coffee break, poster session<\/p>\n\n\n\n<p><strong>15.00 &#8211; 16.00<\/strong> <strong>PLENARY<\/strong><\/p>\n\n\n\n<p>\u201cResilienssi, kriisivalmius ja terveydenhuoltoj\u00e4rjestelm\u00e4\u201d (Resilience, crisis preparedness, and the healthcare system)<br>Adjunct professor <strong>Liina-Kaisa Tynkkynen<\/strong>, assistant professor (tenure track), Faculty of Social Sciences, Tampere University<\/p>\n\n\n\n<hr class=\"wp-block-separator\" \/>\n\n\n\n<h2 class=\"wp-block-heading\">WEDNESDAY OCTOBER 6th<\/h2>\n\n\n\n<p><strong>9.00 &#8211; 10.00<\/strong>  <strong>PLENARY <\/strong><\/p>\n\n\n\n<p class=\"has-text-color\" style=\"color:#990000\"><strong>CANCELED<\/strong> \u201dVaikuttava kriisiviestint\u00e4 ja kriisiresilienssi\u201d (Effective crisis communication and crisis resilience) <br>Crisis researcher <strong>Maarit Pedak<\/strong>, Doctor of social sciences, Master of economic sciences, University of Helsinki<\/p>\n\n\n\n<p><strong>10.15 &#8211; 11.45 PARALLEL THEMATIC SESSIONS<\/strong><\/p>\n\n\n\n<p>SESSION 8 Asiakas- ja potilasturvallisuus (Customer and patient safety), keynote Hanna Kuusisto<\/p>\n\n\n\n<p>SESSION 9 Lains\u00e4\u00e4d\u00e4nn\u00f6n ja politiikkatoimien vaikuttavuus (Effectiveness of law, legislation, and political actions)<\/p>\n\n\n\n<p><a href=\"https:\/\/sites.uef.fi\/vaikuttavuuden-talo\/sessio-10-2021\/\">SESSION 10 Effectiveness of social work and wellbeing services &amp; Measurement and study designs of effectiveness research<\/a>, chair Elisa Tiilikainen (UEF)<\/p>\n\n\n\n<ul class=\"wp-block-list\"><li>A scoping review on the parenting practices of families with a refugee background living in Finland; implications for family integration and provision of appropriate community services, Natalie Joubert<\/li><li>The dilemma of social impact measurement in social enterprises, Outi Vehka-aho<\/li><li>Real effectiveness and data governance, Petteri Mussalo<\/li><li>Can effectiveness really be \u2018measured\u2019 in health and social care? Neill Booth<\/li><\/ul>\n\n\n\n<p>SESSION 11 Hoidon ja terveyspalveluiden vaikuttavuus (osa 2) (Effectiveness of care and health services (part 2))<\/p>\n\n\n\n<p><strong>11.45 &#8211; 12.45<\/strong> LUNCH <\/p>\n\n\n\n<p><strong>12.45 &#8211; 13.45<\/strong> <strong>PLENARY<\/strong><\/p>\n\n\n\n<p>\u201dKuinka luopua v\u00e4h\u00e4hy\u00f6tyisest\u00e4 hoidosta\u201d (How an ineffective practice can be discontinued?) <br>Professor<strong> Miia Turpeinen,<\/strong> Clinical Pharmacology and Pharmacotherapeutics, University of Oulu<\/p>\n\n\n\n<p><strong>13.45 &#8211; 14.45<\/strong> Yhteenveto tutkimusp\u00e4ivist\u00e4 ja kutsu vuoden 2022 Vaikuttavuuden tutkimuksen p\u00e4iville (Wrap-up of the conference &amp; welcome to the Conference of Effectiveness Research in 2022)<br>Research director Tomi M\u00e4ki-Opas, House of Effectiveness, University of Eastern Finland<\/p>\n","protected":false},"excerpt":{"rendered":"<p>Programme of the Conference of Effectiviness 2021 Sessions and plenaries with only an English title are in English. See full programme in Finnish. Conference is organized online via Zoom. Links and instructions will be sent to registered participants. Zoom-links are also found in the Finnish programme site. TUESDAY October 5th 9.00 &#8211; 9.15 Vaikuttavuuden tutkimuksen [&hellip;]<\/p>\n","protected":false},"author":473,"featured_media":0,"parent":0,"menu_order":0,"comment_status":"closed","ping_status":"closed","template":"","meta":{"_acf_changed":false,"_monsterinsights_skip_tracking":false,"_monsterinsights_sitenote_active":false,"_monsterinsights_sitenote_note":"","_monsterinsights_sitenote_category":0,"footnotes":""},"class_list":["post-3668","page","type-page","status-publish","hentry"],"acf":[],"yoast_head":"<!-- This site is optimized with the Yoast SEO plugin v27.1.1 - https:\/\/yoast.com\/product\/yoast-seo-wordpress\/ -->\n<title>Programme of the Conference of Effectiviness 2021 - Vaikuttavuuden talo<\/title>\n<meta name=\"robots\" content=\"index, follow, max-snippet:-1, max-image-preview:large, max-video-preview:-1\" \/>\n<link rel=\"canonical\" href=\"https:\/\/sites.uef.fi\/vaikuttavuuden-talo\/programme-of-the-conference-of-effectiviness-2021\/?lang=en\" \/>\n<meta property=\"og:locale\" content=\"fi_FI\" \/>\n<meta property=\"og:type\" content=\"article\" \/>\n<meta property=\"og:title\" content=\"Programme of the Conference of Effectiviness 2021 - Vaikuttavuuden talo\" \/>\n<meta property=\"og:description\" content=\"Programme of the Conference of Effectiviness 2021 Sessions and plenaries with only an English title are in English. See full programme in Finnish. Conference is organized online via Zoom. Links and instructions will be sent to registered participants. Zoom-links are also found in the Finnish programme site. TUESDAY October 5th 9.00 &#8211; 9.15 Vaikuttavuuden tutkimuksen [&hellip;]\" \/>\n<meta property=\"og:url\" content=\"https:\/\/sites.uef.fi\/vaikuttavuuden-talo\/programme-of-the-conference-of-effectiviness-2021\/?lang=en\" \/>\n<meta property=\"og:site_name\" content=\"Vaikuttavuuden talo\" \/>\n<meta property=\"article:modified_time\" content=\"2021-11-04T09:33:08+00:00\" \/>\n<meta name=\"twitter:card\" content=\"summary_large_image\" \/>\n<meta name=\"twitter:label1\" content=\"Arvioitu lukuaika\" \/>\n\t<meta name=\"twitter:data1\" content=\"3 minuuttia\" \/>\n<script type=\"application\/ld+json\" class=\"yoast-schema-graph\">{\"@context\":\"https:\/\/schema.org\",\"@graph\":[{\"@type\":\"WebPage\",\"@id\":\"https:\/\/sites.uef.fi\/vaikuttavuuden-talo\/programme-of-the-conference-of-effectiviness-2021\/?lang=en\",\"url\":\"https:\/\/sites.uef.fi\/vaikuttavuuden-talo\/programme-of-the-conference-of-effectiviness-2021\/?lang=en\",\"name\":\"Programme of the Conference of Effectiviness 2021 - Vaikuttavuuden talo\",\"isPartOf\":{\"@id\":\"https:\/\/sites.uef.fi\/vaikuttavuuden-talo\/#website\"},\"datePublished\":\"2021-07-05T14:38:25+00:00\",\"dateModified\":\"2021-11-04T09:33:08+00:00\",\"breadcrumb\":{\"@id\":\"https:\/\/sites.uef.fi\/vaikuttavuuden-talo\/programme-of-the-conference-of-effectiviness-2021\/?lang=en#breadcrumb\"},\"inLanguage\":\"fi\",\"potentialAction\":[{\"@type\":\"ReadAction\",\"target\":[\"https:\/\/sites.uef.fi\/vaikuttavuuden-talo\/programme-of-the-conference-of-effectiviness-2021\/?lang=en\"]}]},{\"@type\":\"BreadcrumbList\",\"@id\":\"https:\/\/sites.uef.fi\/vaikuttavuuden-talo\/programme-of-the-conference-of-effectiviness-2021\/?lang=en#breadcrumb\",\"itemListElement\":[{\"@type\":\"ListItem\",\"position\":1,\"name\":\"Home\",\"item\":\"https:\/\/sites.uef.fi\/vaikuttavuuden-talo\/\"},{\"@type\":\"ListItem\",\"position\":2,\"name\":\"Programme of the Conference of Effectiviness 2021\"}]},{\"@type\":\"WebSite\",\"@id\":\"https:\/\/sites.uef.fi\/vaikuttavuuden-talo\/#website\",\"url\":\"https:\/\/sites.uef.fi\/vaikuttavuuden-talo\/\",\"name\":\"Vaikuttavuuden talo\",\"description\":\"\",\"potentialAction\":[{\"@type\":\"SearchAction\",\"target\":{\"@type\":\"EntryPoint\",\"urlTemplate\":\"https:\/\/sites.uef.fi\/vaikuttavuuden-talo\/?s={search_term_string}\"},\"query-input\":{\"@type\":\"PropertyValueSpecification\",\"valueRequired\":true,\"valueName\":\"search_term_string\"}}],\"inLanguage\":\"fi\"}]}<\/script>\n<!-- \/ Yoast SEO plugin. -->","yoast_head_json":{"title":"Programme of the Conference of Effectiviness 2021 - Vaikuttavuuden talo","robots":{"index":"index","follow":"follow","max-snippet":"max-snippet:-1","max-image-preview":"max-image-preview:large","max-video-preview":"max-video-preview:-1"},"canonical":"https:\/\/sites.uef.fi\/vaikuttavuuden-talo\/programme-of-the-conference-of-effectiviness-2021\/?lang=en","og_locale":"fi_FI","og_type":"article","og_title":"Programme of the Conference of Effectiviness 2021 - Vaikuttavuuden talo","og_description":"Programme of the Conference of Effectiviness 2021 Sessions and plenaries with only an English title are in English. See full programme in Finnish. Conference is organized online via Zoom. Links and instructions will be sent to registered participants. Zoom-links are also found in the Finnish programme site. TUESDAY October 5th 9.00 &#8211; 9.15 Vaikuttavuuden tutkimuksen [&hellip;]","og_url":"https:\/\/sites.uef.fi\/vaikuttavuuden-talo\/programme-of-the-conference-of-effectiviness-2021\/?lang=en","og_site_name":"Vaikuttavuuden talo","article_modified_time":"2021-11-04T09:33:08+00:00","twitter_card":"summary_large_image","twitter_misc":{"Arvioitu lukuaika":"3 minuuttia"},"schema":{"@context":"https:\/\/schema.org","@graph":[{"@type":"WebPage","@id":"https:\/\/sites.uef.fi\/vaikuttavuuden-talo\/programme-of-the-conference-of-effectiviness-2021\/?lang=en","url":"https:\/\/sites.uef.fi\/vaikuttavuuden-talo\/programme-of-the-conference-of-effectiviness-2021\/?lang=en","name":"Programme of the Conference of Effectiviness 2021 - Vaikuttavuuden talo","isPartOf":{"@id":"https:\/\/sites.uef.fi\/vaikuttavuuden-talo\/#website"},"datePublished":"2021-07-05T14:38:25+00:00","dateModified":"2021-11-04T09:33:08+00:00","breadcrumb":{"@id":"https:\/\/sites.uef.fi\/vaikuttavuuden-talo\/programme-of-the-conference-of-effectiviness-2021\/?lang=en#breadcrumb"},"inLanguage":"fi","potentialAction":[{"@type":"ReadAction","target":["https:\/\/sites.uef.fi\/vaikuttavuuden-talo\/programme-of-the-conference-of-effectiviness-2021\/?lang=en"]}]},{"@type":"BreadcrumbList","@id":"https:\/\/sites.uef.fi\/vaikuttavuuden-talo\/programme-of-the-conference-of-effectiviness-2021\/?lang=en#breadcrumb","itemListElement":[{"@type":"ListItem","position":1,"name":"Home","item":"https:\/\/sites.uef.fi\/vaikuttavuuden-talo\/"},{"@type":"ListItem","position":2,"name":"Programme of the Conference of Effectiviness 2021"}]},{"@type":"WebSite","@id":"https:\/\/sites.uef.fi\/vaikuttavuuden-talo\/#website","url":"https:\/\/sites.uef.fi\/vaikuttavuuden-talo\/","name":"Vaikuttavuuden talo","description":"","potentialAction":[{"@type":"SearchAction","target":{"@type":"EntryPoint","urlTemplate":"https:\/\/sites.uef.fi\/vaikuttavuuden-talo\/?s={search_term_string}"},"query-input":{"@type":"PropertyValueSpecification","valueRequired":true,"valueName":"search_term_string"}}],"inLanguage":"fi"}]}},"_links":{"self":[{"href":"https:\/\/sites.uef.fi\/vaikuttavuuden-talo\/wp-json\/wp\/v2\/pages\/3668","targetHints":{"allow":["GET"]}}],"collection":[{"href":"https:\/\/sites.uef.fi\/vaikuttavuuden-talo\/wp-json\/wp\/v2\/pages"}],"about":[{"href":"https:\/\/sites.uef.fi\/vaikuttavuuden-talo\/wp-json\/wp\/v2\/types\/page"}],"author":[{"embeddable":true,"href":"https:\/\/sites.uef.fi\/vaikuttavuuden-talo\/wp-json\/wp\/v2\/users\/473"}],"replies":[{"embeddable":true,"href":"https:\/\/sites.uef.fi\/vaikuttavuuden-talo\/wp-json\/wp\/v2\/comments?post=3668"}],"version-history":[{"count":3,"href":"https:\/\/sites.uef.fi\/vaikuttavuuden-talo\/wp-json\/wp\/v2\/pages\/3668\/revisions"}],"predecessor-version":[{"id":4601,"href":"https:\/\/sites.uef.fi\/vaikuttavuuden-talo\/wp-json\/wp\/v2\/pages\/3668\/revisions\/4601"}],"wp:attachment":[{"href":"https:\/\/sites.uef.fi\/vaikuttavuuden-talo\/wp-json\/wp\/v2\/media?parent=3668"}],"curies":[{"name":"wp","href":"https:\/\/api.w.org\/{rel}","templated":true}]}}